FFI-Platypus v2.08 Perl 5 v5.14.4 MSWin32-x86-multi-thread

Status
Fail
From
NONAME
Dist
FFI-Platypus v2.08
Platform
Perl 5 v5.14.4 MSWin32-x86-multi-thread
Date
2023-05-28 13:09:23
ID
f7b7dcc2-6d2a-1014-8c8f-e2b9e3396204
This distribution has been tested as part of the CPAN Testers
project, supporting the Perl programming language.  See
http://wiki.cpantesters.org/ for more information or email
questions to cpan-testers-discuss@perl.org


--
Dear Graham Ollis,

This is a computer-generated report for FFI-Platypus-2.08
on perl 5.14.4, created by CPAN-Reporter-1.2018.

Thank you for uploading your work to CPAN.  However, there was a problem
testing your distribution.

If you think this report is invalid, please consult the CPAN Testers Wiki
for suggestions on how to avoid getting FAIL reports for missing library
or binary dependencies, unsupported operating systems, and so on:

http://wiki.cpantesters.org/wiki/CPANAuthorNotes

Sections of this report:

    * Tester comments
    * Program output
    * Prerequisites
    * Environment and other context

------------------------------
TESTER COMMENTS
------------------------------

Additional comments from tester:

none provided

------------------------------
PROGRAM OUTPUT
------------------------------

Output from 'C:\Strawberry\c\bin\dmake.exe test':

C:\"Strawberry\perl\bin\perl.exe" -MExtUtils::Command::MM -e cp_nonempty -- lib/FFI/Platypus.bs blib\arch\auto\FFI\Platypus\Platypus.bs 644
CC t/ffi/align.c
CC t/ffi/align_array.c
CC t/ffi/align_fixed.c
CC t/ffi/align_string.c
CC t/ffi/basic.c
CC t/ffi/closure.c
CC t/ffi/color.c
CC t/ffi/complex_double.c
CC t/ffi/complex_float.c
CC t/ffi/double.c
CC t/ffi/float.c
CC t/ffi/gh117.c
CC t/ffi/gh174.c
CC t/ffi/longdouble.c
CC t/ffi/memcmp4.c
CC t/ffi/meta.c
CC t/ffi/pointer.c
CC t/ffi/record.c
CC t/ffi/sint16.c
CC t/ffi/sint32.c
CC t/ffi/sint64.c
CC t/ffi/sint8.c
CC t/ffi/string.c
CC t/ffi/string_array.c
CC t/ffi/uint16.c
CC t/ffi/uint32.c
CC t/ffi/uint64.c
CC t/ffi/uint8.c
CC t/ffi/variadic.c
LD t/ffi/test.dll
C:\"Strawberry\perl\bin\perl.exe" "-MExtUtils::Command::MM" "-MTest::Harness" "-e" "undef *Test::Harness::Switches; test_harness(0, 'blib\lib', 'blib\arch')" t/*.t
# 
# 
# 
# HARNESS_ACTIVE=1
# HARNESS_VERSION=3.44
# PERL5LIB=C:\Strawberry\cpan\build\FFI-Platypus-2.08-0\blib\lib;C:\Strawberry\cpan\build\FFI-Platypus-2.08-0\blib\arch;C:\home\heaven\perl5\lib\perl5/MSWin32-x86-multi-thread;C:\home\heaven\perl5\lib\perl5;C:\home\heaven\perl5\lib\perl5
# PERL5_CPANPLUS_IS_RUNNING=4372
# PERL5_CPAN_IS_RUNNING=4372
# PERL_LOCAL_LIB_ROOT=C:\home\heaven\perl5
# PERL_MB_OPT=--install_base "C:\\home\\heaven\\perl5"
# PERL_MM_OPT=INSTALL_BASE=C:\\home\\heaven\\perl5
# PERL_MM_USE_DEFAULT=1
# PERL_USE_UNSAFE_INC=1
# 
# 
# 
# PERL5LIB path
# C:\Strawberry\cpan\build\FFI-Platypus-2.08-0\blib\lib
# C:\Strawberry\cpan\build\FFI-Platypus-2.08-0\blib\arch
# C:\home\heaven\perl5\lib\perl5/MSWin32-x86-multi-thread
# C:\home\heaven\perl5\lib\perl5
# C:\home\heaven\perl5\lib\perl5
# 
# 
# 
# perl                  5.014004 MSWin32 MSWin32-x86-multi-thread
# Alien::Base           2.80
# Alien::FFI            0.25
# Capture::Tiny         0.48
# Devel::Hide           0.0015
# ExtUtils::CBuilder    0.280236
# ExtUtils::MakeMaker   7.70
# ExtUtils::ParseXS     3.44
# FFI::CheckLib         0.31
# File::Spec::Functions 3.75
# IPC::Cmd              1.02
# JSON::PP              4.16
# List::Util            1.63
# Math::LongDouble      0.23
# PkgConfig             0.25026
# Test2::API            1.302195
# Test2::V0             0.000148
# autodie               2.36
# constant              1.33
# forks                 -
# parent                0.241
# 
# 
# 
# mode : already-installed
# Alien::FFI->VERSION      = 0.25
# Alien::FFI->install_type = share
# Alien::FFI->cflags       = -IC:/home/heaven/perl5/lib/perl5/MSWin32-x86-multi-thread/auto/share/dist/Alien-FFI/include 
# Alien::FFI->libs         = -LC:/home/heaven/perl5/lib/perl5/MSWin32-x86-multi-thread/auto/share/dist/Alien-FFI/lib/../lib -lffi 
# Alien::FFI->version      = 3.3
# my_configure             = %{configure} --disable-shared --enable-static --disable-builddir
# 
# 
# 
# ffi.platypus.memory.strdup_impl =libc
# ffi.platypus.memory.strndup_impl=ffi
# 
# 
# 
# Types:
#   double   : double, float complex
#   float    : float
#   longdouble : double complex, long double, long double complex
#   sint16   : int16_t, short, signed short
#   sint32   : int, int32_t, intptr_t, long, off_t, ptrdiff_t, senum, signed int, signed long, ssize_t, time_t
#   sint64   : int64_t, intmax_t, long long, signed long long
#   sint8    : char, int8_t, signed char
#   uint16   : ino_t, mode_t, uint16_t, unsigned short, ushort, wchar_t, wint_t
#   uint32   : dev_t, enum, size_t, uint, uint32_t, uintptr_t, ulong, unsigned int, unsigned long
#   uint64   : uint64_t, uintmax_t, unsigned long long
#   uint8    : bool, uchar, uint8_t, unsigned char
# 
# 
# 
# ABIs:
#   default_abi          5
#   fastcall             4
#   ms_cdecl             5
#   pascal               6
#   register             7
#   stdcall              2
#   sysv                 1
#   thiscall             3
# 
# 
# 
# Probes:
#   bigendian64          0
#   recordvalue          1
#   longdouble           1
#   complex              1
#   abi                  1
#   bigendian            0
#   alloca               1
#   variadic             1
#   strnlen              1
# 
# 
# 
# [PLATFORM]
# osname            : MSWin32
# cc                : gcc
# cxx               : g++
# cxxld             : g++
# for               : gfortran
# ld                : g++
# ccflags           : -s -O2 -DWIN32 -DPERL_TEXTMODE_SCRIPTS -DPERL_IMPLICIT_CONTEXT -DPERL_IMPLICIT_SYS -fno-strict-aliasing -mms-bitfields -s -O2 -IC:\Strawberry\cpan\build\FFI-Platypus-2.08-0\blib\lib\auto\share\dist\FFI-Platypus\include
# ldflags           : -mdll -s -LC:\Strawberry\perl\lib\CORE -LC:\Strawberry\c\lib -Wl,--enable-auto-import -Wl,--export-all-symbols -Wl,--enable-auto-image-base
# object suffix     : .o
# library prefix    : 
# library suffix    : .dll
# cc mm works       : -MM
# 
# 
# 
t/00_diag.t .............................. ok
t/ffi_build.t ............................ ok
t/ffi_build_file_base.t .................. ok
t/ffi_build_file_c.t ..................... ok
t/ffi_build_file_cxx.t ................... ok
t/ffi_build_file_library.t ............... ok
t/ffi_build_file_object.t ................ ok
t/ffi_build_mm.t ......................... ok
t/ffi_build_platform.t ................... ok
t/ffi_build_plugin.t ..................... ok
t/ffi_build_plugindata.t ................. ok
t/ffi_platypus.t ......................... ok
t/ffi_platypus_api.t ..................... ok
t/ffi_platypus_buffer.t .................. ok
cannot unlink file for C:\Strawberry\cpan\build\FFI-Platypus-2.08-0\.tmp\oUFjuHYc1y\lib\auto\share\dist\Foo-Bar1\bar1.dll: Permission denied at t/lib/Test/Cleanup.pm line 27.
cannot remove directory for C:\Strawberry\cpan\build\FFI-Platypus-2.08-0\.tmp\oUFjuHYc1y\lib\auto\share\dist\Foo-Bar1: Directory not empty at t/lib/Test/Cleanup.pm line 27.
cannot remove directory for C:\Strawberry\cpan\build\FFI-Platypus-2.08-0\.tmp\oUFjuHYc1y\lib\auto\share\dist: Directory not empty at t/lib/Test/Cleanup.pm line 27.
cannot remove directory for C:\Strawberry\cpan\build\FFI-Platypus-2.08-0\.tmp\oUFjuHYc1y\lib\auto\share: Directory not empty at t/lib/Test/Cleanup.pm line 27.
cannot remove directory for C:\Strawberry\cpan\build\FFI-Platypus-2.08-0\.tmp\oUFjuHYc1y\lib\auto: Directory not empty at t/lib/Test/Cleanup.pm line 27.
cannot remove directory for C:\Strawberry\cpan\build\FFI-Platypus-2.08-0\.tmp\oUFjuHYc1y\lib: Directory not empty at t/lib/Test/Cleanup.pm line 27.
cannot remove directory for C:\Strawberry\cpan\build\FFI-Platypus-2.08-0\.tmp\oUFjuHYc1y: Directory not empty at t/lib/Test/Cleanup.pm line 27.
cannot unlink file for C:\Strawberry\cpan\build\FFI-Platypus-2.08-0\.tmp\L8nfIlfSlZ\lib\auto\share\dist\Foo-Bar2\bar2.dll: Permission denied at t/lib/Test/Cleanup.pm line 27.
cannot remove directory for C:\Strawberry\cpan\build\FFI-Platypus-2.08-0\.tmp\L8nfIlfSlZ\lib\auto\share\dist\Foo-Bar2: Directory not empty at t/lib/Test/Cleanup.pm line 27.
cannot remove directory for C:\Strawberry\cpan\build\FFI-Platypus-2.08-0\.tmp\L8nfIlfSlZ\lib\auto\share\dist: Directory not empty at t/lib/Test/Cleanup.pm line 27.
cannot remove directory for C:\Strawberry\cpan\build\FFI-Platypus-2.08-0\.tmp\L8nfIlfSlZ\lib\auto\share: Directory not empty at t/lib/Test/Cleanup.pm line 27.
cannot remove directory for C:\Strawberry\cpan\build\FFI-Platypus-2.08-0\.tmp\L8nfIlfSlZ\lib\auto: Directory not empty at t/lib/Test/Cleanup.pm line 27.
cannot remove directory for C:\Strawberry\cpan\build\FFI-Platypus-2.08-0\.tmp\L8nfIlfSlZ\lib: Directory not empty at t/lib/Test/Cleanup.pm line 27.
cannot remove directory for C:\Strawberry\cpan\build\FFI-Platypus-2.08-0\.tmp\L8nfIlfSlZ: Directory not empty at t/lib/Test/Cleanup.pm line 27.
cannot unlink file for C:\Strawberry\cpan\build\FFI-Platypus-2.08-0\.tmp\0DztjjBylY\lib\auto\share\dist\Foo-Bar3\bar3.dll: Permission denied at t/lib/Test/Cleanup.pm line 27.
cannot remove directory for C:\Strawberry\cpan\build\FFI-Platypus-2.08-0\.tmp\0DztjjBylY\lib\auto\share\dist\Foo-Bar3: Directory not empty at t/lib/Test/Cleanup.pm line 27.
cannot remove directory for C:\Strawberry\cpan\build\FFI-Platypus-2.08-0\.tmp\0DztjjBylY\lib\auto\share\dist: Directory not empty at t/lib/Test/Cleanup.pm line 27.
cannot remove directory for C:\Strawberry\cpan\build\FFI-Platypus-2.08-0\.tmp\0DztjjBylY\lib\auto\share: Directory not empty at t/lib/Test/Cleanup.pm line 27.
cannot remove directory for C:\Strawberry\cpan\build\FFI-Platypus-2.08-0\.tmp\0DztjjBylY\lib\auto: Directory not empty at t/lib/Test/Cleanup.pm line 27.
cannot remove directory for C:\Strawberry\cpan\build\FFI-Platypus-2.08-0\.tmp\0DztjjBylY\lib: Directory not empty at t/lib/Test/Cleanup.pm line 27.
cannot remove directory for C:\Strawberry\cpan\build\FFI-Platypus-2.08-0\.tmp\0DztjjBylY: Directory not empty at t/lib/Test/Cleanup.pm line 27.
cannot unlink file for C:\Strawberry\cpan\build\FFI-Platypus-2.08-0\.tmp\CYWTqHG5mR\ffi\_build\foo.dll: Permission denied at t/lib/Test/Cleanup.pm line 27.
cannot remove directory for C:\Strawberry\cpan\build\FFI-Platypus-2.08-0\.tmp\CYWTqHG5mR\ffi\_build: Directory not empty at t/lib/Test/Cleanup.pm line 27.
cannot remove directory for C:\Strawberry\cpan\build\FFI-Platypus-2.08-0\.tmp\CYWTqHG5mR\ffi: Directory not empty at t/lib/Test/Cleanup.pm line 27.
cannot remove directory for C:\Strawberry\cpan\build\FFI-Platypus-2.08-0\.tmp\CYWTqHG5mR: Directory not empty at t/lib/Test/Cleanup.pm line 27.
cannot unlink file for C:\Strawberry\cpan\build\FFI-Platypus-2.08-0\.tmp\0DztjjBylY\lib\auto\share\dist\Foo-Bar3\bar3.dll: Permission denied at C:\home\heaven\perl5\lib\perl5/File/Temp.pm line 2643.
cannot remove directory for C:\Strawberry\cpan\build\FFI-Platypus-2.08-0\.tmp\0DztjjBylY\lib\auto\share\dist\Foo-Bar3: Directory not empty at C:\home\heaven\perl5\lib\perl5/File/Temp.pm line 2643.
cannot remove directory for C:\Strawberry\cpan\build\FFI-Platypus-2.08-0\.tmp\0DztjjBylY\lib\auto\share\dist: Directory not empty at C:\home\heaven\perl5\lib\perl5/File/Temp.pm line 2643.
cannot remove directory for C:\Strawberry\cpan\build\FFI-Platypus-2.08-0\.tmp\0DztjjBylY\lib\auto\share: Directory not empty at C:\home\heaven\perl5\lib\perl5/File/Temp.pm line 2643.
cannot remove directory for C:\Strawberry\cpan\build\FFI-Platypus-2.08-0\.tmp\0DztjjBylY\lib\auto: Directory not empty at C:\home\heaven\perl5\lib\perl5/File/Temp.pm line 2643.
cannot remove directory for C:\Strawberry\cpan\build\FFI-Platypus-2.08-0\.tmp\0DztjjBylY\lib: Directory not empty at C:\home\heaven\perl5\lib\perl5/File/Temp.pm line 2643.
cannot remove directory for C:/Strawberry/cpan/build/FFI-Platypus-2.08-0/.tmp/0DztjjBylY: Directory not empty at C:\home\heaven\perl5\lib\perl5/File/Temp.pm line 2643.
cannot unlink file for C:\Strawberry\cpan\build\FFI-Platypus-2.08-0\.tmp\oUFjuHYc1y\lib\auto\share\dist\Foo-Bar1\bar1.dll: Permission denied at C:\home\heaven\perl5\lib\perl5/File/Temp.pm line 2643.
cannot remove directory for C:\Strawberry\cpan\build\FFI-Platypus-2.08-0\.tmp\oUFjuHYc1y\lib\auto\share\dist\Foo-Bar1: Directory not empty at C:\home\heaven\perl5\lib\perl5/File/Temp.pm line 2643.
cannot remove directory for C:\Strawberry\cpan\build\FFI-Platypus-2.08-0\.tmp\oUFjuHYc1y\lib\auto\share\dist: Directory not empty at C:\home\heaven\perl5\lib\perl5/File/Temp.pm line 2643.
cannot remove directory for C:\Strawberry\cpan\build\FFI-Platypus-2.08-0\.tmp\oUFjuHYc1y\lib\auto\share: Directory not empty at C:\home\heaven\perl5\lib\perl5/File/Temp.pm line 2643.
cannot remove directory for C:\Strawberry\cpan\build\FFI-Platypus-2.08-0\.tmp\oUFjuHYc1y\lib\auto: Directory not empty at C:\home\heaven\perl5\lib\perl5/File/Temp.pm line 2643.
cannot remove directory for C:\Strawberry\cpan\build\FFI-Platypus-2.08-0\.tmp\oUFjuHYc1y\lib: Directory not empty at C:\home\heaven\perl5\lib\perl5/File/Temp.pm line 2643.
cannot remove directory for C:/Strawberry/cpan/build/FFI-Platypus-2.08-0/.tmp/oUFjuHYc1y: Directory not empty at C:\home\heaven\perl5\lib\perl5/File/Temp.pm line 2643.
cannot unlink file for C:\Strawberry\cpan\build\FFI-Platypus-2.08-0\.tmp\L8nfIlfSlZ\lib\auto\share\dist\Foo-Bar2\bar2.dll: Permission denied at C:\home\heaven\perl5\lib\perl5/File/Temp.pm line 2643.
cannot remove directory for C:\Strawberry\cpan\build\FFI-Platypus-2.08-0\.tmp\L8nfIlfSlZ\lib\auto\share\dist\Foo-Bar2: Directory not empty at C:\home\heaven\perl5\lib\perl5/File/Temp.pm line 2643.
cannot remove directory for C:\Strawberry\cpan\build\FFI-Platypus-2.08-0\.tmp\L8nfIlfSlZ\lib\auto\share\dist: Directory not empty at C:\home\heaven\perl5\lib\perl5/File/Temp.pm line 2643.
cannot remove directory for C:\Strawberry\cpan\build\FFI-Platypus-2.08-0\.tmp\L8nfIlfSlZ\lib\auto\share: Directory not empty at C:\home\heaven\perl5\lib\perl5/File/Temp.pm line 2643.
cannot remove directory for C:\Strawberry\cpan\build\FFI-Platypus-2.08-0\.tmp\L8nfIlfSlZ\lib\auto: Directory not empty at C:\home\heaven\perl5\lib\perl5/File/Temp.pm line 2643.
cannot remove directory for C:\Strawberry\cpan\build\FFI-Platypus-2.08-0\.tmp\L8nfIlfSlZ\lib: Directory not empty at C:\home\heaven\perl5\lib\perl5/File/Temp.pm line 2643.
cannot remove directory for C:/Strawberry/cpan/build/FFI-Platypus-2.08-0/.tmp/L8nfIlfSlZ: Directory not empty at C:\home\heaven\perl5\lib\perl5/File/Temp.pm line 2643.
cannot unlink file for C:\Strawberry\cpan\build\FFI-Platypus-2.08-0\.tmp\CYWTqHG5mR\ffi\_build\foo.dll: Permission denied at C:\home\heaven\perl5\lib\perl5/File/Temp.pm line 2643.
cannot remove directory for C:\Strawberry\cpan\build\FFI-Platypus-2.08-0\.tmp\CYWTqHG5mR\ffi\_build: Directory not empty at C:\home\heaven\perl5\lib\perl5/File/Temp.pm line 2643.
cannot remove directory for C:\Strawberry\cpan\build\FFI-Platypus-2.08-0\.tmp\CYWTqHG5mR\ffi: Directory not empty at C:\home\heaven\perl5\lib\perl5/File/Temp.pm line 2643.
cannot remove directory for C:/Strawberry/cpan/build/FFI-Platypus-2.08-0/.tmp/CYWTqHG5mR: Directory not empty at C:\home\heaven\perl5\lib\perl5/File/Temp.pm line 2643.
t/ffi_platypus_bundle.t .................. ok
t/ffi_platypus_closure.t ................. ok
t/ffi_platypus_constant.t ................ ok
t/ffi_platypus_dl.t ...................... ok
t/ffi_platypus_function.t ................ ok
t/ffi_platypus_function_wrapper.t ........ ok
t/ffi_platypus_internal.t ................ ok
t/ffi_platypus_lang.t .................... ok
t/ffi_platypus_lang_asm.t ................ ok
t/ffi_platypus_lang_c.t .................. ok
t/ffi_platypus_lang_win32.t .............. ok
t/ffi_platypus_legacy.t .................. ok
t/ffi_platypus_memory.t .................. ok
t/ffi_platypus_record.t .................. ok
t/ffi_platypus_record_meta.t ............. ok
t/ffi_platypus_record_tiearray.t ......... ok
t/ffi_platypus_shareconfig.t ............. ok
t/ffi_platypus_type.t .................... ok
t/ffi_platypus_type_pointersizebuffer.t .. ok
t/ffi_platypus_type_stringarray.t ........ ok
t/ffi_platypus_type_stringpointer.t ...... ok
Can't modify constant item in scalar assignment at C:\Strawberry\cpan\build\FFI-Platypus-2.08-0\blib\lib/FFI/Platypus.pm line 361, near "'void' unless"
BEGIN not safe after errors--compilation aborted at C:\Strawberry\cpan\build\FFI-Platypus-2.08-0\blib\lib/FFI/Platypus.pm line 503.
Compilation failed in require at t/ffi_platypus_type_widestring.t line 4.
BEGIN failed--compilation aborted at t/ffi_platypus_type_widestring.t line 4.
t/ffi_platypus_type_widestring.t ......... 
Dubious, test returned 255 (wstat 65280, 0xff00)
No subtests run 
t/ffi_platypus_typeparser.t .............. ok
t/ffi_platypus_typeparser_version0.t ..... ok
t/ffi_platypus_typeparser_version1.t ..... ok
t/ffi_platypus_typeparser_version2.t ..... ok
t/ffi_probe.t ............................ ok
t/ffi_probe_runner.t ..................... ok
t/ffi_probe_runner_builder.t ............. ok
t/ffi_probe_runner_result.t .............. ok
t/ffi_temp.t ............................. ok
t/forks.t ................................ skipped: Test requires forks
t/gh117.t ................................ ok
t/gh129.t ................................ ok
t/gh323.t ................................ ok
t/memory.t ............................... skipped: tested only in CI
t/threads.t .............................. ok
t/type_complex_double.t .................. ok
t/type_complex_float.t ................... ok
t/type_custom.t .......................... ok
t/type_double.t .......................... ok
t/type_float.t ........................... ok
t/type_longdouble.t ...................... ok
t/type_longdouble__array.t ............... ok
t/type_longdouble__hide.t ................ ok
t/type_longdouble__ptr.t ................. ok
t/type_opaque.t .......................... ok
t/type_record.t .......................... ok
t/type_record_value.t .................... ok
t/type_sint16.t .......................... ok
t/type_sint32.t .......................... ok
t/type_sint64.t .......................... ok
t/type_sint8.t ........................... ok
t/type_string.t .......................... ok
t/type_uint16.t .......................... ok
t/type_uint32.t .......................... ok
t/type_uint64.t .......................... ok
t/type_uint8.t ........................... ok

Test Summary Report
-------------------
t/ffi_platypus_type_widestring.t       (Wstat: 65280 (exited 255) Tests: 0 Failed: 0)
  Non-zero exit status: 255
  Parse errors: No plan found in TAP output
Files=72, Tests=317, 85 wallclock secs ( 0.89 usr +  0.48 sys =  1.37 CPU)
Result: FAIL
Failed 1/72 test programs. 0/317 subtests failed.
dmake.exe:  makefile:  line 1289:  Warning: -- Empty recipe for special or meta target .NO_PARALLEL
dmake.exe:  Error code 255, while making 'test_dynamic'

------------------------------
PREREQUISITES
------------------------------

Prerequisite modules loaded:

requires:

    Module                Need     Have    
    --------------------- -------- --------
    autodie               0        2.36    
    Capture::Tiny         0        0.48    
    constant              1.32     1.33    
    ExtUtils::MakeMaker   7.12     7.70    
    FFI::CheckLib         0.05     0.31    
    File::Spec::Functions 0        3.75    
    IPC::Cmd              0        1.02    
    JSON::PP              0        4.16    
    List::Util            1.45     1.63    
    Math::Int64           0.34     0.54    
    parent                0        0.241   
    perl                  5.008004 5.014004

build_requires:

    Module                Need     Have    
    --------------------- -------- --------
    Alien::FFI            0.20     0.25    
    Capture::Tiny         0        0.48    
    ExtUtils::CBuilder    0        0.280236
    Math::Int64           0.34     0.54    
    Test2::API            1.302015 1.302195
    Test2::V0             0.000121 0.000148

configure_requires:

    Module                Need     Have    
    --------------------- -------- --------
    Capture::Tiny         0        0.48    
    ExtUtils::MakeMaker   7.12     7.70    
    ExtUtils::ParseXS     3.30     3.44    
    IPC::Cmd              0        1.02    
    JSON::PP              0        4.16    
    parent                0        0.241   
    perl                  5.006    5.014004


------------------------------
ENVIRONMENT AND OTHER CONTEXT
------------------------------

Environment variables:

    COMSPEC = C:\windows\system32\cmd.exe
    NONINTERACTIVE_TESTING = 1
    NUMBER_OF_PROCESSORS = 4
    PATH = C:\home\heaven\perl5\bin;C:\windows\system32;C:\windows;C:\windows\System32\Wbem;C:\windows\System32\WindowsPowerShell\v1.0\;C:\Strawberry\c\bin;C:\Strawberry\perl\site\bin;C:\Strawberry\perl\bin
    PERL5LIB = C:\home\heaven\perl5\lib\perl5
    PERL5OPT = 
    PERL5_CPANPLUS_IS_RUNNING = 4372
    PERL5_CPAN_IS_RUNNING = 4372
    PERL_LOCAL_LIB_ROOT = C:\home\heaven\perl5
    PERL_MB_OPT = --install_base "C:\\home\\heaven\\perl5"
    PERL_MM_OPT = INSTALL_BASE=C:\\home\\heaven\\perl5
    PERL_MM_USE_DEFAULT = 1
    PERL_USE_UNSAFE_INC = 1
    PROCESSOR_IDENTIFIER = x86 Family 6 Model 37 Stepping 5, GenuineIntel
    TEMP = C:\Users\user\AppData\Local\Temp
    TERM = dumb

Perl special variables (and OS-specific diagnostics, for MSWin32):

    $^X = C:\Strawberry\perl\bin\perl.exe
    $UID/$EUID = 0 / 0
    $GID = 0
    $EGID = 0
    Win32::GetOSName = Win7
    Win32::GetOSVersion = Service Pack 1, 6, 1, 7601, 2, 1, 0, 256, 1
    Win32::FsType = NTFS
    Win32::IsAdminUser = 0

Perl module toolchain versions installed:

    Module              Have    
    ------------------- --------
    CPAN                2.34    
    CPAN::Meta          2.150010
    Cwd                 3.75    
    ExtUtils::CBuilder  0.280236
    ExtUtils::Command   7.70    
    ExtUtils::Install   2.22    
    ExtUtils::MakeMaker 7.70    
    ExtUtils::Manifest  1.73    
    ExtUtils::ParseXS   3.44    
    File::Spec          3.75    
    JSON                4.10    
    JSON::PP            4.16    
    Module::Build       0.4232  
    Module::Signature   0.88    
    Parse::CPAN::Meta   2.150010
    Test::Harness       3.44    
    Test::More          1.302195
    YAML                1.27    
    YAML::Syck          1.34    
    version             0.9929  


--

Summary of my perl5 (revision 5 version 14 subversion 4) configuration:
   
  Platform:
    osname=MSWin32, osvers=4.0, archname=MSWin32-x86-multi-thread
    uname='Win32 strawberry-perl 5.14.4.1 #1 Mon Mar 11 19:56:31 2013 i386'
    config_args='undef'
    hint=recommended, useposix=true, d_sigaction=undef
    useithreads=define, usemultiplicity=define
    useperlio=define, d_sfio=undef, uselargefiles=define, usesocks=undef
    use64bitint=undef, use64bitall=undef, uselongdouble=undef
    usemymalloc=n, bincompat5005=undef
  Compiler:
    cc='gcc', ccflags =' -s -O2 -DWIN32  -DPERL_TEXTMODE_SCRIPTS -DPERL_IMPLICIT_CONTEXT -DPERL_IMPLICIT_SYS -fno-strict-aliasing -mms-bitfields',
    optimize='-s -O2',
    cppflags='-DWIN32'
    ccversion='', gccversion='4.6.3', gccosandvers=''
    intsize=4, longsize=4, ptrsize=4, doublesize=8, byteorder=1234
    d_longlong=undef, longlongsize=8, d_longdbl=define, longdblsize=12
    ivtype='long', ivsize=4, nvtype='double', nvsize=8, Off_t='long long', lseeksize=8
    alignbytes=8, prototype=define
  Linker and Libraries:
    ld='g++', ldflags ='-s -L"C:\Strawberry\perl\lib\CORE" -L"C:\Strawberry\c\lib"'
    libpth=C:\Strawberry\c\lib C:\Strawberry\c\i686-w64-mingw32\lib
    libs=-lmoldname -lkernel32 -luser32 -lgdi32 -lwinspool -lcomdlg32 -ladvapi32 -lshell32 -lole32 -loleaut32 -lnetapi32 -luuid -lws2_32 -lmpr -lwinmm -lversion -lodbc32 -lodbccp32 -lcomctl32
    perllibs=-lmoldname -lkernel32 -luser32 -lgdi32 -lwinspool -lcomdlg32 -ladvapi32 -lshell32 -lole32 -loleaut32 -lnetapi32 -luuid -lws2_32 -lmpr -lwinmm -lversion -lodbc32 -lodbccp32 -lcomctl32
    libc=, so=dll, useshrplib=true, libperl=libperl514.a
    gnulibc_version=''
  Dynamic Linking:
    dlsrc=dl_win32.xs, dlext=dll, d_dlsymun=undef, ccdlflags=' '
    cccdlflags=' ', lddlflags='-mdll -s -L"C:\Strawberry\perl\lib\CORE" -L"C:\Strawberry\c\lib"'


Characteristics of this binary (from libperl): 
  Compile-time options: MULTIPLICITY PERL_DONT_CREATE_GVSV
                        PERL_IMPLICIT_CONTEXT PERL_IMPLICIT_SYS
                        PERL_MALLOC_WRAP PERL_PRESERVE_IVUV PL_OP_SLAB_ALLOC
                        USE_ITHREADS USE_LARGE_FILES USE_PERLIO
                        USE_PERL_ATOF
  Built under MSWin32
  Compiled at Mar 11 2013 20:02:09
  %ENV:
    PERL5LIB="C:\home\heaven\perl5\lib\perl5"
    PERL5_CPANPLUS_IS_RUNNING="4372"
    PERL5_CPAN_IS_RUNNING="4372"
    PERL_LOCAL_LIB_ROOT="C:\home\heaven\perl5"
    PERL_MB_OPT="--install_base "C:\\home\\heaven\\perl5""
    PERL_MM_OPT="INSTALL_BASE=C:\\home\\heaven\\perl5"
    PERL_MM_USE_DEFAULT="1"
    PERL_USE_UNSAFE_INC="1"
  @INC:
    C:\home\heaven\perl5\lib\perl5/MSWin32-x86-multi-thread
    C:\home\heaven\perl5\lib\perl5
    C:/Strawberry/perl/site/lib
    C:/Strawberry/perl/vendor/lib
    C:/Strawberry/perl/lib
    .