Org-Parser v0.555 Perl 5 v5.10.1 amd64-freebsd

Status
Fail
From
Slaven Rezić
Dist
Org-Parser v0.555
Platform
Perl 5 v5.10.1 amd64-freebsd
Date
2021-06-28 22:26:59
ID
f3e4d914-d85f-11eb-b4ad-a0651f24ea8f
This distribution has been tested as part of the CPAN Testers
project, supporting the Perl programming language.  See
http://wiki.cpantesters.org/ for more information or email
questions to cpan-testers-discuss@perl.org


--
Dear perlancar,

This is a computer-generated report for Org-Parser-0.555
on perl 5.10.1, created by CPAN-Reporter-1.2018.

Thank you for uploading your work to CPAN.  However, there was a problem
testing your distribution.

If you think this report is invalid, please consult the CPAN Testers Wiki
for suggestions on how to avoid getting FAIL reports for missing library
or binary dependencies, unsupported operating systems, and so on:

http://wiki.cpantesters.org/wiki/CPANAuthorNotes

Sections of this report:

    * Tester comments
    * Program output
    * Prerequisites
    * Environment and other context

------------------------------
TESTER COMMENTS
------------------------------

Additional comments from tester:

none provided

------------------------------
PROGRAM OUTPUT
------------------------------

Output from '/usr/bin/make test':

PERL_DL_NONLAZY=1 "/usr/perl5.10.1/bin/perl" "-MExtUtils::Command::MM" "-MTest::Harness" "-e" "undef *Test::Harness::Switches; test_harness(0, 'blib/lib', 'blib/arch')" t/*.t

#   Failed test 'Org/Document.pm loaded ok'
#   at t/00-compile.t line 67.
#          got: '2304'
#     expected: '0'
Bareword found where operator expected at /usr/home/cpansand/.cpan/build/2021062705/Org-Parser-0.555-4/blib/lib/Org/Document.pm line 31, near "qr/:(?:[\w@]+:)+/u"
syntax error at /usr/home/cpansand/.cpan/build/2021062705/Org-Parser-0.555-4/blib/lib/Org/Document.pm line 31, near "qr/:(?:[\w@]+:)+/u"
BEGIN not safe after errors--compilation aborted at /usr/home/cpansand/.cpan/build/2021062705/Org-Parser-0.555-4/blib/lib/Org/Document.pm line 139.
Compilation failed in require at -e line 1.

#   Failed test 'Org/Parser.pm loaded ok'
#   at t/00-compile.t line 67.
#          got: '2304'
#     expected: '0'
Bareword found where operator expected at /usr/home/cpansand/.cpan/build/2021062705/Org-Parser-0.555-4/blib/lib/Org/Document.pm line 31, near "qr/:(?:[\w@]+:)+/u"
syntax error at /usr/home/cpansand/.cpan/build/2021062705/Org-Parser-0.555-4/blib/lib/Org/Document.pm line 31, near "qr/:(?:[\w@]+:)+/u"
BEGIN not safe after errors--compilation aborted at /usr/home/cpansand/.cpan/build/2021062705/Org-Parser-0.555-4/blib/lib/Org/Document.pm line 139.
Compilation failed in require at /usr/home/cpansand/.cpan/build/2021062705/Org-Parser-0.555-4/blib/lib/Org/Parser.pm line 11.
BEGIN failed--compilation aborted at /usr/home/cpansand/.cpan/build/2021062705/Org-Parser-0.555-4/blib/lib/Org/Parser.pm line 11.
Compilation failed in require at -e line 1.
# Looks like you failed 2 tests of 25.
t/00-compile.t ............... 
Dubious, test returned 2 (wstat 512, 0x200)
Failed 2/25 subtests 
Bareword found where operator expected at /usr/home/cpansand/.cpan/build/2021062705/Org-Parser-0.555-4/blib/lib/Org/Document.pm line 31, near "qr/:(?:[\w@]+:)+/u"
syntax error at /usr/home/cpansand/.cpan/build/2021062705/Org-Parser-0.555-4/blib/lib/Org/Document.pm line 31, near "qr/:(?:[\w@]+:)+/u"
BEGIN not safe after errors--compilation aborted at /usr/home/cpansand/.cpan/build/2021062705/Org-Parser-0.555-4/blib/lib/Org/Document.pm line 139.
Compilation failed in require at /usr/home/cpansand/.cpan/build/2021062705/Org-Parser-0.555-4/blib/lib/Org/Parser.pm line 11.
BEGIN failed--compilation aborted at /usr/home/cpansand/.cpan/build/2021062705/Org-Parser-0.555-4/blib/lib/Org/Parser.pm line 11.
Compilation failed in require at t/01-basics.t line 12.
BEGIN failed--compilation aborted at t/01-basics.t line 12.
t/01-basics.t ................ 
Dubious, test returned 9 (wstat 2304, 0x900)
No subtests run 
t/author-critic.t ............ skipped: these tests are for testing by the author
t/author-pod-coverage.t ...... skipped: these tests are for testing by the author
t/author-pod-syntax.t ........ skipped: these tests are for testing by the author
Bareword found where operator expected at /usr/home/cpansand/.cpan/build/2021062705/Org-Parser-0.555-4/blib/lib/Org/Document.pm line 31, near "qr/:(?:[\w@]+:)+/u"
syntax error at /usr/home/cpansand/.cpan/build/2021062705/Org-Parser-0.555-4/blib/lib/Org/Document.pm line 31, near "qr/:(?:[\w@]+:)+/u"
BEGIN not safe after errors--compilation aborted at /usr/home/cpansand/.cpan/build/2021062705/Org-Parser-0.555-4/blib/lib/Org/Document.pm line 139.
Compilation failed in require at /usr/home/cpansand/.cpan/build/2021062705/Org-Parser-0.555-4/blib/lib/Org/Parser.pm line 11.
BEGIN failed--compilation aborted at /usr/home/cpansand/.cpan/build/2021062705/Org-Parser-0.555-4/blib/lib/Org/Parser.pm line 11.
Compilation failed in require at t/base_element-field_name.t line 10.
BEGIN failed--compilation aborted at t/base_element-field_name.t line 10.
t/base_element-field_name.t .. 
Dubious, test returned 9 (wstat 2304, 0x900)
No subtests run 
Bareword found where operator expected at /usr/home/cpansand/.cpan/build/2021062705/Org-Parser-0.555-4/blib/lib/Org/Document.pm line 31, near "qr/:(?:[\w@]+:)+/u"
syntax error at /usr/home/cpansand/.cpan/build/2021062705/Org-Parser-0.555-4/blib/lib/Org/Document.pm line 31, near "qr/:(?:[\w@]+:)+/u"
BEGIN not safe after errors--compilation aborted at /usr/home/cpansand/.cpan/build/2021062705/Org-Parser-0.555-4/blib/lib/Org/Document.pm line 139.
Compilation failed in require at /usr/home/cpansand/.cpan/build/2021062705/Org-Parser-0.555-4/blib/lib/Org/Parser.pm line 11.
BEGIN failed--compilation aborted at /usr/home/cpansand/.cpan/build/2021062705/Org-Parser-0.555-4/blib/lib/Org/Parser.pm line 11.
Compilation failed in require at t/base_element.t line 10.
BEGIN failed--compilation aborted at t/base_element.t line 10.
t/base_element.t ............. 
Dubious, test returned 9 (wstat 2304, 0x900)
No subtests run 
Bareword found where operator expected at /usr/home/cpansand/.cpan/build/2021062705/Org-Parser-0.555-4/blib/lib/Org/Document.pm line 31, near "qr/:(?:[\w@]+:)+/u"
syntax error at /usr/home/cpansand/.cpan/build/2021062705/Org-Parser-0.555-4/blib/lib/Org/Document.pm line 31, near "qr/:(?:[\w@]+:)+/u"
BEGIN not safe after errors--compilation aborted at /usr/home/cpansand/.cpan/build/2021062705/Org-Parser-0.555-4/blib/lib/Org/Document.pm line 139.
Compilation failed in require at /usr/home/cpansand/.cpan/build/2021062705/Org-Parser-0.555-4/blib/lib/Org/Parser.pm line 11.
BEGIN failed--compilation aborted at /usr/home/cpansand/.cpan/build/2021062705/Org-Parser-0.555-4/blib/lib/Org/Parser.pm line 11.
Compilation failed in require at t/block.t line 10.
BEGIN failed--compilation aborted at t/block.t line 10.
t/block.t .................... 
Dubious, test returned 9 (wstat 2304, 0x900)
No subtests run 
Bareword found where operator expected at /usr/home/cpansand/.cpan/build/2021062705/Org-Parser-0.555-4/blib/lib/Org/Document.pm line 31, near "qr/:(?:[\w@]+:)+/u"
syntax error at /usr/home/cpansand/.cpan/build/2021062705/Org-Parser-0.555-4/blib/lib/Org/Document.pm line 31, near "qr/:(?:[\w@]+:)+/u"
BEGIN not safe after errors--compilation aborted at /usr/home/cpansand/.cpan/build/2021062705/Org-Parser-0.555-4/blib/lib/Org/Document.pm line 139.
Compilation failed in require at /usr/home/cpansand/.cpan/build/2021062705/Org-Parser-0.555-4/blib/lib/Org/Parser.pm line 11.
BEGIN failed--compilation aborted at /usr/home/cpansand/.cpan/build/2021062705/Org-Parser-0.555-4/blib/lib/Org/Parser.pm line 11.
Compilation failed in require at t/comment.t line 10.
BEGIN failed--compilation aborted at t/comment.t line 10.
t/comment.t .................. 
Dubious, test returned 9 (wstat 2304, 0x900)
No subtests run 
Bareword found where operator expected at /usr/home/cpansand/.cpan/build/2021062705/Org-Parser-0.555-4/blib/lib/Org/Document.pm line 31, near "qr/:(?:[\w@]+:)+/u"
syntax error at /usr/home/cpansand/.cpan/build/2021062705/Org-Parser-0.555-4/blib/lib/Org/Document.pm line 31, near "qr/:(?:[\w@]+:)+/u"
BEGIN not safe after errors--compilation aborted at /usr/home/cpansand/.cpan/build/2021062705/Org-Parser-0.555-4/blib/lib/Org/Document.pm line 139.
Compilation failed in require at t/document.t line 11.
BEGIN failed--compilation aborted at t/document.t line 11.
t/document.t ................. 
Dubious, test returned 9 (wstat 2304, 0x900)
No subtests run 
Bareword found where operator expected at /usr/home/cpansand/.cpan/build/2021062705/Org-Parser-0.555-4/blib/lib/Org/Document.pm line 31, near "qr/:(?:[\w@]+:)+/u"
syntax error at /usr/home/cpansand/.cpan/build/2021062705/Org-Parser-0.555-4/blib/lib/Org/Document.pm line 31, near "qr/:(?:[\w@]+:)+/u"
BEGIN not safe after errors--compilation aborted at /usr/home/cpansand/.cpan/build/2021062705/Org-Parser-0.555-4/blib/lib/Org/Document.pm line 139.
Compilation failed in require at /usr/home/cpansand/.cpan/build/2021062705/Org-Parser-0.555-4/blib/lib/Org/Parser.pm line 11.
BEGIN failed--compilation aborted at /usr/home/cpansand/.cpan/build/2021062705/Org-Parser-0.555-4/blib/lib/Org/Parser.pm line 11.
Compilation failed in require at t/drawer.t line 10.
BEGIN failed--compilation aborted at t/drawer.t line 10.
t/drawer.t ................... 
Dubious, test returned 9 (wstat 2304, 0x900)
No subtests run 
Bareword found where operator expected at /usr/home/cpansand/.cpan/build/2021062705/Org-Parser-0.555-4/blib/lib/Org/Document.pm line 31, near "qr/:(?:[\w@]+:)+/u"
syntax error at /usr/home/cpansand/.cpan/build/2021062705/Org-Parser-0.555-4/blib/lib/Org/Document.pm line 31, near "qr/:(?:[\w@]+:)+/u"
BEGIN not safe after errors--compilation aborted at /usr/home/cpansand/.cpan/build/2021062705/Org-Parser-0.555-4/blib/lib/Org/Document.pm line 139.
Compilation failed in require at /usr/home/cpansand/.cpan/build/2021062705/Org-Parser-0.555-4/blib/lib/Org/Parser.pm line 11.
BEGIN failed--compilation aborted at /usr/home/cpansand/.cpan/build/2021062705/Org-Parser-0.555-4/blib/lib/Org/Parser.pm line 11.
Compilation failed in require at t/fixed_width_section.t line 10.
BEGIN failed--compilation aborted at t/fixed_width_section.t line 10.
t/fixed_width_section.t ...... 
Dubious, test returned 9 (wstat 2304, 0x900)
No subtests run 
Bareword found where operator expected at /usr/home/cpansand/.cpan/build/2021062705/Org-Parser-0.555-4/blib/lib/Org/Document.pm line 31, near "qr/:(?:[\w@]+:)+/u"
syntax error at /usr/home/cpansand/.cpan/build/2021062705/Org-Parser-0.555-4/blib/lib/Org/Document.pm line 31, near "qr/:(?:[\w@]+:)+/u"
BEGIN not safe after errors--compilation aborted at /usr/home/cpansand/.cpan/build/2021062705/Org-Parser-0.555-4/blib/lib/Org/Document.pm line 139.
Compilation failed in require at /usr/home/cpansand/.cpan/build/2021062705/Org-Parser-0.555-4/blib/lib/Org/Parser.pm line 11.
BEGIN failed--compilation aborted at /usr/home/cpansand/.cpan/build/2021062705/Org-Parser-0.555-4/blib/lib/Org/Parser.pm line 11.
Compilation failed in require at t/footnote.t line 10.
BEGIN failed--compilation aborted at t/footnote.t line 10.
t/footnote.t ................. 
Dubious, test returned 9 (wstat 2304, 0x900)
No subtests run 
Bareword found where operator expected at /usr/home/cpansand/.cpan/build/2021062705/Org-Parser-0.555-4/blib/lib/Org/Document.pm line 31, near "qr/:(?:[\w@]+:)+/u"
syntax error at /usr/home/cpansand/.cpan/build/2021062705/Org-Parser-0.555-4/blib/lib/Org/Document.pm line 31, near "qr/:(?:[\w@]+:)+/u"
BEGIN not safe after errors--compilation aborted at /usr/home/cpansand/.cpan/build/2021062705/Org-Parser-0.555-4/blib/lib/Org/Document.pm line 139.
Compilation failed in require at /usr/home/cpansand/.cpan/build/2021062705/Org-Parser-0.555-4/blib/lib/Org/Parser.pm line 11.
BEGIN failed--compilation aborted at /usr/home/cpansand/.cpan/build/2021062705/Org-Parser-0.555-4/blib/lib/Org/Parser.pm line 11.
Compilation failed in require at t/headline-get_property.t line 10.
BEGIN failed--compilation aborted at t/headline-get_property.t line 10.
t/headline-get_property.t .... 
Dubious, test returned 9 (wstat 2304, 0x900)
No subtests run 
Bareword found where operator expected at /usr/home/cpansand/.cpan/build/2021062705/Org-Parser-0.555-4/blib/lib/Org/Document.pm line 31, near "qr/:(?:[\w@]+:)+/u"
syntax error at /usr/home/cpansand/.cpan/build/2021062705/Org-Parser-0.555-4/blib/lib/Org/Document.pm line 31, near "qr/:(?:[\w@]+:)+/u"
BEGIN not safe after errors--compilation aborted at /usr/home/cpansand/.cpan/build/2021062705/Org-Parser-0.555-4/blib/lib/Org/Document.pm line 139.
Compilation failed in require at /usr/home/cpansand/.cpan/build/2021062705/Org-Parser-0.555-4/blib/lib/Org/Parser.pm line 11.
BEGIN failed--compilation aborted at /usr/home/cpansand/.cpan/build/2021062705/Org-Parser-0.555-4/blib/lib/Org/Parser.pm line 11.
Compilation failed in require at t/headline.t line 12.
BEGIN failed--compilation aborted at t/headline.t line 12.
t/headline.t ................. 
Dubious, test returned 9 (wstat 2304, 0x900)
No subtests run 
Bareword found where operator expected at /usr/home/cpansand/.cpan/build/2021062705/Org-Parser-0.555-4/blib/lib/Org/Document.pm line 31, near "qr/:(?:[\w@]+:)+/u"
syntax error at /usr/home/cpansand/.cpan/build/2021062705/Org-Parser-0.555-4/blib/lib/Org/Document.pm line 31, near "qr/:(?:[\w@]+:)+/u"
BEGIN not safe after errors--compilation aborted at /usr/home/cpansand/.cpan/build/2021062705/Org-Parser-0.555-4/blib/lib/Org/Document.pm line 139.
Compilation failed in require at /usr/home/cpansand/.cpan/build/2021062705/Org-Parser-0.555-4/blib/lib/Org/Parser.pm line 11.
BEGIN failed--compilation aborted at /usr/home/cpansand/.cpan/build/2021062705/Org-Parser-0.555-4/blib/lib/Org/Parser.pm line 11.
Compilation failed in require at t/link_and_target.t line 10.
BEGIN failed--compilation aborted at t/link_and_target.t line 10.
t/link_and_target.t .......... 
Dubious, test returned 9 (wstat 2304, 0x900)
No subtests run 
Bareword found where operator expected at /usr/home/cpansand/.cpan/build/2021062705/Org-Parser-0.555-4/blib/lib/Org/Document.pm line 31, near "qr/:(?:[\w@]+:)+/u"
syntax error at /usr/home/cpansand/.cpan/build/2021062705/Org-Parser-0.555-4/blib/lib/Org/Document.pm line 31, near "qr/:(?:[\w@]+:)+/u"
BEGIN not safe after errors--compilation aborted at /usr/home/cpansand/.cpan/build/2021062705/Org-Parser-0.555-4/blib/lib/Org/Document.pm line 139.
Compilation failed in require at /usr/home/cpansand/.cpan/build/2021062705/Org-Parser-0.555-4/blib/lib/Org/Parser.pm line 11.
BEGIN failed--compilation aborted at /usr/home/cpansand/.cpan/build/2021062705/Org-Parser-0.555-4/blib/lib/Org/Parser.pm line 11.
Compilation failed in require at t/list.t line 10.
BEGIN failed--compilation aborted at t/list.t line 10.
t/list.t ..................... 
Dubious, test returned 9 (wstat 2304, 0x900)
No subtests run 
Bareword found where operator expected at /usr/home/cpansand/.cpan/build/2021062705/Org-Parser-0.555-4/blib/lib/Org/Document.pm line 31, near "qr/:(?:[\w@]+:)+/u"
syntax error at /usr/home/cpansand/.cpan/build/2021062705/Org-Parser-0.555-4/blib/lib/Org/Document.pm line 31, near "qr/:(?:[\w@]+:)+/u"
BEGIN not safe after errors--compilation aborted at /usr/home/cpansand/.cpan/build/2021062705/Org-Parser-0.555-4/blib/lib/Org/Document.pm line 139.
Compilation failed in require at /usr/home/cpansand/.cpan/build/2021062705/Org-Parser-0.555-4/blib/lib/Org/Parser.pm line 11.
BEGIN failed--compilation aborted at /usr/home/cpansand/.cpan/build/2021062705/Org-Parser-0.555-4/blib/lib/Org/Parser.pm line 11.
Compilation failed in require at t/radio_target.t line 10.
BEGIN failed--compilation aborted at t/radio_target.t line 10.
t/radio_target.t ............. 
Dubious, test returned 9 (wstat 2304, 0x900)
No subtests run 
Bareword found where operator expected at /usr/home/cpansand/.cpan/build/2021062705/Org-Parser-0.555-4/blib/lib/Org/Document.pm line 31, near "qr/:(?:[\w@]+:)+/u"
syntax error at /usr/home/cpansand/.cpan/build/2021062705/Org-Parser-0.555-4/blib/lib/Org/Document.pm line 31, near "qr/:(?:[\w@]+:)+/u"
BEGIN not safe after errors--compilation aborted at /usr/home/cpansand/.cpan/build/2021062705/Org-Parser-0.555-4/blib/lib/Org/Document.pm line 139.
Compilation failed in require at /usr/home/cpansand/.cpan/build/2021062705/Org-Parser-0.555-4/blib/lib/Org/Parser.pm line 11.
BEGIN failed--compilation aborted at /usr/home/cpansand/.cpan/build/2021062705/Org-Parser-0.555-4/blib/lib/Org/Parser.pm line 11.
Compilation failed in require at t/regression-rt68443.t line 10.
BEGIN failed--compilation aborted at t/regression-rt68443.t line 10.
t/regression-rt68443.t ....... 
Dubious, test returned 9 (wstat 2304, 0x900)
No subtests run 
Bareword found where operator expected at /usr/home/cpansand/.cpan/build/2021062705/Org-Parser-0.555-4/blib/lib/Org/Document.pm line 31, near "qr/:(?:[\w@]+:)+/u"
syntax error at /usr/home/cpansand/.cpan/build/2021062705/Org-Parser-0.555-4/blib/lib/Org/Document.pm line 31, near "qr/:(?:[\w@]+:)+/u"
BEGIN not safe after errors--compilation aborted at /usr/home/cpansand/.cpan/build/2021062705/Org-Parser-0.555-4/blib/lib/Org/Document.pm line 139.
Compilation failed in require at /usr/home/cpansand/.cpan/build/2021062705/Org-Parser-0.555-4/blib/lib/Org/Parser.pm line 11.
BEGIN failed--compilation aborted at /usr/home/cpansand/.cpan/build/2021062705/Org-Parser-0.555-4/blib/lib/Org/Parser.pm line 11.
Compilation failed in require at t/rt98375.t line 13.
BEGIN failed--compilation aborted at t/rt98375.t line 13.
t/rt98375.t .................. 
Dubious, test returned 9 (wstat 2304, 0x900)
No subtests run 
Bareword found where operator expected at /usr/home/cpansand/.cpan/build/2021062705/Org-Parser-0.555-4/blib/lib/Org/Document.pm line 31, near "qr/:(?:[\w@]+:)+/u"
syntax error at /usr/home/cpansand/.cpan/build/2021062705/Org-Parser-0.555-4/blib/lib/Org/Document.pm line 31, near "qr/:(?:[\w@]+:)+/u"
BEGIN not safe after errors--compilation aborted at /usr/home/cpansand/.cpan/build/2021062705/Org-Parser-0.555-4/blib/lib/Org/Document.pm line 139.
Compilation failed in require at /usr/home/cpansand/.cpan/build/2021062705/Org-Parser-0.555-4/blib/lib/Org/Parser.pm line 11.
BEGIN failed--compilation aborted at /usr/home/cpansand/.cpan/build/2021062705/Org-Parser-0.555-4/blib/lib/Org/Parser.pm line 11.
Compilation failed in require at t/setting-todo.t line 10.
BEGIN failed--compilation aborted at t/setting-todo.t line 10.
t/setting-todo.t ............. 
Dubious, test returned 9 (wstat 2304, 0x900)
No subtests run 
Bareword found where operator expected at /usr/home/cpansand/.cpan/build/2021062705/Org-Parser-0.555-4/blib/lib/Org/Document.pm line 31, near "qr/:(?:[\w@]+:)+/u"
syntax error at /usr/home/cpansand/.cpan/build/2021062705/Org-Parser-0.555-4/blib/lib/Org/Document.pm line 31, near "qr/:(?:[\w@]+:)+/u"
BEGIN not safe after errors--compilation aborted at /usr/home/cpansand/.cpan/build/2021062705/Org-Parser-0.555-4/blib/lib/Org/Document.pm line 139.
Compilation failed in require at /usr/home/cpansand/.cpan/build/2021062705/Org-Parser-0.555-4/blib/lib/Org/Parser.pm line 11.
BEGIN failed--compilation aborted at /usr/home/cpansand/.cpan/build/2021062705/Org-Parser-0.555-4/blib/lib/Org/Parser.pm line 11.
Compilation failed in require at t/setting.t line 11.
BEGIN failed--compilation aborted at t/setting.t line 11.
t/setting.t .................. 
Dubious, test returned 9 (wstat 2304, 0x900)
No subtests run 
Bareword found where operator expected at /usr/home/cpansand/.cpan/build/2021062705/Org-Parser-0.555-4/blib/lib/Org/Document.pm line 31, near "qr/:(?:[\w@]+:)+/u"
syntax error at /usr/home/cpansand/.cpan/build/2021062705/Org-Parser-0.555-4/blib/lib/Org/Document.pm line 31, near "qr/:(?:[\w@]+:)+/u"
BEGIN not safe after errors--compilation aborted at /usr/home/cpansand/.cpan/build/2021062705/Org-Parser-0.555-4/blib/lib/Org/Document.pm line 139.
Compilation failed in require at /usr/home/cpansand/.cpan/build/2021062705/Org-Parser-0.555-4/blib/lib/Org/Parser.pm line 11.
BEGIN failed--compilation aborted at /usr/home/cpansand/.cpan/build/2021062705/Org-Parser-0.555-4/blib/lib/Org/Parser.pm line 11.
Compilation failed in require at t/table.t line 10.
BEGIN failed--compilation aborted at t/table.t line 10.
t/table.t .................... 
Dubious, test returned 9 (wstat 2304, 0x900)
No subtests run 
Bareword found where operator expected at /usr/home/cpansand/.cpan/build/2021062705/Org-Parser-0.555-4/blib/lib/Org/Document.pm line 31, near "qr/:(?:[\w@]+:)+/u"
syntax error at /usr/home/cpansand/.cpan/build/2021062705/Org-Parser-0.555-4/blib/lib/Org/Document.pm line 31, near "qr/:(?:[\w@]+:)+/u"
BEGIN not safe after errors--compilation aborted at /usr/home/cpansand/.cpan/build/2021062705/Org-Parser-0.555-4/blib/lib/Org/Document.pm line 139.
Compilation failed in require at /usr/home/cpansand/.cpan/build/2021062705/Org-Parser-0.555-4/blib/lib/Org/Parser.pm line 11.
BEGIN failed--compilation aborted at /usr/home/cpansand/.cpan/build/2021062705/Org-Parser-0.555-4/blib/lib/Org/Parser.pm line 11.
Compilation failed in require at t/text.t line 10.
BEGIN failed--compilation aborted at t/text.t line 10.
t/text.t ..................... 
Dubious, test returned 9 (wstat 2304, 0x900)
No subtests run 
Bareword found where operator expected at /usr/home/cpansand/.cpan/build/2021062705/Org-Parser-0.555-4/blib/lib/Org/Document.pm line 31, near "qr/:(?:[\w@]+:)+/u"
syntax error at /usr/home/cpansand/.cpan/build/2021062705/Org-Parser-0.555-4/blib/lib/Org/Document.pm line 31, near "qr/:(?:[\w@]+:)+/u"
BEGIN not safe after errors--compilation aborted at /usr/home/cpansand/.cpan/build/2021062705/Org-Parser-0.555-4/blib/lib/Org/Document.pm line 139.
Compilation failed in require at /usr/home/cpansand/.cpan/build/2021062705/Org-Parser-0.555-4/blib/lib/Org/Parser.pm line 11.
BEGIN failed--compilation aborted at /usr/home/cpansand/.cpan/build/2021062705/Org-Parser-0.555-4/blib/lib/Org/Parser.pm line 11.
Compilation failed in require at t/timerange.t line 11.
BEGIN failed--compilation aborted at t/timerange.t line 11.
t/timerange.t ................ 
Dubious, test returned 9 (wstat 2304, 0x900)
No subtests run 
Bareword found where operator expected at /usr/home/cpansand/.cpan/build/2021062705/Org-Parser-0.555-4/blib/lib/Org/Document.pm line 31, near "qr/:(?:[\w@]+:)+/u"
syntax error at /usr/home/cpansand/.cpan/build/2021062705/Org-Parser-0.555-4/blib/lib/Org/Document.pm line 31, near "qr/:(?:[\w@]+:)+/u"
BEGIN not safe after errors--compilation aborted at /usr/home/cpansand/.cpan/build/2021062705/Org-Parser-0.555-4/blib/lib/Org/Document.pm line 139.
Compilation failed in require at /usr/home/cpansand/.cpan/build/2021062705/Org-Parser-0.555-4/blib/lib/Org/Parser.pm line 11.
BEGIN failed--compilation aborted at /usr/home/cpansand/.cpan/build/2021062705/Org-Parser-0.555-4/blib/lib/Org/Parser.pm line 11.
Compilation failed in require at t/timestamp.t line 11.
BEGIN failed--compilation aborted at t/timestamp.t line 11.
t/timestamp.t ................ 
Dubious, test returned 9 (wstat 2304, 0x900)
No subtests run 
Bareword found where operator expected at /usr/home/cpansand/.cpan/build/2021062705/Org-Parser-0.555-4/blib/lib/Org/Document.pm line 31, near "qr/:(?:[\w@]+:)+/u"
syntax error at /usr/home/cpansand/.cpan/build/2021062705/Org-Parser-0.555-4/blib/lib/Org/Document.pm line 31, near "qr/:(?:[\w@]+:)+/u"
BEGIN not safe after errors--compilation aborted at /usr/home/cpansand/.cpan/build/2021062705/Org-Parser-0.555-4/blib/lib/Org/Document.pm line 139.
Compilation failed in require at /usr/home/cpansand/.cpan/build/2021062705/Org-Parser-0.555-4/blib/lib/Org/Parser.pm line 11.
BEGIN failed--compilation aborted at /usr/home/cpansand/.cpan/build/2021062705/Org-Parser-0.555-4/blib/lib/Org/Parser.pm line 11.
Compilation failed in require at t/unicode.t line 10.
BEGIN failed--compilation aborted at t/unicode.t line 10.
t/unicode.t .................. 
Dubious, test returned 9 (wstat 2304, 0x900)
No subtests run 
Bareword found where operator expected at /usr/home/cpansand/.cpan/build/2021062705/Org-Parser-0.555-4/blib/lib/Org/Document.pm line 31, near "qr/:(?:[\w@]+:)+/u"
syntax error at /usr/home/cpansand/.cpan/build/2021062705/Org-Parser-0.555-4/blib/lib/Org/Document.pm line 31, near "qr/:(?:[\w@]+:)+/u"
BEGIN not safe after errors--compilation aborted at /usr/home/cpansand/.cpan/build/2021062705/Org-Parser-0.555-4/blib/lib/Org/Document.pm line 139.
Compilation failed in require at /usr/home/cpansand/.cpan/build/2021062705/Org-Parser-0.555-4/blib/lib/Org/Parser.pm line 11.
BEGIN failed--compilation aborted at /usr/home/cpansand/.cpan/build/2021062705/Org-Parser-0.555-4/blib/lib/Org/Parser.pm line 11.
Compilation failed in require at t/various.t line 10.
BEGIN failed--compilation aborted at t/various.t line 10.
t/various.t .................. 
Dubious, test returned 9 (wstat 2304, 0x900)
No subtests run 

Test Summary Report
-------------------
t/00-compile.t             (Wstat: 512 Tests: 25 Failed: 2)
  Failed tests:  1, 25
  Non-zero exit status: 2
t/01-basics.t              (Wstat: 2304 Tests: 0 Failed: 0)
  Non-zero exit status: 9
  Parse errors: No plan found in TAP output
t/base_element-field_name.t (Wstat: 2304 Tests: 0 Failed: 0)
  Non-zero exit status: 9
  Parse errors: No plan found in TAP output
t/base_element.t           (Wstat: 2304 Tests: 0 Failed: 0)
  Non-zero exit status: 9
  Parse errors: No plan found in TAP output
t/block.t                  (Wstat: 2304 Tests: 0 Failed: 0)
  Non-zero exit status: 9
  Parse errors: No plan found in TAP output
t/comment.t                (Wstat: 2304 Tests: 0 Failed: 0)
  Non-zero exit status: 9
  Parse errors: No plan found in TAP output
t/document.t               (Wstat: 2304 Tests: 0 Failed: 0)
  Non-zero exit status: 9
  Parse errors: No plan found in TAP output
t/drawer.t                 (Wstat: 2304 Tests: 0 Failed: 0)
  Non-zero exit status: 9
  Parse errors: No plan found in TAP output
t/fixed_width_section.t    (Wstat: 2304 Tests: 0 Failed: 0)
  Non-zero exit status: 9
  Parse errors: No plan found in TAP output
t/footnote.t               (Wstat: 2304 Tests: 0 Failed: 0)
  Non-zero exit status: 9
  Parse errors: No plan found in TAP output
t/headline-get_property.t  (Wstat: 2304 Tests: 0 Failed: 0)
  Non-zero exit status: 9
  Parse errors: No plan found in TAP output
t/headline.t               (Wstat: 2304 Tests: 0 Failed: 0)
  Non-zero exit status: 9
  Parse errors: No plan found in TAP output
t/link_and_target.t        (Wstat: 2304 Tests: 0 Failed: 0)
  Non-zero exit status: 9
  Parse errors: No plan found in TAP output
t/list.t                   (Wstat: 2304 Tests: 0 Failed: 0)
  Non-zero exit status: 9
  Parse errors: No plan found in TAP output
t/radio_target.t           (Wstat: 2304 Tests: 0 Failed: 0)
  Non-zero exit status: 9
  Parse errors: No plan found in TAP output
t/regression-rt68443.t     (Wstat: 2304 Tests: 0 Failed: 0)
  Non-zero exit status: 9
  Parse errors: No plan found in TAP output
t/rt98375.t                (Wstat: 2304 Tests: 0 Failed: 0)
  Non-zero exit status: 9
  Parse errors: No plan found in TAP output
t/setting-todo.t           (Wstat: 2304 Tests: 0 Failed: 0)
  Non-zero exit status: 9
  Parse errors: No plan found in TAP output
t/setting.t                (Wstat: 2304 Tests: 0 Failed: 0)
  Non-zero exit status: 9
  Parse errors: No plan found in TAP output
t/table.t                  (Wstat: 2304 Tests: 0 Failed: 0)
  Non-zero exit status: 9
  Parse errors: No plan found in TAP output
t/text.t                   (Wstat: 2304 Tests: 0 Failed: 0)
  Non-zero exit status: 9
  Parse errors: No plan found in TAP output
t/timerange.t              (Wstat: 2304 Tests: 0 Failed: 0)
  Non-zero exit status: 9
  Parse errors: No plan found in TAP output
t/timestamp.t              (Wstat: 2304 Tests: 0 Failed: 0)
  Non-zero exit status: 9
  Parse errors: No plan found in TAP output
t/unicode.t                (Wstat: 2304 Tests: 0 Failed: 0)
  Non-zero exit status: 9
  Parse errors: No plan found in TAP output
t/various.t                (Wstat: 2304 Tests: 0 Failed: 0)
  Non-zero exit status: 9
  Parse errors: No plan found in TAP output
Files=28, Tests=25,  2 wallclock secs ( 0.04 usr  0.09 sys +  1.41 cusr  0.32 csys =  1.85 CPU)
Result: FAIL
Failed 25/28 test programs. 2/25 subtests failed.
*** [test_dynamic] Error code 9

Stop in /usr/home/cpansand/.cpan/build/2021062705/Org-Parser-0.555-4.

------------------------------
PREREQUISITES
------------------------------

Prerequisite modules loaded:

requires:

    Module                      Need     Have    
    --------------------------- -------- --------
    Cwd                         0        3.75    
    DateTime                    0        1.54    
    DateTime::Event::Recurrence 0        0.16    
    Digest::MD5                 0        2.57    
    experimental                0        0.023   
    File::Slurper               0        0.012   
    if                          0        0.0608  
    List::MoreUtils             0        0.428   
    locale                      0        1.00    
    Log::ger                    0.038    0.038   
    Module::List                0        0.004   
    Module::Load                0        0.36    
    Moo                         0        2.005004
    Moo::Role                   0        2.005004
    perl                        5.010001 5.010001
    Scalar::Util                0        1.56    
    Storable                    3.08     3.15    
    Time::HiRes                 0        1.9764  
    utf8                        0        1.07    
    warnings                    0        1.06    

build_requires:

    Module                      Need     Have    
    --------------------------- -------- --------
    ExtUtils::MakeMaker         0        7.62    
    File::Spec                  0        3.75    
    File::Temp                  0.2307   0.2311  
    FindBin                     0        1.50    
    IO::Handle                  0        1.45    
    IPC::Open3                  0        1.04    
    lib                         0        0.62    
    Module::Loaded              0        0.08    
    Org::Dump                   0.551    0.552   
    strict                      0        1.04    
    Test::Exception             0        0.43    
    Test::More                  0.98     1.302185

configure_requires:

    Module                      Need     Have    
    --------------------------- -------- --------
    ExtUtils::MakeMaker         0        7.62    


------------------------------
ENVIRONMENT AND OTHER CONTEXT
------------------------------

Environment variables:

    LC_ALL = de_DE.ISO8859-1
    PATH = /usr/local/bin:/usr/bin:/bin:/usr/local/sbin:/usr/sbin:/sbin:/home/cpansand/bin/freebsd9.3:/home/cpansand/bin/sh:/home/cpansand/bin:/usr/games:/home/cpansand/devel:/usr/home/eserte/src/srezic-misc/scripts
    PERL5LIB = 
    PERL5OPT = 
    PERL5_CPANPLUS_IS_RUNNING = 65318
    PERL5_CPAN_IS_RUNNING = 65318
    PERL5_CPAN_IS_RUNNING_IN_RECURSION = 61482,65318
    PERLDOC = -MPod::Perldoc::ToTextOverstrike
    PERL_BATCH = yes
    PERL_CANARY_STABILITY_NOPROMPT = 1
    PERL_CPAN_REPORTER_CONFIG = /var/tmp/cpansmoker-1023/2021062705/cpanreporter_000_config.ini
    PERL_EXTUTILS_AUTOINSTALL = --defaultdeps
    PERL_USE_UNSAFE_INC = 1
    SHELL = /usr/local/bin/zsh
    TERM = screen
    TMPDIR = /var/tmp/cpansmoker-1023/2021062705

Perl special variables (and OS-specific diagnostics, for MSWin32):

    $^X = /usr/perl5.10.1/bin/perl
    $UID/$EUID = 1023 / 1023
    $GID = 1023 1023
    $EGID = 1023 1023

Perl module toolchain versions installed:

    Module              Have    
    ------------------- --------
    CPAN                2.27    
    CPAN::Meta          2.150010
    Cwd                 3.75    
    ExtUtils::CBuilder  0.280231
    ExtUtils::Command   7.62    
    ExtUtils::Install   2.20    
    ExtUtils::MakeMaker 7.62    
    ExtUtils::Manifest  1.73    
    ExtUtils::ParseXS   3.35    
    File::Spec          3.75    
    JSON                4.03    
    JSON::PP            4.05    
    Module::Build       0.4231  
    Module::Signature   0.86    
    Parse::CPAN::Meta   2.150010
    Test::Harness       3.42    
    Test::More          1.302185
    YAML                1.30    
    YAML::Syck          1.33    
    version             0.9929  


--

Summary of my perl5 (revision 5 version 10 subversion 1) configuration:
   
  Platform:
    osname=freebsd, osvers=9.2-release-p4, archname=amd64-freebsd
    uname='freebsd cvrsnica-freebsd-92 9.2-release-p4 freebsd 9.2-release-p4 #0: tue apr 8 18:08:22 utc 2014 root@amd64-builder.daemonology.net:usrobjusrsrcsysgeneric amd64 '
    config_args='-ds -e -Dprefix=/usr/perl5.10.1'
    hint=recommended, useposix=true, d_sigaction=define
    useithreads=undef, usemultiplicity=undef
    useperlio=define, d_sfio=undef, uselargefiles=define, usesocks=undef
    use64bitint=define, use64bitall=define, uselongdouble=undef
    usemymalloc=n, bincompat5005=undef
  Compiler:
    cc='cc', ccflags ='-DHAS_FPSETMASK -DHAS_FLOATINGPOINT_H -fno-strict-aliasing -pipe -fstack-protector -I/usr/local/include',
    optimize='-O',
    cppflags='-DHAS_FPSETMASK -DHAS_FLOATINGPOINT_H -fno-strict-aliasing -pipe -fstack-protector -I/usr/local/include'
    ccversion='', gccversion='4.2.1 20070831 patched [FreeBSD]', gccosandvers=''
    intsize=4, longsize=8, ptrsize=8, doublesize=8, byteorder=12345678
    d_longlong=define, longlongsize=8, d_longdbl=define, longdblsize=16
    ivtype='long', ivsize=8, nvtype='double', nvsize=8, Off_t='off_t', lseeksize=8
    alignbytes=8, prototype=define
  Linker and Libraries:
    ld='cc', ldflags ='-Wl,-E  -fstack-protector -L/usr/local/lib'
    libpth=/usr/lib /usr/local/lib
    libs=-lgdbm -lm -lcrypt -lutil -lc
    perllibs=-lm -lcrypt -lutil -lc
    libc=, so=so, useshrplib=false, libperl=libperl.a
    gnulibc_version=''
  Dynamic Linking:
    dlsrc=dl_dlopen.xs, dlext=so, d_dlsymun=undef, ccdlflags=' '
    cccdlflags='-DPIC -fPIC', lddlflags='-shared  -L/usr/local/lib -fstack-protector'


Characteristics of this binary (from libperl): 
  Compile-time options: PERL_DONT_CREATE_GVSV PERL_MALLOC_WRAP USE_64_BIT_ALL
                        USE_64_BIT_INT USE_LARGE_FILES USE_PERLIO
  Built under freebsd
  Compiled at May 15 2014 23:30:26
  %ENV:
    PERL5LIB=""
    PERL5OPT=""
    PERL5_CPANPLUS_IS_RUNNING="65318"
    PERL5_CPAN_IS_RUNNING="65318"
    PERL5_CPAN_IS_RUNNING_IN_RECURSION="61482,65318"
    PERLDOC="-MPod::Perldoc::ToTextOverstrike"
    PERL_BATCH="yes"
    PERL_CANARY_STABILITY_NOPROMPT="1"
    PERL_CPAN_REPORTER_CONFIG="/var/tmp/cpansmoker-1023/2021062705/cpanreporter_000_config.ini"
    PERL_EXTUTILS_AUTOINSTALL="--defaultdeps"
    PERL_USE_UNSAFE_INC="1"
  @INC:
    /usr/perl5.10.1/lib/5.10.1/amd64-freebsd
    /usr/perl5.10.1/lib/5.10.1
    /usr/perl5.10.1/lib/site_perl/5.10.1/amd64-freebsd
    /usr/perl5.10.1/lib/site_perl/5.10.1
    .