App-perlimports v0.000053 Perl 5 v5.34.3 x86_64-linux
- Status
- Fail
- From
- Slaven Rezić
- Dist
-
App-perlimports v0.000053
- Platform
- Perl 5 v5.34.3 x86_64-linux
- Date
- 2024-07-04 20:42:36
- ID
- f24ff30e-3a45-11ef-a5a8-51f86d8775ea
This distribution has been tested as part of the CPAN Testers
project, supporting the Perl programming language. See
http://wiki.cpantesters.org/ for more information or email
questions to cpan-testers-discuss@perl.org
--
Dear Olaf Alders,
This is a computer-generated report for App-perlimports-0.000053
on perl 5.34.3, created by CPAN-Reporter-1.2019.
Thank you for uploading your work to CPAN. However, there was a problem
testing your distribution.
If you think this report is invalid, please consult the CPAN Testers Wiki
for suggestions on how to avoid getting FAIL reports for missing library
or binary dependencies, unsupported operating systems, and so on:
http://wiki.cpantesters.org/wiki/CPANAuthorNotes
Sections of this report:
* Tester comments
* Program output
* Prerequisites
* Environment and other context
------------------------------
TESTER COMMENTS
------------------------------
Additional comments from tester:
none provided
------------------------------
PROGRAM OUTPUT
------------------------------
Output from '/usr/bin/make test':
PERL_DL_NONLAZY=1 "/opt/perl-5.34.3/bin/perl" "-MExtUtils::Command::MM" "-MTest::Harness" "-e" "undef *Test::Harness::Switches; test_harness(0, 'blib/lib', 'blib/arch')" t/*.t t/ExportInspector/*.t t/cpan-modules/*.t
#
# Versions for all modules listed in MYMETA.json (including optional ones):
#
# === Configure Requires ===
#
# Module Want Have
# ------------------- ------- --------
# ExtUtils::MakeMaker any 7.70
# perl v5.10.0 5.034003
#
# === Build Requires ===
#
# Module Want Have
# ------------------- ---- ----
# ExtUtils::MakeMaker any 7.70
#
# === Test Requires ===
#
# Module Want Have
# ---------------------- ------- --------
# ExtUtils::MakeMaker any 7.70
# File::Spec any 3.80
# File::pushd any 1.016
# Log::Dispatch::Array any 1.005
# PPI::Dumper any 1.278
# Sub::Exporter any 0.991
# Test::Differences any 0.71
# Test::Fatal any 0.017
# Test::More any 1.302199
# Test::Needs any 0.002010
# Test::RequiresInternet any 0.05
# Test::Script 1.29 1.29
# Test::Warnings any 0.033
# lib any 0.65
# perl v5.18.0 5.034003
#
# === Test Recommends ===
#
# Module Want Have
# ---------- -------- --------
# CPAN::Meta 2.120900 2.150010
#
# === Runtime Requires ===
#
# Module Want Have
# ---------------------------- -------- --------
# Capture::Tiny any 0.48
# Class::Inspector 1.36 1.36
# Cpanel::JSON::XS any 4.38
# Data::Dumper any 2.179
# Data::UUID any 1.227
# File::Basename any 2.85
# File::XDG 1.01 1.02
# Getopt::Long::Descriptive any 0.113
# List::Util any 1.63
# Log::Dispatch 2.70 2.71
# Memoize any 1.03_01
# Module::Runtime any 0.016
# Moo any 2.005005
# Moo::Role any 2.005005
# MooX::StrictConstructor any 0.011
# PPI 1.276 1.278
# PPI::Document any 1.278
# PPIx::Utils::Classification any 0.003
# Path::Iterator::Rule any 1.015
# Path::Tiny any 0.146
# Perl::Tidy 20220613 20240511
# Pod::Usage any 2.03
# Ref::Util any 0.204
# Scalar::Util any 1.63
# Sereal::Decoder any 5.004
# Sereal::Encoder any 5.004
# Sub::HandlesVia any 0.050000
# Symbol::Get 0.10 0.11
# TOML::Tiny 0.16 0.16
# Text::Diff any 1.45
# Text::SimpleTable::AutoWidth any 0.09
# Try::Tiny any 0.31
# Types::Standard any 2.004000
# feature any 1.64
# perl 5.018000 5.034003
# strict any 1.12
# utf8 any 1.24
# warnings any 1.51
#
t/00-report-prereqs.t ............ ok
t/after.t ........................
No subtests run
t/annotations.t ..................
No subtests run
t/args-in-import.t ...............
No subtests run
t/builtin.t ......................
No subtests run
t/carp.t .........................
No subtests run
t/cast-in-regex.t ................
No subtests run
t/cast.t .........................
No subtests run
t/cli-args.t .....................
No subtests run
t/cli.t ..........................
No subtests run
t/config-in-import.t .............
No subtests run
t/Config.t ....................... ok
t/cpan-modules/pithub.t ..........
No subtests run
t/cpan-modules/test2-v0.t ........ ok
t/datetime.t .....................
No subtests run
t/do-block.t .....................
No subtests run
t/Document.t .....................
No subtests run
t/dump-perl-exports.t ............ ok
t/dupes.t ........................
No subtests run
t/english.t ......................
No subtests run
t/explodes.t .....................
No subtests run
t/export-tags.t ..................
No subtests run
t/exported-variables.t ...........
No subtests run
t/ExportInspector/load.t ......... ok
t/ExportInspector/SubExporter.t .. skipped: Need MetaCPAN::Moose, MooseX::Types::Path::Class
t/find-bin.t .....................
No subtests run
t/fully-qualified.t ..............
No subtests run
t/func-in-use.t ..................
No subtests run
t/func-in-var.t ..................
No subtests run
t/geo-ip.t .......................
No subtests run
t/hash-in-regex.t ................
No subtests run
t/hash-key-expression.t ..........
No subtests run
t/hash-key.t .....................
No subtests run
t/hash-unquoted-key.t ............
No subtests run
t/heredoc.t ...................... ok
t/ignored-modules.t ..............
No subtests run
t/import-error.t .................
No subtests run
t/interpolation.t ................
No subtests run
t/is-ignored.t ...................
No subtests run
t/lookalike-words.t ..............
No subtests run
t/memoize.t ......................
No subtests run
t/meta.t .........................
No subtests run
t/method.t .......................
No subtests run
t/missing-semicolon-in-import.t ..
No subtests run
t/module-with-inner-packages.t ...
No subtests run
t/moo.t ..........................
No subtests run
t/moose-types.t ..................
No subtests run
t/moose.t ........................
No subtests run
t/moosex-types-moose.t ...........
No subtests run
t/nested-quotes.t ................
No subtests run
t/never-exports.t ................
No subtests run
t/original-imports.t ............. ok
t/padding.t ......................
No subtests run
t/perl-imports.t .................
No subtests run
t/perl.t .........................
No subtests run
# Failed test 'Script script/perlimports compiles'
# at t/perlimports.t line 23.
# 0 -
# signal: 11
# Failed test 'Script script/perlimports runs'
# at t/perlimports.t line 33.
# 0 -
# signal: 11
# Looks like you failed 1 test of 2.
# Failed test 'provide config file'
# at t/perlimports.t line 36.
# Failed test 'Script script/perlimports fails'
# at /opt/perl-5.34.3/lib/site_perl/5.34.3/Test/Script.pm line 180.
# 0 -
# signal: 11
# Failed test 'not found error'
# at t/perlimports.t line 45.
# The output
# does not match
# (?^:Xperlimports.toml not found)
# Looks like you failed 2 tests of 2.
# Failed test 'config file not found'
# at t/perlimports.t line 46.
# Failed test 'Script script/perlimports runs'
# at t/perlimports.t line 52.
# 0 -
# signal: 11
# Looks like you failed 1 test of 2.
# Failed test 'create config file'
# at t/perlimports.t line 62.
Error open (<) on '/var/tmp/cpansmoker-1023/2024070420/testconfigVfTTjGh7/perlimports.toml': No such file or directory at t/perlimports.t line 55.
# Tests were run but no plan was declared and done_testing() was not seen.
# Looks like your test exited with 255 just after 4.
t/perlimports.t ..................
Dubious, test returned 255 (wstat 65280, 0xff00)
Failed 4/4 subtests
t/pragma.t .......................
No subtests run
t/preserve-some-padding.t ........
No subtests run
t/preserve-spaces.t ..............
No subtests run
t/qualified-bareword.t ...........
No subtests run
t/quoted-var.t ...................
No subtests run
t/re-export-via-sub-exporter.t ...
No subtests run
t/regex-replacement.t ............
No subtests run
t/require.t ......................
No subtests run
t/respace-include.t .............. ok
t/Sandbox.t ......................
No subtests run
t/script-with-inner-packages.t ...
No subtests run
t/signatures.t ................... ok
t/skip-all.t .....................
No subtests run
t/socket.t .......................
No subtests run
t/sort-imports.t .................
No subtests run
t/switches-in-import.t ...........
No subtests run
t/symbol-as-method-call.t ........
No subtests run
t/symbol-in-export.t .............
No subtests run
t/test-builder.t .................
No subtests run
t/test-most.t ....................
No subtests run
t/typeglob.t .....................
No subtests run
t/unnest-quotes.t ................
No subtests run
t/use-and-require.t ..............
No subtests run
t/var-in-hash-key.t .............. ok
t/var-in-regex.t ................. ok
t/variable.t ..................... ok
t/warning.t ...................... ok
t/with-version.t .................
No subtests run
Test Summary Report
-------------------
t/after.t (Wstat: 139 Tests: 0 Failed: 0)
Non-zero wait status: 139
Parse errors: No plan found in TAP output
t/annotations.t (Wstat: 139 Tests: 0 Failed: 0)
Non-zero wait status: 139
Parse errors: No plan found in TAP output
t/args-in-import.t (Wstat: 139 Tests: 0 Failed: 0)
Non-zero wait status: 139
Parse errors: No plan found in TAP output
t/builtin.t (Wstat: 139 Tests: 0 Failed: 0)
Non-zero wait status: 139
Parse errors: No plan found in TAP output
t/carp.t (Wstat: 139 Tests: 0 Failed: 0)
Non-zero wait status: 139
Parse errors: No plan found in TAP output
t/cast-in-regex.t (Wstat: 139 Tests: 0 Failed: 0)
Non-zero wait status: 139
Parse errors: No plan found in TAP output
t/cast.t (Wstat: 139 Tests: 0 Failed: 0)
Non-zero wait status: 139
Parse errors: No plan found in TAP output
t/cli-args.t (Wstat: 139 Tests: 0 Failed: 0)
Non-zero wait status: 139
Parse errors: No plan found in TAP output
t/cli.t (Wstat: 139 Tests: 0 Failed: 0)
Non-zero wait status: 139
Parse errors: No plan found in TAP output
t/config-in-import.t (Wstat: 139 Tests: 0 Failed: 0)
Non-zero wait status: 139
Parse errors: No plan found in TAP output
t/cpan-modules/pithub.t (Wstat: 139 Tests: 0 Failed: 0)
Non-zero wait status: 139
Parse errors: No plan found in TAP output
t/datetime.t (Wstat: 139 Tests: 0 Failed: 0)
Non-zero wait status: 139
Parse errors: No plan found in TAP output
t/do-block.t (Wstat: 139 Tests: 0 Failed: 0)
Non-zero wait status: 139
Parse errors: No plan found in TAP output
t/Document.t (Wstat: 139 Tests: 0 Failed: 0)
Non-zero wait status: 139
Parse errors: No plan found in TAP output
t/dupes.t (Wstat: 139 Tests: 0 Failed: 0)
Non-zero wait status: 139
Parse errors: No plan found in TAP output
t/english.t (Wstat: 139 Tests: 0 Failed: 0)
Non-zero wait status: 139
Parse errors: No plan found in TAP output
t/explodes.t (Wstat: 139 Tests: 0 Failed: 0)
Non-zero wait status: 139
Parse errors: No plan found in TAP output
t/export-tags.t (Wstat: 139 Tests: 0 Failed: 0)
Non-zero wait status: 139
Parse errors: No plan found in TAP output
t/exported-variables.t (Wstat: 139 Tests: 0 Failed: 0)
Non-zero wait status: 139
Parse errors: No plan found in TAP output
t/find-bin.t (Wstat: 139 Tests: 0 Failed: 0)
Non-zero wait status: 139
Parse errors: No plan found in TAP output
t/fully-qualified.t (Wstat: 139 Tests: 0 Failed: 0)
Non-zero wait status: 139
Parse errors: No plan found in TAP output
t/func-in-use.t (Wstat: 139 Tests: 0 Failed: 0)
Non-zero wait status: 139
Parse errors: No plan found in TAP output
t/func-in-var.t (Wstat: 139 Tests: 0 Failed: 0)
Non-zero wait status: 139
Parse errors: No plan found in TAP output
t/geo-ip.t (Wstat: 139 Tests: 0 Failed: 0)
Non-zero wait status: 139
Parse errors: No plan found in TAP output
t/hash-in-regex.t (Wstat: 139 Tests: 0 Failed: 0)
Non-zero wait status: 139
Parse errors: No plan found in TAP output
t/hash-key-expression.t (Wstat: 139 Tests: 0 Failed: 0)
Non-zero wait status: 139
Parse errors: No plan found in TAP output
t/hash-key.t (Wstat: 139 Tests: 0 Failed: 0)
Non-zero wait status: 139
Parse errors: No plan found in TAP output
t/hash-unquoted-key.t (Wstat: 139 Tests: 0 Failed: 0)
Non-zero wait status: 139
Parse errors: No plan found in TAP output
t/ignored-modules.t (Wstat: 139 Tests: 0 Failed: 0)
Non-zero wait status: 139
Parse errors: No plan found in TAP output
t/import-error.t (Wstat: 139 Tests: 0 Failed: 0)
Non-zero wait status: 139
Parse errors: No plan found in TAP output
t/interpolation.t (Wstat: 139 Tests: 0 Failed: 0)
Non-zero wait status: 139
Parse errors: No plan found in TAP output
t/is-ignored.t (Wstat: 139 Tests: 0 Failed: 0)
Non-zero wait status: 139
Parse errors: No plan found in TAP output
t/lookalike-words.t (Wstat: 139 Tests: 0 Failed: 0)
Non-zero wait status: 139
Parse errors: No plan found in TAP output
t/memoize.t (Wstat: 139 Tests: 0 Failed: 0)
Non-zero wait status: 139
Parse errors: No plan found in TAP output
t/meta.t (Wstat: 139 Tests: 0 Failed: 0)
Non-zero wait status: 139
Parse errors: No plan found in TAP output
t/method.t (Wstat: 139 Tests: 0 Failed: 0)
Non-zero wait status: 139
Parse errors: No plan found in TAP output
t/missing-semicolon-in-import.t (Wstat: 139 Tests: 0 Failed: 0)
Non-zero wait status: 139
Parse errors: No plan found in TAP output
t/module-with-inner-packages.t (Wstat: 139 Tests: 0 Failed: 0)
Non-zero wait status: 139
Parse errors: No plan found in TAP output
t/moo.t (Wstat: 139 Tests: 0 Failed: 0)
Non-zero wait status: 139
Parse errors: No plan found in TAP output
t/moose-types.t (Wstat: 139 Tests: 0 Failed: 0)
Non-zero wait status: 139
Parse errors: No plan found in TAP output
t/moose.t (Wstat: 139 Tests: 0 Failed: 0)
Non-zero wait status: 139
Parse errors: No plan found in TAP output
t/moosex-types-moose.t (Wstat: 139 Tests: 0 Failed: 0)
Non-zero wait status: 139
Parse errors: No plan found in TAP output
t/nested-quotes.t (Wstat: 139 Tests: 0 Failed: 0)
Non-zero wait status: 139
Parse errors: No plan found in TAP output
t/never-exports.t (Wstat: 139 Tests: 0 Failed: 0)
Non-zero wait status: 139
Parse errors: No plan found in TAP output
t/padding.t (Wstat: 139 Tests: 0 Failed: 0)
Non-zero wait status: 139
Parse errors: No plan found in TAP output
t/perl-imports.t (Wstat: 139 Tests: 0 Failed: 0)
Non-zero wait status: 139
Parse errors: No plan found in TAP output
t/perl.t (Wstat: 139 Tests: 0 Failed: 0)
Non-zero wait status: 139
Parse errors: No plan found in TAP output
t/perlimports.t (Wstat: 65280 Tests: 4 Failed: 4)
Failed tests: 1-4
Non-zero exit status: 255
Parse errors: No plan found in TAP output
t/pragma.t (Wstat: 139 Tests: 0 Failed: 0)
Non-zero wait status: 139
Parse errors: No plan found in TAP output
t/preserve-some-padding.t (Wstat: 139 Tests: 0 Failed: 0)
Non-zero wait status: 139
Parse errors: No plan found in TAP output
t/preserve-spaces.t (Wstat: 139 Tests: 0 Failed: 0)
Non-zero wait status: 139
Parse errors: No plan found in TAP output
t/qualified-bareword.t (Wstat: 139 Tests: 0 Failed: 0)
Non-zero wait status: 139
Parse errors: No plan found in TAP output
t/quoted-var.t (Wstat: 139 Tests: 0 Failed: 0)
Non-zero wait status: 139
Parse errors: No plan found in TAP output
t/re-export-via-sub-exporter.t (Wstat: 139 Tests: 0 Failed: 0)
Non-zero wait status: 139
Parse errors: No plan found in TAP output
t/regex-replacement.t (Wstat: 139 Tests: 0 Failed: 0)
Non-zero wait status: 139
Parse errors: No plan found in TAP output
t/require.t (Wstat: 139 Tests: 0 Failed: 0)
Non-zero wait status: 139
Parse errors: No plan found in TAP output
t/Sandbox.t (Wstat: 139 Tests: 0 Failed: 0)
Non-zero wait status: 139
Parse errors: No plan found in TAP output
t/script-with-inner-packages.t (Wstat: 139 Tests: 0 Failed: 0)
Non-zero wait status: 139
Parse errors: No plan found in TAP output
t/skip-all.t (Wstat: 139 Tests: 0 Failed: 0)
Non-zero wait status: 139
Parse errors: No plan found in TAP output
t/socket.t (Wstat: 139 Tests: 0 Failed: 0)
Non-zero wait status: 139
Parse errors: No plan found in TAP output
t/sort-imports.t (Wstat: 139 Tests: 0 Failed: 0)
Non-zero wait status: 139
Parse errors: No plan found in TAP output
t/switches-in-import.t (Wstat: 139 Tests: 0 Failed: 0)
Non-zero wait status: 139
Parse errors: No plan found in TAP output
t/symbol-as-method-call.t (Wstat: 139 Tests: 0 Failed: 0)
Non-zero wait status: 139
Parse errors: No plan found in TAP output
t/symbol-in-export.t (Wstat: 139 Tests: 0 Failed: 0)
Non-zero wait status: 139
Parse errors: No plan found in TAP output
t/test-builder.t (Wstat: 139 Tests: 0 Failed: 0)
Non-zero wait status: 139
Parse errors: No plan found in TAP output
t/test-most.t (Wstat: 139 Tests: 0 Failed: 0)
Non-zero wait status: 139
Parse errors: No plan found in TAP output
t/typeglob.t (Wstat: 139 Tests: 0 Failed: 0)
Non-zero wait status: 139
Parse errors: No plan found in TAP output
t/unnest-quotes.t (Wstat: 139 Tests: 0 Failed: 0)
Non-zero wait status: 139
Parse errors: No plan found in TAP output
t/use-and-require.t (Wstat: 139 Tests: 0 Failed: 0)
Non-zero wait status: 139
Parse errors: No plan found in TAP output
t/with-version.t (Wstat: 139 Tests: 0 Failed: 0)
Non-zero wait status: 139
Parse errors: No plan found in TAP output
Files=84, Tests=42, 20 wallclock secs ( 0.14 usr 0.12 sys + 11.46 cusr 2.32 csys = 14.04 CPU)
Result: FAIL
Failed 70/84 test programs. 4/42 subtests failed.
make: *** [Makefile:1011: test_dynamic] Error 255
------------------------------
PREREQUISITES
------------------------------
Prerequisite modules loaded:
requires:
Module Need Have
---------------------------- -------- --------
Capture::Tiny 0 0.48
Class::Inspector 1.36 1.36
Cpanel::JSON::XS 0 4.38
Data::Dumper 0 2.179
Data::UUID 0 1.227
feature 0 1.64
File::Basename 0 2.85
File::XDG 1.01 1.02
Getopt::Long::Descriptive 0 0.113
List::Util 0 1.63
Log::Dispatch 2.70 2.71
Memoize 0 1.03_01
Module::Runtime 0 0.016
Moo 0 2.005005
Moo::Role 0 2.005005
MooX::StrictConstructor 0 0.011
Path::Iterator::Rule 0 1.015
Path::Tiny 0 0.146
perl 5.018000 5.034003
Perl::Tidy 20220613 20240511
Pod::Usage 0 2.03
PPI 1.276 1.278
PPI::Document 0 1.278
PPIx::Utils::Classification 0 0.003
Ref::Util 0 0.204
Scalar::Util 0 1.63
Sereal::Decoder 0 5.004
Sereal::Encoder 0 5.004
strict 0 1.12
Sub::HandlesVia 0 0.050000
Symbol::Get 0.10 0.11
Text::Diff 0 1.45
Text::SimpleTable::AutoWidth 0 0.09
TOML::Tiny 0.16 0.16
Try::Tiny 0 0.31
Types::Standard 0 2.004000
utf8 0 1.24
warnings 0 1.51
build_requires:
Module Need Have
---------------------------- -------- --------
ExtUtils::MakeMaker 0 7.70
File::pushd 0 1.016
File::Spec 0 3.80
lib 0 0.65
Log::Dispatch::Array 0 1.005
PPI::Dumper 0 1.278
Sub::Exporter 0 0.991
Test::Differences 0 0.71
Test::Fatal 0 0.017
Test::More 0 1.302199
Test::Needs 0 0.002010
Test::RequiresInternet 0 0.05
Test::Script 1.29 1.29
Test::Warnings 0 0.033
configure_requires:
Module Need Have
---------------------------- -------- --------
ExtUtils::MakeMaker 0 7.70
perl v5.10.0 5.034003
------------------------------
ENVIRONMENT AND OTHER CONTEXT
------------------------------
Environment variables:
LANG = en_AU.UTF-8
PATH = /usr/local/bin:/usr/bin:/bin:/usr/local/sbin:/usr/sbin:/sbin:/home/cpansand/bin/linux-gnu:/home/cpansand/bin/sh:/home/cpansand/bin:/usr/games:/home/cpansand/devel:/home/eserte/src/srezic-misc/scripts
PERL5LIB =
PERL5OPT =
PERL5_CPANPLUS_IS_RUNNING = 3405985
PERL5_CPAN_IS_RUNNING = 3405985
PERL5_CPAN_IS_RUNNING_IN_RECURSION = 3404227,3405985
PERLDOC = -MPod::Perldoc::ToTextOverstrike
PERL_BATCH = yes
PERL_CANARY_STABILITY_NOPROMPT = 1
PERL_CPAN_REPORTER_CONFIG = /var/tmp/cpansmoker-1023/2024070420/cpanreporter_000_config.ini
PERL_EXTUTILS_AUTOINSTALL = --defaultdeps
PERL_USE_UNSAFE_INC = 1
SHELL = /usr/bin/zsh
TERM = screen
TMPDIR = /var/tmp/cpansmoker-1023/2024070420
Perl special variables (and OS-specific diagnostics, for MSWin32):
$^X = /opt/perl-5.34.3/bin/perl
$UID/$EUID = 1023 / 1023
$GID = 1023 1023
$EGID = 1023 1023
Perl module toolchain versions installed:
Module Have
------------------- --------
CPAN 2.28
CPAN::Meta 2.150010
Cwd 3.80
ExtUtils::CBuilder 0.280236
ExtUtils::Command 7.70
ExtUtils::Install 2.20
ExtUtils::MakeMaker 7.70
ExtUtils::Manifest 1.73
ExtUtils::ParseXS 3.43
File::Spec 3.80
JSON 4.10
JSON::PP 4.16
Module::Build 0.4234
Module::Signature 0.88
Parse::CPAN::Meta 2.150010
Test2 1.302199
Test::Harness 3.43
Test::More 1.302199
YAML 1.31
YAML::Syck 1.34
version 0.9930
--
Summary of my perl5 (revision 5 version 34 subversion 3) configuration:
Platform:
osname=linux
osvers=6.6.8-100.fc38.x86_64
archname=x86_64-linux
uname='linux fedora39-2gb-hil 6.6.8-100.fc38.x86_64 #1 smp preempt_dynamic thu dec 21 04:01:45 utc 2023 x86_64 gnulinux '
config_args='-ds -e -Dprefix=/opt/perl-5.34.3 -Dcf_email=srezic@cpan.org'
hint=recommended
useposix=true
d_sigaction=define
useithreads=undef
usemultiplicity=undef
use64bitint=define
use64bitall=define
uselongdouble=undef
usemymalloc=n
default_inc_excludes_dot=define
Compiler:
cc='cc'
ccflags ='-fwrapv -fno-strict-aliasing -pipe -fstack-protector-strong -I/usr/local/include -D_LARGEFILE_SOURCE -D_FILE_OFFSET_BITS=64 -D_FORTIFY_SOURCE=2'
optimize='-O2'
cppflags='-fwrapv -fno-strict-aliasing -pipe -fstack-protector-strong -I/usr/local/include'
ccversion=''
gccversion='13.2.1 20231205 (Red Hat 13.2.1-6)'
gccosandvers=''
intsize=4
longsize=8
ptrsize=8
doublesize=8
byteorder=12345678
doublekind=3
d_longlong=define
longlongsize=8
d_longdbl=define
longdblsize=16
longdblkind=3
ivtype='long'
ivsize=8
nvtype='double'
nvsize=8
Off_t='off_t'
lseeksize=8
alignbytes=8
prototype=define
Linker and Libraries:
ld='cc'
ldflags =' -fstack-protector-strong -L/usr/local/lib'
libpth=/usr/local/lib /usr/lib /usr/lib64 /usr/local/lib64
libs=-lpthread -ldb -ldl -lm -lcrypt -lutil -lc
perllibs=-lpthread -ldl -lm -lcrypt -lutil -lc
libc=/lib/../lib64/libc.so.6
so=so
useshrplib=false
libperl=libperl.a
gnulibc_version='2.38'
Dynamic Linking:
dlsrc=dl_dlopen.xs
dlext=so
d_dlsymun=undef
ccdlflags='-Wl,-E'
cccdlflags='-fPIC'
lddlflags='-shared -O2 -L/usr/local/lib -fstack-protector-strong'
Characteristics of this binary (from libperl):
Compile-time options:
HAS_TIMES
PERLIO_LAYERS
PERL_COPY_ON_WRITE
PERL_DONT_CREATE_GVSV
PERL_MALLOC_WRAP
PERL_OP_PARENT
PERL_PRESERVE_IVUV
USE_64_BIT_ALL
USE_64_BIT_INT
USE_LARGE_FILES
USE_LOCALE
USE_LOCALE_COLLATE
USE_LOCALE_CTYPE
USE_LOCALE_NUMERIC
USE_LOCALE_TIME
USE_PERLIO
USE_PERL_ATOF
Built under linux
Compiled at Dec 26 2023 16:13:28
%ENV:
PERL5LIB=""
PERL5OPT=""
PERL5_CPANPLUS_IS_RUNNING="3405985"
PERL5_CPAN_IS_RUNNING="3405985"
PERL5_CPAN_IS_RUNNING_IN_RECURSION="3404227,3405985"
PERLDOC="-MPod::Perldoc::ToTextOverstrike"
PERL_BATCH="yes"
PERL_CANARY_STABILITY_NOPROMPT="1"
PERL_CPAN_REPORTER_CONFIG="/var/tmp/cpansmoker-1023/2024070420/cpanreporter_000_config.ini"
PERL_EXTUTILS_AUTOINSTALL="--defaultdeps"
PERL_USE_UNSAFE_INC="1"
@INC:
/opt/perl-5.34.3/lib/site_perl/5.34.3/x86_64-linux
/opt/perl-5.34.3/lib/site_perl/5.34.3
/opt/perl-5.34.3/lib/5.34.3/x86_64-linux
/opt/perl-5.34.3/lib/5.34.3
.