Yancy v1.086 Perl 5 v5.18.4 x86_64-linux-thread-multi

Status
Fail
From
David Cantrell (DCANTRELL)
Dist
Yancy v1.086
Platform
Perl 5 v5.18.4 x86_64-linux-thread-multi
Date
2021-12-18 06:08:33
ID
edf9cfb4-5fc8-11ec-91c1-725dd61635c4
This distribution has been tested as part of the CPAN Testers
project, supporting the Perl programming language.  See
http://wiki.cpantesters.org/ for more information or email
questions to cpan-testers-discuss@perl.org


--
Dear Doug Bell,

This is a computer-generated report for Yancy-1.086
on perl 5.18.4, created by CPAN-Reporter-1.2018.

Thank you for uploading your work to CPAN.  However, there was a problem
testing your distribution.

If you think this report is invalid, please consult the CPAN Testers Wiki
for suggestions on how to avoid getting FAIL reports for missing library
or binary dependencies, unsupported operating systems, and so on:

http://wiki.cpantesters.org/wiki/CPANAuthorNotes

Sections of this report:

    * Tester comments
    * Program output
    * Prerequisites
    * Environment and other context

------------------------------
TESTER COMMENTS
------------------------------

Additional comments from tester:

this report is from an automated smoke testing program
and was not reviewed by a human for accuracy

------------------------------
PROGRAM OUTPUT
------------------------------

Output from '/usr/bin/make test':

Skip blib/lib/auto/share/dist/Yancy/update_resources.sh (unchanged)
PERL_DL_NONLAZY=1 "/home/david/cpantesting/perl-5.18.4/bin/perl" "-MExtUtils::Command::MM" "-MTest::Harness" "-e" "undef *Test::Harness::Switches; test_harness(0, 'blib/lib', 'blib/arch')" t/*.t t/backend/*.t t/command/backend/*.t t/controller/*.t t/examples/*.t t/plugin/*.t t/plugin/auth/*.t t/plugin/form/*.t
t/00-compile.t ............... ok
# 
# Versions for all modules listed in MYMETA.json (including optional ones):
# 
# === Configure Requires ===
# 
#     Module                  Want Have
#     ----------------------- ---- ----
#     ExtUtils::MakeMaker      any 7.62
#     File::ShareDir::Install 0.06 0.13
# 
# === Configure Suggests ===
# 
#     Module      Want Have
#     -------- ------- ----
#     JSON::PP 2.27300 4.02
# 
# === Build Requires ===
# 
#     Module              Want Have
#     ------------------- ---- ----
#     ExtUtils::MakeMaker  any 7.62
# 
# === Test Requires ===
# 
#     Module                  Want     Have
#     ------------------- -------- --------
#     ExtUtils::MakeMaker      any     7.62
#     File::Spec               any     3.40
#     File::Temp            0.2307   0.2311
#     IO::Handle               any     1.34
#     IPC::Open3               any     1.13
#     Test::More          1.001005 1.302188
# 
# === Test Recommends ===
# 
#     Module         Want     Have
#     ---------- -------- --------
#     CPAN::Meta 2.120900 2.150010
# 
# === Runtime Requires ===
# 
#     Module                           Want     Have
#     ---------------------------- -------- --------
#     Class::Method::Modifiers          any     2.13
#     Digest                            any     1.17
#     Exporter                          any     5.68
#     File::Spec::Functions             any     3.40
#     FindBin                           any     1.51
#     JSON::Validator                  5.00     5.04
#     Mojolicious                         9     9.22
#     Mojolicious::Plugin::I18N         1.6      1.6
#     Mojolicious::Plugin::OpenAPI     5.00     5.02
#     Role::Tiny                   2.000001 2.002004
#     Scalar::Util                      any     1.60
#     Sys::Hostname                     any     1.17
#     Text::Balanced                    any     2.02
# 
t/00-report-prereqs.t ........ ok
x-view is deprecated and will be removed in v2. Use Yancy::Model or your database's CREATE VIEW instead. at /home/david/cpantesting/perl-5.18.4/.cpan/build/Yancy-1.086-2PXUBX/blib/lib/Yancy/Model/Schema.pm line 281.
        # Inactivity timeout

        #   Failed test 'GET /yancy/api'
        #   at t/api.t line 147.

        #   Failed test '200 OK'
        #   at t/api.t line 147.
        #          got: undef
        #     expected: '200'
        # 

        #   Failed test 'Content-Type is similar'
        #   at t/api.t line 147.
        #                   undef
        #     doesn't match '(?^u:^application/json)'

        #   Failed test 'exact match for JSON Pointer "/definitions/people"'
        #   at t/api.t line 147.
        #     Structures begin differing at:
        #          $got = undef
        #     $expected = HASH(0x558f8f818c10)

        #   Failed test 'exact match for JSON Pointer "/definitions/user/type"'
        #   at t/api.t line 147.
        #          got: undef
        #     expected: 'object'

        #   Failed test 'exact match for JSON Pointer "/definitions/user/x-id-field"'
        #   at t/api.t line 147.
        #          got: undef
        #     expected: 'username'

        #   Failed test 'exact match for JSON Pointer "/definitions/user/x-list-columns"'
        #   at t/api.t line 147.
        #     Structures begin differing at:
        #          $got = undef
        #     $expected = ARRAY(0x558f8f81cd08)

        #   Failed test 'exact match for JSON Pointer "/definitions/user/required"'
        #   at t/api.t line 147.
        #     Structures begin differing at:
        #          $got = undef
        #     $expected = ARRAY(0x558f8d2bb140)

        #   Failed test 'exact match for JSON Pointer "/definitions/user/properties/id"'
        #   at t/api.t line 147.
        #     Structures begin differing at:
        #          $got = undef
        #     $expected = HASH(0x558f8f8268b0)

        #   Failed test 'exact match for JSON Pointer "/definitions/user/properties/username"'
        #   at t/api.t line 147.
        #     Structures begin differing at:
        #          $got = undef
        #     $expected = HASH(0x558f8f8245d0)

        #   Failed test 'exact match for JSON Pointer "/definitions/user/properties/email"'
        #   at t/api.t line 147.
        #     Structures begin differing at:
        #          $got = undef
        #     $expected = HASH(0x558f8f826b08)

        #   Failed test 'exact match for JSON Pointer "/definitions/user/properties/password"'
        #   at t/api.t line 147.
        #     Structures begin differing at:
        #          $got = undef
        #     $expected = HASH(0x558f8d2baea0)

        #   Failed test 'exact match for JSON Pointer "/definitions/user/properties/access"'
        #   at t/api.t line 147.
        #     Structures begin differing at:
        #          $got = undef
        #     $expected = HASH(0x558f8f82b130)

        #   Failed test 'exact match for JSON Pointer "/definitions/user/properties/age"'
        #   at t/api.t line 147.
        #     Structures begin differing at:
        #          $got = undef
        #     $expected = HASH(0x558f8f833138)

        #   Failed test 'exact match for JSON Pointer "/definitions/user/properties/plugin"'
        #   at t/api.t line 147.
        #     Structures begin differing at:
        #          $got = undef
        #     $expected = HASH(0x558f8f835968)

        #   Failed test 'exact match for JSON Pointer "/definitions/user/properties/avatar"'
        #   at t/api.t line 147.
        #     Structures begin differing at:
        #          $got = undef
        #     $expected = HASH(0x558f8f846e68)

        #   Failed test 'exact match for JSON Pointer "/definitions/usermini"'
        #   at t/api.t line 147.
        #     Structures begin differing at:
        #          $got = undef
        #     $expected = HASH(0x558f8f8489d8)

        #   Failed test 'has value for JSON Pointer "/paths/~1people/get/responses/200"'
        #   at t/api.t line 147.

        #   Failed test 'has value for JSON Pointer "/paths/~1people/get/responses/default"'
        #   at t/api.t line 147.

        #   Failed test 'has value for JSON Pointer "/paths/~1people/post/parameters"'
        #   at t/api.t line 147.

        #   Failed test 'has value for JSON Pointer "/paths/~1people/post/responses/201"'
        #   at t/api.t line 147.

        #   Failed test 'has value for JSON Pointer "/paths/~1people/post/responses/400"'
        #   at t/api.t line 147.

        #   Failed test 'has value for JSON Pointer "/paths/~1people/post/responses/default"'
        #   at t/api.t line 147.

        #   Failed test 'has value for JSON Pointer "/paths/~1people~1{id}/parameters"'
        #   at t/api.t line 147.

        #   Failed test 'has value for JSON Pointer "/paths/~1people~1{id}/get/responses/200"'
        #   at t/api.t line 147.

        #   Failed test 'has value for JSON Pointer "/paths/~1people~1{id}/get/responses/404"'
        #   at t/api.t line 147.

        #   Failed test 'has value for JSON Pointer "/paths/~1people~1{id}/get/responses/default"'
        #   at t/api.t line 147.

        #   Failed test 'has value for JSON Pointer "/paths/~1people~1{id}/put/parameters"'
        #   at t/api.t line 147.

        #   Failed test 'has value for JSON Pointer "/paths/~1people~1{id}/put/responses/200"'
        #   at t/api.t line 147.

        #   Failed test 'has value for JSON Pointer "/paths/~1people~1{id}/put/responses/404"'
        #   at t/api.t line 147.

        #   Failed test 'has value for JSON Pointer "/paths/~1people~1{id}/put/responses/default"'
        #   at t/api.t line 147.

        #   Failed test 'has value for JSON Pointer "/paths/~1people~1{id}/delete/responses/204"'
        #   at t/api.t line 147.

        #   Failed test 'has value for JSON Pointer "/paths/~1people~1{id}/delete/responses/404"'
        #   at t/api.t line 147.

        #   Failed test 'has value for JSON Pointer "/paths/~1people~1{id}/delete/responses/default"'
        #   at t/api.t line 147.
        # Looks like you failed 34 tests of 34.

    #   Failed test 'fetch generated OpenAPI spec /yancy/api'
    #   at t/api.t line 277.
    # Looks like you failed 1 test of 6.

#   Failed test 'declared schema'
#   at t/api.t line 65.
        # Inactivity timeout

        #   Failed test 'GET /yancy/api'
        #   at t/api.t line 147.

        #   Failed test '200 OK'
        #   at t/api.t line 147.
        #          got: undef
        #     expected: '200'
        # 

        #   Failed test 'Content-Type is similar'
        #   at t/api.t line 147.
        #                   undef
        #     doesn't match '(?^u:^application/json)'

        #   Failed test 'exact match for JSON Pointer "/definitions/people"'
        #   at t/api.t line 147.
        #     Structures begin differing at:
        #          $got = undef
        #     $expected = HASH(0x558f8f831190)

        #   Failed test 'exact match for JSON Pointer "/definitions/user/type"'
        #   at t/api.t line 147.
        #          got: undef
        #     expected: 'object'

        #   Failed test 'exact match for JSON Pointer "/definitions/user/x-id-field"'
        #   at t/api.t line 147.
        #          got: undef
        #     expected: 'username'

        #   Failed test 'exact match for JSON Pointer "/definitions/user/x-list-columns"'
        #   at t/api.t line 147.
        #     Structures begin differing at:
        #          $got = undef
        #     $expected = ARRAY(0x558f8f9d2e30)

        #   Failed test 'exact match for JSON Pointer "/definitions/user/required"'
        #   at t/api.t line 147.
        #     Structures begin differing at:
        #          $got = undef
        #     $expected = ARRAY(0x558f8f9c6790)

        #   Failed test 'exact match for JSON Pointer "/definitions/user/properties/id"'
        #   at t/api.t line 147.
        #     Structures begin differing at:
        #          $got = undef
        #     $expected = HASH(0x558f8f9b6a18)

        #   Failed test 'exact match for JSON Pointer "/definitions/user/properties/username"'
        #   at t/api.t line 147.
        #     Structures begin differing at:
        #          $got = undef
        #     $expected = HASH(0x558f8f9e1928)

        #   Failed test 'exact match for JSON Pointer "/definitions/user/properties/email"'
        #   at t/api.t line 147.
        #     Structures begin differing at:
        #          $got = undef
        #     $expected = HASH(0x558f8f9ef810)

        #   Failed test 'exact match for JSON Pointer "/definitions/user/properties/password"'
        #   at t/api.t line 147.
        #     Structures begin differing at:
        #          $got = undef
        #     $expected = HASH(0x558f8f9f1080)

        #   Failed test 'exact match for JSON Pointer "/definitions/user/properties/access"'
        #   at t/api.t line 147.
        #     Structures begin differing at:
        #          $got = undef
        #     $expected = HASH(0x558f8f9f6398)

        #   Failed test 'exact match for JSON Pointer "/definitions/user/properties/age"'
        #   at t/api.t line 147.
        #     Structures begin differing at:
        #          $got = undef
        #     $expected = HASH(0x558f8f9f16c8)

        #   Failed test 'exact match for JSON Pointer "/definitions/user/properties/plugin"'
        #   at t/api.t line 147.
        #     Structures begin differing at:
        #          $got = undef
        #     $expected = HASH(0x558f8f9ff4b8)

        #   Failed test 'exact match for JSON Pointer "/definitions/user/properties/avatar"'
        #   at t/api.t line 147.
        #     Structures begin differing at:
        #          $got = undef
        #     $expected = HASH(0x558f8fa05498)

        #   Failed test 'exact match for JSON Pointer "/definitions/usermini"'
        #   at t/api.t line 147.
        #     Structures begin differing at:
        #          $got = undef
        #     $expected = HASH(0x558f8f9feca8)

        #   Failed test 'has value for JSON Pointer "/paths/~1people/get/responses/200"'
        #   at t/api.t line 147.

        #   Failed test 'has value for JSON Pointer "/paths/~1people/get/responses/default"'
        #   at t/api.t line 147.

        #   Failed test 'has value for JSON Pointer "/paths/~1people/post/parameters"'
        #   at t/api.t line 147.

        #   Failed test 'has value for JSON Pointer "/paths/~1people/post/responses/201"'
        #   at t/api.t line 147.

        #   Failed test 'has value for JSON Pointer "/paths/~1people/post/responses/400"'
        #   at t/api.t line 147.

        #   Failed test 'has value for JSON Pointer "/paths/~1people/post/responses/default"'
        #   at t/api.t line 147.

        #   Failed test 'has value for JSON Pointer "/paths/~1people~1{id}/parameters"'
        #   at t/api.t line 147.

        #   Failed test 'has value for JSON Pointer "/paths/~1people~1{id}/get/responses/200"'
        #   at t/api.t line 147.

        #   Failed test 'has value for JSON Pointer "/paths/~1people~1{id}/get/responses/404"'
        #   at t/api.t line 147.

        #   Failed test 'has value for JSON Pointer "/paths/~1people~1{id}/get/responses/default"'
        #   at t/api.t line 147.

        #   Failed test 'has value for JSON Pointer "/paths/~1people~1{id}/put/parameters"'
        #   at t/api.t line 147.

        #   Failed test 'has value for JSON Pointer "/paths/~1people~1{id}/put/responses/200"'
        #   at t/api.t line 147.

        #   Failed test 'has value for JSON Pointer "/paths/~1people~1{id}/put/responses/404"'
        #   at t/api.t line 147.

        #   Failed test 'has value for JSON Pointer "/paths/~1people~1{id}/put/responses/default"'
        #   at t/api.t line 147.

        #   Failed test 'has value for JSON Pointer "/paths/~1people~1{id}/delete/responses/204"'
        #   at t/api.t line 147.

        #   Failed test 'has value for JSON Pointer "/paths/~1people~1{id}/delete/responses/404"'
        #   at t/api.t line 147.

        #   Failed test 'has value for JSON Pointer "/paths/~1people~1{id}/delete/responses/default"'
        #   at t/api.t line 147.
        # Looks like you failed 34 tests of 34.

    #   Failed test 'fetch generated OpenAPI spec /yancy/api'
    #   at t/api.t line 277.
    # Looks like you failed 1 test of 6.

#   Failed test 'read_schema schema'
#   at t/api.t line 74.
        # Inactivity timeout

        #   Failed test 'GET /yancy/api'
        #   at t/api.t line 147.

        #   Failed test '200 OK'
        #   at t/api.t line 147.
        #          got: undef
        #     expected: '200'
        # 

        #   Failed test 'Content-Type is similar'
        #   at t/api.t line 147.
        #                   undef
        #     doesn't match '(?^u:^application/json)'

        #   Failed test 'exact match for JSON Pointer "/definitions/people"'
        #   at t/api.t line 147.
        #     Structures begin differing at:
        #          $got = undef
        #     $expected = HASH(0x558f8fa8fe58)

        #   Failed test 'exact match for JSON Pointer "/definitions/user/type"'
        #   at t/api.t line 147.
        #          got: undef
        #     expected: 'object'

        #   Failed test 'exact match for JSON Pointer "/definitions/user/x-id-field"'
        #   at t/api.t line 147.
        #          got: undef
        #     expected: 'username'

        #   Failed test 'exact match for JSON Pointer "/definitions/user/x-list-columns"'
        #   at t/api.t line 147.
        #     Structures begin differing at:
        #          $got = undef
        #     $expected = ARRAY(0x558f8fb0c848)

        #   Failed test 'exact match for JSON Pointer "/definitions/user/required"'
        #   at t/api.t line 147.
        #     Structures begin differing at:
        #          $got = undef
        #     $expected = ARRAY(0x558f8fb11e98)

        #   Failed test 'exact match for JSON Pointer "/definitions/user/properties/id"'
        #   at t/api.t line 147.
        #     Structures begin differing at:
        #          $got = undef
        #     $expected = HASH(0x558f8fb0f6b8)

        #   Failed test 'exact match for JSON Pointer "/definitions/user/properties/username"'
        #   at t/api.t line 147.
        #     Structures begin differing at:
        #          $got = undef
        #     $expected = HASH(0x558f8fb1b138)

        #   Failed test 'exact match for JSON Pointer "/definitions/user/properties/email"'
        #   at t/api.t line 147.
        #     Structures begin differing at:
        #          $got = undef
        #     $expected = HASH(0x558f8fb243b0)

        #   Failed test 'exact match for JSON Pointer "/definitions/user/properties/password"'
        #   at t/api.t line 147.
        #     Structures begin differing at:
        #          $got = undef
        #     $expected = HASH(0x558f8fb24050)

        #   Failed test 'exact match for JSON Pointer "/definitions/user/properties/access"'
        #   at t/api.t line 147.
        #     Structures begin differing at:
        #          $got = undef
        #     $expected = HASH(0x558f8fb1f0c8)

        #   Failed test 'exact match for JSON Pointer "/definitions/user/properties/age"'
        #   at t/api.t line 147.
        #     Structures begin differing at:
        #          $got = undef
        #     $expected = HASH(0x558f8fb2f960)

        #   Failed test 'exact match for JSON Pointer "/definitions/user/properties/plugin"'
        #   at t/api.t line 147.
        #     Structures begin differing at:
        #          $got = undef
        #     $expected = HASH(0x558f8fb24698)

        #   Failed test 'exact match for JSON Pointer "/definitions/user/properties/avatar"'
        #   at t/api.t line 147.
        #     Structures begin differing at:
        #          $got = undef
        #     $expected = HASH(0x558f8fb389e8)

        #   Failed test 'exact match for JSON Pointer "/definitions/usermini"'
        #   at t/api.t line 147.
        #     Structures begin differing at:
        #          $got = undef
        #     $expected = HASH(0x558f8fb34a98)

        #   Failed test 'has value for JSON Pointer "/paths/~1people/get/responses/200"'
        #   at t/api.t line 147.

        #   Failed test 'has value for JSON Pointer "/paths/~1people/get/responses/default"'
        #   at t/api.t line 147.

        #   Failed test 'has value for JSON Pointer "/paths/~1people/post/parameters"'
        #   at t/api.t line 147.

        #   Failed test 'has value for JSON Pointer "/paths/~1people/post/responses/201"'
        #   at t/api.t line 147.

        #   Failed test 'has value for JSON Pointer "/paths/~1people/post/responses/400"'
        #   at t/api.t line 147.

        #   Failed test 'has value for JSON Pointer "/paths/~1people/post/responses/default"'
        #   at t/api.t line 147.

        #   Failed test 'has value for JSON Pointer "/paths/~1people~1{id}/parameters"'
        #   at t/api.t line 147.

        #   Failed test 'has value for JSON Pointer "/paths/~1people~1{id}/get/responses/200"'
        #   at t/api.t line 147.

        #   Failed test 'has value for JSON Pointer "/paths/~1people~1{id}/get/responses/404"'
        #   at t/api.t line 147.

        #   Failed test 'has value for JSON Pointer "/paths/~1people~1{id}/get/responses/default"'
        #   at t/api.t line 147.

        #   Failed test 'has value for JSON Pointer "/paths/~1people~1{id}/put/parameters"'
        #   at t/api.t line 147.

        #   Failed test 'has value for JSON Pointer "/paths/~1people~1{id}/put/responses/200"'
        #   at t/api.t line 147.

        #   Failed test 'has value for JSON Pointer "/paths/~1people~1{id}/put/responses/404"'
        #   at t/api.t line 147.

        #   Failed test 'has value for JSON Pointer "/paths/~1people~1{id}/put/responses/default"'
        #   at t/api.t line 147.

        #   Failed test 'has value for JSON Pointer "/paths/~1people~1{id}/delete/responses/204"'
        #   at t/api.t line 147.

        #   Failed test 'has value for JSON Pointer "/paths/~1people~1{id}/delete/responses/404"'
        #   at t/api.t line 147.

        #   Failed test 'has value for JSON Pointer "/paths/~1people~1{id}/delete/responses/default"'
        #   at t/api.t line 147.
        # Looks like you failed 34 tests of 34.

    #   Failed test 'fetch generated OpenAPI spec /yancy/api'
    #   at t/api.t line 277.
    # Looks like you failed 1 test of 6.

#   Failed test 'pass openapi'
#   at t/api.t line 85.
# Looks like you failed 3 tests of 6.
t/api.t ...................... 
Dubious, test returned 3 (wstat 768, 0x300)
Failed 3/6 subtests 
t/app.t ...................... ok
t/backend/dbic.t ............. skipped: DBIx::Class >= 0.082842 required for this test
t/backend/memory.t ........... ok
t/backend/mysql.t ............ skipped: Mojo::mysql >= 1.0 required for this test
t/backend/pg.t ............... skipped: Mojo::Pg >= 3.0 required for this test
t/backend/sqlite.t ........... skipped: DBD::SQLite >= 1.56 required for this test
x-view is deprecated and will be removed in v2. Use Yancy::Model or your database's CREATE VIEW instead. at /home/david/cpantesting/perl-5.18.4/.cpan/build/Yancy-1.086-2PXUBX/blib/lib/Yancy/Model/Schema.pm line 281.
t/command/backend/copy.t ..... ok
x-view is deprecated and will be removed in v2. Use Yancy::Model or your database's CREATE VIEW instead. at /home/david/cpantesting/perl-5.18.4/.cpan/build/Yancy-1.086-2PXUBX/blib/lib/Yancy/Model/Schema.pm line 281.
t/config.t ................... ok
x-view is deprecated and will be removed in v2. Use Yancy::Model or your database's CREATE VIEW instead. at /home/david/cpantesting/perl-5.18.4/.cpan/build/Yancy-1.086-2PXUBX/blib/lib/Yancy/Model/Schema.pm line 281.
t/controller/multi_tenant.t .. ok
x-view is deprecated and will be removed in v2. Use Yancy::Model or your database's CREATE VIEW instead. at /home/david/cpantesting/perl-5.18.4/.cpan/build/Yancy-1.086-2PXUBX/blib/lib/Yancy/Model/Schema.pm line 281.
t/controller/yancy.t ......... ok
t/examples/doc-site.t ........ skipped: Set TEST_YANCY_EXAMPLES to run these tests
t/examples/limited-editor.t .. skipped: Set TEST_YANCY_EXAMPLES to run these tests
t/examples/test-app.t ........ skipped: Set TEST_YANCY_EXAMPLES to run these tests
t/examples/todo-app.t ........ skipped: Set TEST_YANCY_EXAMPLES to run these tests
x-view is deprecated and will be removed in v2. Use Yancy::Model or your database's CREATE VIEW instead. at /home/david/cpantesting/perl-5.18.4/.cpan/build/Yancy-1.086-2PXUBX/blib/lib/Yancy/Model/Schema.pm line 281.
[2021-12-18 05:22:05.21656] [2288049] [fatal] [eXOWRBY7OAil] Unknown filter: DOES.NOT.EXIST (schema: user, field: email) at /home/david/cpantesting/perl-5.18.4/.cpan/build/Yancy-1.086-2PXUBX/blib/lib/Mojolicious/Plugin/Yancy.pm line 889.

t/filter.t ................... ok
x-view is deprecated and will be removed in v2. Use Yancy::Model or your database's CREATE VIEW instead. at /home/david/cpantesting/perl-5.18.4/.cpan/build/Yancy-1.086-2PXUBX/blib/lib/Yancy/Model/Schema.pm line 281.
t/helpers.t .................. ok
x-view is deprecated and will be removed in v2. Use Yancy::Model or your database's CREATE VIEW instead. at /home/david/cpantesting/perl-5.18.4/.cpan/build/Yancy-1.086-2PXUBX/blib/lib/Yancy/Model/Schema.pm line 281.
t/i18n.t ..................... ok
t/model.t .................... ok
x-view is deprecated and will be removed in v2. Use Yancy::Model or your database's CREATE VIEW instead. at /home/david/cpantesting/perl-5.18.4/.cpan/build/Yancy-1.086-2PXUBX/blib/lib/Yancy/Model/Schema.pm line 281.
t/plugin/auth.t .............. ok
x-view is deprecated and will be removed in v2. Use Yancy::Model or your database's CREATE VIEW instead. at /home/david/cpantesting/perl-5.18.4/.cpan/build/Yancy-1.086-2PXUBX/blib/lib/Yancy/Model/Schema.pm line 281.
The Auth::Basic plugin is deprecated and will be removed in Yancy v2.000. Please migrate to the Auth::Password module.
 at /home/david/cpantesting/perl-5.18.4/.cpan/build/Yancy-1.086-2PXUBX/blib/lib/Yancy/Plugin/Auth/Basic.pm line 256.
    # Inactivity timeout

    #   Failed test 'GET /yancy/api'
    #   at t/plugin/auth/basic.t line 204.

    #   Failed test 'User is authorized'
    #   at t/plugin/auth/basic.t line 204.
    #          got: undef
    #     expected: '200'
    # Looks like you failed 2 tests of 9.

#   Failed test 'logged-in user can admin'
#   at t/plugin/auth/basic.t line 224.
    # Inactivity timeout

    #   Failed test 'GET /yancy/api'
    #   at t/plugin/auth/basic.t line 321.

    #   Failed test 'User is authorized for API spec'
    #   at t/plugin/auth/basic.t line 321.
    #          got: undef
    #     expected: '200'

    #   Failed test 'Content-Type is similar'
    #   at t/plugin/auth/basic.t line 321.
    #                   undef
    #     doesn't match '(?^u:^application/json)'
    # Looks like you failed 3 tests of 34.

#   Failed test 'standalone plugin'
#   at t/plugin/auth/basic.t line 325.
# Looks like you failed 2 tests of 6.
t/plugin/auth/basic.t ........ 
Dubious, test returned 2 (wstat 512, 0x200)
Failed 2/6 subtests 
x-view is deprecated and will be removed in v2. Use Yancy::Model or your database's CREATE VIEW instead. at /home/david/cpantesting/perl-5.18.4/.cpan/build/Yancy-1.086-2PXUBX/blib/lib/Yancy/Model/Schema.pm line 281.
t/plugin/auth/github.t ....... ok
x-view is deprecated and will be removed in v2. Use Yancy::Model or your database's CREATE VIEW instead. at /home/david/cpantesting/perl-5.18.4/.cpan/build/Yancy-1.086-2PXUBX/blib/lib/Yancy/Model/Schema.pm line 281.
Use of uninitialized value in pattern match (m//) at /home/david/cpantesting/perl-5.18.4/.cpan/build/Yancy-1.086-2PXUBX/blib/lib/Yancy/Plugin/Auth/OAuth2.pm line 263.

#   Failed test 'location is similar'
#   at t/plugin/auth/oauth2.t line 92.
#                   '/mock/auth?client_id=CLIENT_ID'
#     doesn't match '(?^u:/test)'

#   Failed test 'exact match for content'
#   at t/plugin/auth/oauth2.t line 92.
#          got: ''
#     expected: undef
# 
# Looks like you failed 2 tests of 14.
t/plugin/auth/oauth2.t ....... 
Dubious, test returned 2 (wstat 512, 0x200)
Failed 2/14 subtests 
x-view is deprecated and will be removed in v2. Use Yancy::Model or your database's CREATE VIEW instead. at /home/david/cpantesting/perl-5.18.4/.cpan/build/Yancy-1.086-2PXUBX/blib/lib/Yancy/Model/Schema.pm line 281.
t/plugin/auth/password.t ..... ok
x-view is deprecated and will be removed in v2. Use Yancy::Model or your database's CREATE VIEW instead. at /home/david/cpantesting/perl-5.18.4/.cpan/build/Yancy-1.086-2PXUBX/blib/lib/Yancy/Model/Schema.pm line 281.
t/plugin/auth/token.t ........ ok
    # Inactivity timeout

    #   Failed test 'GET /pets/editor/api'
    #   at t/plugin/editor.t line 122.

    #   Failed test '200 OK'
    #   at t/plugin/editor.t line 122.
    #          got: undef
    #     expected: '200'

    #   Failed test 'got new schema at new url'
    #   at t/plugin/editor.t line 122.
    # undef
    # Looks like you failed 3 tests of 12.

#   Failed test 'non-default backend'
#   at t/plugin/editor.t line 123.
# Looks like you failed 1 test of 4.
t/plugin/editor.t ............ 
Dubious, test returned 1 (wstat 256, 0x100)
Failed 1/4 subtests 
x-view is deprecated and will be removed in v2. Use Yancy::Model or your database's CREATE VIEW instead. at /home/david/cpantesting/perl-5.18.4/.cpan/build/Yancy-1.086-2PXUBX/blib/lib/Yancy/Model/Schema.pm line 281.
[2021-12-18 05:58:44.23459] [2305942] [warn] *** Cannot verify that admin editor is behind authentication.
Add a Yancy Auth plugin, add a `route` to the Yancy plugin config,
or set `editor.require_user => undef` to silence this warning

t/plugin/file.t .............. ok
x-view is deprecated and will be removed in v2. Use Yancy::Model or your database's CREATE VIEW instead. at /home/david/cpantesting/perl-5.18.4/.cpan/build/Yancy-1.086-2PXUBX/blib/lib/Yancy/Model/Schema.pm line 281.
[2021-12-18 06:01:19.71736] [2306902] [warn] [ni7kNBieEbNO] form_for() called with incomplete request. CSRF token may not validate!
t/plugin/form/bootstrap4.t ... ok
x-view is deprecated and will be removed in v2. Use Yancy::Model or your database's CREATE VIEW instead. at /home/david/cpantesting/perl-5.18.4/.cpan/build/Yancy-1.086-2PXUBX/blib/lib/Yancy/Model/Schema.pm line 281.
t/plugin/roles.t ............. ok
    # Could not load SQLite backend: DBD::SQLite version 1.56 or higher required
    # BEGIN failed--compilation aborted at /home/david/cpantesting/perl-5.18.4/.cpan/build/Yancy-1.086-2PXUBX/blib/lib/Yancy/Backend/Sqlite.pm line 116.
    # Compilation failed in require at t/register.t line 21.
    # Could not load Pg backend: Mojo::Pg version 4.03 or higher required
    # BEGIN failed--compilation aborted at /home/david/cpantesting/perl-5.18.4/.cpan/build/Yancy-1.086-2PXUBX/blib/lib/Yancy/Backend/Pg.pm line 128.
    # Compilation failed in require at t/register.t line 37.
    # Could not load Mysql backend: Mojo::mysql version 1.05 or higher required
    # BEGIN failed--compilation aborted at /home/david/cpantesting/perl-5.18.4/.cpan/build/Yancy-1.086-2PXUBX/blib/lib/Yancy/Backend/Mysql.pm line 119.
    # Compilation failed in require at t/register.t line 53.
t/register.t ................. ok
t/util.t ..................... ok

Test Summary Report
-------------------
t/api.t                    (Wstat: 768 Tests: 6 Failed: 3)
  Failed tests:  1-3
  Non-zero exit status: 3
t/plugin/auth/basic.t      (Wstat: 512 Tests: 6 Failed: 2)
  Failed tests:  4, 6
  Non-zero exit status: 2
t/plugin/auth/oauth2.t     (Wstat: 512 Tests: 14 Failed: 2)
  Failed tests:  10, 12
  Non-zero exit status: 2
t/plugin/editor.t          (Wstat: 256 Tests: 4 Failed: 1)
  Failed test:  3
  Non-zero exit status: 1
Files=33, Tests=201, 5806 wallclock secs ( 6.79 usr  1.25 sys + 820.06 cusr 69.63 csys = 897.73 CPU)
Result: FAIL
Failed 4/33 test programs. 8/201 subtests failed.
make: *** [Makefile:1103: test_dynamic] Error 255

------------------------------
PREREQUISITES
------------------------------

Prerequisite modules loaded:

requires:

    Module                       Need     Have    
    ---------------------------- -------- --------
    Class::Method::Modifiers     0        2.13    
    Digest                       0        1.17    
    Exporter                     0        5.68    
    File::Spec::Functions        0        3.40    
    FindBin                      0        1.51    
    JSON::Validator              5.00     5.04    
    Mojolicious                  9        9.22    
    Mojolicious::Plugin::I18N    1.6      1.6     
    Mojolicious::Plugin::OpenAPI 5.00     5.02    
    perl                         5.016    5.018004
    Role::Tiny                   2.000001 2.002004
    Scalar::Util                 0        1.60    
    Sys::Hostname                0        1.17    
    Text::Balanced               0        2.02    

build_requires:

    Module                       Need     Have    
    ---------------------------- -------- --------
    ExtUtils::MakeMaker          0        7.62    
    File::Spec                   0        3.40    
    File::Temp                   0.2307   0.2311  
    IO::Handle                   0        1.34    
    IPC::Open3                   0        1.13    
    Test::More                   1.001005 1.302188

configure_requires:

    Module                       Need     Have    
    ---------------------------- -------- --------
    ExtUtils::MakeMaker          0        7.62    
    File::ShareDir::Install      0.06     0.13    


------------------------------
ENVIRONMENT AND OTHER CONTEXT
------------------------------

Environment variables:

    AUTOMATED_TESTING = 1
    LANG = en_GB.UTF-8
    LANGUAGE = en_GB:en
    LC_TERMINAL = iTerm2
    LC_TERMINAL_VERSION = 3.4.14
    NONINTERACTIVE_TESTING = 1
    PATH = /home/david/perl5/perlbrew/bin:/home/david/perl5/perlbrew/perls/perl-5.30.2/bin:/home/david/bin:/usr/local/bin:/usr/bin:/bin:/usr/local/games:/usr/games
    PERL = 5.18.4
    PERL5LIB = 
    PERL5OPT = 
    PERL5_CPANPLUS_IS_RUNNING = 2183059
    PERL5_CPAN_IS_RUNNING = 2183059
    PERLBREW_HOME = /home/david/.perlbrew
    PERLBREW_MANPATH = /home/david/perl5/perlbrew/perls/perl-5.30.2/man
    PERLBREW_PATH = /home/david/perl5/perlbrew/bin:/home/david/perl5/perlbrew/perls/perl-5.30.2/bin
    PERLBREW_PERL = perl-5.30.2
    PERLBREW_ROOT = /home/david/perl5/perlbrew
    PERLBREW_SHELLRC_VERSION = 0.89
    PERLBREW_VERSION = 0.89
    PERLVER = 5.18.4
    PERL_INLINE_DIRECTORY = /home/david/.Inline-5.18.4
    PERL_MM_USE_DEFAULT = 1
    PERL_USE_UNSAFE_INC = 0
    SHELL = /bin/bash
    TERM = screen

Perl special variables (and OS-specific diagnostics, for MSWin32):

    $^X = /home/david/cpantesting/perl-5.18.4/bin/perl
    $UID/$EUID = 1000 / 1000
    $GID = 1000 24 25 27 29 30 44 46 109 1000
    $EGID = 1000 24 25 27 29 30 44 46 109 1000

Perl module toolchain versions installed:

    Module              Have    
    ------------------- --------
    CPAN                2.00    
    CPAN::Meta          2.150010
    Cwd                 3.40    
    ExtUtils::CBuilder  0.280210
    ExtUtils::Command   7.62    
    ExtUtils::Install   2.06    
    ExtUtils::MakeMaker 7.62    
    ExtUtils::Manifest  1.70    
    ExtUtils::ParseXS   3.18    
    File::Spec          3.40    
    JSON                4.04    
    JSON::PP            4.02    
    Module::Build       0.4231  
    Module::Signature   n/a     
    Parse::CPAN::Meta   2.150010
    Test::Harness       3.42    
    Test::More          1.302188
    YAML                n/a     
    YAML::Syck          n/a     
    version             0.9902  


--

Summary of my perl5 (revision 5 version 18 subversion 4) configuration:
   
  Platform:
    osname=linux, osvers=4.9.0-8-amd64, archname=x86_64-linux-thread-multi
    uname='linux pigsty 4.9.0-8-amd64 #1 smp debian 4.9.144-3 (2019-02-02) x86_64 gnulinux '
    config_args='-de -Duse64bitall -Dusethreads -Dprefix=/home/david/cpantesting/perl-5.18.4 -A ccflags=-fwrapv'
    hint=previous, useposix=true, d_sigaction=define
    useithreads=define, usemultiplicity=define
    useperlio=define, d_sfio=undef, uselargefiles=define, usesocks=undef
    use64bitint=define, use64bitall=define, uselongdouble=undef
    usemymalloc=n, bincompat5005=undef
  Compiler:
    cc='cc', ccflags ='-D_REENTRANT -D_GNU_SOURCE -fno-strict-aliasing -pipe -fstack-protector -I/usr/local/include -D_LARGEFILE_SOURCE -D_FILE_OFFSET_BITS=64 -fwrapv -fwrapv',
    optimize='-O2',
    cppflags='-D_REENTRANT -D_GNU_SOURCE -fno-strict-aliasing -pipe -fstack-protector -I/usr/local/include -D_REENTRANT -D_GNU_SOURCE -fno-strict-aliasing -pipe -fstack-protector -I/usr/local/include -D_LARGEFILE_SOURCE -D_FILE_OFFSET_BITS=64 -fwrapv -D_REENTRANT -D_GNU_SOURCE -fno-strict-aliasing -pipe -fstack-protector -I/usr/local/include -D_LARGEFILE_SOURCE -D_FILE_OFFSET_BITS=64 -fwrapv -fwrapv'
    ccversion='', gccversion='6.3.0 20170516', gccosandvers=''
    intsize=4, longsize=8, ptrsize=8, doublesize=8, byteorder=12345678
    d_longlong=define, longlongsize=8, d_longdbl=define, longdblsize=16
    ivtype='long', ivsize=8, nvtype='double', nvsize=8, Off_t='off_t', lseeksize=8
    alignbytes=8, prototype=define
  Linker and Libraries:
    ld='cc', ldflags =' -fstack-protector -L/usr/local/lib'
    libpth=/usr/local/lib /lib/x86_64-linux-gnu /lib/../lib /usr/lib/x86_64-linux-gnu /usr/lib/../lib /lib /usr/lib
    libs=-lnsl -ldb -ldl -lm -lcrypt -lutil -lpthread -lc
    perllibs=-lnsl -ldl -lm -lcrypt -lutil -lpthread -lc
    libc=libc-2.24.so, so=so, useshrplib=false, libperl=libperl.a
    gnulibc_version='2.24'
  Dynamic Linking:
    dlsrc=dl_dlopen.xs, dlext=so, d_dlsymun=undef, ccdlflags='-Wl,-E'
    cccdlflags='-fPIC', lddlflags='-shared -O2 -L/usr/local/lib -fstack-protector'


Characteristics of this binary (from libperl): 
  Compile-time options: HAS_TIMES MULTIPLICITY PERLIO_LAYERS
                        PERL_DONT_CREATE_GVSV
                        PERL_HASH_FUNC_ONE_AT_A_TIME_HARD
                        PERL_IMPLICIT_CONTEXT PERL_MALLOC_WRAP
                        PERL_PRESERVE_IVUV PERL_SAWAMPERSAND USE_64_BIT_ALL
                        USE_64_BIT_INT USE_ITHREADS USE_LARGE_FILES
                        USE_LOCALE USE_LOCALE_COLLATE USE_LOCALE_CTYPE
                        USE_LOCALE_NUMERIC USE_PERLIO USE_PERL_ATOF
                        USE_REENTRANT_API
  Locally applied patches:
	Devel::PatchPerl 1.56
  Built under linux
  Compiled at Apr 25 2019 17:34:00
  %ENV:
    PERL="5.18.4"
    PERL5LIB=""
    PERL5OPT=""
    PERL5_CPANPLUS_IS_RUNNING="2183059"
    PERL5_CPAN_IS_RUNNING="2183059"
    PERLBREW_HOME="/home/david/.perlbrew"
    PERLBREW_MANPATH="/home/david/perl5/perlbrew/perls/perl-5.30.2/man"
    PERLBREW_PATH="/home/david/perl5/perlbrew/bin:/home/david/perl5/perlbrew/perls/perl-5.30.2/bin"
    PERLBREW_PERL="perl-5.30.2"
    PERLBREW_ROOT="/home/david/perl5/perlbrew"
    PERLBREW_SHELLRC_VERSION="0.89"
    PERLBREW_VERSION="0.89"
    PERLVER="5.18.4"
    PERL_INLINE_DIRECTORY="/home/david/.Inline-5.18.4"
    PERL_MM_USE_DEFAULT="1"
    PERL_USE_UNSAFE_INC="0"
  @INC:
    /home/david/cpantesting/perl-5.18.4/lib/site_perl/5.18.4/x86_64-linux-thread-multi
    /home/david/cpantesting/perl-5.18.4/lib/site_perl/5.18.4
    /home/david/cpantesting/perl-5.18.4/lib/5.18.4/x86_64-linux-thread-multi
    /home/david/cpantesting/perl-5.18.4/lib/5.18.4
    .