FunctionalPerl v0.72.70-TRIAL Perl 5 v5.30.1 x86_64-linux
- Status
- Fail
- From
- Slaven Rezić
- Dist
-
FunctionalPerl v0.72.70-TRIAL
- Platform
- Perl 5 v5.30.1 x86_64-linux
- Date
- 2021-06-01 19:23:50
- ID
- e50255fe-c30e-11eb-8aa4-247d1f24ea8f
This distribution has been tested as part of the CPAN Testers
project, supporting the Perl programming language. See
http://wiki.cpantesters.org/ for more information or email
questions to cpan-testers-discuss@perl.org
--
Dear Christian Jaeger,
This is a computer-generated report for FunctionalPerl-0.72.70-TRIAL
on perl 5.30.1, created by CPAN-Reporter-1.2018.
Thank you for uploading your work to CPAN. However, there was a problem
testing your distribution.
If you think this report is invalid, please consult the CPAN Testers Wiki
for suggestions on how to avoid getting FAIL reports for missing library
or binary dependencies, unsupported operating systems, and so on:
http://wiki.cpantesters.org/wiki/CPANAuthorNotes
Sections of this report:
* Tester comments
* Program output
* Prerequisites
* Environment and other context
------------------------------
TESTER COMMENTS
------------------------------
Additional comments from tester:
none provided
------------------------------
PROGRAM OUTPUT
------------------------------
Output from '/usr/bin/make test':
PERL_DL_NONLAZY=1 "/opt/perl-5.30.1/bin/perl" "-MExtUtils::Command::MM" "-MTest::Harness" "-e" "undef *Test::Harness::Switches; test_harness(0, 'blib/lib', 'blib/arch')" t/*.t
t/csv_to_xml.t ........................... ok
t/dbi.t .................................. ok
t/examples-csv-to-json.t ................. ok
times for fib: user = 0.13, system = 0, cuser = 0, csystem = 0
times for fibonacci: user = 0.09, system = 0, cuser = 0, csystem = 0
t/examples-fibs.t ........................ ok
t/examples-functional-classes.t .......... ok
not activating since running in test mode at examples//../lib/FP/Repl/Trap.pm line 47.
t/examples-hiring-without-whiteboards.t .. ok
not activating since running in test mode at examples//../lib/FP/Repl/Trap.pm line 47.
t/examples-logic.t ....................... ok
t/examples-perlweekly-111-1.t ............ skipped: Perl v5.32.1 required--this is only v5.30.1, stopped at (eval 75) line 1.
times: user = 0.02, system = 0, cuser = 0, csystem = 0
times: user = 0.02, system = 0, cuser = 0, csystem = 0
times: user = 0.03, system = 0, cuser = 0, csystem = 0
t/examples-perlweekly-113-1.t ............ ok
t/examples-perlweekly-113-2.t ............ ok
t/examples-primes.t ...................... ok
t/functional_XML-t-div.t ................. ok
t/functional_XML-test.t .................. ok
t/htmlgen.t .............................. ok
not activating since running in test mode at intro//../lib/FP/Repl/AutoTrap.pm line 64.
t/intro-basics.t ......................... ok
t/perl-goto-leak.t ....................... ok
t/perl-weaken-coderef-correctness.t ...... ok
t/perl-weaken-coderef.t .................. ok
Exception: Label not found for "last T2_SUBTEST_WRAPPER" at /opt/perl-5.30.1/lib/site_perl/5.30.1/Test2/Hub/Subtest.pm line 67.
at /opt/perl-5.30.1/lib/site_perl/5.30.1/Test2/Hub/Subtest.pm line 67.
Test2::Hub::Subtest::terminate(Test2::Hub::Subtest=HASH(0x6d883a0), 0, Test2::Event::Plan=HASH(0x6dad568), HASH(0x6dad628)) called at /opt/perl-5.30.1/lib/site_perl/5.30.1/Test2/Hub.pm line 386
Test2::Hub::process(Test2::Hub::Subtest=HASH(0x6d883a0), Test2::Event::Plan=HASH(0x6dad568)) called at /opt/perl-5.30.1/lib/site_perl/5.30.1/Test2/Hub.pm line 306
Test2::Hub::send(Test2::Hub::Subtest=HASH(0x6d883a0), Test2::Event::Plan=HASH(0x6dad568)) called at /opt/perl-5.30.1/lib/site_perl/5.30.1/Test2/Hub/Subtest.pm line 34
Test2::Hub::Subtest::send(Test2::Hub::Subtest=HASH(0x6d883a0), Test2::Event::Plan=HASH(0x6dad568)) called at /opt/perl-5.30.1/lib/site_perl/5.30.1/Test2/API/Context.pm line 272
Test2::API::Context::send_event(Test2::API::Context=HASH(0x6dad490), "Plan", "max", 0, "directive", "SKIP", "reason", "FunctionalPerl::Dependencies::ChjBin import: these programs a"...) called at /opt/perl-5.30.1/lib/site_perl/5.30.1/Test2/API/Context.pm line 448
Test2::API::Context::plan(Test2::API::Context=HASH(0x6dad490), 0, "SKIP", "FunctionalPerl::Dependencies::ChjBin import: these programs a"...) called at /opt/perl-5.30.1/lib/site_perl/5.30.1/Test/Builder.pm line 660
Test::Builder::skip_all(Test::Builder=HASH(0x21e03b8), "FunctionalPerl::Dependencies::ChjBin import: these programs a"...) called at /opt/perl-5.30.1/lib/site_perl/5.30.1/Test/Requires.pm line 44
Test::Requires::__ANON__("FunctionalPerl::Dependencies::ChjBin import: these programs a"...) called at /opt/perl-5.30.1/lib/site_perl/5.30.1/Test/Requires.pm line 71
Test::Requires::test_requires("FunctionalPerl::Dependencies::ChjBin", "\"trigger-listen\"", "t_pod_snippets_108") called at /opt/perl-5.30.1/lib/site_perl/5.30.1/Test/Requires.pm line 21
Test::Requires::import("Test::Requires", HASH(0x6d89998)) called at meta/FunctionalPerl/Dependencies/ChjBin.pm line 19
t_pod_snippets_108::BEGIN() called at meta/FunctionalPerl/Dependencies/ChjBin.pm line 19
eval {...} called at meta/FunctionalPerl/Dependencies/ChjBin.pm line 19
eval 'package main; package t_pod_snippets_108; use Test::More ;
{
no warnings;
use strict; # things are likely to be sloppy
ok 1 => \'the tests compile\';
#line 16 meta/FunctionalPerl/Dependencies/ChjBin.pm
use Chj::TEST use => \'FunctionalPerl::Dependencies::ChjBin\';
# or
use Test::Requires +{
\'FunctionalPerl::Dependencies::ChjBin\' => \'"trigger-listen"\' };
# or
# list in FunctionalPerl::Dependencies\'s %dependencies
;
ok 1 => \'we reached the end!\';
}
;
1' called at lib/FP/Repl/WithRepl.pm line 75
FP::Repl::WithRepl::WithRepl_eval("package t_pod_snippets_108; use Test::More ;\x{a}{\x{a}no warnings;\x{a}u"...) called at t/pod_snippets.t line 37
main::myeval("package t_pod_snippets_108; use Test::More ;\x{a}{\x{a}no warnings;\x{a}u"...) called at t/pod_snippets.t line 158
main::__ANON__() called at /opt/perl-5.30.1/lib/site_perl/5.30.1/Test/Builder.pm line 374
eval {...} called at /opt/perl-5.30.1/lib/site_perl/5.30.1/Test/Builder.pm line 374
Test::Builder::subtest(Test::Builder=HASH(0x21e03b8), "pod snippets in FunctionalPerl::Dependencies::ChjBin", CODE(0x1941500)) called at /opt/perl-5.30.1/lib/site_perl/5.30.1/Test/More.pm line 809
Test::More::subtest("pod snippets in FunctionalPerl::Dependencies::ChjBin", CODE(0x1941500)) called at t/pod_snippets.t line 183
BEGIN failed--compilation aborted at meta/FunctionalPerl/Dependencies/ChjBin.pm line 19.
at meta/FunctionalPerl/Dependencies/ChjBin.pm line 19.
eval 'package main; package t_pod_snippets_108; use Test::More ;
{
no warnings;
use strict; # things are likely to be sloppy
ok 1 => \'the tests compile\';
#line 16 meta/FunctionalPerl/Dependencies/ChjBin.pm
use Chj::TEST use => \'FunctionalPerl::Dependencies::ChjBin\';
# or
use Test::Requires +{
\'FunctionalPerl::Dependencies::ChjBin\' => \'"trigger-listen"\' };
# or
# list in FunctionalPerl::Dependencies\'s %dependencies
;
ok 1 => \'we reached the end!\';
}
;
1' called at lib/FP/Repl/WithRepl.pm line 75
FP::Repl::WithRepl::WithRepl_eval("package t_pod_snippets_108; use Test::More ;\x{a}{\x{a}no warnings;\x{a}u"...) called at t/pod_snippets.t line 37
main::myeval("package t_pod_snippets_108; use Test::More ;\x{a}{\x{a}no warnings;\x{a}u"...) called at t/pod_snippets.t line 158
main::__ANON__() called at /opt/perl-5.30.1/lib/site_perl/5.30.1/Test/Builder.pm line 374
eval {...} called at /opt/perl-5.30.1/lib/site_perl/5.30.1/Test/Builder.pm line 374
Test::Builder::subtest(Test::Builder=HASH(0x21e03b8), "pod snippets in FunctionalPerl::Dependencies::ChjBin", CODE(0x1941500)) called at /opt/perl-5.30.1/lib/site_perl/5.30.1/Test/More.pm line 809
Test::More::subtest("pod snippets in FunctionalPerl::Dependencies::ChjBin", CODE(0x1941500)) called at t/pod_snippets.t line 183
# Failed test 'pod snippets in FunctionalPerl::Dependencies::ChjBin'
# at t/pod_snippets.t line 177.
# Looks like you failed 1 test of 1.
t/pod_snippets.t ......................... ok
t/predicates.t ........................... ok
t/repl.t ................................. ok
not activating since running in test mode at lib/FP/Repl/AutoTrap.pm line 64.
not activating since running in test mode at lib/FP/Repl/Trap.pm line 47.
Reference is already weak at lib/FP/Stream.pm line 769.
meta/perlfiles: line 14: printfield: command not found
# Failed test 'at meta/FunctionalPerl/Indexing.pm line 211'
# at lib/Chj/TEST.pm line 347.
# Exception: xxfinish on 'meta/perlfiles': subcommand gave error 127 at meta/FunctionalPerl/Indexing.pm line 189.
# at lib/Chj/IO/CommandCommon.pm line 203.
# Chj::IO::CommandCommon::xxfinish(Chj::IO::Command=GLOB(0x69c23a0)) called at meta/FunctionalPerl/Indexing.pm line 189
# FunctionalPerl::Indexing::perlfiles() called at meta/FunctionalPerl/Indexing.pm line 201
# FunctionalPerl::Indexing::identifierInfos_by_name(".", CODE(0x3853a78)) called at meta/FunctionalPerl/Indexing.pm line 208
# FunctionalPerl::Indexing::__ANON__() called at lib/FP/Lazy.pm line 423
# FP::Lazy::force(FP::Lazy::Promise=ARRAY(0x3630d08)) called at meta/FunctionalPerl/Indexing.pm line 210
# FunctionalPerl::Indexing::__ANON__ called at lib/Chj/TEST.pm line 278
# Chj::TEST::__ANON__ called at lib/Chj/TEST.pm line 287
# eval {...} called at lib/Chj/TEST.pm line 289
# Chj::TEST::__ANON__(HASH(0x69b6bf8)) called at lib/Chj/TEST.pm line 293
# Chj::TEST::eval_test(ARRAY(0x36316c8), Chj::TEST::Result=HASH(0x2a36538)) called at lib/Chj/TEST.pm line 383
# Chj::TEST::__ANON__ called at lib/Chj/TEST.pm line 393
# Chj::TEST::__ANON__(HASH(0x69ad480)) called at lib/Chj/TEST.pm line 396
# Chj::TEST::__ANON__() called at /opt/perl-5.30.1/lib/site_perl/5.30.1/Test/Builder.pm line 374
# eval {...} called at /opt/perl-5.30.1/lib/site_perl/5.30.1/Test/Builder.pm line 374
# Test::Builder::subtest(Test::Builder=HASH(0x1d1c2a8), "Package FunctionalPerl::Indexing", CODE(0x698ed08)) called at /opt/perl-5.30.1/lib/site_perl/5.30.1/Test/More.pm line 809
# Test::More::subtest("Package FunctionalPerl::Indexing", CODE(0x698ed08)) called at lib/Chj/TEST.pm line 419
# Chj::TEST::__ANON__(HASH(0x69ad2a0)) called at lib/Chj/TEST.pm line 421
# Chj::TEST::run_tests_for_package("FunctionalPerl::Indexing", Chj::TEST::Result=HASH(0x2a36538), undef) called at lib/Chj/TEST.pm line 481
# Chj::TEST::__ANON__ called at lib/Chj/TEST.pm line 493
# Chj::TEST::__ANON__(HASH(0x35f9058)) called at lib/Chj/TEST.pm line 496
# Chj::TEST::run_tests_("packages", ARRAY(0x328a510)) called at lib/Chj/TEST.pm line 503
# Chj::TEST::run_tests() called at t/require_and_run_tests.t line 60
# main::__ANON__() called at /opt/perl-5.30.1/lib/site_perl/5.30.1/Test/Builder.pm line 374
# eval {...} called at /opt/perl-5.30.1/lib/site_perl/5.30.1/Test/Builder.pm line 374
# Test::Builder::subtest(Test::Builder=HASH(0x1d1c2a8), "run_tests", CODE(0x1c2f8d8)) called at /opt/perl-5.30.1/lib/site_perl/5.30.1/Test/More.pm line 809
# Test::More::subtest("run_tests", CODE(0x1c2f8d8)) called at t/require_and_run_tests.t line 61
meta/perlfiles: line 14: printfield: command not found
# Failed test 'at meta/FunctionalPerl/Indexing.pm line 216'
# at lib/Chj/TEST.pm line 347.
# Exception: xxfinish on 'meta/perlfiles': subcommand gave error 127 at meta/FunctionalPerl/Indexing.pm line 189.
# at lib/Chj/IO/CommandCommon.pm line 203.
# Chj::IO::CommandCommon::xxfinish(Chj::IO::Command=GLOB(0x69b4bf0)) called at meta/FunctionalPerl/Indexing.pm line 189
# FunctionalPerl::Indexing::perlfiles() called at meta/FunctionalPerl/Indexing.pm line 201
# FunctionalPerl::Indexing::identifierInfos_by_name(".", CODE(0x3853a78)) called at meta/FunctionalPerl/Indexing.pm line 208
# FunctionalPerl::Indexing::__ANON__() called at lib/FP/Lazy.pm line 423
# FP::Lazy::force(FP::Lazy::Promise=ARRAY(0x3630d08)) called at meta/FunctionalPerl/Indexing.pm line 214
# FunctionalPerl::Indexing::__ANON__ called at lib/Chj/TEST.pm line 278
# Chj::TEST::__ANON__ called at lib/Chj/TEST.pm line 287
# eval {...} called at lib/Chj/TEST.pm line 289
# Chj::TEST::__ANON__(HASH(0x6981ef0)) called at lib/Chj/TEST.pm line 293
# Chj::TEST::eval_test(ARRAY(0x3871798), Chj::TEST::Result=HASH(0x2a36538)) called at lib/Chj/TEST.pm line 383
# Chj::TEST::__ANON__ called at lib/Chj/TEST.pm line 393
# Chj::TEST::__ANON__(HASH(0x69ad480)) called at lib/Chj/TEST.pm line 396
# Chj::TEST::__ANON__() called at /opt/perl-5.30.1/lib/site_perl/5.30.1/Test/Builder.pm line 374
# eval {...} called at /opt/perl-5.30.1/lib/site_perl/5.30.1/Test/Builder.pm line 374
# Test::Builder::subtest(Chj::TEST::Test::Builder=HASH(0x1d1c2a8), "Package FunctionalPerl::Indexing", CODE(0x698ed08)) called at /opt/perl-5.30.1/lib/site_perl/5.30.1/Test/More.pm line 809
# Test::More::subtest("Package FunctionalPerl::Indexing", CODE(0x698ed08)) called at lib/Chj/TEST.pm line 419
# Chj::TEST::__ANON__(HASH(0x69ad2a0)) called at lib/Chj/TEST.pm line 421
# Chj::TEST::run_tests_for_package("FunctionalPerl::Indexing", Chj::TEST::Result=HASH(0x2a36538), undef) called at lib/Chj/TEST.pm line 481
# Chj::TEST::__ANON__ called at lib/Chj/TEST.pm line 493
# Chj::TEST::__ANON__(HASH(0x35f9058)) called at lib/Chj/TEST.pm line 496
# Chj::TEST::run_tests_("packages", ARRAY(0x328a510)) called at lib/Chj/TEST.pm line 503
# Chj::TEST::run_tests() called at t/require_and_run_tests.t line 60
# main::__ANON__() called at /opt/perl-5.30.1/lib/site_perl/5.30.1/Test/Builder.pm line 374
# eval {...} called at /opt/perl-5.30.1/lib/site_perl/5.30.1/Test/Builder.pm line 374
# Test::Builder::subtest(Chj::TEST::Test::Builder=HASH(0x1d1c2a8), "run_tests", CODE(0x1c2f8d8)) called at /opt/perl-5.30.1/lib/site_perl/5.30.1/Test/More.pm line 809
# Test::More::subtest("run_tests", CODE(0x1c2f8d8)) called at t/require_and_run_tests.t line 61
meta/perlfiles: line 14: printfield: command not found
# Failed test 'at meta/FunctionalPerl/Indexing.pm line 223'
# at lib/Chj/TEST.pm line 347.
# Exception: xxfinish on 'meta/perlfiles': subcommand gave error 127 at meta/FunctionalPerl/Indexing.pm line 189.
# at lib/Chj/IO/CommandCommon.pm line 203.
# Chj::IO::CommandCommon::xxfinish(Chj::IO::Command=GLOB(0x69c23a0)) called at meta/FunctionalPerl/Indexing.pm line 189
# FunctionalPerl::Indexing::perlfiles() called at meta/FunctionalPerl/Indexing.pm line 201
# FunctionalPerl::Indexing::identifierInfos_by_name(".", CODE(0x3853a78)) called at meta/FunctionalPerl/Indexing.pm line 208
# FunctionalPerl::Indexing::__ANON__() called at lib/FP/Lazy.pm line 423
# FP::Lazy::force(FP::Lazy::Promise=ARRAY(0x3630d08)) called at meta/FunctionalPerl/Indexing.pm line 222
# FunctionalPerl::Indexing::__ANON__ called at lib/Chj/TEST.pm line 278
# Chj::TEST::__ANON__ called at lib/Chj/TEST.pm line 287
# eval {...} called at lib/Chj/TEST.pm line 289
# Chj::TEST::__ANON__(HASH(0x6981ef0)) called at lib/Chj/TEST.pm line 293
# Chj::TEST::eval_test(ARRAY(0x3871900), Chj::TEST::Result=HASH(0x2a36538)) called at lib/Chj/TEST.pm line 383
# Chj::TEST::__ANON__ called at lib/Chj/TEST.pm line 393
# Chj::TEST::__ANON__(HASH(0x69ad480)) called at lib/Chj/TEST.pm line 396
# Chj::TEST::__ANON__() called at /opt/perl-5.30.1/lib/site_perl/5.30.1/Test/Builder.pm line 374
# eval {...} called at /opt/perl-5.30.1/lib/site_perl/5.30.1/Test/Builder.pm line 374
# Test::Builder::subtest(Chj::TEST::Test::Builder=HASH(0x1d1c2a8), "Package FunctionalPerl::Indexing", CODE(0x698ed08)) called at /opt/perl-5.30.1/lib/site_perl/5.30.1/Test/More.pm line 809
# Test::More::subtest("Package FunctionalPerl::Indexing", CODE(0x698ed08)) called at lib/Chj/TEST.pm line 419
# Chj::TEST::__ANON__(HASH(0x69ad2a0)) called at lib/Chj/TEST.pm line 421
# Chj::TEST::run_tests_for_package("FunctionalPerl::Indexing", Chj::TEST::Result=HASH(0x2a36538), undef) called at lib/Chj/TEST.pm line 481
# Chj::TEST::__ANON__ called at lib/Chj/TEST.pm line 493
# Chj::TEST::__ANON__(HASH(0x35f9058)) called at lib/Chj/TEST.pm line 496
# Chj::TEST::run_tests_("packages", ARRAY(0x328a510)) called at lib/Chj/TEST.pm line 503
# Chj::TEST::run_tests() called at t/require_and_run_tests.t line 60
# main::__ANON__() called at /opt/perl-5.30.1/lib/site_perl/5.30.1/Test/Builder.pm line 374
# eval {...} called at /opt/perl-5.30.1/lib/site_perl/5.30.1/Test/Builder.pm line 374
# Test::Builder::subtest(Chj::TEST::Test::Builder=HASH(0x1d1c2a8), "run_tests", CODE(0x1c2f8d8)) called at /opt/perl-5.30.1/lib/site_perl/5.30.1/Test/More.pm line 809
# Test::More::subtest("run_tests", CODE(0x1c2f8d8)) called at t/require_and_run_tests.t line 61
meta/perlfiles: line 14: printfield: command not found
# Failed test 'at meta/FunctionalPerl/Indexing.pm line 225'
# at lib/Chj/TEST.pm line 347.
# Exception: xxfinish on 'meta/perlfiles': subcommand gave error 127 at meta/FunctionalPerl/Indexing.pm line 189.
# at lib/Chj/IO/CommandCommon.pm line 203.
# Chj::IO::CommandCommon::xxfinish(Chj::IO::Command=GLOB(0x69b1e90)) called at meta/FunctionalPerl/Indexing.pm line 189
# FunctionalPerl::Indexing::perlfiles() called at meta/FunctionalPerl/Indexing.pm line 201
# FunctionalPerl::Indexing::identifierInfos_by_name(".", CODE(0x3853a78)) called at meta/FunctionalPerl/Indexing.pm line 208
# FunctionalPerl::Indexing::__ANON__() called at lib/FP/Lazy.pm line 423
# FP::Lazy::force(FP::Lazy::Promise=ARRAY(0x3630d08)) called at meta/FunctionalPerl/Indexing.pm line 224
# FunctionalPerl::Indexing::__ANON__ called at lib/Chj/TEST.pm line 278
# Chj::TEST::__ANON__ called at lib/Chj/TEST.pm line 287
# eval {...} called at lib/Chj/TEST.pm line 289
# Chj::TEST::__ANON__(HASH(0x69b4bf0)) called at lib/Chj/TEST.pm line 293
# Chj::TEST::eval_test(ARRAY(0x3871b70), Chj::TEST::Result=HASH(0x2a36538)) called at lib/Chj/TEST.pm line 383
# Chj::TEST::__ANON__ called at lib/Chj/TEST.pm line 393
# Chj::TEST::__ANON__(HASH(0x69ad480)) called at lib/Chj/TEST.pm line 396
# Chj::TEST::__ANON__() called at /opt/perl-5.30.1/lib/site_perl/5.30.1/Test/Builder.pm line 374
# eval {...} called at /opt/perl-5.30.1/lib/site_perl/5.30.1/Test/Builder.pm line 374
# Test::Builder::subtest(Chj::TEST::Test::Builder=HASH(0x1d1c2a8), "Package FunctionalPerl::Indexing", CODE(0x698ed08)) called at /opt/perl-5.30.1/lib/site_perl/5.30.1/Test/More.pm line 809
# Test::More::subtest("Package FunctionalPerl::Indexing", CODE(0x698ed08)) called at lib/Chj/TEST.pm line 419
# Chj::TEST::__ANON__(HASH(0x69ad2a0)) called at lib/Chj/TEST.pm line 421
# Chj::TEST::run_tests_for_package("FunctionalPerl::Indexing", Chj::TEST::Result=HASH(0x2a36538), undef) called at lib/Chj/TEST.pm line 481
# Chj::TEST::__ANON__ called at lib/Chj/TEST.pm line 493
# Chj::TEST::__ANON__(HASH(0x35f9058)) called at lib/Chj/TEST.pm line 496
# Chj::TEST::run_tests_("packages", ARRAY(0x328a510)) called at lib/Chj/TEST.pm line 503
# Chj::TEST::run_tests() called at t/require_and_run_tests.t line 60
# main::__ANON__() called at /opt/perl-5.30.1/lib/site_perl/5.30.1/Test/Builder.pm line 374
# eval {...} called at /opt/perl-5.30.1/lib/site_perl/5.30.1/Test/Builder.pm line 374
# Test::Builder::subtest(Chj::TEST::Test::Builder=HASH(0x1d1c2a8), "run_tests", CODE(0x1c2f8d8)) called at /opt/perl-5.30.1/lib/site_perl/5.30.1/Test/More.pm line 809
# Test::More::subtest("run_tests", CODE(0x1c2f8d8)) called at t/require_and_run_tests.t line 61
meta/perlfiles: line 14: printfield: command not found
# Failed test 'at meta/FunctionalPerl/Indexing.pm line 243'
# at lib/Chj/TEST.pm line 347.
# Exception: xxfinish on 'meta/perlfiles': subcommand gave error 127 at meta/FunctionalPerl/Indexing.pm line 189.
# at lib/Chj/IO/CommandCommon.pm line 203.
# Chj::IO::CommandCommon::xxfinish(Chj::IO::Command=GLOB(0x6989ea0)) called at meta/FunctionalPerl/Indexing.pm line 189
# FunctionalPerl::Indexing::perlfiles() called at meta/FunctionalPerl/Indexing.pm line 201
# FunctionalPerl::Indexing::identifierInfos_by_name(".", CODE(0x3853a78)) called at meta/FunctionalPerl/Indexing.pm line 208
# FunctionalPerl::Indexing::__ANON__() called at lib/FP/Lazy.pm line 423
# FP::Lazy::force(FP::Lazy::Promise=ARRAY(0x3630d08)) called at meta/FunctionalPerl/Indexing.pm line 242
# FunctionalPerl::Indexing::__ANON__ called at lib/Chj/TEST.pm line 278
# Chj::TEST::__ANON__ called at lib/Chj/TEST.pm line 287
# eval {...} called at lib/Chj/TEST.pm line 289
# Chj::TEST::__ANON__(HASH(0x69b2898)) called at lib/Chj/TEST.pm line 293
# Chj::TEST::eval_test(ARRAY(0x3872218), Chj::TEST::Result=HASH(0x2a36538)) called at lib/Chj/TEST.pm line 383
# Chj::TEST::__ANON__ called at lib/Chj/TEST.pm line 393
# Chj::TEST::__ANON__(HASH(0x69ad480)) called at lib/Chj/TEST.pm line 396
# Chj::TEST::__ANON__() called at /opt/perl-5.30.1/lib/site_perl/5.30.1/Test/Builder.pm line 374
# eval {...} called at /opt/perl-5.30.1/lib/site_perl/5.30.1/Test/Builder.pm line 374
# Test::Builder::subtest(Chj::TEST::Test::Builder=HASH(0x1d1c2a8), "Package FunctionalPerl::Indexing", CODE(0x698ed08)) called at /opt/perl-5.30.1/lib/site_perl/5.30.1/Test/More.pm line 809
# Test::More::subtest("Package FunctionalPerl::Indexing", CODE(0x698ed08)) called at lib/Chj/TEST.pm line 419
# Chj::TEST::__ANON__(HASH(0x69ad2a0)) called at lib/Chj/TEST.pm line 421
# Chj::TEST::run_tests_for_package("FunctionalPerl::Indexing", Chj::TEST::Result=HASH(0x2a36538), undef) called at lib/Chj/TEST.pm line 481
# Chj::TEST::__ANON__ called at lib/Chj/TEST.pm line 493
# Chj::TEST::__ANON__(HASH(0x35f9058)) called at lib/Chj/TEST.pm line 496
# Chj::TEST::run_tests_("packages", ARRAY(0x328a510)) called at lib/Chj/TEST.pm line 503
# Chj::TEST::run_tests() called at t/require_and_run_tests.t line 60
# main::__ANON__() called at /opt/perl-5.30.1/lib/site_perl/5.30.1/Test/Builder.pm line 374
# eval {...} called at /opt/perl-5.30.1/lib/site_perl/5.30.1/Test/Builder.pm line 374
# Test::Builder::subtest(Chj::TEST::Test::Builder=HASH(0x1d1c2a8), "run_tests", CODE(0x1c2f8d8)) called at /opt/perl-5.30.1/lib/site_perl/5.30.1/Test/More.pm line 809
# Test::More::subtest("run_tests", CODE(0x1c2f8d8)) called at t/require_and_run_tests.t line 61
# Looks like you failed 5 tests of 11.
# Failed test 'Package FunctionalPerl::Indexing'
# at lib/Chj/TEST.pm line 419.
# Looks like you failed 1 test of 43.
# Failed test 'run_tests'
# at t/require_and_run_tests.t line 61.
# Looks like you failed 1 test of 2.
t/require_and_run_tests.t ................
Dubious, test returned 1 (wstat 256, 0x100)
Failed 1/2 subtests
t/skip-internal.t ........................ ok
t/skip-leak.t ............................ ok
t/skip.t ................................. ok
t/testlazy.t ............................. ok
t/testlazy10.t ........................... ok
times for T: user = 0.12, system = 0, cuser = 0, csystem = 0
times for TC: user = 0.1, system = 0, cuser = 0, csystem = 0
t/trampoline-fix.t ....................... ok
Test Summary Report
-------------------
t/require_and_run_tests.t (Wstat: 256 Tests: 2 Failed: 1)
Failed test: 2
Non-zero exit status: 1
Files=28, Tests=179, 21 wallclock secs ( 0.34 usr 0.07 sys + 18.41 cusr 2.92 csys = 21.74 CPU)
Result: FAIL
Failed 1/28 test programs. 1/179 subtests failed.
make: *** [Makefile:1531: test_dynamic] Error 255
------------------------------
PREREQUISITES
------------------------------
Prerequisite modules loaded:
requires:
Module Need Have
------------------- -------- --------
autobox 0 v3.0.1
base 0 2.27
Digest 0 1.18
File::Path 0 2.18
Getopt::Long 0 2.51
Import::Into 0 1.002005
Math::BigInt 0 1.999818
NEXT 0 0.67_01
overload 0 1.30
perl 5.016004 5.030001
PerlIO::utf8_strict 0 0.007
Safe::Isa 0 1.000010
Scalar::Util 0 1.56
Symbol 0 1.08
Test::More 0.96 1.302185
utf8 0 1.22
warnings 0 1.44
build_requires:
Module Need Have
------------------- -------- --------
BSD::Resource 0 1.2911
Capture::Tiny 0 0.48
DBD::CSV 0 0.57
DBI 0 1.643
ExtUtils::MakeMaker 0 7.62
Sub::Util 0 1.56
Test::Pod::Snippets 0 0.07
Test::Requires 0 0.11
Text::CSV 0 2.00
URI 0 5.09
configure_requires:
Module Need Have
------------------- -------- --------
ExtUtils::MakeMaker 0 7.62
------------------------------
ENVIRONMENT AND OTHER CONTEXT
------------------------------
Environment variables:
LANG = en_US.UTF-8
PATH = /usr/local/bin:/usr/bin:/bin:/usr/local/sbin:/usr/sbin:/sbin:/home/cpansand/bin/linux-gnu:/home/cpansand/bin/sh:/home/cpansand/bin:/usr/games:/home/cpansand/devel:/home/eserte/src/srezic-misc/scripts
PERL5LIB =
PERL5OPT =
PERL5_CPANPLUS_IS_RUNNING = 3939474
PERL5_CPAN_IS_RUNNING = 3939474
PERL5_CPAN_IS_RUNNING_IN_RECURSION = 3939001,3939474
PERLDOC = -MPod::Perldoc::ToTextOverstrike
PERL_BATCH = yes
PERL_CANARY_STABILITY_NOPROMPT = 1
PERL_CPAN_REPORTER_CONFIG = /var/tmp/cpansmoker-1023/2021060102/cpanreporter_000_config.ini
PERL_EXTUTILS_AUTOINSTALL = --defaultdeps
PERL_USE_UNSAFE_INC = 1
SHELL = /usr/bin/zsh
TERM = screen
TMPDIR = /var/tmp/cpansmoker-1023/2021060102
Perl special variables (and OS-specific diagnostics, for MSWin32):
$^X = /opt/perl-5.30.1/bin/perl
$UID/$EUID = 1023 / 1023
$GID = 1023 1023
$EGID = 1023 1023
Perl module toolchain versions installed:
Module Have
------------------- --------
CPAN 2.28
CPAN::Meta 2.150010
Cwd 3.78
ExtUtils::CBuilder 0.280236
ExtUtils::Command 7.62
ExtUtils::Install 2.20
ExtUtils::MakeMaker 7.62
ExtUtils::Manifest 1.72
ExtUtils::ParseXS 3.40
File::Spec 3.78
JSON 4.02
JSON::PP 4.05
Module::Build 0.4231
Module::Signature 0.83
Parse::CPAN::Meta 2.150010
Test::Harness 3.42
Test::More 1.302185
YAML 1.30
YAML::Syck 1.31
version 0.9929
--
Summary of my perl5 (revision 5 version 30 subversion 1) configuration:
Platform:
osname=linux
osvers=4.18.0-80.11.2.el8_0.x86_64
archname=x86_64-linux
uname='linux centos8-2gb-nbg1 4.18.0-80.11.2.el8_0.x86_64 #1 smp tue sep 24 11:32:19 utc 2019 x86_64 x86_64 x86_64 gnulinux '
config_args='-ds -e -Dprefix=/opt/perl-5.30.1 -Dcf_email=srezic@cpan.org'
hint=recommended
useposix=true
d_sigaction=define
useithreads=undef
usemultiplicity=undef
use64bitint=define
use64bitall=define
uselongdouble=undef
usemymalloc=n
default_inc_excludes_dot=define
bincompat5005=undef
Compiler:
cc='cc'
ccflags ='-fwrapv -fno-strict-aliasing -pipe -fstack-protector-strong -I/usr/local/include -D_LARGEFILE_SOURCE -D_FILE_OFFSET_BITS=64 -D_FORTIFY_SOURCE=2'
optimize='-O2'
cppflags='-fwrapv -fno-strict-aliasing -pipe -fstack-protector-strong -I/usr/local/include'
ccversion=''
gccversion='8.2.1 20180905 (Red Hat 8.2.1-3)'
gccosandvers=''
intsize=4
longsize=8
ptrsize=8
doublesize=8
byteorder=12345678
doublekind=3
d_longlong=define
longlongsize=8
d_longdbl=define
longdblsize=16
longdblkind=3
ivtype='long'
ivsize=8
nvtype='double'
nvsize=8
Off_t='off_t'
lseeksize=8
alignbytes=8
prototype=define
Linker and Libraries:
ld='cc'
ldflags =' -fstack-protector-strong -L/usr/local/lib'
libpth=/usr/local/lib /usr/lib /lib/../lib64 /usr/lib/../lib64 /lib /lib64 /usr/lib64 /usr/local/lib64
libs=-lpthread -ldl -lm -lcrypt -lutil -lc
perllibs=-lpthread -ldl -lm -lcrypt -lutil -lc
libc=libc-2.28.so
so=so
useshrplib=false
libperl=libperl.a
gnulibc_version='2.28'
Dynamic Linking:
dlsrc=dl_dlopen.xs
dlext=so
d_dlsymun=undef
ccdlflags='-Wl,-E'
cccdlflags='-fPIC'
lddlflags='-shared -O2 -L/usr/local/lib -fstack-protector-strong'
Characteristics of this binary (from libperl):
Compile-time options:
HAS_TIMES
PERLIO_LAYERS
PERL_COPY_ON_WRITE
PERL_DONT_CREATE_GVSV
PERL_MALLOC_WRAP
PERL_OP_PARENT
PERL_PRESERVE_IVUV
USE_64_BIT_ALL
USE_64_BIT_INT
USE_LARGE_FILES
USE_LOCALE
USE_LOCALE_COLLATE
USE_LOCALE_CTYPE
USE_LOCALE_NUMERIC
USE_LOCALE_TIME
USE_PERLIO
USE_PERL_ATOF
Built under linux
Compiled at Nov 30 2019 16:48:48
%ENV:
PERL5LIB=""
PERL5OPT=""
PERL5_CPANPLUS_IS_RUNNING="3939474"
PERL5_CPAN_IS_RUNNING="3939474"
PERL5_CPAN_IS_RUNNING_IN_RECURSION="3939001,3939474"
PERLDOC="-MPod::Perldoc::ToTextOverstrike"
PERL_BATCH="yes"
PERL_CANARY_STABILITY_NOPROMPT="1"
PERL_CPAN_REPORTER_CONFIG="/var/tmp/cpansmoker-1023/2021060102/cpanreporter_000_config.ini"
PERL_EXTUTILS_AUTOINSTALL="--defaultdeps"
PERL_USE_UNSAFE_INC="1"
@INC:
/opt/perl-5.30.1/lib/site_perl/5.30.1/x86_64-linux
/opt/perl-5.30.1/lib/site_perl/5.30.1
/opt/perl-5.30.1/lib/5.30.1/x86_64-linux
/opt/perl-5.30.1/lib/5.30.1
.