App-perlimports v0.000050 Perl 5 v5.37.10 x86_64-linux-thread-multi

Status
Fail
From
Andreas J. König (ANDK)
Dist
App-perlimports v0.000050
Platform
Perl 5 v5.37.10 x86_64-linux-thread-multi
Date
2023-04-06 17:31:41
ID
e4bda2a6-d4a0-11ed-a321-0bdc1fa83ec4
This distribution has been tested as part of the CPAN Testers
project, supporting the Perl programming language.  See
http://wiki.cpantesters.org/ for more information or email
questions to cpan-testers-discuss@perl.org


--
Dear Olaf Alders,

This is a computer-generated report for App-perlimports-0.000050
on perl 5.37.10, created by CPAN-Reporter-1.2018.

Thank you for uploading your work to CPAN.  However, there was a problem
testing your distribution.

If you think this report is invalid, please consult the CPAN Testers Wiki
for suggestions on how to avoid getting FAIL reports for missing library
or binary dependencies, unsupported operating systems, and so on:

http://wiki.cpantesters.org/wiki/CPANAuthorNotes

Sections of this report:

    * Tester comments
    * Program output
    * Prerequisites
    * Environment and other context

------------------------------
TESTER COMMENTS
------------------------------

Additional comments from tester:

this report is from an automated smoke testing program
and was not reviewed by a human for accuracy

------------------------------
PROGRAM OUTPUT
------------------------------

Output from '/usr/bin/make test':

PERL_DL_NONLAZY=1 "/tmp/basesmoker-reloperl-ABGN/bin/perl" "-MExtUtils::Command::MM" "-MTest::Harness" "-e" "undef *Test::Harness::Switches; test_harness(0, 'blib/lib', 'blib/arch')" t/*.t t/ExportInspector/*.t t/cpan-modules/*.t
# 
# Versions for all modules listed in MYMETA.json (including optional ones):
# 
# === Configure Requires ===
# 
#     Module                 Want     Have
#     ------------------- ------- --------
#     ExtUtils::MakeMaker     any     7.70
#     perl                v5.10.0 5.037010
# 
# === Build Requires ===
# 
#     Module              Want Have
#     ------------------- ---- ----
#     ExtUtils::MakeMaker  any 7.70
# 
# === Test Requires ===
# 
#     Module                    Want     Have
#     ---------------------- ------- --------
#     ExtUtils::MakeMaker        any     7.70
#     File::Spec                 any     3.88
#     File::pushd                any    1.016
#     Log::Dispatch::Array       any    1.005
#     PPI::Dumper                any    1.276
#     Sub::Exporter              any    0.989
#     Test::Differences          any     0.69
#     Test::Fatal                any    0.017
#     Test::More                 any 1.302194
#     Test::Needs                any 0.002010
#     Test::RequiresInternet     any     0.05
#     Test::Script              1.29     1.29
#     Test::Warnings             any    0.031
#     lib                        any     0.65
#     perl                   v5.18.0 5.037010
# 
# === Test Recommends ===
# 
#     Module         Want     Have
#     ---------- -------- --------
#     CPAN::Meta 2.120900 2.150010
# 
# === Runtime Requires ===
# 
#     Module                           Want     Have
#     ---------------------------- -------- --------
#     Capture::Tiny                     any     0.48
#     Class::Inspector                 1.36     1.36
#     Cpanel::JSON::XS                  any     4.36
#     Data::Dumper                      any    2.188
#     Data::UUID                        any    1.226
#     File::Basename                    any     2.86
#     File::XDG                        1.01     1.02
#     Getopt::Long::Descriptive         any    0.111
#     List::Util                        any     1.63
#     Log::Dispatch                    2.70     2.70
#     Memoize                           any     1.16
#     Module::Runtime                   any    0.016
#     Moo                               any 2.005005
#     Moo::Role                         any 2.005005
#     MooX::StrictConstructor           any    0.011
#     PPI                             1.276    1.276
#     PPI::Document                     any    1.276
#     PPIx::Utils::Classification       any    0.003
#     Path::Iterator::Rule              any    1.015
#     Path::Tiny                        any    0.144
#     Perl::Tidy                   20220613 20230309
#     Pod::Usage                        any     2.03
#     Ref::Util                         any    0.204
#     Sereal::Decoder                   any    5.003
#     Sereal::Encoder                   any    5.003
#     Sub::HandlesVia                   any    0.046
#     Symbol::Get                      0.10     0.10
#     TOML::Tiny                        any     0.15
#     Text::Diff                        any     1.45
#     Text::SimpleTable::AutoWidth      any     0.09
#     Try::Tiny                         any     0.31
#     Types::Standard                   any 2.002001
#     feature                           any     1.81
#     perl                         5.018000 5.037010
#     strict                            any     1.12
#     utf8                              any     1.25
#     warnings                          any     1.63
# 
t/00-report-prereqs.t ............ ok
t/after.t ........................ ok
t/annotations.t .................. ok
t/args-in-import.t ............... ok
t/builtin.t ...................... ok
t/carp.t ......................... ok
t/cast-in-regex.t ................ ok
t/cast.t ......................... ok
t/cli-args.t ..................... ok
t/cli.t .......................... ok
t/config-in-import.t ............. ok
when is deprecated at /home/sand/src/perl/repoperls/installed-perls/host/k93jammy/v5.37.10/b4f3/lib/site_perl/5.37.10/TOML/Tiny/Util.pm line 25.
when is deprecated at /home/sand/src/perl/repoperls/installed-perls/host/k93jammy/v5.37.10/b4f3/lib/site_perl/5.37.10/TOML/Tiny/Util.pm line 26.
when is deprecated at /home/sand/src/perl/repoperls/installed-perls/host/k93jammy/v5.37.10/b4f3/lib/site_perl/5.37.10/TOML/Tiny/Util.pm line 29.
when is deprecated at /home/sand/src/perl/repoperls/installed-perls/host/k93jammy/v5.37.10/b4f3/lib/site_perl/5.37.10/TOML/Tiny/Util.pm line 30.
when is deprecated at /home/sand/src/perl/repoperls/installed-perls/host/k93jammy/v5.37.10/b4f3/lib/site_perl/5.37.10/TOML/Tiny/Util.pm line 31.
when is deprecated at /home/sand/src/perl/repoperls/installed-perls/host/k93jammy/v5.37.10/b4f3/lib/site_perl/5.37.10/TOML/Tiny/Util.pm line 33.
when is deprecated at /home/sand/src/perl/repoperls/installed-perls/host/k93jammy/v5.37.10/b4f3/lib/site_perl/5.37.10/TOML/Tiny/Util.pm line 35.
when is deprecated at /home/sand/src/perl/repoperls/installed-perls/host/k93jammy/v5.37.10/b4f3/lib/site_perl/5.37.10/TOML/Tiny/Util.pm line 36.
when is deprecated at /home/sand/src/perl/repoperls/installed-perls/host/k93jammy/v5.37.10/b4f3/lib/site_perl/5.37.10/TOML/Tiny/Util.pm line 37.
when is deprecated at /home/sand/src/perl/repoperls/installed-perls/host/k93jammy/v5.37.10/b4f3/lib/site_perl/5.37.10/TOML/Tiny/Util.pm line 38.
when is deprecated at /home/sand/src/perl/repoperls/installed-perls/host/k93jammy/v5.37.10/b4f3/lib/site_perl/5.37.10/TOML/Tiny/Parser.pm line 150.
when is deprecated at /home/sand/src/perl/repoperls/installed-perls/host/k93jammy/v5.37.10/b4f3/lib/site_perl/5.37.10/TOML/Tiny/Parser.pm line 157.
when is deprecated at /home/sand/src/perl/repoperls/installed-perls/host/k93jammy/v5.37.10/b4f3/lib/site_perl/5.37.10/TOML/Tiny/Parser.pm line 165.
when is deprecated at /home/sand/src/perl/repoperls/installed-perls/host/k93jammy/v5.37.10/b4f3/lib/site_perl/5.37.10/TOML/Tiny/Parser.pm line 204.
when is deprecated at /home/sand/src/perl/repoperls/installed-perls/host/k93jammy/v5.37.10/b4f3/lib/site_perl/5.37.10/TOML/Tiny/Parser.pm line 205.
when is deprecated at /home/sand/src/perl/repoperls/installed-perls/host/k93jammy/v5.37.10/b4f3/lib/site_perl/5.37.10/TOML/Tiny/Parser.pm line 232.
when is deprecated at /home/sand/src/perl/repoperls/installed-perls/host/k93jammy/v5.37.10/b4f3/lib/site_perl/5.37.10/TOML/Tiny/Parser.pm line 234.
when is deprecated at /home/sand/src/perl/repoperls/installed-perls/host/k93jammy/v5.37.10/b4f3/lib/site_perl/5.37.10/TOML/Tiny/Parser.pm line 247.
when is deprecated at /home/sand/src/perl/repoperls/installed-perls/host/k93jammy/v5.37.10/b4f3/lib/site_perl/5.37.10/TOML/Tiny/Parser.pm line 253.
when is deprecated at /home/sand/src/perl/repoperls/installed-perls/host/k93jammy/v5.37.10/b4f3/lib/site_perl/5.37.10/TOML/Tiny/Parser.pm line 282.
when is deprecated at /home/sand/src/perl/repoperls/installed-perls/host/k93jammy/v5.37.10/b4f3/lib/site_perl/5.37.10/TOML/Tiny/Parser.pm line 284.
when is deprecated at /home/sand/src/perl/repoperls/installed-perls/host/k93jammy/v5.37.10/b4f3/lib/site_perl/5.37.10/TOML/Tiny/Parser.pm line 291.
when is deprecated at /home/sand/src/perl/repoperls/installed-perls/host/k93jammy/v5.37.10/b4f3/lib/site_perl/5.37.10/TOML/Tiny/Parser.pm line 297.
when is deprecated at /home/sand/src/perl/repoperls/installed-perls/host/k93jammy/v5.37.10/b4f3/lib/site_perl/5.37.10/TOML/Tiny/Parser.pm line 322.
when is deprecated at /home/sand/src/perl/repoperls/installed-perls/host/k93jammy/v5.37.10/b4f3/lib/site_perl/5.37.10/TOML/Tiny/Parser.pm line 323.
when is deprecated at /home/sand/src/perl/repoperls/installed-perls/host/k93jammy/v5.37.10/b4f3/lib/site_perl/5.37.10/TOML/Tiny/Parser.pm line 324.
when is deprecated at /home/sand/src/perl/repoperls/installed-perls/host/k93jammy/v5.37.10/b4f3/lib/site_perl/5.37.10/TOML/Tiny/Parser.pm line 325.
when is deprecated at /home/sand/src/perl/repoperls/installed-perls/host/k93jammy/v5.37.10/b4f3/lib/site_perl/5.37.10/TOML/Tiny/Parser.pm line 326.
when is deprecated at /home/sand/src/perl/repoperls/installed-perls/host/k93jammy/v5.37.10/b4f3/lib/site_perl/5.37.10/TOML/Tiny/Parser.pm line 327.
when is deprecated at /home/sand/src/perl/repoperls/installed-perls/host/k93jammy/v5.37.10/b4f3/lib/site_perl/5.37.10/TOML/Tiny/Parser.pm line 328.
when is deprecated at /home/sand/src/perl/repoperls/installed-perls/host/k93jammy/v5.37.10/b4f3/lib/site_perl/5.37.10/TOML/Tiny/Parser.pm line 371.
when is deprecated at /home/sand/src/perl/repoperls/installed-perls/host/k93jammy/v5.37.10/b4f3/lib/site_perl/5.37.10/TOML/Tiny/Parser.pm line 376.
when is deprecated at /home/sand/src/perl/repoperls/installed-perls/host/k93jammy/v5.37.10/b4f3/lib/site_perl/5.37.10/TOML/Tiny/Parser.pm line 377.
when is deprecated at /home/sand/src/perl/repoperls/installed-perls/host/k93jammy/v5.37.10/b4f3/lib/site_perl/5.37.10/TOML/Tiny/Parser.pm line 401.
when is deprecated at /home/sand/src/perl/repoperls/installed-perls/host/k93jammy/v5.37.10/b4f3/lib/site_perl/5.37.10/TOML/Tiny/Parser.pm line 409.
when is deprecated at /home/sand/src/perl/repoperls/installed-perls/host/k93jammy/v5.37.10/b4f3/lib/site_perl/5.37.10/TOML/Tiny/Parser.pm line 431.
when is deprecated at /home/sand/src/perl/repoperls/installed-perls/host/k93jammy/v5.37.10/b4f3/lib/site_perl/5.37.10/TOML/Tiny/Tokenizer.pm line 73.
when is deprecated at /home/sand/src/perl/repoperls/installed-perls/host/k93jammy/v5.37.10/b4f3/lib/site_perl/5.37.10/TOML/Tiny/Tokenizer.pm line 75.
when is deprecated at /home/sand/src/perl/repoperls/installed-perls/host/k93jammy/v5.37.10/b4f3/lib/site_perl/5.37.10/TOML/Tiny/Tokenizer.pm line 81.
when is deprecated at /home/sand/src/perl/repoperls/installed-perls/host/k93jammy/v5.37.10/b4f3/lib/site_perl/5.37.10/TOML/Tiny/Tokenizer.pm line 86.
when is deprecated at /home/sand/src/perl/repoperls/installed-perls/host/k93jammy/v5.37.10/b4f3/lib/site_perl/5.37.10/TOML/Tiny/Tokenizer.pm line 92.
when is deprecated at /home/sand/src/perl/repoperls/installed-perls/host/k93jammy/v5.37.10/b4f3/lib/site_perl/5.37.10/TOML/Tiny/Tokenizer.pm line 97.
when is deprecated at /home/sand/src/perl/repoperls/installed-perls/host/k93jammy/v5.37.10/b4f3/lib/site_perl/5.37.10/TOML/Tiny/Tokenizer.pm line 102.
when is deprecated at /home/sand/src/perl/repoperls/installed-perls/host/k93jammy/v5.37.10/b4f3/lib/site_perl/5.37.10/TOML/Tiny/Tokenizer.pm line 107.
when is deprecated at /home/sand/src/perl/repoperls/installed-perls/host/k93jammy/v5.37.10/b4f3/lib/site_perl/5.37.10/TOML/Tiny/Tokenizer.pm line 112.
when is deprecated at /home/sand/src/perl/repoperls/installed-perls/host/k93jammy/v5.37.10/b4f3/lib/site_perl/5.37.10/TOML/Tiny/Tokenizer.pm line 117.
when is deprecated at /home/sand/src/perl/repoperls/installed-perls/host/k93jammy/v5.37.10/b4f3/lib/site_perl/5.37.10/TOML/Tiny/Writer.pm line 20.
when is deprecated at /home/sand/src/perl/repoperls/installed-perls/host/k93jammy/v5.37.10/b4f3/lib/site_perl/5.37.10/TOML/Tiny/Writer.pm line 24.
when is deprecated at /home/sand/src/perl/repoperls/installed-perls/host/k93jammy/v5.37.10/b4f3/lib/site_perl/5.37.10/TOML/Tiny/Writer.pm line 28.
when is deprecated at /home/sand/src/perl/repoperls/installed-perls/host/k93jammy/v5.37.10/b4f3/lib/site_perl/5.37.10/TOML/Tiny/Writer.pm line 38.
when is deprecated at /home/sand/src/perl/repoperls/installed-perls/host/k93jammy/v5.37.10/b4f3/lib/site_perl/5.37.10/TOML/Tiny/Writer.pm line 42.
when is deprecated at /home/sand/src/perl/repoperls/installed-perls/host/k93jammy/v5.37.10/b4f3/lib/site_perl/5.37.10/TOML/Tiny/Writer.pm line 46.
when is deprecated at /home/sand/src/perl/repoperls/installed-perls/host/k93jammy/v5.37.10/b4f3/lib/site_perl/5.37.10/TOML/Tiny/Writer.pm line 50.
when is deprecated at /home/sand/src/perl/repoperls/installed-perls/host/k93jammy/v5.37.10/b4f3/lib/site_perl/5.37.10/TOML/Tiny/Writer.pm line 54.
when is deprecated at /home/sand/src/perl/repoperls/installed-perls/host/k93jammy/v5.37.10/b4f3/lib/site_perl/5.37.10/TOML/Tiny/Writer.pm line 62.
t/Config.t ....................... ok
t/cpan-modules/pithub.t .......... ok
t/cpan-modules/test2-v0.t ........ ok
t/datetime.t ..................... ok
t/do-block.t ..................... ok
t/Document.t ..................... ok
t/dump-perl-exports.t ............ ok
t/dupes.t ........................ ok
t/english.t ...................... ok
t/explodes.t ..................... ok
t/export-tags.t .................. ok
t/exported-variables.t ........... ok
t/ExportInspector/load.t ......... ok
t/ExportInspector/SubExporter.t .. ok
t/find-bin.t ..................... ok
t/fully-qualified.t .............. ok
t/func-in-use.t .................. ok
t/func-in-var.t .................. ok
t/geo-ip.t ....................... ok
t/hash-in-regex.t ................ ok
t/hash-key.t ..................... ok
t/heredoc.t ...................... ok
t/ignored-modules.t .............. ok
t/import-error.t ................. ok
t/interpolation.t ................ ok
t/is-ignored.t ................... ok
t/lookalike-words.t .............. ok
t/memoize.t ...................... ok
t/meta.t ......................... ok
t/method.t ....................... ok
t/missing-semicolon-in-import.t .. ok
t/module-with-inner-packages.t ... ok
t/moo.t .......................... ok
t/moose-types.t .................. ok
t/moose.t ........................ ok
t/moosex-types-moose.t ........... ok
t/nested-quotes.t ................ ok
t/never-exports.t ................ ok
t/original-imports.t ............. ok
t/padding.t ...................... ok
t/perl-imports.t ................. ok
t/perl.t ......................... ok
when is deprecated at /home/sand/src/perl/repoperls/installed-perls/host/k93jammy/v5.37.10/b4f3/lib/site_perl/5.37.10/TOML/Tiny/Util.pm line 25.
when is deprecated at /home/sand/src/perl/repoperls/installed-perls/host/k93jammy/v5.37.10/b4f3/lib/site_perl/5.37.10/TOML/Tiny/Util.pm line 26.
when is deprecated at /home/sand/src/perl/repoperls/installed-perls/host/k93jammy/v5.37.10/b4f3/lib/site_perl/5.37.10/TOML/Tiny/Util.pm line 29.
when is deprecated at /home/sand/src/perl/repoperls/installed-perls/host/k93jammy/v5.37.10/b4f3/lib/site_perl/5.37.10/TOML/Tiny/Util.pm line 30.
when is deprecated at /home/sand/src/perl/repoperls/installed-perls/host/k93jammy/v5.37.10/b4f3/lib/site_perl/5.37.10/TOML/Tiny/Util.pm line 31.
when is deprecated at /home/sand/src/perl/repoperls/installed-perls/host/k93jammy/v5.37.10/b4f3/lib/site_perl/5.37.10/TOML/Tiny/Util.pm line 33.
when is deprecated at /home/sand/src/perl/repoperls/installed-perls/host/k93jammy/v5.37.10/b4f3/lib/site_perl/5.37.10/TOML/Tiny/Util.pm line 35.
when is deprecated at /home/sand/src/perl/repoperls/installed-perls/host/k93jammy/v5.37.10/b4f3/lib/site_perl/5.37.10/TOML/Tiny/Util.pm line 36.
when is deprecated at /home/sand/src/perl/repoperls/installed-perls/host/k93jammy/v5.37.10/b4f3/lib/site_perl/5.37.10/TOML/Tiny/Util.pm line 37.
when is deprecated at /home/sand/src/perl/repoperls/installed-perls/host/k93jammy/v5.37.10/b4f3/lib/site_perl/5.37.10/TOML/Tiny/Util.pm line 38.
when is deprecated at /home/sand/src/perl/repoperls/installed-perls/host/k93jammy/v5.37.10/b4f3/lib/site_perl/5.37.10/TOML/Tiny/Parser.pm line 150.
when is deprecated at /home/sand/src/perl/repoperls/installed-perls/host/k93jammy/v5.37.10/b4f3/lib/site_perl/5.37.10/TOML/Tiny/Parser.pm line 157.
when is deprecated at /home/sand/src/perl/repoperls/installed-perls/host/k93jammy/v5.37.10/b4f3/lib/site_perl/5.37.10/TOML/Tiny/Parser.pm line 165.
when is deprecated at /home/sand/src/perl/repoperls/installed-perls/host/k93jammy/v5.37.10/b4f3/lib/site_perl/5.37.10/TOML/Tiny/Parser.pm line 204.
when is deprecated at /home/sand/src/perl/repoperls/installed-perls/host/k93jammy/v5.37.10/b4f3/lib/site_perl/5.37.10/TOML/Tiny/Parser.pm line 205.
when is deprecated at /home/sand/src/perl/repoperls/installed-perls/host/k93jammy/v5.37.10/b4f3/lib/site_perl/5.37.10/TOML/Tiny/Parser.pm line 232.
when is deprecated at /home/sand/src/perl/repoperls/installed-perls/host/k93jammy/v5.37.10/b4f3/lib/site_perl/5.37.10/TOML/Tiny/Parser.pm line 234.
when is deprecated at /home/sand/src/perl/repoperls/installed-perls/host/k93jammy/v5.37.10/b4f3/lib/site_perl/5.37.10/TOML/Tiny/Parser.pm line 247.
when is deprecated at /home/sand/src/perl/repoperls/installed-perls/host/k93jammy/v5.37.10/b4f3/lib/site_perl/5.37.10/TOML/Tiny/Parser.pm line 253.
when is deprecated at /home/sand/src/perl/repoperls/installed-perls/host/k93jammy/v5.37.10/b4f3/lib/site_perl/5.37.10/TOML/Tiny/Parser.pm line 282.
when is deprecated at /home/sand/src/perl/repoperls/installed-perls/host/k93jammy/v5.37.10/b4f3/lib/site_perl/5.37.10/TOML/Tiny/Parser.pm line 284.
when is deprecated at /home/sand/src/perl/repoperls/installed-perls/host/k93jammy/v5.37.10/b4f3/lib/site_perl/5.37.10/TOML/Tiny/Parser.pm line 291.
when is deprecated at /home/sand/src/perl/repoperls/installed-perls/host/k93jammy/v5.37.10/b4f3/lib/site_perl/5.37.10/TOML/Tiny/Parser.pm line 297.
when is deprecated at /home/sand/src/perl/repoperls/installed-perls/host/k93jammy/v5.37.10/b4f3/lib/site_perl/5.37.10/TOML/Tiny/Parser.pm line 322.
when is deprecated at /home/sand/src/perl/repoperls/installed-perls/host/k93jammy/v5.37.10/b4f3/lib/site_perl/5.37.10/TOML/Tiny/Parser.pm line 323.
when is deprecated at /home/sand/src/perl/repoperls/installed-perls/host/k93jammy/v5.37.10/b4f3/lib/site_perl/5.37.10/TOML/Tiny/Parser.pm line 324.
when is deprecated at /home/sand/src/perl/repoperls/installed-perls/host/k93jammy/v5.37.10/b4f3/lib/site_perl/5.37.10/TOML/Tiny/Parser.pm line 325.
when is deprecated at /home/sand/src/perl/repoperls/installed-perls/host/k93jammy/v5.37.10/b4f3/lib/site_perl/5.37.10/TOML/Tiny/Parser.pm line 326.
when is deprecated at /home/sand/src/perl/repoperls/installed-perls/host/k93jammy/v5.37.10/b4f3/lib/site_perl/5.37.10/TOML/Tiny/Parser.pm line 327.
when is deprecated at /home/sand/src/perl/repoperls/installed-perls/host/k93jammy/v5.37.10/b4f3/lib/site_perl/5.37.10/TOML/Tiny/Parser.pm line 328.
when is deprecated at /home/sand/src/perl/repoperls/installed-perls/host/k93jammy/v5.37.10/b4f3/lib/site_perl/5.37.10/TOML/Tiny/Parser.pm line 371.
when is deprecated at /home/sand/src/perl/repoperls/installed-perls/host/k93jammy/v5.37.10/b4f3/lib/site_perl/5.37.10/TOML/Tiny/Parser.pm line 376.
when is deprecated at /home/sand/src/perl/repoperls/installed-perls/host/k93jammy/v5.37.10/b4f3/lib/site_perl/5.37.10/TOML/Tiny/Parser.pm line 377.
when is deprecated at /home/sand/src/perl/repoperls/installed-perls/host/k93jammy/v5.37.10/b4f3/lib/site_perl/5.37.10/TOML/Tiny/Parser.pm line 401.
when is deprecated at /home/sand/src/perl/repoperls/installed-perls/host/k93jammy/v5.37.10/b4f3/lib/site_perl/5.37.10/TOML/Tiny/Parser.pm line 409.
when is deprecated at /home/sand/src/perl/repoperls/installed-perls/host/k93jammy/v5.37.10/b4f3/lib/site_perl/5.37.10/TOML/Tiny/Parser.pm line 431.
when is deprecated at /home/sand/src/perl/repoperls/installed-perls/host/k93jammy/v5.37.10/b4f3/lib/site_perl/5.37.10/TOML/Tiny/Tokenizer.pm line 73.
when is deprecated at /home/sand/src/perl/repoperls/installed-perls/host/k93jammy/v5.37.10/b4f3/lib/site_perl/5.37.10/TOML/Tiny/Tokenizer.pm line 75.
when is deprecated at /home/sand/src/perl/repoperls/installed-perls/host/k93jammy/v5.37.10/b4f3/lib/site_perl/5.37.10/TOML/Tiny/Tokenizer.pm line 81.
when is deprecated at /home/sand/src/perl/repoperls/installed-perls/host/k93jammy/v5.37.10/b4f3/lib/site_perl/5.37.10/TOML/Tiny/Tokenizer.pm line 86.
when is deprecated at /home/sand/src/perl/repoperls/installed-perls/host/k93jammy/v5.37.10/b4f3/lib/site_perl/5.37.10/TOML/Tiny/Tokenizer.pm line 92.
when is deprecated at /home/sand/src/perl/repoperls/installed-perls/host/k93jammy/v5.37.10/b4f3/lib/site_perl/5.37.10/TOML/Tiny/Tokenizer.pm line 97.
when is deprecated at /home/sand/src/perl/repoperls/installed-perls/host/k93jammy/v5.37.10/b4f3/lib/site_perl/5.37.10/TOML/Tiny/Tokenizer.pm line 102.
when is deprecated at /home/sand/src/perl/repoperls/installed-perls/host/k93jammy/v5.37.10/b4f3/lib/site_perl/5.37.10/TOML/Tiny/Tokenizer.pm line 107.
when is deprecated at /home/sand/src/perl/repoperls/installed-perls/host/k93jammy/v5.37.10/b4f3/lib/site_perl/5.37.10/TOML/Tiny/Tokenizer.pm line 112.
when is deprecated at /home/sand/src/perl/repoperls/installed-perls/host/k93jammy/v5.37.10/b4f3/lib/site_perl/5.37.10/TOML/Tiny/Tokenizer.pm line 117.
when is deprecated at /home/sand/src/perl/repoperls/installed-perls/host/k93jammy/v5.37.10/b4f3/lib/site_perl/5.37.10/TOML/Tiny/Writer.pm line 20.
when is deprecated at /home/sand/src/perl/repoperls/installed-perls/host/k93jammy/v5.37.10/b4f3/lib/site_perl/5.37.10/TOML/Tiny/Writer.pm line 24.
when is deprecated at /home/sand/src/perl/repoperls/installed-perls/host/k93jammy/v5.37.10/b4f3/lib/site_perl/5.37.10/TOML/Tiny/Writer.pm line 28.
when is deprecated at /home/sand/src/perl/repoperls/installed-perls/host/k93jammy/v5.37.10/b4f3/lib/site_perl/5.37.10/TOML/Tiny/Writer.pm line 38.
when is deprecated at /home/sand/src/perl/repoperls/installed-perls/host/k93jammy/v5.37.10/b4f3/lib/site_perl/5.37.10/TOML/Tiny/Writer.pm line 42.
when is deprecated at /home/sand/src/perl/repoperls/installed-perls/host/k93jammy/v5.37.10/b4f3/lib/site_perl/5.37.10/TOML/Tiny/Writer.pm line 46.
when is deprecated at /home/sand/src/perl/repoperls/installed-perls/host/k93jammy/v5.37.10/b4f3/lib/site_perl/5.37.10/TOML/Tiny/Writer.pm line 50.
when is deprecated at /home/sand/src/perl/repoperls/installed-perls/host/k93jammy/v5.37.10/b4f3/lib/site_perl/5.37.10/TOML/Tiny/Writer.pm line 54.
when is deprecated at /home/sand/src/perl/repoperls/installed-perls/host/k93jammy/v5.37.10/b4f3/lib/site_perl/5.37.10/TOML/Tiny/Writer.pm line 62.

    # Failed test 'no errors'
    # at t/perlimports.t line 35.
    # The output
    #   when is deprecated at /home/sand/src/perl/repoperls/installed-perls/host/k93jammy/v5.37.10/b4f3/lib/site_perl/5.37.10/TOML/Tiny/Util.pm line 25.
    #   when is deprecated at /home/sand/src/perl/repoperls/installed-perls/host/k93jammy/v5.37.10/b4f3/lib/site_perl/5.37.10/TOML/Tiny/Util.pm line 26.
    #   when is deprecated at /home/sand/src/perl/repoperls/installed-perls/host/k93jammy/v5.37.10/b4f3/lib/site_perl/5.37.10/TOML/Tiny/Util.pm line 29.
    #   when is deprecated at /home/sand/src/perl/repoperls/installed-perls/host/k93jammy/v5.37.10/b4f3/lib/site_perl/5.37.10/TOML/Tiny/Util.pm line 30.
    #   when is deprecated at /home/sand/src/perl/repoperls/installed-perls/host/k93jammy/v5.37.10/b4f3/lib/site_perl/5.37.10/TOML/Tiny/Util.pm line 31.
    #   when is deprecated at /home/sand/src/perl/repoperls/installed-perls/host/k93jammy/v5.37.10/b4f3/lib/site_perl/5.37.10/TOML/Tiny/Util.pm line 33.
    #   when is deprecated at /home/sand/src/perl/repoperls/installed-perls/host/k93jammy/v5.37.10/b4f3/lib/site_perl/5.37.10/TOML/Tiny/Util.pm line 35.
    #   when is deprecated at /home/sand/src/perl/repoperls/installed-perls/host/k93jammy/v5.37.10/b4f3/lib/site_perl/5.37.10/TOML/Tiny/Util.pm line 36.
    #   when is deprecated at /home/sand/src/perl/repoperls/installed-perls/host/k93jammy/v5.37.10/b4f3/lib/site_perl/5.37.10/TOML/Tiny/Util.pm line 37.
    #   when is deprecated at /home/sand/src/perl/repoperls/installed-perls/host/k93jammy/v5.37.10/b4f3/lib/site_perl/5.37.10/TOML/Tiny/Util.pm line 38.
    #   when is deprecated at /home/sand/src/perl/repoperls/installed-perls/host/k93jammy/v5.37.10/b4f3/lib/site_perl/5.37.10/TOML/Tiny/Parser.pm line 150.
    #   when is deprecated at /home/sand/src/perl/repoperls/installed-perls/host/k93jammy/v5.37.10/b4f3/lib/site_perl/5.37.10/TOML/Tiny/Parser.pm line 157.
    #   when is deprecated at /home/sand/src/perl/repoperls/installed-perls/host/k93jammy/v5.37.10/b4f3/lib/site_perl/5.37.10/TOML/Tiny/Parser.pm line 165.
    #   when is deprecated at /home/sand/src/perl/repoperls/installed-perls/host/k93jammy/v5.37.10/b4f3/lib/site_perl/5.37.10/TOML/Tiny/Parser.pm line 204.
    #   when is deprecated at /home/sand/src/perl/repoperls/installed-perls/host/k93jammy/v5.37.10/b4f3/lib/site_perl/5.37.10/TOML/Tiny/Parser.pm line 205.
    #   when is deprecated at /home/sand/src/perl/repoperls/installed-perls/host/k93jammy/v5.37.10/b4f3/lib/site_perl/5.37.10/TOML/Tiny/Parser.pm line 232.
    #   when is deprecated at /home/sand/src/perl/repoperls/installed-perls/host/k93jammy/v5.37.10/b4f3/lib/site_perl/5.37.10/TOML/Tiny/Parser.pm line 234.
    #   when is deprecated at /home/sand/src/perl/repoperls/installed-perls/host/k93jammy/v5.37.10/b4f3/lib/site_perl/5.37.10/TOML/Tiny/Parser.pm line 247.
    #   when is deprecated at /home/sand/src/perl/repoperls/installed-perls/host/k93jammy/v5.37.10/b4f3/lib/site_perl/5.37.10/TOML/Tiny/Parser.pm line 253.
    #   when is deprecated at /home/sand/src/perl/repoperls/installed-perls/host/k93jammy/v5.37.10/b4f3/lib/site_perl/5.37.10/TOML/Tiny/Parser.pm line 282.
    #   when is deprecated at /home/sand/src/perl/repoperls/installed-perls/host/k93jammy/v5.37.10/b4f3/lib/site_perl/5.37.10/TOML/Tiny/Parser.pm line 284.
    #   when is deprecated at /home/sand/src/perl/repoperls/installed-perls/host/k93jammy/v5.37.10/b4f3/lib/site_perl/5.37.10/TOML/Tiny/Parser.pm line 291.
    #   when is deprecated at /home/sand/src/perl/repoperls/installed-perls/host/k93jammy/v5.37.10/b4f3/lib/site_perl/5.37.10/TOML/Tiny/Parser.pm line 297.
    #   when is deprecated at /home/sand/src/perl/repoperls/installed-perls/host/k93jammy/v5.37.10/b4f3/lib/site_perl/5.37.10/TOML/Tiny/Parser.pm line 322.
    #   when is deprecated at /home/sand/src/perl/repoperls/installed-perls/host/k93jammy/v5.37.10/b4f3/lib/site_perl/5.37.10/TOML/Tiny/Parser.pm line 323.
    #   when is deprecated at /home/sand/src/perl/repoperls/installed-perls/host/k93jammy/v5.37.10/b4f3/lib/site_perl/5.37.10/TOML/Tiny/Parser.pm line 324.
    #   when is deprecated at /home/sand/src/perl/repoperls/installed-perls/host/k93jammy/v5.37.10/b4f3/lib/site_perl/5.37.10/TOML/Tiny/Parser.pm line 325.
    #   when is deprecated at /home/sand/src/perl/repoperls/installed-perls/host/k93jammy/v5.37.10/b4f3/lib/site_perl/5.37.10/TOML/Tiny/Parser.pm line 326.
    #   when is deprecated at /home/sand/src/perl/repoperls/installed-perls/host/k93jammy/v5.37.10/b4f3/lib/site_perl/5.37.10/TOML/Tiny/Parser.pm line 327.
    #   when is deprecated at /home/sand/src/perl/repoperls/installed-perls/host/k93jammy/v5.37.10/b4f3/lib/site_perl/5.37.10/TOML/Tiny/Parser.pm line 328.
    #   when is deprecated at /home/sand/src/perl/repoperls/installed-perls/host/k93jammy/v5.37.10/b4f3/lib/site_perl/5.37.10/TOML/Tiny/Parser.pm line 371.
    #   when is deprecated at /home/sand/src/perl/repoperls/installed-perls/host/k93jammy/v5.37.10/b4f3/lib/site_perl/5.37.10/TOML/Tiny/Parser.pm line 376.
    #   when is deprecated at /home/sand/src/perl/repoperls/installed-perls/host/k93jammy/v5.37.10/b4f3/lib/site_perl/5.37.10/TOML/Tiny/Parser.pm line 377.
    #   when is deprecated at /home/sand/src/perl/repoperls/installed-perls/host/k93jammy/v5.37.10/b4f3/lib/site_perl/5.37.10/TOML/Tiny/Parser.pm line 401.
    #   when is deprecated at /home/sand/src/perl/repoperls/installed-perls/host/k93jammy/v5.37.10/b4f3/lib/site_perl/5.37.10/TOML/Tiny/Parser.pm line 409.
    #   when is deprecated at /home/sand/src/perl/repoperls/installed-perls/host/k93jammy/v5.37.10/b4f3/lib/site_perl/5.37.10/TOML/Tiny/Parser.pm line 431.
    #   when is deprecated at /home/sand/src/perl/repoperls/installed-perls/host/k93jammy/v5.37.10/b4f3/lib/site_perl/5.37.10/TOML/Tiny/Tokenizer.pm line 73.
    #   when is deprecated at /home/sand/src/perl/repoperls/installed-perls/host/k93jammy/v5.37.10/b4f3/lib/site_perl/5.37.10/TOML/Tiny/Tokenizer.pm line 75.
    #   when is deprecated at /home/sand/src/perl/repoperls/installed-perls/host/k93jammy/v5.37.10/b4f3/lib/site_perl/5.37.10/TOML/Tiny/Tokenizer.pm line 81.
    #   when is deprecated at /home/sand/src/perl/repoperls/installed-perls/host/k93jammy/v5.37.10/b4f3/lib/site_perl/5.37.10/TOML/Tiny/Tokenizer.pm line 86.
    #   when is deprecated at /home/sand/src/perl/repoperls/installed-perls/host/k93jammy/v5.37.10/b4f3/lib/site_perl/5.37.10/TOML/Tiny/Tokenizer.pm line 92.
    #   when is deprecated at /home/sand/src/perl/repoperls/installed-perls/host/k93jammy/v5.37.10/b4f3/lib/site_perl/5.37.10/TOML/Tiny/Tokenizer.pm line 97.
    #   when is deprecated at /home/sand/src/perl/repoperls/installed-perls/host/k93jammy/v5.37.10/b4f3/lib/site_perl/5.37.10/TOML/Tiny/Tokenizer.pm line 102.
    #   when is deprecated at /home/sand/src/perl/repoperls/installed-perls/host/k93jammy/v5.37.10/b4f3/lib/site_perl/5.37.10/TOML/Tiny/Tokenizer.pm line 107.
    #   when is deprecated at /home/sand/src/perl/repoperls/installed-perls/host/k93jammy/v5.37.10/b4f3/lib/site_perl/5.37.10/TOML/Tiny/Tokenizer.pm line 112.
    #   when is deprecated at /home/sand/src/perl/repoperls/installed-perls/host/k93jammy/v5.37.10/b4f3/lib/site_perl/5.37.10/TOML/Tiny/Tokenizer.pm line 117.
    #   when is deprecated at /home/sand/src/perl/repoperls/installed-perls/host/k93jammy/v5.37.10/b4f3/lib/site_perl/5.37.10/TOML/Tiny/Writer.pm line 20.
    #   when is deprecated at /home/sand/src/perl/repoperls/installed-perls/host/k93jammy/v5.37.10/b4f3/lib/site_perl/5.37.10/TOML/Tiny/Writer.pm line 24.
    #   when is deprecated at /home/sand/src/perl/repoperls/installed-perls/host/k93jammy/v5.37.10/b4f3/lib/site_perl/5.37.10/TOML/Tiny/Writer.pm line 28.
    #   when is deprecated at /home/sand/src/perl/repoperls/installed-perls/host/k93jammy/v5.37.10/b4f3/lib/site_perl/5.37.10/TOML/Tiny/Writer.pm line 38.
    #   when is deprecated at /home/sand/src/perl/repoperls/installed-perls/host/k93jammy/v5.37.10/b4f3/lib/site_perl/5.37.10/TOML/Tiny/Writer.pm line 42.
    #   when is deprecated at /home/sand/src/perl/repoperls/installed-perls/host/k93jammy/v5.37.10/b4f3/lib/site_perl/5.37.10/TOML/Tiny/Writer.pm line 46.
    #   when is deprecated at /home/sand/src/perl/repoperls/installed-perls/host/k93jammy/v5.37.10/b4f3/lib/site_perl/5.37.10/TOML/Tiny/Writer.pm line 50.
    #   when is deprecated at /home/sand/src/perl/repoperls/installed-perls/host/k93jammy/v5.37.10/b4f3/lib/site_perl/5.37.10/TOML/Tiny/Writer.pm line 54.
    #   when is deprecated at /home/sand/src/perl/repoperls/installed-perls/host/k93jammy/v5.37.10/b4f3/lib/site_perl/5.37.10/TOML/Tiny/Writer.pm line 62.
    # does not match
    # Looks like you failed 1 test of 2.

#   Failed test 'provide config file'
#   at t/perlimports.t line 36.

    # Failed test 'no errors'
    # at t/perlimports.t line 66.
    # The output
    #   when is deprecated at /home/sand/src/perl/repoperls/installed-perls/host/k93jammy/v5.37.10/b4f3/lib/site_perl/5.37.10/TOML/Tiny/Util.pm line 25.
    #   when is deprecated at /home/sand/src/perl/repoperls/installed-perls/host/k93jammy/v5.37.10/b4f3/lib/site_perl/5.37.10/TOML/Tiny/Util.pm line 26.
    #   when is deprecated at /home/sand/src/perl/repoperls/installed-perls/host/k93jammy/v5.37.10/b4f3/lib/site_perl/5.37.10/TOML/Tiny/Util.pm line 29.
    #   when is deprecated at /home/sand/src/perl/repoperls/installed-perls/host/k93jammy/v5.37.10/b4f3/lib/site_perl/5.37.10/TOML/Tiny/Util.pm line 30.
    #   when is deprecated at /home/sand/src/perl/repoperls/installed-perls/host/k93jammy/v5.37.10/b4f3/lib/site_perl/5.37.10/TOML/Tiny/Util.pm line 31.
    #   when is deprecated at /home/sand/src/perl/repoperls/installed-perls/host/k93jammy/v5.37.10/b4f3/lib/site_perl/5.37.10/TOML/Tiny/Util.pm line 33.
    #   when is deprecated at /home/sand/src/perl/repoperls/installed-perls/host/k93jammy/v5.37.10/b4f3/lib/site_perl/5.37.10/TOML/Tiny/Util.pm line 35.
    #   when is deprecated at /home/sand/src/perl/repoperls/installed-perls/host/k93jammy/v5.37.10/b4f3/lib/site_perl/5.37.10/TOML/Tiny/Util.pm line 36.
    #   when is deprecated at /home/sand/src/perl/repoperls/installed-perls/host/k93jammy/v5.37.10/b4f3/lib/site_perl/5.37.10/TOML/Tiny/Util.pm line 37.
    #   when is deprecated at /home/sand/src/perl/repoperls/installed-perls/host/k93jammy/v5.37.10/b4f3/lib/site_perl/5.37.10/TOML/Tiny/Util.pm line 38.
    #   when is deprecated at /home/sand/src/perl/repoperls/installed-perls/host/k93jammy/v5.37.10/b4f3/lib/site_perl/5.37.10/TOML/Tiny/Parser.pm line 150.
    #   when is deprecated at /home/sand/src/perl/repoperls/installed-perls/host/k93jammy/v5.37.10/b4f3/lib/site_perl/5.37.10/TOML/Tiny/Parser.pm line 157.
    #   when is deprecated at /home/sand/src/perl/repoperls/installed-perls/host/k93jammy/v5.37.10/b4f3/lib/site_perl/5.37.10/TOML/Tiny/Parser.pm line 165.
    #   when is deprecated at /home/sand/src/perl/repoperls/installed-perls/host/k93jammy/v5.37.10/b4f3/lib/site_perl/5.37.10/TOML/Tiny/Parser.pm line 204.
    #   when is deprecated at /home/sand/src/perl/repoperls/installed-perls/host/k93jammy/v5.37.10/b4f3/lib/site_perl/5.37.10/TOML/Tiny/Parser.pm line 205.
    #   when is deprecated at /home/sand/src/perl/repoperls/installed-perls/host/k93jammy/v5.37.10/b4f3/lib/site_perl/5.37.10/TOML/Tiny/Parser.pm line 232.
    #   when is deprecated at /home/sand/src/perl/repoperls/installed-perls/host/k93jammy/v5.37.10/b4f3/lib/site_perl/5.37.10/TOML/Tiny/Parser.pm line 234.
    #   when is deprecated at /home/sand/src/perl/repoperls/installed-perls/host/k93jammy/v5.37.10/b4f3/lib/site_perl/5.37.10/TOML/Tiny/Parser.pm line 247.
    #   when is deprecated at /home/sand/src/perl/repoperls/installed-perls/host/k93jammy/v5.37.10/b4f3/lib/site_perl/5.37.10/TOML/Tiny/Parser.pm line 253.
    #   when is deprecated at /home/sand/src/perl/repoperls/installed-perls/host/k93jammy/v5.37.10/b4f3/lib/site_perl/5.37.10/TOML/Tiny/Parser.pm line 282.
    #   when is deprecated at /home/sand/src/perl/repoperls/installed-perls/host/k93jammy/v5.37.10/b4f3/lib/site_perl/5.37.10/TOML/Tiny/Parser.pm line 284.
    #   when is deprecated at /home/sand/src/perl/repoperls/installed-perls/host/k93jammy/v5.37.10/b4f3/lib/site_perl/5.37.10/TOML/Tiny/Parser.pm line 291.
    #   when is deprecated at /home/sand/src/perl/repoperls/installed-perls/host/k93jammy/v5.37.10/b4f3/lib/site_perl/5.37.10/TOML/Tiny/Parser.pm line 297.
    #   when is deprecated at /home/sand/src/perl/repoperls/installed-perls/host/k93jammy/v5.37.10/b4f3/lib/site_perl/5.37.10/TOML/Tiny/Parser.pm line 322.
    #   when is deprecated at /home/sand/src/perl/repoperls/installed-perls/host/k93jammy/v5.37.10/b4f3/lib/site_perl/5.37.10/TOML/Tiny/Parser.pm line 323.
    #   when is deprecated at /home/sand/src/perl/repoperls/installed-perls/host/k93jammy/v5.37.10/b4f3/lib/site_perl/5.37.10/TOML/Tiny/Parser.pm line 324.
    #   when is deprecated at /home/sand/src/perl/repoperls/installed-perls/host/k93jammy/v5.37.10/b4f3/lib/site_perl/5.37.10/TOML/Tiny/Parser.pm line 325.
    #   when is deprecated at /home/sand/src/perl/repoperls/installed-perls/host/k93jammy/v5.37.10/b4f3/lib/site_perl/5.37.10/TOML/Tiny/Parser.pm line 326.
    #   when is deprecated at /home/sand/src/perl/repoperls/installed-perls/host/k93jammy/v5.37.10/b4f3/lib/site_perl/5.37.10/TOML/Tiny/Parser.pm line 327.
    #   when is deprecated at /home/sand/src/perl/repoperls/installed-perls/host/k93jammy/v5.37.10/b4f3/lib/site_perl/5.37.10/TOML/Tiny/Parser.pm line 328.
    #   when is deprecated at /home/sand/src/perl/repoperls/installed-perls/host/k93jammy/v5.37.10/b4f3/lib/site_perl/5.37.10/TOML/Tiny/Parser.pm line 371.
    #   when is deprecated at /home/sand/src/perl/repoperls/installed-perls/host/k93jammy/v5.37.10/b4f3/lib/site_perl/5.37.10/TOML/Tiny/Parser.pm line 376.
    #   when is deprecated at /home/sand/src/perl/repoperls/installed-perls/host/k93jammy/v5.37.10/b4f3/lib/site_perl/5.37.10/TOML/Tiny/Parser.pm line 377.
    #   when is deprecated at /home/sand/src/perl/repoperls/installed-perls/host/k93jammy/v5.37.10/b4f3/lib/site_perl/5.37.10/TOML/Tiny/Parser.pm line 401.
    #   when is deprecated at /home/sand/src/perl/repoperls/installed-perls/host/k93jammy/v5.37.10/b4f3/lib/site_perl/5.37.10/TOML/Tiny/Parser.pm line 409.
    #   when is deprecated at /home/sand/src/perl/repoperls/installed-perls/host/k93jammy/v5.37.10/b4f3/lib/site_perl/5.37.10/TOML/Tiny/Parser.pm line 431.
    #   when is deprecated at /home/sand/src/perl/repoperls/installed-perls/host/k93jammy/v5.37.10/b4f3/lib/site_perl/5.37.10/TOML/Tiny/Tokenizer.pm line 73.
    #   when is deprecated at /home/sand/src/perl/repoperls/installed-perls/host/k93jammy/v5.37.10/b4f3/lib/site_perl/5.37.10/TOML/Tiny/Tokenizer.pm line 75.
    #   when is deprecated at /home/sand/src/perl/repoperls/installed-perls/host/k93jammy/v5.37.10/b4f3/lib/site_perl/5.37.10/TOML/Tiny/Tokenizer.pm line 81.
    #   when is deprecated at /home/sand/src/perl/repoperls/installed-perls/host/k93jammy/v5.37.10/b4f3/lib/site_perl/5.37.10/TOML/Tiny/Tokenizer.pm line 86.
    #   when is deprecated at /home/sand/src/perl/repoperls/installed-perls/host/k93jammy/v5.37.10/b4f3/lib/site_perl/5.37.10/TOML/Tiny/Tokenizer.pm line 92.
    #   when is deprecated at /home/sand/src/perl/repoperls/installed-perls/host/k93jammy/v5.37.10/b4f3/lib/site_perl/5.37.10/TOML/Tiny/Tokenizer.pm line 97.
    #   when is deprecated at /home/sand/src/perl/repoperls/installed-perls/host/k93jammy/v5.37.10/b4f3/lib/site_perl/5.37.10/TOML/Tiny/Tokenizer.pm line 102.
    #   when is deprecated at /home/sand/src/perl/repoperls/installed-perls/host/k93jammy/v5.37.10/b4f3/lib/site_perl/5.37.10/TOML/Tiny/Tokenizer.pm line 107.
    #   when is deprecated at /home/sand/src/perl/repoperls/installed-perls/host/k93jammy/v5.37.10/b4f3/lib/site_perl/5.37.10/TOML/Tiny/Tokenizer.pm line 112.
    #   when is deprecated at /home/sand/src/perl/repoperls/installed-perls/host/k93jammy/v5.37.10/b4f3/lib/site_perl/5.37.10/TOML/Tiny/Tokenizer.pm line 117.
    #   when is deprecated at /home/sand/src/perl/repoperls/installed-perls/host/k93jammy/v5.37.10/b4f3/lib/site_perl/5.37.10/TOML/Tiny/Writer.pm line 20.
    #   when is deprecated at /home/sand/src/perl/repoperls/installed-perls/host/k93jammy/v5.37.10/b4f3/lib/site_perl/5.37.10/TOML/Tiny/Writer.pm line 24.
    #   when is deprecated at /home/sand/src/perl/repoperls/installed-perls/host/k93jammy/v5.37.10/b4f3/lib/site_perl/5.37.10/TOML/Tiny/Writer.pm line 28.
    #   when is deprecated at /home/sand/src/perl/repoperls/installed-perls/host/k93jammy/v5.37.10/b4f3/lib/site_perl/5.37.10/TOML/Tiny/Writer.pm line 38.
    #   when is deprecated at /home/sand/src/perl/repoperls/installed-perls/host/k93jammy/v5.37.10/b4f3/lib/site_perl/5.37.10/TOML/Tiny/Writer.pm line 42.
    #   when is deprecated at /home/sand/src/perl/repoperls/installed-perls/host/k93jammy/v5.37.10/b4f3/lib/site_perl/5.37.10/TOML/Tiny/Writer.pm line 46.
    #   when is deprecated at /home/sand/src/perl/repoperls/installed-perls/host/k93jammy/v5.37.10/b4f3/lib/site_perl/5.37.10/TOML/Tiny/Writer.pm line 50.
    #   when is deprecated at /home/sand/src/perl/repoperls/installed-perls/host/k93jammy/v5.37.10/b4f3/lib/site_perl/5.37.10/TOML/Tiny/Writer.pm line 54.
    #   when is deprecated at /home/sand/src/perl/repoperls/installed-perls/host/k93jammy/v5.37.10/b4f3/lib/site_perl/5.37.10/TOML/Tiny/Writer.pm line 62.
    # does not match
    # Looks like you failed 1 test of 2.

#   Failed test 'filename'
#   at t/perlimports.t line 67.

    # Failed test 'no errors'
    # at t/perlimports.t line 71.
    # The output
    #   when is deprecated at /home/sand/src/perl/repoperls/installed-perls/host/k93jammy/v5.37.10/b4f3/lib/site_perl/5.37.10/TOML/Tiny/Util.pm line 25.
    #   when is deprecated at /home/sand/src/perl/repoperls/installed-perls/host/k93jammy/v5.37.10/b4f3/lib/site_perl/5.37.10/TOML/Tiny/Util.pm line 26.
    #   when is deprecated at /home/sand/src/perl/repoperls/installed-perls/host/k93jammy/v5.37.10/b4f3/lib/site_perl/5.37.10/TOML/Tiny/Util.pm line 29.
    #   when is deprecated at /home/sand/src/perl/repoperls/installed-perls/host/k93jammy/v5.37.10/b4f3/lib/site_perl/5.37.10/TOML/Tiny/Util.pm line 30.
    #   when is deprecated at /home/sand/src/perl/repoperls/installed-perls/host/k93jammy/v5.37.10/b4f3/lib/site_perl/5.37.10/TOML/Tiny/Util.pm line 31.
    #   when is deprecated at /home/sand/src/perl/repoperls/installed-perls/host/k93jammy/v5.37.10/b4f3/lib/site_perl/5.37.10/TOML/Tiny/Util.pm line 33.
    #   when is deprecated at /home/sand/src/perl/repoperls/installed-perls/host/k93jammy/v5.37.10/b4f3/lib/site_perl/5.37.10/TOML/Tiny/Util.pm line 35.
    #   when is deprecated at /home/sand/src/perl/repoperls/installed-perls/host/k93jammy/v5.37.10/b4f3/lib/site_perl/5.37.10/TOML/Tiny/Util.pm line 36.
    #   when is deprecated at /home/sand/src/perl/repoperls/installed-perls/host/k93jammy/v5.37.10/b4f3/lib/site_perl/5.37.10/TOML/Tiny/Util.pm line 37.
    #   when is deprecated at /home/sand/src/perl/repoperls/installed-perls/host/k93jammy/v5.37.10/b4f3/lib/site_perl/5.37.10/TOML/Tiny/Util.pm line 38.
    #   when is deprecated at /home/sand/src/perl/repoperls/installed-perls/host/k93jammy/v5.37.10/b4f3/lib/site_perl/5.37.10/TOML/Tiny/Parser.pm line 150.
    #   when is deprecated at /home/sand/src/perl/repoperls/installed-perls/host/k93jammy/v5.37.10/b4f3/lib/site_perl/5.37.10/TOML/Tiny/Parser.pm line 157.
    #   when is deprecated at /home/sand/src/perl/repoperls/installed-perls/host/k93jammy/v5.37.10/b4f3/lib/site_perl/5.37.10/TOML/Tiny/Parser.pm line 165.
    #   when is deprecated at /home/sand/src/perl/repoperls/installed-perls/host/k93jammy/v5.37.10/b4f3/lib/site_perl/5.37.10/TOML/Tiny/Parser.pm line 204.
    #   when is deprecated at /home/sand/src/perl/repoperls/installed-perls/host/k93jammy/v5.37.10/b4f3/lib/site_perl/5.37.10/TOML/Tiny/Parser.pm line 205.
    #   when is deprecated at /home/sand/src/perl/repoperls/installed-perls/host/k93jammy/v5.37.10/b4f3/lib/site_perl/5.37.10/TOML/Tiny/Parser.pm line 232.
    #   when is deprecated at /home/sand/src/perl/repoperls/installed-perls/host/k93jammy/v5.37.10/b4f3/lib/site_perl/5.37.10/TOML/Tiny/Parser.pm line 234.
    #   when is deprecated at /home/sand/src/perl/repoperls/installed-perls/host/k93jammy/v5.37.10/b4f3/lib/site_perl/5.37.10/TOML/Tiny/Parser.pm line 247.
    #   when is deprecated at /home/sand/src/perl/repoperls/installed-perls/host/k93jammy/v5.37.10/b4f3/lib/site_perl/5.37.10/TOML/Tiny/Parser.pm line 253.
    #   when is deprecated at /home/sand/src/perl/repoperls/installed-perls/host/k93jammy/v5.37.10/b4f3/lib/site_perl/5.37.10/TOML/Tiny/Parser.pm line 282.
    #   when is deprecated at /home/sand/src/perl/repoperls/installed-perls/host/k93jammy/v5.37.10/b4f3/lib/site_perl/5.37.10/TOML/Tiny/Parser.pm line 284.
    #   when is deprecated at /home/sand/src/perl/repoperls/installed-perls/host/k93jammy/v5.37.10/b4f3/lib/site_perl/5.37.10/TOML/Tiny/Parser.pm line 291.
    #   when is deprecated at /home/sand/src/perl/repoperls/installed-perls/host/k93jammy/v5.37.10/b4f3/lib/site_perl/5.37.10/TOML/Tiny/Parser.pm line 297.
    #   when is deprecated at /home/sand/src/perl/repoperls/installed-perls/host/k93jammy/v5.37.10/b4f3/lib/site_perl/5.37.10/TOML/Tiny/Parser.pm line 322.
    #   when is deprecated at /home/sand/src/perl/repoperls/installed-perls/host/k93jammy/v5.37.10/b4f3/lib/site_perl/5.37.10/TOML/Tiny/Parser.pm line 323.
    #   when is deprecated at /home/sand/src/perl/repoperls/installed-perls/host/k93jammy/v5.37.10/b4f3/lib/site_perl/5.37.10/TOML/Tiny/Parser.pm line 324.
    #   when is deprecated at /home/sand/src/perl/repoperls/installed-perls/host/k93jammy/v5.37.10/b4f3/lib/site_perl/5.37.10/TOML/Tiny/Parser.pm line 325.
    #   when is deprecated at /home/sand/src/perl/repoperls/installed-perls/host/k93jammy/v5.37.10/b4f3/lib/site_perl/5.37.10/TOML/Tiny/Parser.pm line 326.
    #   when is deprecated at /home/sand/src/perl/repoperls/installed-perls/host/k93jammy/v5.37.10/b4f3/lib/site_perl/5.37.10/TOML/Tiny/Parser.pm line 327.
    #   when is deprecated at /home/sand/src/perl/repoperls/installed-perls/host/k93jammy/v5.37.10/b4f3/lib/site_perl/5.37.10/TOML/Tiny/Parser.pm line 328.
    #   when is deprecated at /home/sand/src/perl/repoperls/installed-perls/host/k93jammy/v5.37.10/b4f3/lib/site_perl/5.37.10/TOML/Tiny/Parser.pm line 371.
    #   when is deprecated at /home/sand/src/perl/repoperls/installed-perls/host/k93jammy/v5.37.10/b4f3/lib/site_perl/5.37.10/TOML/Tiny/Parser.pm line 376.
    #   when is deprecated at /home/sand/src/perl/repoperls/installed-perls/host/k93jammy/v5.37.10/b4f3/lib/site_perl/5.37.10/TOML/Tiny/Parser.pm line 377.
    #   when is deprecated at /home/sand/src/perl/repoperls/installed-perls/host/k93jammy/v5.37.10/b4f3/lib/site_perl/5.37.10/TOML/Tiny/Parser.pm line 401.
    #   when is deprecated at /home/sand/src/perl/repoperls/installed-perls/host/k93jammy/v5.37.10/b4f3/lib/site_perl/5.37.10/TOML/Tiny/Parser.pm line 409.
    #   when is deprecated at /home/sand/src/perl/repoperls/installed-perls/host/k93jammy/v5.37.10/b4f3/lib/site_perl/5.37.10/TOML/Tiny/Parser.pm line 431.
    #   when is deprecated at /home/sand/src/perl/repoperls/installed-perls/host/k93jammy/v5.37.10/b4f3/lib/site_perl/5.37.10/TOML/Tiny/Tokenizer.pm line 73.
    #   when is deprecated at /home/sand/src/perl/repoperls/installed-perls/host/k93jammy/v5.37.10/b4f3/lib/site_perl/5.37.10/TOML/Tiny/Tokenizer.pm line 75.
    #   when is deprecated at /home/sand/src/perl/repoperls/installed-perls/host/k93jammy/v5.37.10/b4f3/lib/site_perl/5.37.10/TOML/Tiny/Tokenizer.pm line 81.
    #   when is deprecated at /home/sand/src/perl/repoperls/installed-perls/host/k93jammy/v5.37.10/b4f3/lib/site_perl/5.37.10/TOML/Tiny/Tokenizer.pm line 86.
    #   when is deprecated at /home/sand/src/perl/repoperls/installed-perls/host/k93jammy/v5.37.10/b4f3/lib/site_perl/5.37.10/TOML/Tiny/Tokenizer.pm line 92.
    #   when is deprecated at /home/sand/src/perl/repoperls/installed-perls/host/k93jammy/v5.37.10/b4f3/lib/site_perl/5.37.10/TOML/Tiny/Tokenizer.pm line 97.
    #   when is deprecated at /home/sand/src/perl/repoperls/installed-perls/host/k93jammy/v5.37.10/b4f3/lib/site_perl/5.37.10/TOML/Tiny/Tokenizer.pm line 102.
    #   when is deprecated at /home/sand/src/perl/repoperls/installed-perls/host/k93jammy/v5.37.10/b4f3/lib/site_perl/5.37.10/TOML/Tiny/Tokenizer.pm line 107.
    #   when is deprecated at /home/sand/src/perl/repoperls/installed-perls/host/k93jammy/v5.37.10/b4f3/lib/site_perl/5.37.10/TOML/Tiny/Tokenizer.pm line 112.
    #   when is deprecated at /home/sand/src/perl/repoperls/installed-perls/host/k93jammy/v5.37.10/b4f3/lib/site_perl/5.37.10/TOML/Tiny/Tokenizer.pm line 117.
    #   when is deprecated at /home/sand/src/perl/repoperls/installed-perls/host/k93jammy/v5.37.10/b4f3/lib/site_perl/5.37.10/TOML/Tiny/Writer.pm line 20.
    #   when is deprecated at /home/sand/src/perl/repoperls/installed-perls/host/k93jammy/v5.37.10/b4f3/lib/site_perl/5.37.10/TOML/Tiny/Writer.pm line 24.
    #   when is deprecated at /home/sand/src/perl/repoperls/installed-perls/host/k93jammy/v5.37.10/b4f3/lib/site_perl/5.37.10/TOML/Tiny/Writer.pm line 28.
    #   when is deprecated at /home/sand/src/perl/repoperls/installed-perls/host/k93jammy/v5.37.10/b4f3/lib/site_perl/5.37.10/TOML/Tiny/Writer.pm line 38.
    #   when is deprecated at /home/sand/src/perl/repoperls/installed-perls/host/k93jammy/v5.37.10/b4f3/lib/site_perl/5.37.10/TOML/Tiny/Writer.pm line 42.
    #   when is deprecated at /home/sand/src/perl/repoperls/installed-perls/host/k93jammy/v5.37.10/b4f3/lib/site_perl/5.37.10/TOML/Tiny/Writer.pm line 46.
    #   when is deprecated at /home/sand/src/perl/repoperls/installed-perls/host/k93jammy/v5.37.10/b4f3/lib/site_perl/5.37.10/TOML/Tiny/Writer.pm line 50.
    #   when is deprecated at /home/sand/src/perl/repoperls/installed-perls/host/k93jammy/v5.37.10/b4f3/lib/site_perl/5.37.10/TOML/Tiny/Writer.pm line 54.
    #   when is deprecated at /home/sand/src/perl/repoperls/installed-perls/host/k93jammy/v5.37.10/b4f3/lib/site_perl/5.37.10/TOML/Tiny/Writer.pm line 62.
    # does not match
    # Looks like you failed 1 test of 2.

#   Failed test 'implied --filename'
#   at t/perlimports.t line 72.

    # Failed test 'no errors'
    # at t/perlimports.t line 89.
    # The output
    #   when is deprecated at /home/sand/src/perl/repoperls/installed-perls/host/k93jammy/v5.37.10/b4f3/lib/site_perl/5.37.10/TOML/Tiny/Util.pm line 25.
    #   when is deprecated at /home/sand/src/perl/repoperls/installed-perls/host/k93jammy/v5.37.10/b4f3/lib/site_perl/5.37.10/TOML/Tiny/Util.pm line 26.
    #   when is deprecated at /home/sand/src/perl/repoperls/installed-perls/host/k93jammy/v5.37.10/b4f3/lib/site_perl/5.37.10/TOML/Tiny/Util.pm line 29.
    #   when is deprecated at /home/sand/src/perl/repoperls/installed-perls/host/k93jammy/v5.37.10/b4f3/lib/site_perl/5.37.10/TOML/Tiny/Util.pm line 30.
    #   when is deprecated at /home/sand/src/perl/repoperls/installed-perls/host/k93jammy/v5.37.10/b4f3/lib/site_perl/5.37.10/TOML/Tiny/Util.pm line 31.
    #   when is deprecated at /home/sand/src/perl/repoperls/installed-perls/host/k93jammy/v5.37.10/b4f3/lib/site_perl/5.37.10/TOML/Tiny/Util.pm line 33.
    #   when is deprecated at /home/sand/src/perl/repoperls/installed-perls/host/k93jammy/v5.37.10/b4f3/lib/site_perl/5.37.10/TOML/Tiny/Util.pm line 35.
    #   when is deprecated at /home/sand/src/perl/repoperls/installed-perls/host/k93jammy/v5.37.10/b4f3/lib/site_perl/5.37.10/TOML/Tiny/Util.pm line 36.
    #   when is deprecated at /home/sand/src/perl/repoperls/installed-perls/host/k93jammy/v5.37.10/b4f3/lib/site_perl/5.37.10/TOML/Tiny/Util.pm line 37.
    #   when is deprecated at /home/sand/src/perl/repoperls/installed-perls/host/k93jammy/v5.37.10/b4f3/lib/site_perl/5.37.10/TOML/Tiny/Util.pm line 38.
    #   when is deprecated at /home/sand/src/perl/repoperls/installed-perls/host/k93jammy/v5.37.10/b4f3/lib/site_perl/5.37.10/TOML/Tiny/Parser.pm line 150.
    #   when is deprecated at /home/sand/src/perl/repoperls/installed-perls/host/k93jammy/v5.37.10/b4f3/lib/site_perl/5.37.10/TOML/Tiny/Parser.pm line 157.
    #   when is deprecated at /home/sand/src/perl/repoperls/installed-perls/host/k93jammy/v5.37.10/b4f3/lib/site_perl/5.37.10/TOML/Tiny/Parser.pm line 165.
    #   when is deprecated at /home/sand/src/perl/repoperls/installed-perls/host/k93jammy/v5.37.10/b4f3/lib/site_perl/5.37.10/TOML/Tiny/Parser.pm line 204.
    #   when is deprecated at /home/sand/src/perl/repoperls/installed-perls/host/k93jammy/v5.37.10/b4f3/lib/site_perl/5.37.10/TOML/Tiny/Parser.pm line 205.
    #   when is deprecated at /home/sand/src/perl/repoperls/installed-perls/host/k93jammy/v5.37.10/b4f3/lib/site_perl/5.37.10/TOML/Tiny/Parser.pm line 232.
    #   when is deprecated at /home/sand/src/perl/repoperls/installed-perls/host/k93jammy/v5.37.10/b4f3/lib/site_perl/5.37.10/TOML/Tiny/Parser.pm line 234.
    #   when is deprecated at /home/sand/src/perl/repoperls/installed-perls/host/k93jammy/v5.37.10/b4f3/lib/site_perl/5.37.10/TOML/Tiny/Parser.pm line 247.
    #   when is deprecated at /home/sand/src/perl/repoperls/installed-perls/host/k93jammy/v5.37.10/b4f3/lib/site_perl/5.37.10/TOML/Tiny/Parser.pm line 253.
    #   when is deprecated at /home/sand/src/perl/repoperls/installed-perls/host/k93jammy/v5.37.10/b4f3/lib/site_perl/5.37.10/TOML/Tiny/Parser.pm line 282.
    #   when is deprecated at /home/sand/src/perl/repoperls/installed-perls/host/k93jammy/v5.37.10/b4f3/lib/site_perl/5.37.10/TOML/Tiny/Parser.pm line 284.
    #   when is deprecated at /home/sand/src/perl/repoperls/installed-perls/host/k93jammy/v5.37.10/b4f3/lib/site_perl/5.37.10/TOML/Tiny/Parser.pm line 291.
    #   when is deprecated at /home/sand/src/perl/repoperls/installed-perls/host/k93jammy/v5.37.10/b4f3/lib/site_perl/5.37.10/TOML/Tiny/Parser.pm line 297.
    #   when is deprecated at /home/sand/src/perl/repoperls/installed-perls/host/k93jammy/v5.37.10/b4f3/lib/site_perl/5.37.10/TOML/Tiny/Parser.pm line 322.
    #   when is deprecated at /home/sand/src/perl/repoperls/installed-perls/host/k93jammy/v5.37.10/b4f3/lib/site_perl/5.37.10/TOML/Tiny/Parser.pm line 323.
    #   when is deprecated at /home/sand/src/perl/repoperls/installed-perls/host/k93jammy/v5.37.10/b4f3/lib/site_perl/5.37.10/TOML/Tiny/Parser.pm line 324.
    #   when is deprecated at /home/sand/src/perl/repoperls/installed-perls/host/k93jammy/v5.37.10/b4f3/lib/site_perl/5.37.10/TOML/Tiny/Parser.pm line 325.
    #   when is deprecated at /home/sand/src/perl/repoperls/installed-perls/host/k93jammy/v5.37.10/b4f3/lib/site_perl/5.37.10/TOML/Tiny/Parser.pm line 326.
    #   when is deprecated at /home/sand/src/perl/repoperls/installed-perls/host/k93jammy/v5.37.10/b4f3/lib/site_perl/5.37.10/TOML/Tiny/Parser.pm line 327.
    #   when is deprecated at /home/sand/src/perl/repoperls/installed-perls/host/k93jammy/v5.37.10/b4f3/lib/site_perl/5.37.10/TOML/Tiny/Parser.pm line 328.
    #   when is deprecated at /home/sand/src/perl/repoperls/installed-perls/host/k93jammy/v5.37.10/b4f3/lib/site_perl/5.37.10/TOML/Tiny/Parser.pm line 371.
    #   when is deprecated at /home/sand/src/perl/repoperls/installed-perls/host/k93jammy/v5.37.10/b4f3/lib/site_perl/5.37.10/TOML/Tiny/Parser.pm line 376.
    #   when is deprecated at /home/sand/src/perl/repoperls/installed-perls/host/k93jammy/v5.37.10/b4f3/lib/site_perl/5.37.10/TOML/Tiny/Parser.pm line 377.
    #   when is deprecated at /home/sand/src/perl/repoperls/installed-perls/host/k93jammy/v5.37.10/b4f3/lib/site_perl/5.37.10/TOML/Tiny/Parser.pm line 401.
    #   when is deprecated at /home/sand/src/perl/repoperls/installed-perls/host/k93jammy/v5.37.10/b4f3/lib/site_perl/5.37.10/TOML/Tiny/Parser.pm line 409.
    #   when is deprecated at /home/sand/src/perl/repoperls/installed-perls/host/k93jammy/v5.37.10/b4f3/lib/site_perl/5.37.10/TOML/Tiny/Parser.pm line 431.
    #   when is deprecated at /home/sand/src/perl/repoperls/installed-perls/host/k93jammy/v5.37.10/b4f3/lib/site_perl/5.37.10/TOML/Tiny/Tokenizer.pm line 73.
    #   when is deprecated at /home/sand/src/perl/repoperls/installed-perls/host/k93jammy/v5.37.10/b4f3/lib/site_perl/5.37.10/TOML/Tiny/Tokenizer.pm line 75.
    #   when is deprecated at /home/sand/src/perl/repoperls/installed-perls/host/k93jammy/v5.37.10/b4f3/lib/site_perl/5.37.10/TOML/Tiny/Tokenizer.pm line 81.
    #   when is deprecated at /home/sand/src/perl/repoperls/installed-perls/host/k93jammy/v5.37.10/b4f3/lib/site_perl/5.37.10/TOML/Tiny/Tokenizer.pm line 86.
    #   when is deprecated at /home/sand/src/perl/repoperls/installed-perls/host/k93jammy/v5.37.10/b4f3/lib/site_perl/5.37.10/TOML/Tiny/Tokenizer.pm line 92.
    #   when is deprecated at /home/sand/src/perl/repoperls/installed-perls/host/k93jammy/v5.37.10/b4f3/lib/site_perl/5.37.10/TOML/Tiny/Tokenizer.pm line 97.
    #   when is deprecated at /home/sand/src/perl/repoperls/installed-perls/host/k93jammy/v5.37.10/b4f3/lib/site_perl/5.37.10/TOML/Tiny/Tokenizer.pm line 102.
    #   when is deprecated at /home/sand/src/perl/repoperls/installed-perls/host/k93jammy/v5.37.10/b4f3/lib/site_perl/5.37.10/TOML/Tiny/Tokenizer.pm line 107.
    #   when is deprecated at /home/sand/src/perl/repoperls/installed-perls/host/k93jammy/v5.37.10/b4f3/lib/site_perl/5.37.10/TOML/Tiny/Tokenizer.pm line 112.
    #   when is deprecated at /home/sand/src/perl/repoperls/installed-perls/host/k93jammy/v5.37.10/b4f3/lib/site_perl/5.37.10/TOML/Tiny/Tokenizer.pm line 117.
    #   when is deprecated at /home/sand/src/perl/repoperls/installed-perls/host/k93jammy/v5.37.10/b4f3/lib/site_perl/5.37.10/TOML/Tiny/Writer.pm line 20.
    #   when is deprecated at /home/sand/src/perl/repoperls/installed-perls/host/k93jammy/v5.37.10/b4f3/lib/site_perl/5.37.10/TOML/Tiny/Writer.pm line 24.
    #   when is deprecated at /home/sand/src/perl/repoperls/installed-perls/host/k93jammy/v5.37.10/b4f3/lib/site_perl/5.37.10/TOML/Tiny/Writer.pm line 28.
    #   when is deprecated at /home/sand/src/perl/repoperls/installed-perls/host/k93jammy/v5.37.10/b4f3/lib/site_perl/5.37.10/TOML/Tiny/Writer.pm line 38.
    #   when is deprecated at /home/sand/src/perl/repoperls/installed-perls/host/k93jammy/v5.37.10/b4f3/lib/site_perl/5.37.10/TOML/Tiny/Writer.pm line 42.
    #   when is deprecated at /home/sand/src/perl/repoperls/installed-perls/host/k93jammy/v5.37.10/b4f3/lib/site_perl/5.37.10/TOML/Tiny/Writer.pm line 46.
    #   when is deprecated at /home/sand/src/perl/repoperls/installed-perls/host/k93jammy/v5.37.10/b4f3/lib/site_perl/5.37.10/TOML/Tiny/Writer.pm line 50.
    #   when is deprecated at /home/sand/src/perl/repoperls/installed-perls/host/k93jammy/v5.37.10/b4f3/lib/site_perl/5.37.10/TOML/Tiny/Writer.pm line 54.
    #   when is deprecated at /home/sand/src/perl/repoperls/installed-perls/host/k93jammy/v5.37.10/b4f3/lib/site_perl/5.37.10/TOML/Tiny/Writer.pm line 62.
    # does not match
    # Looks like you failed 1 test of 2.

#   Failed test 'libs'
#   at t/perlimports.t line 90.
# Looks like you failed 4 tests of 14.
t/perlimports.t .................. 
Dubious, test returned 4 (wstat 1024, 0x400)
Failed 4/14 subtests 
t/pragma.t ....................... ok
t/preserve-some-padding.t ........ ok
t/preserve-spaces.t .............. ok
t/qualified-bareword.t ........... ok
t/quoted-var.t ................... ok
t/re-export-via-sub-exporter.t ... ok
t/regex-replacement.t ............ ok
t/require.t ...................... ok
t/respace-include.t .............. ok
t/Sandbox.t ...................... ok
t/script-with-inner-packages.t ... ok
t/signatures.t ................... ok
t/skip-all.t ..................... skipped: Test is broken
t/socket.t ....................... ok
t/sort-imports.t ................. ok
t/switches-in-import.t ........... ok
t/symbol-as-method-call.t ........ ok
t/symbol-in-export.t ............. ok
t/test-builder.t ................. ok
t/test-most.t .................... ok
t/typeglob.t ..................... ok
t/unnest-quotes.t ................ ok
t/use-and-require.t .............. ok
t/var-in-hash-key.t .............. ok
t/var-in-regex.t ................. ok
t/variable.t ..................... ok
t/warning.t ...................... ok
t/with-version.t ................. ok

Test Summary Report
-------------------
t/perlimports.t                (Wstat: 1024 (exited 4) Tests: 14 Failed: 4)
  Failed tests:  2, 5-6, 8
  Non-zero exit status: 4
Files=82, Tests=210, 61 wallclock secs ( 0.24 usr  0.12 sys + 50.09 cusr 10.33 csys = 60.78 CPU)
Result: FAIL
Failed 1/82 test programs. 4/210 subtests failed.
make: *** [Makefile:1009: test_dynamic] Error 255

------------------------------
PREREQUISITES
------------------------------

Prerequisite modules loaded:

requires:

    Module                       Need     Have    
    ---------------------------- -------- --------
    Capture::Tiny                0        0.48    
    Class::Inspector             1.36     1.36    
    Cpanel::JSON::XS             0        4.36    
    Data::Dumper                 0        2.188   
    Data::UUID                   0        1.226   
    feature                      0        1.81    
    File::Basename               0        2.86    
    File::XDG                    1.01     1.02    
    Getopt::Long::Descriptive    0        0.111   
    List::Util                   0        1.63    
    Log::Dispatch                2.70     2.70    
    Memoize                      0        1.16    
    Module::Runtime              0        0.016   
    Moo                          0        2.005005
    Moo::Role                    0        2.005005
    MooX::StrictConstructor      0        0.011   
    Path::Iterator::Rule         0        1.015   
    Path::Tiny                   0        0.144   
    perl                         5.018000 5.037010
    Perl::Tidy                   20220613 20230309
    Pod::Usage                   0        2.03    
    PPI                          1.276    1.276   
    PPI::Document                0        1.276   
    PPIx::Utils::Classification  0        0.003   
    Ref::Util                    0        0.204   
    Sereal::Decoder              0        5.003   
    Sereal::Encoder              0        5.003   
    strict                       0        1.12    
    Sub::HandlesVia              0        0.046   
    Symbol::Get                  0.10     0.10    
    Text::Diff                   0        1.45    
    Text::SimpleTable::AutoWidth 0        0.09    
    TOML::Tiny                   0        0.15    
    Try::Tiny                    0        0.31    
    Types::Standard              0        2.002001
    utf8                         0        1.25    
    warnings                     0        1.63    

build_requires:

    Module                       Need     Have    
    ---------------------------- -------- --------
    ExtUtils::MakeMaker          0        7.70    
    File::pushd                  0        1.016   
    File::Spec                   0        3.88    
    lib                          0        0.65    
    Log::Dispatch::Array         0        1.005   
    PPI::Dumper                  0        1.276   
    Sub::Exporter                0        0.989   
    Test::Differences            0        0.69    
    Test::Fatal                  0        0.017   
    Test::More                   0        1.302194
    Test::Needs                  0        0.002010
    Test::RequiresInternet       0        0.05    
    Test::Script                 1.29     1.29    
    Test::Warnings               0        0.031   

configure_requires:

    Module                       Need     Have    
    ---------------------------- -------- --------
    ExtUtils::MakeMaker          0        7.70    
    perl                         v5.10.0  5.037010


------------------------------
ENVIRONMENT AND OTHER CONTEXT
------------------------------

Environment variables:

    AUTOMATED_TESTING = 1
    LANG = en_US.UTF-8
    LC_ADDRESS = de_DE.UTF-8
    LC_IDENTIFICATION = de_DE.UTF-8
    LC_MEASUREMENT = de_DE.UTF-8
    LC_MONETARY = de_DE.UTF-8
    LC_NAME = de_DE.UTF-8
    LC_NUMERIC = de_DE.UTF-8
    LC_PAPER = de_DE.UTF-8
    LC_TELEPHONE = de_DE.UTF-8
    LC_TIME = de_DE.UTF-8
    PATH = /home/sand/bin:/usr/local/bin:/usr/local/sbin:/usr/sbin:/usr/bin:/sbin:/bin:/usr/games:/usr/local/games:/snap/bin:/usr/local/perl/bin:/usr/X11/bin
    PERL = /tmp/basesmoker-reloperl-ABGN/bin/perl
    PERL5LIB = /tmp/loop_over_bdir-95083-HAJg94/Debian-Packages-0.03-0/blib/arch:/tmp/loop_over_bdir-95083-HAJg94/Debian-Packages-0.03-0/blib/lib:/tmp/loop_over_bdir-95083-HAJg94/Net-ISP-Balance-1.31-0/blib/arch:/tmp/loop_over_bdir-95083-HAJg94/Net-ISP-Balance-1.31-0/blib/lib:/tmp/loop_over_bdir-95083-HAJg94/LCFG-Build-Skeleton-0.5.0-0/blib/arch:/tmp/loop_over_bdir-95083-HAJg94/LCFG-Build-Skeleton-0.5.0-0/blib/lib:/tmp/loop_over_bdir-95083-HAJg94/OSDial-3.0.2.124-0/blib/arch:/tmp/loop_over_bdir-95083-HAJg94/OSDial-3.0.2.124-0/blib/lib:/tmp/loop_over_bdir-95083-HAJg94/Captive-Portal-4.10-0/blib/arch:/tmp/loop_over_bdir-95083-HAJg94/Captive-Portal-4.10-0/blib/lib:/tmp/loop_over_bdir-95083-HAJg94/CORBA-Python-2.66-0/blib/arch:/tmp/loop_over_bdir-95083-HAJg94/CORBA-Python-2.66-0/blib/lib:/tmp/loop_over_bdir-95083-HAJg94/mmds-1.902-0/blib/arch:/tmp/loop_over_bdir-95083-HAJg94/mmds-1.902-0/blib/lib:/tmp/loop_over_bdir-95083-HAJg94/dta-tokwrap-0.98-0/blib/arch:/tmp/loop_over_bdir-95083-HAJg94/dta-tokwrap-0.98-0/blib/lib:/tmp/loop_over_bdir-95083-HAJg94/makepp-1.19-0/blib/arch:/tmp/loop_over_bdir-95083-HAJg94/makepp-1.19-0/blib/lib:/tmp/loop_over_bdir-95083-HAJg94/Lemonldap-NG-Cli-0.2-0/blib/arch:/tmp/loop_over_bdir-95083-HAJg94/Lemonldap-NG-Cli-0.2-0/blib/lib:/tmp/loop_over_bdir-95083-HAJg94/Lingua-BioYaTeA-0.11-0/blib/arch:/tmp/loop_over_bdir-95083-HAJg94/Lingua-BioYaTeA-0.11-0/blib/lib:/tmp/loop_over_bdir-95083-HAJg94/App-rmcd-0.280-0/blib/arch:/tmp/loop_over_bdir-95083-HAJg94/App-rmcd-0.280-0/blib/lib:/tmp/loop_over_bdir-95083-HAJg94/DBIx-Migration-Directories-0.12-0/blib/arch:/tmp/loop_over_bdir-95083-HAJg94/DBIx-Migration-Directories-0.12-0/blib/lib:/tmp/loop_over_bdir-95083-HAJg94/NoZone-1.3-0/blib/arch:/tmp/loop_over_bdir-95083-HAJg94/NoZone-1.3-0/blib/lib:/tmp/loop_over_bdir-95083-HAJg94/Lingua-YaTeA-0.626-0/blib/arch:/tmp/loop_over_bdir-95083-HAJg94/Lingua-YaTeA-0.626-0/blib/lib:/tmp/loop_over_bdir-95083-HAJg94/triceps-2.1.0-0/blib/arch:/tmp/loop_over_bdir-95083-HAJg94/triceps-2.1.0-0/blib/lib:/tmp/loop_over_bdir-95083-HAJg94/CGI-Application-NetNewsIface-0.0204-0/blib/arch:/tmp/loop_over_bdir-95083-HAJg94/CGI-Application-NetNewsIface-0.0204-0/blib/lib:/tmp/loop_over_bdir-95083-HAJg94/downsexta-0/blib/arch:/tmp/loop_over_bdir-95083-HAJg94/downsexta-0/blib/lib:/tmp/loop_over_bdir-95083-HAJg94/Business-Shipping-DataFiles-1.02-0/blib/arch:/tmp/loop_over_bdir-95083-HAJg94/Business-Shipping-DataFiles-1.02-0/blib/lib:/tmp/loop_over_bdir-95083-HAJg94/ProjectBuilder-0.14.1-0/blib/arch:/tmp/loop_over_bdir-95083-HAJg94/ProjectBuilder-0.14.1-0/blib/lib:/tmp/loop_over_bdir-95083-HAJg94/Simulation-Automate-1.0.1-0/blib/arch:/tmp/loop_over_bdir-95083-HAJg94/Simulation-Automate-1.0.1-0/blib/lib:/tmp/loop_over_bdir-95083-HAJg94/RDF-NLP-SPARQLQuery-0.1-0/blib/arch:/tmp/loop_over_bdir-95083-HAJg94/RDF-NLP-SPARQLQuery-0.1-0/blib/lib:/tmp/loop_over_bdir-95083-HAJg94/EJBCA-CrlPublish-0.60-0/blib/arch:/tmp/loop_over_bdir-95083-HAJg94/EJBCA-CrlPublish-0.60-0/blib/lib:/tmp/loop_over_bdir-95083-HAJg94/shishi-0.0.1-0/blib/arch:/tmp/loop_over_bdir-95083-HAJg94/shishi-0.0.1-0/blib/lib:/tmp/loop_over_bdir-95083-HAJg94/Dpkg-1.21.19-0/blib/arch:/tmp/loop_over_bdir-95083-HAJg94/Dpkg-1.21.19-0/blib/lib:/tmp/loop_over_bdir-95083-HAJg94/perl-Hardware-UPS-Perl-0.43-0/blib/arch:/tmp/loop_over_bdir-95083-HAJg94/perl-Hardware-UPS-Perl-0.43-0/blib/lib:/tmp/loop_over_bdir-95083-HAJg94/HTML-Menu-TreeView-1.22-0/blib/arch:/tmp/loop_over_bdir-95083-HAJg94/HTML-Menu-TreeView-1.22-0/blib/lib:/tmp/loop_over_bdir-95083-HAJg94/Net-OpenVPN-DDNS-0.1-0/blib/arch:/tmp/loop_over_bdir-95083-HAJg94/Net-OpenVPN-DDNS-0.1-0/blib/lib:/tmp/loop_over_bdir-95083-HAJg94/Devel-Required-0.16-0/blib/arch:/tmp/loop_over_bdir-95083-HAJg94/Devel-Required-0.16-0/blib/lib:/tmp/loop_over_bdir-95083-HAJg94/MP3-PodcastFetch-1.05-0/blib/arch:/tmp/loop_over_bdir-95083-HAJg94/MP3-PodcastFetch-1.05-0/blib/lib:/tmp/loop_over_bdir-95083-HAJg94/Linux-InitFS-0.2-0/blib/arch:/tmp/loop_over_bdir-95083-HAJg94/Linux-InitFS-0.2-0/blib/lib
    PERL5OPT = 
    PERL5_CPANPLUS_IS_RUNNING = 95091
    PERL5_CPAN_IS_RUNNING = 95091
    PERL_CANARY_STABILITY_NOPROMPT = 1
    PERL_MM_USE_DEFAULT = 1
    PERL_USE_UNSAFE_INC = 1
    SHELL = /usr/bin/zsh
    TERM = screen

Perl special variables (and OS-specific diagnostics, for MSWin32):

    $^X = /tmp/basesmoker-reloperl-ABGN/bin/perl
    $UID/$EUID = 1005 / 1005
    $GID = 1005 1005
    $EGID = 1005 1005

Perl module toolchain versions installed:

    Module              Have    
    ------------------- --------
    CPAN                2.34    
    CPAN::Meta          2.150010
    Cwd                 3.89    
    ExtUtils::CBuilder  0.280238
    ExtUtils::Command   7.70    
    ExtUtils::Install   2.22    
    ExtUtils::MakeMaker 7.70    
    ExtUtils::Manifest  1.73    
    ExtUtils::ParseXS   3.49    
    File::Spec          3.88    
    JSON                4.10    
    JSON::PP            4.16    
    Module::Build       0.4232  
    Module::Signature   0.88    
    Parse::CPAN::Meta   2.150010
    Test::Harness       3.44    
    Test::More          1.302194
    YAML                1.30    
    YAML::Syck          1.34    
    version             0.9929  


--

Summary of my perl5 (revision 5 version 37 subversion 10) configuration:
  Commit id: d62f5d9eddd273f5a82c0dbad932a8f4d18f9488
  Platform:
    osname=linux
    osvers=5.19.0-38-generic
    archname=x86_64-linux-thread-multi
    uname='linux k93jammy 5.19.0-38-generic #39~22.04.1-ubuntu smp preempt_dynamic fri mar 17 21:16:15 utc 2 x86_64 x86_64 x86_64 gnulinux '
    config_args='-Dprefix=/home/sand/src/perl/repoperls/installed-perls/host/k93jammy/v5.37.10/b4f3 -Dmyhostname=k93jammy -Dinstallusrbinperl=n -Uversiononly -Dusedevel -des -Ui_db -Dlibswanted=cl pthread socket inet nsl gdbm dbm malloc dl ld sun m crypt sec util c cposix posix ucb BSD gdbm_compat -Duseithreads -Uuselongdouble -DEBUGGING=-g'
    hint=recommended
    useposix=true
    d_sigaction=define
    useithreads=define
    usemultiplicity=define
    use64bitint=define
    use64bitall=define
    uselongdouble=undef
    usemymalloc=n
    default_inc_excludes_dot=define
  Compiler:
    cc='cc'
    ccflags ='-D_REENTRANT -D_GNU_SOURCE -fwrapv -fno-strict-aliasing -pipe -fstack-protector-strong -I/usr/local/include -D_LARGEFILE_SOURCE -D_FILE_OFFSET_BITS=64'
    optimize='-O2 -g'
    cppflags='-D_REENTRANT -D_GNU_SOURCE -fwrapv -fno-strict-aliasing -pipe -fstack-protector-strong -I/usr/local/include'
    ccversion=''
    gccversion='11.3.0'
    gccosandvers=''
    intsize=4
    longsize=8
    ptrsize=8
    doublesize=8
    byteorder=12345678
    doublekind=3
    d_longlong=define
    longlongsize=8
    d_longdbl=define
    longdblsize=16
    longdblkind=3
    ivtype='long'
    ivsize=8
    nvtype='double'
    nvsize=8
    Off_t='off_t'
    lseeksize=8
    alignbytes=8
    prototype=define
  Linker and Libraries:
    ld='cc'
    ldflags =' -fstack-protector-strong -L/usr/local/lib'
    libpth=/usr/local/lib /usr/lib/x86_64-linux-gnu /usr/lib /usr/lib64
    libs=-lpthread -lnsl -ldl -lm -lcrypt -lutil -lc
    perllibs=-lpthread -lnsl -ldl -lm -lcrypt -lutil -lc
    libc=/lib/x86_64-linux-gnu/libc.so.6
    so=so
    useshrplib=false
    libperl=libperl.a
    gnulibc_version='2.35'
  Dynamic Linking:
    dlsrc=dl_dlopen.xs
    dlext=so
    d_dlsymun=undef
    ccdlflags='-Wl,-E'
    cccdlflags='-fPIC'
    lddlflags='-shared -O2 -g -L/usr/local/lib -fstack-protector-strong'


Characteristics of this binary (from libperl): 
  Compile-time options:
    HAS_TIMES
    MULTIPLICITY
    PERLIO_LAYERS
    PERL_COPY_ON_WRITE
    PERL_DONT_CREATE_GVSV
    PERL_HASH_FUNC_SIPHASH13
    PERL_HASH_USE_SBOX32
    PERL_MALLOC_WRAP
    PERL_OP_PARENT
    PERL_PRESERVE_IVUV
    PERL_USE_DEVEL
    PERL_USE_SAFE_PUTENV
    USE_64_BIT_ALL
    USE_64_BIT_INT
    USE_ITHREADS
    USE_LARGE_FILES
    USE_LOCALE
    USE_LOCALE_COLLATE
    USE_LOCALE_CTYPE
    USE_LOCALE_NUMERIC
    USE_LOCALE_TIME
    USE_PERLIO
    USE_PERL_ATOF
    USE_REENTRANT_API
    USE_THREAD_SAFE_LOCALE
  Built under linux
  Compiled at Apr  1 2023 07:03:51
  %ENV:
    PERL="/tmp/basesmoker-reloperl-ABGN/bin/perl"
    PERL5LIB="/tmp/loop_over_bdir-95083-HAJg94/Debian-Packages-0.03-0/blib/arch:/tmp/loop_over_bdir-95083-HAJg94/Debian-Packages-0.03-0/blib/lib:/tmp/loop_over_bdir-95083-HAJg94/Net-ISP-Balance-1.31-0/blib/arch:/tmp/loop_over_bdir-95083-HAJg94/Net-ISP-Balance-1.31-0/blib/lib:/tmp/loop_over_bdir-95083-HAJg94/LCFG-Build-Skeleton-0.5.0-0/blib/arch:/tmp/loop_over_bdir-95083-HAJg94/LCFG-Build-Skeleton-0.5.0-0/blib/lib:/tmp/loop_over_bdir-95083-HAJg94/OSDial-3.0.2.124-0/blib/arch:/tmp/loop_over_bdir-95083-HAJg94/OSDial-3.0.2.124-0/blib/lib:/tmp/loop_over_bdir-95083-HAJg94/Captive-Portal-4.10-0/blib/arch:/tmp/loop_over_bdir-95083-HAJg94/Captive-Portal-4.10-0/blib/lib:/tmp/loop_over_bdir-95083-HAJg94/CORBA-Python-2.66-0/blib/arch:/tmp/loop_over_bdir-95083-HAJg94/CORBA-Python-2.66-0/blib/lib:/tmp/loop_over_bdir-95083-HAJg94/mmds-1.902-0/blib/arch:/tmp/loop_over_bdir-95083-HAJg94/mmds-1.902-0/blib/lib:/tmp/loop_over_bdir-95083-HAJg94/dta-tokwrap-0.98-0/blib/arch:/tmp/loop_over_bdir-95083-HAJg94/dta-tokwrap-0.98-0/blib/lib:/tmp/loop_over_bdir-95083-HAJg94/makepp-1.19-0/blib/arch:/tmp/loop_over_bdir-95083-HAJg94/makepp-1.19-0/blib/lib:/tmp/loop_over_bdir-95083-HAJg94/Lemonldap-NG-Cli-0.2-0/blib/arch:/tmp/loop_over_bdir-95083-HAJg94/Lemonldap-NG-Cli-0.2-0/blib/lib:/tmp/loop_over_bdir-95083-HAJg94/Lingua-BioYaTeA-0.11-0/blib/arch:/tmp/loop_over_bdir-95083-HAJg94/Lingua-BioYaTeA-0.11-0/blib/lib:/tmp/loop_over_bdir-95083-HAJg94/App-rmcd-0.280-0/blib/arch:/tmp/loop_over_bdir-95083-HAJg94/App-rmcd-0.280-0/blib/lib:/tmp/loop_over_bdir-95083-HAJg94/DBIx-Migration-Directories-0.12-0/blib/arch:/tmp/loop_over_bdir-95083-HAJg94/DBIx-Migration-Directories-0.12-0/blib/lib:/tmp/loop_over_bdir-95083-HAJg94/NoZone-1.3-0/blib/arch:/tmp/loop_over_bdir-95083-HAJg94/NoZone-1.3-0/blib/lib:/tmp/loop_over_bdir-95083-HAJg94/Lingua-YaTeA-0.626-0/blib/arch:/tmp/loop_over_bdir-95083-HAJg94/Lingua-YaTeA-0.626-0/blib/lib:/tmp/loop_over_bdir-95083-HAJg94/triceps-2.1.0-0/blib/arch:/tmp/loop_over_bdir-95083-HAJg94/triceps-2.1.0-0/blib/lib:/tmp/loop_over_bdir-95083-HAJg94/CGI-Application-NetNewsIface-0.0204-0/blib/arch:/tmp/loop_over_bdir-95083-HAJg94/CGI-Application-NetNewsIface-0.0204-0/blib/lib:/tmp/loop_over_bdir-95083-HAJg94/downsexta-0/blib/arch:/tmp/loop_over_bdir-95083-HAJg94/downsexta-0/blib/lib:/tmp/loop_over_bdir-95083-HAJg94/Business-Shipping-DataFiles-1.02-0/blib/arch:/tmp/loop_over_bdir-95083-HAJg94/Business-Shipping-DataFiles-1.02-0/blib/lib:/tmp/loop_over_bdir-95083-HAJg94/ProjectBuilder-0.14.1-0/blib/arch:/tmp/loop_over_bdir-95083-HAJg94/ProjectBuilder-0.14.1-0/blib/lib:/tmp/loop_over_bdir-95083-HAJg94/Simulation-Automate-1.0.1-0/blib/arch:/tmp/loop_over_bdir-95083-HAJg94/Simulation-Automate-1.0.1-0/blib/lib:/tmp/loop_over_bdir-95083-HAJg94/RDF-NLP-SPARQLQuery-0.1-0/blib/arch:/tmp/loop_over_bdir-95083-HAJg94/RDF-NLP-SPARQLQuery-0.1-0/blib/lib:/tmp/loop_over_bdir-95083-HAJg94/EJBCA-CrlPublish-0.60-0/blib/arch:/tmp/loop_over_bdir-95083-HAJg94/EJBCA-CrlPublish-0.60-0/blib/lib:/tmp/loop_over_bdir-95083-HAJg94/shishi-0.0.1-0/blib/arch:/tmp/loop_over_bdir-95083-HAJg94/shishi-0.0.1-0/blib/lib:/tmp/loop_over_bdir-95083-HAJg94/Dpkg-1.21.19-0/blib/arch:/tmp/loop_over_bdir-95083-HAJg94/Dpkg-1.21.19-0/blib/lib:/tmp/loop_over_bdir-95083-HAJg94/perl-Hardware-UPS-Perl-0.43-0/blib/arch:/tmp/loop_over_bdir-95083-HAJg94/perl-Hardware-UPS-Perl-0.43-0/blib/lib:/tmp/loop_over_bdir-95083-HAJg94/HTML-Menu-TreeView-1.22-0/blib/arch:/tmp/loop_over_bdir-95083-HAJg94/HTML-Menu-TreeView-1.22-0/blib/lib:/tmp/loop_over_bdir-95083-HAJg94/Net-OpenVPN-DDNS-0.1-0/blib/arch:/tmp/loop_over_bdir-95083-HAJg94/Net-OpenVPN-DDNS-0.1-0/blib/lib:/tmp/loop_over_bdir-95083-HAJg94/Devel-Required-0.16-0/blib/arch:/tmp/loop_over_bdir-95083-HAJg94/Devel-Required-0.16-0/blib/lib:/tmp/loop_over_bdir-95083-HAJg94/MP3-PodcastFetch-1.05-0/blib/arch:/tmp/loop_over_bdir-95083-HAJg94/MP3-PodcastFetch-1.05-0/blib/lib:/tmp/loop_over_bdir-95083-HAJg94/Linux-InitFS-0.2-0/blib/arch:/tmp/loop_over_bdir-95083-HAJg94/Linux-InitFS-0.2-0/blib/lib"
    PERL5OPT=""
    PERL5_CPANPLUS_IS_RUNNING="95091"
    PERL5_CPAN_IS_RUNNING="95091"
    PERL_CANARY_STABILITY_NOPROMPT="1"
    PERL_MM_USE_DEFAULT="1"
    PERL_USE_UNSAFE_INC="1"
  @INC:
    /tmp/loop_over_bdir-95083-HAJg94/Debian-Packages-0.03-0/blib/arch
    /tmp/loop_over_bdir-95083-HAJg94/Debian-Packages-0.03-0/blib/lib
    /tmp/loop_over_bdir-95083-HAJg94/Net-ISP-Balance-1.31-0/blib/arch
    /tmp/loop_over_bdir-95083-HAJg94/Net-ISP-Balance-1.31-0/blib/lib
    /tmp/loop_over_bdir-95083-HAJg94/LCFG-Build-Skeleton-0.5.0-0/blib/arch
    /tmp/loop_over_bdir-95083-HAJg94/LCFG-Build-Skeleton-0.5.0-0/blib/lib
    /tmp/loop_over_bdir-95083-HAJg94/OSDial-3.0.2.124-0/blib/arch
    /tmp/loop_over_bdir-95083-HAJg94/OSDial-3.0.2.124-0/blib/lib
    /tmp/loop_over_bdir-95083-HAJg94/Captive-Portal-4.10-0/blib/arch
    /tmp/loop_over_bdir-95083-HAJg94/Captive-Portal-4.10-0/blib/lib
    /tmp/loop_over_bdir-95083-HAJg94/CORBA-Python-2.66-0/blib/arch
    /tmp/loop_over_bdir-95083-HAJg94/CORBA-Python-2.66-0/blib/lib
    /tmp/loop_over_bdir-95083-HAJg94/mmds-1.902-0/blib/arch
    /tmp/loop_over_bdir-95083-HAJg94/mmds-1.902-0/blib/lib
    /tmp/loop_over_bdir-95083-HAJg94/dta-tokwrap-0.98-0/blib/arch
    /tmp/loop_over_bdir-95083-HAJg94/dta-tokwrap-0.98-0/blib/lib
    /tmp/loop_over_bdir-95083-HAJg94/makepp-1.19-0/blib/arch
    /tmp/loop_over_bdir-95083-HAJg94/makepp-1.19-0/blib/lib
    /tmp/loop_over_bdir-95083-HAJg94/Lemonldap-NG-Cli-0.2-0/blib/arch
    /tmp/loop_over_bdir-95083-HAJg94/Lemonldap-NG-Cli-0.2-0/blib/lib
    /tmp/loop_over_bdir-95083-HAJg94/Lingua-BioYaTeA-0.11-0/blib/arch
    /tmp/loop_over_bdir-95083-HAJg94/Lingua-BioYaTeA-0.11-0/blib/lib
    /tmp/loop_over_bdir-95083-HAJg94/App-rmcd-0.280-0/blib/arch
    /tmp/loop_over_bdir-95083-HAJg94/App-rmcd-0.280-0/blib/lib
    /tmp/loop_over_bdir-95083-HAJg94/DBIx-Migration-Directories-0.12-0/blib/arch
    /tmp/loop_over_bdir-95083-HAJg94/DBIx-Migration-Directories-0.12-0/blib/lib
    /tmp/loop_over_bdir-95083-HAJg94/NoZone-1.3-0/blib/arch
    /tmp/loop_over_bdir-95083-HAJg94/NoZone-1.3-0/blib/lib
    /tmp/loop_over_bdir-95083-HAJg94/Lingua-YaTeA-0.626-0/blib/arch
    /tmp/loop_over_bdir-95083-HAJg94/Lingua-YaTeA-0.626-0/blib/lib
    /tmp/loop_over_bdir-95083-HAJg94/triceps-2.1.0-0/blib/arch
    /tmp/loop_over_bdir-95083-HAJg94/triceps-2.1.0-0/blib/lib
    /tmp/loop_over_bdir-95083-HAJg94/CGI-Application-NetNewsIface-0.0204-0/blib/arch
    /tmp/loop_over_bdir-95083-HAJg94/CGI-Application-NetNewsIface-0.0204-0/blib/lib
    /tmp/loop_over_bdir-95083-HAJg94/downsexta-0/blib/arch
    /tmp/loop_over_bdir-95083-HAJg94/downsexta-0/blib/lib
    /tmp/loop_over_bdir-95083-HAJg94/Business-Shipping-DataFiles-1.02-0/blib/arch
    /tmp/loop_over_bdir-95083-HAJg94/Business-Shipping-DataFiles-1.02-0/blib/lib
    /tmp/loop_over_bdir-95083-HAJg94/ProjectBuilder-0.14.1-0/blib/arch
    /tmp/loop_over_bdir-95083-HAJg94/ProjectBuilder-0.14.1-0/blib/lib
    /tmp/loop_over_bdir-95083-HAJg94/Simulation-Automate-1.0.1-0/blib/arch
    /tmp/loop_over_bdir-95083-HAJg94/Simulation-Automate-1.0.1-0/blib/lib
    /tmp/loop_over_bdir-95083-HAJg94/RDF-NLP-SPARQLQuery-0.1-0/blib/arch
    /tmp/loop_over_bdir-95083-HAJg94/RDF-NLP-SPARQLQuery-0.1-0/blib/lib
    /tmp/loop_over_bdir-95083-HAJg94/EJBCA-CrlPublish-0.60-0/blib/arch
    /tmp/loop_over_bdir-95083-HAJg94/EJBCA-CrlPublish-0.60-0/blib/lib
    /tmp/loop_over_bdir-95083-HAJg94/shishi-0.0.1-0/blib/arch
    /tmp/loop_over_bdir-95083-HAJg94/shishi-0.0.1-0/blib/lib
    /tmp/loop_over_bdir-95083-HAJg94/Dpkg-1.21.19-0/blib/arch
    /tmp/loop_over_bdir-95083-HAJg94/Dpkg-1.21.19-0/blib/lib
    /tmp/loop_over_bdir-95083-HAJg94/perl-Hardware-UPS-Perl-0.43-0/blib/arch
    /tmp/loop_over_bdir-95083-HAJg94/perl-Hardware-UPS-Perl-0.43-0/blib/lib
    /tmp/loop_over_bdir-95083-HAJg94/HTML-Menu-TreeView-1.22-0/blib/arch
    /tmp/loop_over_bdir-95083-HAJg94/HTML-Menu-TreeView-1.22-0/blib/lib
    /tmp/loop_over_bdir-95083-HAJg94/Net-OpenVPN-DDNS-0.1-0/blib/arch
    /tmp/loop_over_bdir-95083-HAJg94/Net-OpenVPN-DDNS-0.1-0/blib/lib
    /tmp/loop_over_bdir-95083-HAJg94/Devel-Required-0.16-0/blib/arch
    /tmp/loop_over_bdir-95083-HAJg94/Devel-Required-0.16-0/blib/lib
    /tmp/loop_over_bdir-95083-HAJg94/MP3-PodcastFetch-1.05-0/blib/arch
    /tmp/loop_over_bdir-95083-HAJg94/MP3-PodcastFetch-1.05-0/blib/lib
    /tmp/loop_over_bdir-95083-HAJg94/Linux-InitFS-0.2-0/blib/arch
    /tmp/loop_over_bdir-95083-HAJg94/Linux-InitFS-0.2-0/blib/lib
    /home/sand/src/perl/repoperls/installed-perls/host/k93jammy/v5.37.10/b4f3/lib/site_perl/5.37.10/x86_64-linux-thread-multi
    /home/sand/src/perl/repoperls/installed-perls/host/k93jammy/v5.37.10/b4f3/lib/site_perl/5.37.10
    /home/sand/src/perl/repoperls/installed-perls/host/k93jammy/v5.37.10/b4f3/lib/5.37.10/x86_64-linux-thread-multi
    /home/sand/src/perl/repoperls/installed-perls/host/k93jammy/v5.37.10/b4f3/lib/5.37.10
    .