Yancy v1.087 Perl 5 v5.28.1 x86_64-linux
- Status
- Fail
- From
- Slaven Rezić
- Dist
-
Yancy v1.087
- Platform
- Perl 5 v5.28.1 x86_64-linux
- Date
- 2021-12-15 16:27:25
- ID
- e366948a-5dc3-11ec-95bd-8d341f24ea8f
This distribution has been tested as part of the CPAN Testers
project, supporting the Perl programming language. See
http://wiki.cpantesters.org/ for more information or email
questions to cpan-testers-discuss@perl.org
--
Dear Doug Bell,
This is a computer-generated report for Yancy-1.087
on perl 5.28.1, created by CPAN-Reporter-1.2018.
Thank you for uploading your work to CPAN. However, there was a problem
testing your distribution.
If you think this report is invalid, please consult the CPAN Testers Wiki
for suggestions on how to avoid getting FAIL reports for missing library
or binary dependencies, unsupported operating systems, and so on:
http://wiki.cpantesters.org/wiki/CPANAuthorNotes
Sections of this report:
* Tester comments
* Program output
* Prerequisites
* Environment and other context
------------------------------
TESTER COMMENTS
------------------------------
Additional comments from tester:
none provided
------------------------------
PROGRAM OUTPUT
------------------------------
Output from '/usr/bin/make test':
Skip blib/lib/auto/share/dist/Yancy/update_resources.sh (unchanged)
PERL_DL_NONLAZY=1 "/opt/perl-5.28.1/bin/perl" "-MExtUtils::Command::MM" "-MTest::Harness" "-e" "undef *Test::Harness::Switches; test_harness(0, 'blib/lib', 'blib/arch')" t/*.t t/backend/*.t t/command/backend/*.t t/controller/*.t t/examples/*.t t/plugin/*.t t/plugin/auth/*.t t/plugin/form/*.t
t/00-compile.t ............... ok
#
# Versions for all modules listed in MYMETA.json (including optional ones):
#
# === Configure Requires ===
#
# Module Want Have
# ----------------------- ---- ----
# ExtUtils::MakeMaker any 7.62
# File::ShareDir::Install 0.06 0.13
#
# === Configure Suggests ===
#
# Module Want Have
# -------- ------- ----
# JSON::PP 2.27300 4.06
#
# === Build Requires ===
#
# Module Want Have
# ------------------- ---- ----
# ExtUtils::MakeMaker any 7.62
#
# === Test Requires ===
#
# Module Want Have
# ------------------- -------- --------
# ExtUtils::MakeMaker any 7.62
# File::Spec any 3.75
# File::Temp 0.2307 0.2311
# IO::Handle any 1.48
# IPC::Open3 any 1.20
# Test::More 1.001005 1.302188
#
# === Test Recommends ===
#
# Module Want Have
# ---------- -------- --------
# CPAN::Meta 2.120900 2.150010
#
# === Runtime Requires ===
#
# Module Want Have
# ---------------------------- -------- --------
# Class::Method::Modifiers any 2.13
# Digest any 1.17_01
# Exporter any 5.73
# File::Spec::Functions any 3.75
# FindBin any 1.51
# JSON::Validator 5.00 5.04
# Mojolicious 9 9.22
# Mojolicious::Plugin::I18N 1.6 1.6
# Mojolicious::Plugin::OpenAPI 5.00 5.01
# Role::Tiny 2.000001 2.002004
# Scalar::Util any 1.60
# Sys::Hostname any 1.22
# Text::Balanced any 2.03
#
t/00-report-prereqs.t ........ ok
x-view is deprecated and will be removed in v2. Use Yancy::Model or your database's CREATE VIEW instead. at /home/cpansand/.cpan/build/2021121501/Yancy-1.087-1/blib/lib/Yancy/Model/Schema.pm line 283.
t/api.t ...................... ok
Can't locate object method "info" via package "Yancy::Model::Schema" at /opt/perl-5.28.1/lib/site_perl/5.28.1/Yancy/Plugin/OpenAPI.pm line 239.
t/app.t ......................
Dubious, test returned 255 (wstat 65280, 0xff00)
No subtests run
DBIx::Class::Storage::DBI::SQLite::_dbi_attrs_for_bind(): Non-integer value supplied for column 'me.id' despite the integer datatype at /home/cpansand/.cpan/build/2021121501/Yancy-1.087-1/blib/lib/Yancy/Backend/Dbic.pm line 174
datatype mismatch: bind param (0) DOES_NOT_EXIST as integer at /opt/perl-5.28.1/lib/site_perl/5.28.1/DBIx/Class/Storage/DBI.pm line 1958.
datatype mismatch: bind param (0) DOES_NOT_EXIST as integer at /opt/perl-5.28.1/lib/site_perl/5.28.1/DBIx/Class/Storage/DBI.pm line 1958.
datatype mismatch: bind param (0) DOES_NOT_EXIST as integer at /opt/perl-5.28.1/lib/site_perl/5.28.1/DBIx/Class/Storage/DBI.pm line 1958.
datatype mismatch: bind param (0) DOES_NOT_EXIST as integer at /opt/perl-5.28.1/lib/site_perl/5.28.1/DBIx/Class/Storage/DBI.pm line 1958.
datatype mismatch: bind param (0) DOES_NOT_EXIST as integer at /opt/perl-5.28.1/lib/site_perl/5.28.1/DBIx/Class/Storage/DBI.pm line 1958.
datatype mismatch: bind param (0) DOES_NOT_EXIST as integer at /opt/perl-5.28.1/lib/site_perl/5.28.1/DBIx/Class/Storage/DBI.pm line 1958.
t/backend/dbic.t ............. ok
t/backend/memory.t ........... ok
t/backend/mysql.t ............ skipped: set TEST_ONLINE_MYSQL to enable this test
t/backend/pg.t ............... skipped: Mojo::Pg >= 3.0 required for this test
t/backend/sqlite.t ........... ok
x-view is deprecated and will be removed in v2. Use Yancy::Model or your database's CREATE VIEW instead. at /home/cpansand/.cpan/build/2021121501/Yancy-1.087-1/blib/lib/Yancy/Model/Schema.pm line 283.
t/command/backend/copy.t ..... ok
x-view is deprecated and will be removed in v2. Use Yancy::Model or your database's CREATE VIEW instead. at /home/cpansand/.cpan/build/2021121501/Yancy-1.087-1/blib/lib/Yancy/Model/Schema.pm line 283.
t/config.t ................... ok
x-view is deprecated and will be removed in v2. Use Yancy::Model or your database's CREATE VIEW instead. at /home/cpansand/.cpan/build/2021121501/Yancy-1.087-1/blib/lib/Yancy/Model/Schema.pm line 283.
t/controller/multi_tenant.t .. ok
x-view is deprecated and will be removed in v2. Use Yancy::Model or your database's CREATE VIEW instead. at /home/cpansand/.cpan/build/2021121501/Yancy-1.087-1/blib/lib/Yancy/Model/Schema.pm line 283.
t/controller/yancy.t ......... ok
t/examples/doc-site.t ........ skipped: Set TEST_YANCY_EXAMPLES to run these tests
t/examples/limited-editor.t .. skipped: Set TEST_YANCY_EXAMPLES to run these tests
t/examples/test-app.t ........ skipped: Set TEST_YANCY_EXAMPLES to run these tests
t/examples/todo-app.t ........ skipped: Set TEST_YANCY_EXAMPLES to run these tests
x-view is deprecated and will be removed in v2. Use Yancy::Model or your database's CREATE VIEW instead. at /home/cpansand/.cpan/build/2021121501/Yancy-1.087-1/blib/lib/Yancy/Model/Schema.pm line 283.
[2021-12-15 01:25:56.83810] [628509] [fatal] [6gww3VZE0ACO] Unknown filter: DOES.NOT.EXIST (schema: user, field: email) at /home/cpansand/.cpan/build/2021121501/Yancy-1.087-1/blib/lib/Mojolicious/Plugin/Yancy.pm line 889.
t/filter.t ................... ok
x-view is deprecated and will be removed in v2. Use Yancy::Model or your database's CREATE VIEW instead. at /home/cpansand/.cpan/build/2021121501/Yancy-1.087-1/blib/lib/Yancy/Model/Schema.pm line 283.
t/helpers.t .................. ok
x-view is deprecated and will be removed in v2. Use Yancy::Model or your database's CREATE VIEW instead. at /home/cpansand/.cpan/build/2021121501/Yancy-1.087-1/blib/lib/Yancy/Model/Schema.pm line 283.
t/i18n.t ..................... ok
t/model.t .................... ok
x-view is deprecated and will be removed in v2. Use Yancy::Model or your database's CREATE VIEW instead. at /home/cpansand/.cpan/build/2021121501/Yancy-1.087-1/blib/lib/Yancy/Model/Schema.pm line 283.
t/plugin/auth.t .............. ok
x-view is deprecated and will be removed in v2. Use Yancy::Model or your database's CREATE VIEW instead. at /home/cpansand/.cpan/build/2021121501/Yancy-1.087-1/blib/lib/Yancy/Model/Schema.pm line 283.
The Auth::Basic plugin is deprecated and will be removed in Yancy v2.000. Please migrate to the Auth::Password module.
at /home/cpansand/.cpan/build/2021121501/Yancy-1.087-1/blib/lib/Yancy/Plugin/Auth/Basic.pm line 256.
t/plugin/auth/basic.t ........ ok
x-view is deprecated and will be removed in v2. Use Yancy::Model or your database's CREATE VIEW instead. at /home/cpansand/.cpan/build/2021121501/Yancy-1.087-1/blib/lib/Yancy/Model/Schema.pm line 283.
t/plugin/auth/github.t ....... ok
x-view is deprecated and will be removed in v2. Use Yancy::Model or your database's CREATE VIEW instead. at /home/cpansand/.cpan/build/2021121501/Yancy-1.087-1/blib/lib/Yancy/Model/Schema.pm line 283.
t/plugin/auth/oauth2.t ....... ok
x-view is deprecated and will be removed in v2. Use Yancy::Model or your database's CREATE VIEW instead. at /home/cpansand/.cpan/build/2021121501/Yancy-1.087-1/blib/lib/Yancy/Model/Schema.pm line 283.
t/plugin/auth/password.t ..... ok
x-view is deprecated and will be removed in v2. Use Yancy::Model or your database's CREATE VIEW instead. at /home/cpansand/.cpan/build/2021121501/Yancy-1.087-1/blib/lib/Yancy/Model/Schema.pm line 283.
t/plugin/auth/token.t ........ ok
# Failed test 'error message is useful'
# at t/plugin/editor.t line 141.
# 'Can't locate object method "info" via package "Yancy::Model::Schema" at /opt/perl-5.28.1/lib/site_perl/5.28.1/Yancy/Plugin/OpenAPI.pm line 239.
# '
# doesn't match '(?^u:Column "[^']+" in x-list-columns does not exist)'
# Failed test 'error message is useful'
# at t/plugin/editor.t line 162.
# 'Can't locate object method "info" via package "Yancy::Model::Schema" at /opt/perl-5.28.1/lib/site_perl/5.28.1/Yancy/Plugin/OpenAPI.pm line 239.
# '
# doesn't match '(?^u:Column "[^"]+" in x-list-columns template does not exist)'
# Looks like you failed 2 tests of 4.
# Failed test 'x-list-columns that don't exist'
# at t/plugin/editor.t line 164.
# Looks like you failed 1 test of 1.
# Failed test 'config sanity checks'
# at t/plugin/editor.t line 166.
# Looks like you failed 1 test of 4.
t/plugin/editor.t ............
Dubious, test returned 1 (wstat 256, 0x100)
Failed 1/4 subtests
x-view is deprecated and will be removed in v2. Use Yancy::Model or your database's CREATE VIEW instead. at /home/cpansand/.cpan/build/2021121501/Yancy-1.087-1/blib/lib/Yancy/Model/Schema.pm line 283.
[2021-12-15 01:26:06.82988] [628520] [warn] *** Cannot verify that admin editor is behind authentication.
Add a Yancy Auth plugin, add a `route` to the Yancy plugin config,
or set `editor.require_user => undef` to silence this warning
t/plugin/file.t .............. ok
x-view is deprecated and will be removed in v2. Use Yancy::Model or your database's CREATE VIEW instead. at /home/cpansand/.cpan/build/2021121501/Yancy-1.087-1/blib/lib/Yancy/Model/Schema.pm line 283.
[2021-12-15 01:26:07.64467] [628521] [warn] [5Xb5Vb-YiZz9] form_for() called with incomplete request. CSRF token may not validate!
t/plugin/form/bootstrap4.t ... ok
x-view is deprecated and will be removed in v2. Use Yancy::Model or your database's CREATE VIEW instead. at /home/cpansand/.cpan/build/2021121501/Yancy-1.087-1/blib/lib/Yancy/Model/Schema.pm line 283.
t/plugin/roles.t ............. ok
# Could not load Pg backend: Mojo::Pg version 4.03 or higher required
# BEGIN failed--compilation aborted at /home/cpansand/.cpan/build/2021121501/Yancy-1.087-1/blib/lib/Yancy/Backend/Pg.pm line 128.
# Compilation failed in require at t/register.t line 37.
t/register.t ................. ok
t/util.t ..................... ok
Test Summary Report
-------------------
t/app.t (Wstat: 65280 Tests: 0 Failed: 0)
Non-zero exit status: 255
Parse errors: No plan found in TAP output
t/plugin/editor.t (Wstat: 256 Tests: 4 Failed: 1)
Failed test: 4
Non-zero exit status: 1
Files=33, Tests=235, 37 wallclock secs ( 0.81 usr 0.14 sys + 29.61 cusr 3.01 csys = 33.57 CPU)
Result: FAIL
Failed 2/33 test programs. 1/235 subtests failed.
make: *** [Makefile:1103: test_dynamic] Error 255
------------------------------
PREREQUISITES
------------------------------
Prerequisite modules loaded:
requires:
Module Need Have
---------------------------- -------- --------
Class::Method::Modifiers 0 2.13
Digest 0 1.17_01
Exporter 0 5.73
File::Spec::Functions 0 3.75
FindBin 0 1.51
JSON::Validator 5.00 5.04
Mojolicious 9 9.22
Mojolicious::Plugin::I18N 1.6 1.6
Mojolicious::Plugin::OpenAPI 5.00 5.01
perl 5.016 5.028001
Role::Tiny 2.000001 2.002004
Scalar::Util 0 1.60
Sys::Hostname 0 1.22
Text::Balanced 0 2.03
build_requires:
Module Need Have
---------------------------- -------- --------
ExtUtils::MakeMaker 0 7.62
File::Spec 0 3.75
File::Temp 0.2307 0.2311
IO::Handle 0 1.48
IPC::Open3 0 1.20
Test::More 1.001005 1.302188
configure_requires:
Module Need Have
---------------------------- -------- --------
ExtUtils::MakeMaker 0 7.62
File::ShareDir::Install 0.06 0.13
------------------------------
ENVIRONMENT AND OTHER CONTEXT
------------------------------
Environment variables:
LANG = en_US.UTF-8
PATH = /usr/local/bin:/usr/bin:/bin:/usr/local/sbin:/usr/sbin:/sbin:/home/cpansand/bin/linux-gnu:/home/cpansand/bin/sh:/home/cpansand/bin:/usr/games:/home/cpansand/devel:/home/eserte/src/srezic-misc/scripts
PERL5LIB =
PERL5OPT =
PERL5_CPANPLUS_IS_RUNNING = 628327
PERL5_CPAN_IS_RUNNING = 628327
PERL5_CPAN_IS_RUNNING_IN_RECURSION = 578009,628327
PERLDOC = -MPod::Perldoc::ToTextOverstrike
PERL_BATCH = yes
PERL_CANARY_STABILITY_NOPROMPT = 1
PERL_CPAN_REPORTER_CONFIG = /var/tmp/cpansmoker-1023/2021121500/cpanreporter_000_config.ini
PERL_EXTUTILS_AUTOINSTALL = --defaultdeps
PERL_USE_UNSAFE_INC = 1
SHELL = /usr/bin/zsh
TERM = screen
TMPDIR = /var/tmp/cpansmoker-1023/2021121500
Perl special variables (and OS-specific diagnostics, for MSWin32):
$^X = /opt/perl-5.28.1/bin/perl
$UID/$EUID = 1023 / 1023
$GID = 1023 1023
$EGID = 1023 1023
Perl module toolchain versions installed:
Module Have
------------------- --------
CPAN 2.20
CPAN::Meta 2.150010
Cwd 3.75
ExtUtils::CBuilder 0.280236
ExtUtils::Command 7.62
ExtUtils::Install 2.14
ExtUtils::MakeMaker 7.62
ExtUtils::Manifest 1.70
ExtUtils::ParseXS 3.39
File::Spec 3.75
JSON 4.03
JSON::PP 4.06
Module::Build 0.4231
Module::Signature 0.87
Parse::CPAN::Meta 2.150010
Test::Harness 3.42
Test::More 1.302188
YAML 1.27
YAML::Syck 1.31
version 0.9923
--
Summary of my perl5 (revision 5 version 28 subversion 1) configuration:
Platform:
osname=linux
osvers=4.18.16-200.fc28.x86_64
archname=x86_64-linux
uname='linux fedora-4gb-hel1-1 4.18.16-200.fc28.x86_64 #1 smp sat oct 20 23:53:47 utc 2018 x86_64 x86_64 x86_64 gnulinux '
config_args='-ds -e -Dprefix=/opt/perl-5.28.1 -Dcf_email=srezic@cpan.org'
hint=recommended
useposix=true
d_sigaction=define
useithreads=undef
usemultiplicity=undef
use64bitint=define
use64bitall=define
uselongdouble=undef
usemymalloc=n
default_inc_excludes_dot=define
bincompat5005=undef
Compiler:
cc='cc'
ccflags ='-fwrapv -fno-strict-aliasing -pipe -fstack-protector-strong -I/usr/local/include -D_LARGEFILE_SOURCE -D_FILE_OFFSET_BITS=64'
optimize='-O2'
cppflags='-fwrapv -fno-strict-aliasing -pipe -fstack-protector-strong -I/usr/local/include'
ccversion=''
gccversion='8.2.1 20181105 (Red Hat 8.2.1-5)'
gccosandvers=''
intsize=4
longsize=8
ptrsize=8
doublesize=8
byteorder=12345678
doublekind=3
d_longlong=define
longlongsize=8
d_longdbl=define
longdblsize=16
longdblkind=3
ivtype='long'
ivsize=8
nvtype='double'
nvsize=8
Off_t='off_t'
lseeksize=8
alignbytes=8
prototype=define
Linker and Libraries:
ld='cc'
ldflags =' -fstack-protector-strong -L/usr/local/lib'
libpth=/usr/local/lib /usr/lib /lib/../lib64 /usr/lib/../lib64 /lib /lib64 /usr/lib64 /usr/local/lib64
libs=-lpthread -ldb -ldl -lm -lcrypt -lutil -lc
perllibs=-lpthread -ldl -lm -lcrypt -lutil -lc
libc=libc-2.27.so
so=so
useshrplib=false
libperl=libperl.a
gnulibc_version='2.27'
Dynamic Linking:
dlsrc=dl_dlopen.xs
dlext=so
d_dlsymun=undef
ccdlflags='-Wl,-E'
cccdlflags='-fPIC'
lddlflags='-shared -O2 -L/usr/local/lib -fstack-protector-strong'
Characteristics of this binary (from libperl):
Compile-time options:
HAS_TIMES
PERLIO_LAYERS
PERL_COPY_ON_WRITE
PERL_DONT_CREATE_GVSV
PERL_MALLOC_WRAP
PERL_OP_PARENT
PERL_PRESERVE_IVUV
USE_64_BIT_ALL
USE_64_BIT_INT
USE_LARGE_FILES
USE_LOCALE
USE_LOCALE_COLLATE
USE_LOCALE_CTYPE
USE_LOCALE_NUMERIC
USE_LOCALE_TIME
USE_PERLIO
USE_PERL_ATOF
Built under linux
Compiled at Nov 29 2018 21:12:20
%ENV:
PERL5LIB=""
PERL5OPT=""
PERL5_CPANPLUS_IS_RUNNING="628327"
PERL5_CPAN_IS_RUNNING="628327"
PERL5_CPAN_IS_RUNNING_IN_RECURSION="578009,628327"
PERLDOC="-MPod::Perldoc::ToTextOverstrike"
PERL_BATCH="yes"
PERL_CANARY_STABILITY_NOPROMPT="1"
PERL_CPAN_REPORTER_CONFIG="/var/tmp/cpansmoker-1023/2021121500/cpanreporter_000_config.ini"
PERL_EXTUTILS_AUTOINSTALL="--defaultdeps"
PERL_USE_UNSAFE_INC="1"
@INC:
/opt/perl-5.28.1/lib/site_perl/5.28.1/x86_64-linux
/opt/perl-5.28.1/lib/site_perl/5.28.1
/opt/perl-5.28.1/lib/5.28.1/x86_64-linux
/opt/perl-5.28.1/lib/5.28.1
.