urpmi vv8.128.1 Perl 5 v5.32.1 x86_64-linux-thread-multi
- Status
- Fail
- From
- Thierry Vignaud
- Dist
-
urpmi vv8.128.1
- Platform
- Perl 5 v5.32.1 x86_64-linux-thread-multi
- Date
- 2022-12-15 15:33:56
- ID
- e3315010-7c8d-11ed-9330-462cac5fa94c
This distribution has been tested as part of the CPAN Testers
project, supporting the Perl programming language. See
http://wiki.cpantesters.org/ for more information or email
questions to cpan-testers-discuss@perl.org
--
Dear Thierry Vignaud,
This is a computer-generated report for urpmi-v8.128.1
on perl 5.32.1, created by CPAN-Reporter-1.2018.
Thank you for uploading your work to CPAN. However, there was a problem
testing your distribution.
If you think this report is invalid, please consult the CPAN Testers Wiki
for suggestions on how to avoid getting FAIL reports for missing library
or binary dependencies, unsupported operating systems, and so on:
http://wiki.cpantesters.org/wiki/CPANAuthorNotes
Sections of this report:
* Tester comments
* Program output
* Prerequisites
* Environment and other context
------------------------------
TESTER COMMENTS
------------------------------
Additional comments from tester:
none provided
------------------------------
PROGRAM OUTPUT
------------------------------
Output from '/bin/make test':
Skip blib/lib/urpm/parallel.pm (unchanged)
Skip blib/lib/urpm/bug_report.pm (unchanged)
Skip blib/lib/urpm/prompt.pm (unchanged)
Skip blib/lib/urpm/media.pm (unchanged)
Skip blib/lib/urpm/download.pm (unchanged)
Skip blib/lib/urpm/xml_info_pkg.pm (unchanged)
Skip blib/lib/urpm/parallel_ka_run.pm (unchanged)
Skip blib/lib/gurpm/RPMProgressDialog.pm (unchanged)
Skip blib/lib/urpm/signature.pm (unchanged)
Skip blib/lib/urpm/parallel_ssh.pm (unchanged)
Skip blib/lib/urpm.pm (unchanged)
Skip blib/lib/urpm/md5sum.pm (unchanged)
Skip blib/lib/urpm/removable.pm (unchanged)
Skip blib/lib/urpm/get_pkgs.pm (unchanged)
Skip blib/lib/urpm/cfg.pm (unchanged)
Skip blib/lib/urpm/cdrom.pm (unchanged)
Skip blib/lib/urpm/select.pm (unchanged)
Skip blib/lib/urpm/sys.pm (unchanged)
Skip blib/lib/urpm/orphans.pm (unchanged)
Skip blib/lib/urpm/README.ssh (unchanged)
Skip blib/lib/urpm/lock.pm (unchanged)
Skip blib/lib/urpm/install.pm (unchanged)
Skip blib/lib/urpmi.pm (unchanged)
Skip blib/lib/urpm/xml_info.pm (unchanged)
Skip blib/lib/urpm/main_loop.pm (unchanged)
Skip blib/lib/urpm/util.pm (unchanged)
Skip blib/lib/urpm/ldap.pm (unchanged)
Skip blib/lib/urpm/msg.pm (unchanged)
Skip blib/lib/urpm/args.pm (unchanged)
Skip blib/lib/urpm/README.ka-run (unchanged)
Skip blib/lib/urpm/mirrors.pm (unchanged)
PERL_DL_NONLAZY=1 PERL_USE_UNSAFE_INC=1 "/usr/bin/perl5.32.1" "-MExtUtils::Command::MM" "-MTest::Harness" "-e" "undef *Test::Harness::Switches; test_harness(0, 'blib/lib', 'blib/arch')" t/*.t
t/01compile.t ................................................... ok
>> RPM version is: RPM version 4.16.1.3
/bin/ld: cannot find -lc
collect2: error: ld returned 1 exit status
4818 blocks
warning: line 7: It's not recommended to have unversioned Obsoletes: Obsoletes: bb
t/02create_pkgs.t ............................................... ok
t/03kwality.t ................................................... skipped: These tests are for authors only!
t/cfg.t ......................................................... ok
t/pod.t ......................................................... ok
unable to access medium "reconfig".
# Failed test 'perl -I.. ../urpmi.addmedia --no-verify-rpm --urpmi-root /root/.cpan/build/urpmi-v8.128.1-0/t/root -q reconfig /root/.cpan/build/urpmi-v8.128.1-0/t/media/reconfig'
# at t/helper.pm line 151.
# Failed test 'have wanted number'
# at t/superuser--addmedia.t line 136.
# got: '0'
# expected: '1'
No package named various
# Failed test 'perl -I.. ../urpmi --urpmi-root /root/.cpan/build/urpmi-v8.128.1-0/t/root -q --ignoresize various'
# at t/helper.pm line 151.
# Failed test 'pkgs are installed (fullnames)'
# at t/helper.pm line 185.
# got: ''
# expected: 'various
# '
error: package various is not installed
# Failed test 'rpm --root /root/.cpan/build/urpmi-v8.128.1-0/t/root -e various'
# at t/helper.pm line 151.
nothing to remove (use urpmi.addmedia to add a media)
unable to access medium "various".
# Failed test 'perl -I.. ../urpmi.addmedia --no-verify-rpm --urpmi-root /root/.cpan/build/urpmi-v8.128.1-0/t/root -q various /root/.cpan/build/urpmi-v8.128.1-0/t/media/various '
# at t/helper.pm line 151.
# Failed test 'have wanted number'
# at t/superuser--addmedia.t line 136.
# got: '0'
# expected: '1'
No package named various
# Failed test 'perl -I.. ../urpmi --urpmi-root /root/.cpan/build/urpmi-v8.128.1-0/t/root -q --ignoresize various'
# at t/helper.pm line 151.
# Failed test 'pkgs are installed (fullnames)'
# at t/helper.pm line 185.
# got: ''
# expected: 'various
# '
error: package various is not installed
# Failed test 'rpm --root /root/.cpan/build/urpmi-v8.128.1-0/t/root -e various'
# at t/helper.pm line 151.
unable to access medium "various2".
# Failed test 'perl -I.. ../urpmi.addmedia --no-verify-rpm --urpmi-root /root/.cpan/build/urpmi-v8.128.1-0/t/root -q various2 /root/.cpan/build/urpmi-v8.128.1-0/t/media/various2 '
# at t/helper.pm line 151.
# Failed test 'have wanted number'
# at t/superuser--addmedia.t line 136.
# got: '0'
# expected: '2'
No package named various
No package named various2
# Failed test 'perl -I.. ../urpmi --urpmi-root /root/.cpan/build/urpmi-v8.128.1-0/t/root -q --ignoresize various various2'
# at t/helper.pm line 151.
# Failed test 'pkgs are installed (fullnames)'
# at t/helper.pm line 185.
# got: ''
# expected: 'various
# various2
# '
error: package various is not installed
error: package various2 is not installed
# Failed test 'rpm --root /root/.cpan/build/urpmi-v8.128.1-0/t/root -e various various2'
# at t/helper.pm line 151.
trying to select nonexistent medium "various2"
# Failed test 'perl -I.. ../urpmi.removemedia --urpmi-root /root/.cpan/build/urpmi-v8.128.1-0/t/root -q various2'
# at t/helper.pm line 151.
trying to select nonexistent medium "various"
# Failed test 'perl -I.. ../urpmi.removemedia --urpmi-root /root/.cpan/build/urpmi-v8.128.1-0/t/root -q various'
# at t/helper.pm line 151.
unable to access medium "various".
# Failed test 'perl -I.. ../urpmi.addmedia --no-verify-rpm --urpmi-root /root/.cpan/build/urpmi-v8.128.1-0/t/root -q various /root/.cpan/build/urpmi-v8.128.1-0/t/media/various --virtual '
# at t/helper.pm line 151.
# Failed test 'have wanted number'
# at t/superuser--addmedia.t line 136.
# got: '0'
# expected: '1'
# Failed test 'virtual'
# at t/superuser--addmedia.t line 140.
# got: undef
# expected: '1'
No package named various
# Failed test 'perl -I.. ../urpmi --urpmi-root /root/.cpan/build/urpmi-v8.128.1-0/t/root -q --ignoresize various'
# at t/helper.pm line 151.
# Failed test 'pkgs are installed (fullnames)'
# at t/helper.pm line 185.
# got: ''
# expected: 'various
# '
error: package various is not installed
# Failed test 'rpm --root /root/.cpan/build/urpmi-v8.128.1-0/t/root -e various'
# at t/helper.pm line 151.
unable to access medium "various2".
# Failed test 'perl -I.. ../urpmi.addmedia --no-verify-rpm --urpmi-root /root/.cpan/build/urpmi-v8.128.1-0/t/root -q various2 /root/.cpan/build/urpmi-v8.128.1-0/t/media/various2 --virtual '
# at t/helper.pm line 151.
# Failed test 'have wanted number'
# at t/superuser--addmedia.t line 136.
# got: '0'
# expected: '2'
# Failed test 'virtual'
# at t/superuser--addmedia.t line 140.
# got: undef
# expected: '1'
# Failed test 'virtual'
# at t/superuser--addmedia.t line 140.
# got: undef
# expected: '1'
No package named various
No package named various2
# Failed test 'perl -I.. ../urpmi --urpmi-root /root/.cpan/build/urpmi-v8.128.1-0/t/root -q --ignoresize various various2'
# at t/helper.pm line 151.
# Failed test 'pkgs are installed (fullnames)'
# at t/helper.pm line 185.
# got: ''
# expected: 'various
# various2
# '
error: package various is not installed
error: package various2 is not installed
# Failed test 'rpm --root /root/.cpan/build/urpmi-v8.128.1-0/t/root -e various various2'
# at t/helper.pm line 151.
trying to select nonexistent medium "various2"
# Failed test 'perl -I.. ../urpmi.removemedia --urpmi-root /root/.cpan/build/urpmi-v8.128.1-0/t/root -q various2'
# at t/helper.pm line 151.
trying to select nonexistent medium "various"
# Failed test 'perl -I.. ../urpmi.removemedia --urpmi-root /root/.cpan/build/urpmi-v8.128.1-0/t/root -q various'
# at t/helper.pm line 151.
no *.rpm found in /root/.cpan/build/urpmi-v8.128.1-0/t/media/various (use --allow-empty-media?)
genhdlist2 failed on /root/.cpan/build/urpmi-v8.128.1-0/t/media/various
# Failed test 'perl -I.. ../urpmi.addmedia --no-verify-rpm --urpmi-root /root/.cpan/build/urpmi-v8.128.1-0/t/root -q various /root/.cpan/build/urpmi-v8.128.1-0/t/media/various --probe-rpms'
# at t/helper.pm line 151.
# Failed test 'have wanted number'
# at t/superuser--addmedia.t line 136.
# got: '0'
# expected: '1'
# Failed test 'no-media-info'
# at t/superuser--addmedia.t line 140.
# got: undef
# expected: '1'
No package named various
# Failed test 'perl -I.. ../urpmi --urpmi-root /root/.cpan/build/urpmi-v8.128.1-0/t/root -q --ignoresize various'
# at t/helper.pm line 151.
# Failed test 'pkgs are installed (fullnames)'
# at t/helper.pm line 185.
# got: ''
# expected: 'various
# '
error: package various is not installed
# Failed test 'rpm --root /root/.cpan/build/urpmi-v8.128.1-0/t/root -e various'
# at t/helper.pm line 151.
no *.rpm found in /root/.cpan/build/urpmi-v8.128.1-0/t/media/various2 (use --allow-empty-media?)
genhdlist2 failed on /root/.cpan/build/urpmi-v8.128.1-0/t/media/various2
# Failed test 'perl -I.. ../urpmi.addmedia --no-verify-rpm --urpmi-root /root/.cpan/build/urpmi-v8.128.1-0/t/root -q various2 /root/.cpan/build/urpmi-v8.128.1-0/t/media/various2 --probe-rpms'
# at t/helper.pm line 151.
# Failed test 'have wanted number'
# at t/superuser--addmedia.t line 136.
# got: '0'
# expected: '2'
# Failed test 'no-media-info'
# at t/superuser--addmedia.t line 140.
# got: undef
# expected: '1'
# Failed test 'no-media-info'
# at t/superuser--addmedia.t line 140.
# got: undef
# expected: '1'
No package named various
No package named various2
# Failed test 'perl -I.. ../urpmi --urpmi-root /root/.cpan/build/urpmi-v8.128.1-0/t/root -q --ignoresize various various2'
# at t/helper.pm line 151.
# Failed test 'pkgs are installed (fullnames)'
# at t/helper.pm line 185.
# got: ''
# expected: 'various
# various2
# '
error: package various is not installed
error: package various2 is not installed
# Failed test 'rpm --root /root/.cpan/build/urpmi-v8.128.1-0/t/root -e various various2'
# at t/helper.pm line 151.
trying to select nonexistent medium "various2"
# Failed test 'perl -I.. ../urpmi.removemedia --urpmi-root /root/.cpan/build/urpmi-v8.128.1-0/t/root -q various2'
# at t/helper.pm line 151.
trying to select nonexistent medium "various"
# Failed test 'perl -I.. ../urpmi.removemedia --urpmi-root /root/.cpan/build/urpmi-v8.128.1-0/t/root -q various'
# at t/helper.pm line 151.
unable to access medium "various".
# Failed test 'perl -I.. ../urpmi.addmedia --no-verify-rpm --urpmi-root /root/.cpan/build/urpmi-v8.128.1-0/t/root -q various /root/.cpan/build/urpmi-v8.128.1-0/t/media/various --probe-hdlist'
# at t/helper.pm line 151.
# Failed test 'have wanted number'
# at t/superuser--addmedia.t line 136.
# got: '0'
# expected: '1'
No package named various
# Failed test 'perl -I.. ../urpmi --urpmi-root /root/.cpan/build/urpmi-v8.128.1-0/t/root -q --ignoresize various'
# at t/helper.pm line 151.
# Failed test 'pkgs are installed (fullnames)'
# at t/helper.pm line 185.
# got: ''
# expected: 'various
# '
error: package various is not installed
# Failed test 'rpm --root /root/.cpan/build/urpmi-v8.128.1-0/t/root -e various'
# at t/helper.pm line 151.
unable to access medium "various2".
# Failed test 'perl -I.. ../urpmi.addmedia --no-verify-rpm --urpmi-root /root/.cpan/build/urpmi-v8.128.1-0/t/root -q various2 /root/.cpan/build/urpmi-v8.128.1-0/t/media/various2 --probe-hdlist'
# at t/helper.pm line 151.
# Failed test 'have wanted number'
# at t/superuser--addmedia.t line 136.
# got: '0'
# expected: '2'
No package named various
No package named various2
# Failed test 'perl -I.. ../urpmi --urpmi-root /root/.cpan/build/urpmi-v8.128.1-0/t/root -q --ignoresize various various2'
# at t/helper.pm line 151.
# Failed test 'pkgs are installed (fullnames)'
# at t/helper.pm line 185.
# got: ''
# expected: 'various
# various2
# '
error: package various is not installed
error: package various2 is not installed
# Failed test 'rpm --root /root/.cpan/build/urpmi-v8.128.1-0/t/root -e various various2'
# at t/helper.pm line 151.
trying to select nonexistent medium "various2"
# Failed test 'perl -I.. ../urpmi.removemedia --urpmi-root /root/.cpan/build/urpmi-v8.128.1-0/t/root -q various2'
# at t/helper.pm line 151.
trying to select nonexistent medium "various"
# Failed test 'perl -I.. ../urpmi.removemedia --urpmi-root /root/.cpan/build/urpmi-v8.128.1-0/t/root -q various'
# at t/helper.pm line 151.
unable to access medium "various".
# Failed test 'perl -I.. ../urpmi.addmedia --no-verify-rpm --urpmi-root /root/.cpan/build/urpmi-v8.128.1-0/t/root -q various /root/.cpan/build/urpmi-v8.128.1-0/t/media/various --virtual --probe-hdlist'
# at t/helper.pm line 151.
# Failed test 'have wanted number'
# at t/superuser--addmedia.t line 136.
# got: '0'
# expected: '1'
# Failed test 'virtual'
# at t/superuser--addmedia.t line 140.
# got: undef
# expected: '1'
No package named various
# Failed test 'perl -I.. ../urpmi --urpmi-root /root/.cpan/build/urpmi-v8.128.1-0/t/root -q --ignoresize various'
# at t/helper.pm line 151.
# Failed test 'pkgs are installed (fullnames)'
# at t/helper.pm line 185.
# got: ''
# expected: 'various
# '
error: package various is not installed
# Failed test 'rpm --root /root/.cpan/build/urpmi-v8.128.1-0/t/root -e various'
# at t/helper.pm line 151.
unable to access medium "various2".
# Failed test 'perl -I.. ../urpmi.addmedia --no-verify-rpm --urpmi-root /root/.cpan/build/urpmi-v8.128.1-0/t/root -q various2 /root/.cpan/build/urpmi-v8.128.1-0/t/media/various2 --virtual --probe-hdlist'
# at t/helper.pm line 151.
# Failed test 'have wanted number'
# at t/superuser--addmedia.t line 136.
# got: '0'
# expected: '2'
# Failed test 'virtual'
# at t/superuser--addmedia.t line 140.
# got: undef
# expected: '1'
# Failed test 'virtual'
# at t/superuser--addmedia.t line 140.
# got: undef
# expected: '1'
No package named various
No package named various2
# Failed test 'perl -I.. ../urpmi --urpmi-root /root/.cpan/build/urpmi-v8.128.1-0/t/root -q --ignoresize various various2'
# at t/helper.pm line 151.
# Failed test 'pkgs are installed (fullnames)'
# at t/helper.pm line 185.
# got: ''
# expected: 'various
# various2
# '
error: package various is not installed
error: package various2 is not installed
# Failed test 'rpm --root /root/.cpan/build/urpmi-v8.128.1-0/t/root -e various various2'
# at t/helper.pm line 151.
trying to select nonexistent medium "various2"
# Failed test 'perl -I.. ../urpmi.removemedia --urpmi-root /root/.cpan/build/urpmi-v8.128.1-0/t/root -q various2'
# at t/helper.pm line 151.
trying to select nonexistent medium "various"
# Failed test 'perl -I.. ../urpmi.removemedia --urpmi-root /root/.cpan/build/urpmi-v8.128.1-0/t/root -q various'
# at t/helper.pm line 151.
unable to access medium "various".
# Failed test 'perl -I.. ../urpmi.addmedia --no-verify-rpm --urpmi-root /root/.cpan/build/urpmi-v8.128.1-0/t/root -q various /root/.cpan/build/urpmi-v8.128.1-0/t/media/various with media_info/hdlist.cz'
# at t/helper.pm line 151.
# Failed test 'have wanted number'
# at t/superuser--addmedia.t line 136.
# got: '0'
# expected: '1'
No package named various
# Failed test 'perl -I.. ../urpmi --urpmi-root /root/.cpan/build/urpmi-v8.128.1-0/t/root -q --ignoresize various'
# at t/helper.pm line 151.
# Failed test 'pkgs are installed (fullnames)'
# at t/helper.pm line 185.
# got: ''
# expected: 'various
# '
error: package various is not installed
# Failed test 'rpm --root /root/.cpan/build/urpmi-v8.128.1-0/t/root -e various'
# at t/helper.pm line 151.
unable to access medium "various2".
# Failed test 'perl -I.. ../urpmi.addmedia --no-verify-rpm --urpmi-root /root/.cpan/build/urpmi-v8.128.1-0/t/root -q various2 /root/.cpan/build/urpmi-v8.128.1-0/t/media/various2 with media_info/hdlist.cz'
# at t/helper.pm line 151.
# Failed test 'have wanted number'
# at t/superuser--addmedia.t line 136.
# got: '0'
# expected: '2'
No package named various
No package named various2
# Failed test 'perl -I.. ../urpmi --urpmi-root /root/.cpan/build/urpmi-v8.128.1-0/t/root -q --ignoresize various various2'
# at t/helper.pm line 151.
# Failed test 'pkgs are installed (fullnames)'
# at t/helper.pm line 185.
# got: ''
# expected: 'various
# various2
# '
error: package various is not installed
error: package various2 is not installed
# Failed test 'rpm --root /root/.cpan/build/urpmi-v8.128.1-0/t/root -e various various2'
# at t/helper.pm line 151.
trying to select nonexistent medium "various2"
# Failed test 'perl -I.. ../urpmi.removemedia --urpmi-root /root/.cpan/build/urpmi-v8.128.1-0/t/root -q various2'
# at t/helper.pm line 151.
trying to select nonexistent medium "various"
# Failed test 'perl -I.. ../urpmi.removemedia --urpmi-root /root/.cpan/build/urpmi-v8.128.1-0/t/root -q various'
# at t/helper.pm line 151.
unable to access medium "various".
# Failed test 'perl -I.. ../urpmi.addmedia --no-verify-rpm --urpmi-root /root/.cpan/build/urpmi-v8.128.1-0/t/root -q various /root/.cpan/build/urpmi-v8.128.1-0/t/media/various --virtual with media_info/hdlist.cz'
# at t/helper.pm line 151.
# Failed test 'have wanted number'
# at t/superuser--addmedia.t line 136.
# got: '0'
# expected: '1'
# Failed test 'virtual'
# at t/superuser--addmedia.t line 140.
# got: undef
# expected: '1'
No package named various
# Failed test 'perl -I.. ../urpmi --urpmi-root /root/.cpan/build/urpmi-v8.128.1-0/t/root -q --ignoresize various'
# at t/helper.pm line 151.
# Failed test 'pkgs are installed (fullnames)'
# at t/helper.pm line 185.
# got: ''
# expected: 'various
# '
error: package various is not installed
# Failed test 'rpm --root /root/.cpan/build/urpmi-v8.128.1-0/t/root -e various'
# at t/helper.pm line 151.
unable to access medium "various2".
# Failed test 'perl -I.. ../urpmi.addmedia --no-verify-rpm --urpmi-root /root/.cpan/build/urpmi-v8.128.1-0/t/root -q various2 /root/.cpan/build/urpmi-v8.128.1-0/t/media/various2 --virtual with media_info/hdlist.cz'
# at t/helper.pm line 151.
# Failed test 'have wanted number'
# at t/superuser--addmedia.t line 136.
# got: '0'
# expected: '2'
# Failed test 'virtual'
# at t/superuser--addmedia.t line 140.
# got: undef
# expected: '1'
# Failed test 'virtual'
# at t/superuser--addmedia.t line 140.
# got: undef
# expected: '1'
No package named various
No package named various2
# Failed test 'perl -I.. ../urpmi --urpmi-root /root/.cpan/build/urpmi-v8.128.1-0/t/root -q --ignoresize various various2'
# at t/helper.pm line 151.
# Failed test 'pkgs are installed (fullnames)'
# at t/helper.pm line 185.
# got: ''
# expected: 'various
# various2
# '
error: package various is not installed
error: package various2 is not installed
# Failed test 'rpm --root /root/.cpan/build/urpmi-v8.128.1-0/t/root -e various various2'
# at t/helper.pm line 151.
trying to select nonexistent medium "various2"
# Failed test 'perl -I.. ../urpmi.removemedia --urpmi-root /root/.cpan/build/urpmi-v8.128.1-0/t/root -q various2'
# at t/helper.pm line 151.
trying to select nonexistent medium "various"
# Failed test 'perl -I.. ../urpmi.removemedia --urpmi-root /root/.cpan/build/urpmi-v8.128.1-0/t/root -q various'
# at t/helper.pm line 151.
unable to access medium "various".
# Failed test 'perl -I.. ../urpmi.addmedia --no-verify-rpm --urpmi-root /root/.cpan/build/urpmi-v8.128.1-0/t/root -q various /root/.cpan/build/urpmi-v8.128.1-0/t/media/various with ../media_info/hdlist_various.cz'
# at t/helper.pm line 151.
# Failed test 'have wanted number'
# at t/superuser--addmedia.t line 136.
# got: '0'
# expected: '1'
# Failed test 'with_synthesis'
# at t/superuser--addmedia.t line 140.
# got: undef
# expected: '../media_info/synthesis.hdlist_various.cz'
No package named various
# Failed test 'perl -I.. ../urpmi --urpmi-root /root/.cpan/build/urpmi-v8.128.1-0/t/root -q --ignoresize various'
# at t/helper.pm line 151.
# Failed test 'pkgs are installed (fullnames)'
# at t/helper.pm line 185.
# got: ''
# expected: 'various
# '
error: package various is not installed
# Failed test 'rpm --root /root/.cpan/build/urpmi-v8.128.1-0/t/root -e various'
# at t/helper.pm line 151.
unable to access medium "various2".
# Failed test 'perl -I.. ../urpmi.addmedia --no-verify-rpm --urpmi-root /root/.cpan/build/urpmi-v8.128.1-0/t/root -q various2 /root/.cpan/build/urpmi-v8.128.1-0/t/media/various2 with ../media_info/hdlist_various2.cz'
# at t/helper.pm line 151.
# Failed test 'have wanted number'
# at t/superuser--addmedia.t line 136.
# got: '0'
# expected: '2'
# Failed test 'with_synthesis'
# at t/superuser--addmedia.t line 140.
# got: undef
# expected: '../media_info/synthesis.hdlist_various.cz'
# Failed test 'with_synthesis'
# at t/superuser--addmedia.t line 140.
# got: undef
# expected: '../media_info/synthesis.hdlist_various2.cz'
No package named various
No package named various2
# Failed test 'perl -I.. ../urpmi --urpmi-root /root/.cpan/build/urpmi-v8.128.1-0/t/root -q --ignoresize various various2'
# at t/helper.pm line 151.
# Failed test 'pkgs are installed (fullnames)'
# at t/helper.pm line 185.
# got: ''
# expected: 'various
# various2
# '
error: package various is not installed
error: package various2 is not installed
# Failed test 'rpm --root /root/.cpan/build/urpmi-v8.128.1-0/t/root -e various various2'
# at t/helper.pm line 151.
trying to select nonexistent medium "various2"
# Failed test 'perl -I.. ../urpmi.removemedia --urpmi-root /root/.cpan/build/urpmi-v8.128.1-0/t/root -q various2'
# at t/helper.pm line 151.
trying to select nonexistent medium "various"
# Failed test 'perl -I.. ../urpmi.removemedia --urpmi-root /root/.cpan/build/urpmi-v8.128.1-0/t/root -q various'
# at t/helper.pm line 151.
unable to access medium "various".
# Failed test 'perl -I.. ../urpmi.addmedia --no-verify-rpm --urpmi-root /root/.cpan/build/urpmi-v8.128.1-0/t/root -q various /root/.cpan/build/urpmi-v8.128.1-0/t/media/various --virtual with ../media_info/hdlist_various.cz'
# at t/helper.pm line 151.
# Failed test 'have wanted number'
# at t/superuser--addmedia.t line 136.
# got: '0'
# expected: '1'
# Failed test 'with_synthesis'
# at t/superuser--addmedia.t line 140.
# got: undef
# expected: '../media_info/synthesis.hdlist_various.cz'
# Failed test 'virtual'
# at t/superuser--addmedia.t line 140.
# got: undef
# expected: '1'
No package named various
# Failed test 'perl -I.. ../urpmi --urpmi-root /root/.cpan/build/urpmi-v8.128.1-0/t/root -q --ignoresize various'
# at t/helper.pm line 151.
# Failed test 'pkgs are installed (fullnames)'
# at t/helper.pm line 185.
# got: ''
# expected: 'various
# '
error: package various is not installed
# Failed test 'rpm --root /root/.cpan/build/urpmi-v8.128.1-0/t/root -e various'
# at t/helper.pm line 151.
unable to access medium "various2".
# Failed test 'perl -I.. ../urpmi.addmedia --no-verify-rpm --urpmi-root /root/.cpan/build/urpmi-v8.128.1-0/t/root -q various2 /root/.cpan/build/urpmi-v8.128.1-0/t/media/various2 --virtual with ../media_info/hdlist_various2.cz'
# at t/helper.pm line 151.
# Failed test 'have wanted number'
# at t/superuser--addmedia.t line 136.
# got: '0'
# expected: '2'
# Failed test 'with_synthesis'
# at t/superuser--addmedia.t line 140.
# got: undef
# expected: '../media_info/synthesis.hdlist_various.cz'
# Failed test 'virtual'
# at t/superuser--addmedia.t line 140.
# got: undef
# expected: '1'
# Failed test 'with_synthesis'
# at t/superuser--addmedia.t line 140.
# got: undef
# expected: '../media_info/synthesis.hdlist_various2.cz'
# Failed test 'virtual'
# at t/superuser--addmedia.t line 140.
# got: undef
# expected: '1'
No package named various
No package named various2
# Failed test 'perl -I.. ../urpmi --urpmi-root /root/.cpan/build/urpmi-v8.128.1-0/t/root -q --ignoresize various various2'
# at t/helper.pm line 151.
# Failed test 'pkgs are installed (fullnames)'
# at t/helper.pm line 185.
# got: ''
# expected: 'various
# various2
# '
error: package various is not installed
error: package various2 is not installed
# Failed test 'rpm --root /root/.cpan/build/urpmi-v8.128.1-0/t/root -e various various2'
# at t/helper.pm line 151.
trying to select nonexistent medium "various2"
# Failed test 'perl -I.. ../urpmi.removemedia --urpmi-root /root/.cpan/build/urpmi-v8.128.1-0/t/root -q various2'
# at t/helper.pm line 151.
trying to select nonexistent medium "various"
# Failed test 'perl -I.. ../urpmi.removemedia --urpmi-root /root/.cpan/build/urpmi-v8.128.1-0/t/root -q various'
# at t/helper.pm line 151.
unable to access medium "various".
# Failed test 'perl -I.. ../urpmi.addmedia --no-verify-rpm --urpmi-root /root/.cpan/build/urpmi-v8.128.1-0/t/root -q various /root/.cpan/build/urpmi-v8.128.1-0/t/media/various --probe-synthesis'
# at t/helper.pm line 151.
# Failed test 'have wanted number'
# at t/superuser--addmedia.t line 136.
# got: '0'
# expected: '1'
No package named various
# Failed test 'perl -I.. ../urpmi --urpmi-root /root/.cpan/build/urpmi-v8.128.1-0/t/root -q --ignoresize various'
# at t/helper.pm line 151.
# Failed test 'pkgs are installed (fullnames)'
# at t/helper.pm line 185.
# got: ''
# expected: 'various
# '
error: package various is not installed
# Failed test 'rpm --root /root/.cpan/build/urpmi-v8.128.1-0/t/root -e various'
# at t/helper.pm line 151.
unable to access medium "various2".
# Failed test 'perl -I.. ../urpmi.addmedia --no-verify-rpm --urpmi-root /root/.cpan/build/urpmi-v8.128.1-0/t/root -q various2 /root/.cpan/build/urpmi-v8.128.1-0/t/media/various2 --probe-synthesis'
# at t/helper.pm line 151.
# Failed test 'have wanted number'
# at t/superuser--addmedia.t line 136.
# got: '0'
# expected: '2'
No package named various
No package named various2
# Failed test 'perl -I.. ../urpmi --urpmi-root /root/.cpan/build/urpmi-v8.128.1-0/t/root -q --ignoresize various various2'
# at t/helper.pm line 151.
# Failed test 'pkgs are installed (fullnames)'
# at t/helper.pm line 185.
# got: ''
# expected: 'various
# various2
# '
error: package various is not installed
error: package various2 is not installed
# Failed test 'rpm --root /root/.cpan/build/urpmi-v8.128.1-0/t/root -e various various2'
# at t/helper.pm line 151.
trying to select nonexistent medium "various2"
# Failed test 'perl -I.. ../urpmi.removemedia --urpmi-root /root/.cpan/build/urpmi-v8.128.1-0/t/root -q various2'
# at t/helper.pm line 151.
trying to select nonexistent medium "various"
# Failed test 'perl -I.. ../urpmi.removemedia --urpmi-root /root/.cpan/build/urpmi-v8.128.1-0/t/root -q various'
# at t/helper.pm line 151.
unable to access medium "various".
# Failed test 'perl -I.. ../urpmi.addmedia --no-verify-rpm --urpmi-root /root/.cpan/build/urpmi-v8.128.1-0/t/root -q various /root/.cpan/build/urpmi-v8.128.1-0/t/media/various --virtual --probe-synthesis'
# at t/helper.pm line 151.
# Failed test 'have wanted number'
# at t/superuser--addmedia.t line 136.
# got: '0'
# expected: '1'
# Failed test 'virtual'
# at t/superuser--addmedia.t line 140.
# got: undef
# expected: '1'
No package named various
# Failed test 'perl -I.. ../urpmi --urpmi-root /root/.cpan/build/urpmi-v8.128.1-0/t/root -q --ignoresize various'
# at t/helper.pm line 151.
# Failed test 'pkgs are installed (fullnames)'
# at t/helper.pm line 185.
# got: ''
# expected: 'various
# '
error: package various is not installed
# Failed test 'rpm --root /root/.cpan/build/urpmi-v8.128.1-0/t/root -e various'
# at t/helper.pm line 151.
unable to access medium "various2".
# Failed test 'perl -I.. ../urpmi.addmedia --no-verify-rpm --urpmi-root /root/.cpan/build/urpmi-v8.128.1-0/t/root -q various2 /root/.cpan/build/urpmi-v8.128.1-0/t/media/various2 --virtual --probe-synthesis'
# at t/helper.pm line 151.
# Failed test 'have wanted number'
# at t/superuser--addmedia.t line 136.
# got: '0'
# expected: '2'
# Failed test 'virtual'
# at t/superuser--addmedia.t line 140.
# got: undef
# expected: '1'
# Failed test 'virtual'
# at t/superuser--addmedia.t line 140.
# got: undef
# expected: '1'
No package named various
No package named various2
# Failed test 'perl -I.. ../urpmi --urpmi-root /root/.cpan/build/urpmi-v8.128.1-0/t/root -q --ignoresize various various2'
# at t/helper.pm line 151.
# Failed test 'pkgs are installed (fullnames)'
# at t/helper.pm line 185.
# got: ''
# expected: 'various
# various2
# '
error: package various is not installed
error: package various2 is not installed
# Failed test 'rpm --root /root/.cpan/build/urpmi-v8.128.1-0/t/root -e various various2'
# at t/helper.pm line 151.
trying to select nonexistent medium "various2"
# Failed test 'perl -I.. ../urpmi.removemedia --urpmi-root /root/.cpan/build/urpmi-v8.128.1-0/t/root -q various2'
# at t/helper.pm line 151.
trying to select nonexistent medium "various"
# Failed test 'perl -I.. ../urpmi.removemedia --urpmi-root /root/.cpan/build/urpmi-v8.128.1-0/t/root -q various'
# at t/helper.pm line 151.
unable to access medium "various".
# Failed test 'perl -I.. ../urpmi.addmedia --no-verify-rpm --urpmi-root /root/.cpan/build/urpmi-v8.128.1-0/t/root -q various /root/.cpan/build/urpmi-v8.128.1-0/t/media/various with media_info/synthesis.hdlist.cz'
# at t/helper.pm line 151.
# Failed test 'have wanted number'
# at t/superuser--addmedia.t line 136.
# got: '0'
# expected: '1'
No package named various
# Failed test 'perl -I.. ../urpmi --urpmi-root /root/.cpan/build/urpmi-v8.128.1-0/t/root -q --ignoresize various'
# at t/helper.pm line 151.
# Failed test 'pkgs are installed (fullnames)'
# at t/helper.pm line 185.
# got: ''
# expected: 'various
# '
error: package various is not installed
# Failed test 'rpm --root /root/.cpan/build/urpmi-v8.128.1-0/t/root -e various'
# at t/helper.pm line 151.
unable to access medium "various2".
# Failed test 'perl -I.. ../urpmi.addmedia --no-verify-rpm --urpmi-root /root/.cpan/build/urpmi-v8.128.1-0/t/root -q various2 /root/.cpan/build/urpmi-v8.128.1-0/t/media/various2 with media_info/synthesis.hdlist.cz'
# at t/helper.pm line 151.
# Failed test 'have wanted number'
# at t/superuser--addmedia.t line 136.
# got: '0'
# expected: '2'
No package named various
No package named various2
# Failed test 'perl -I.. ../urpmi --urpmi-root /root/.cpan/build/urpmi-v8.128.1-0/t/root -q --ignoresize various various2'
# at t/helper.pm line 151.
# Failed test 'pkgs are installed (fullnames)'
# at t/helper.pm line 185.
# got: ''
# expected: 'various
# various2
# '
error: package various is not installed
error: package various2 is not installed
# Failed test 'rpm --root /root/.cpan/build/urpmi-v8.128.1-0/t/root -e various various2'
# at t/helper.pm line 151.
trying to select nonexistent medium "various2"
# Failed test 'perl -I.. ../urpmi.removemedia --urpmi-root /root/.cpan/build/urpmi-v8.128.1-0/t/root -q various2'
# at t/helper.pm line 151.
trying to select nonexistent medium "various"
# Failed test 'perl -I.. ../urpmi.removemedia --urpmi-root /root/.cpan/build/urpmi-v8.128.1-0/t/root -q various'
# at t/helper.pm line 151.
unable to access medium "various".
# Failed test 'perl -I.. ../urpmi.addmedia --no-verify-rpm --urpmi-root /root/.cpan/build/urpmi-v8.128.1-0/t/root -q various /root/.cpan/build/urpmi-v8.128.1-0/t/media/various --virtual with media_info/synthesis.hdlist.cz'
# at t/helper.pm line 151.
# Failed test 'have wanted number'
# at t/superuser--addmedia.t line 136.
# got: '0'
# expected: '1'
# Failed test 'virtual'
# at t/superuser--addmedia.t line 140.
# got: undef
# expected: '1'
No package named various
# Failed test 'perl -I.. ../urpmi --urpmi-root /root/.cpan/build/urpmi-v8.128.1-0/t/root -q --ignoresize various'
# at t/helper.pm line 151.
# Failed test 'pkgs are installed (fullnames)'
# at t/helper.pm line 185.
# got: ''
# expected: 'various
# '
error: package various is not installed
# Failed test 'rpm --root /root/.cpan/build/urpmi-v8.128.1-0/t/root -e various'
# at t/helper.pm line 151.
unable to access medium "various2".
# Failed test 'perl -I.. ../urpmi.addmedia --no-verify-rpm --urpmi-root /root/.cpan/build/urpmi-v8.128.1-0/t/root -q various2 /root/.cpan/build/urpmi-v8.128.1-0/t/media/various2 --virtual with media_info/synthesis.hdlist.cz'
# at t/helper.pm line 151.
# Failed test 'have wanted number'
# at t/superuser--addmedia.t line 136.
# got: '0'
# expected: '2'
# Failed test 'virtual'
# at t/superuser--addmedia.t line 140.
# got: undef
# expected: '1'
# Failed test 'virtual'
# at t/superuser--addmedia.t line 140.
# got: undef
# expected: '1'
No package named various
No package named various2
# Failed test 'perl -I.. ../urpmi --urpmi-root /root/.cpan/build/urpmi-v8.128.1-0/t/root -q --ignoresize various various2'
# at t/helper.pm line 151.
# Failed test 'pkgs are installed (fullnames)'
# at t/helper.pm line 185.
# got: ''
# expected: 'various
# various2
# '
error: package various is not installed
error: package various2 is not installed
# Failed test 'rpm --root /root/.cpan/build/urpmi-v8.128.1-0/t/root -e various various2'
# at t/helper.pm line 151.
trying to select nonexistent medium "various2"
# Failed test 'perl -I.. ../urpmi.removemedia --urpmi-root /root/.cpan/build/urpmi-v8.128.1-0/t/root -q various2'
# at t/helper.pm line 151.
trying to select nonexistent medium "various"
# Failed test 'perl -I.. ../urpmi.removemedia --urpmi-root /root/.cpan/build/urpmi-v8.128.1-0/t/root -q various'
# at t/helper.pm line 151.
unable to access medium "various".
# Failed test 'perl -I.. ../urpmi.addmedia --no-verify-rpm --urpmi-root /root/.cpan/build/urpmi-v8.128.1-0/t/root -q various /root/.cpan/build/urpmi-v8.128.1-0/t/media/various with ../media_info/synthesis.hdlist_various.cz'
# at t/helper.pm line 151.
# Failed test 'have wanted number'
# at t/superuser--addmedia.t line 136.
# got: '0'
# expected: '1'
# Failed test 'with_synthesis'
# at t/superuser--addmedia.t line 140.
# got: undef
# expected: '../media_info/synthesis.hdlist_various.cz'
No package named various
# Failed test 'perl -I.. ../urpmi --urpmi-root /root/.cpan/build/urpmi-v8.128.1-0/t/root -q --ignoresize various'
# at t/helper.pm line 151.
# Failed test 'pkgs are installed (fullnames)'
# at t/helper.pm line 185.
# got: ''
# expected: 'various
# '
error: package various is not installed
# Failed test 'rpm --root /root/.cpan/build/urpmi-v8.128.1-0/t/root -e various'
# at t/helper.pm line 151.
unable to access medium "various2".
# Failed test 'perl -I.. ../urpmi.addmedia --no-verify-rpm --urpmi-root /root/.cpan/build/urpmi-v8.128.1-0/t/root -q various2 /root/.cpan/build/urpmi-v8.128.1-0/t/media/various2 with ../media_info/synthesis.hdlist_various2.cz'
# at t/helper.pm line 151.
# Failed test 'have wanted number'
# at t/superuser--addmedia.t line 136.
# got: '0'
# expected: '2'
# Failed test 'with_synthesis'
# at t/superuser--addmedia.t line 140.
# got: undef
# expected: '../media_info/synthesis.hdlist_various.cz'
# Failed test 'with_synthesis'
# at t/superuser--addmedia.t line 140.
# got: undef
# expected: '../media_info/synthesis.hdlist_various2.cz'
No package named various
No package named various2
# Failed test 'perl -I.. ../urpmi --urpmi-root /root/.cpan/build/urpmi-v8.128.1-0/t/root -q --ignoresize various various2'
# at t/helper.pm line 151.
# Failed test 'pkgs are installed (fullnames)'
# at t/helper.pm line 185.
# got: ''
# expected: 'various
# various2
# '
error: package various is not installed
error: package various2 is not installed
# Failed test 'rpm --root /root/.cpan/build/urpmi-v8.128.1-0/t/root -e various various2'
# at t/helper.pm line 151.
trying to select nonexistent medium "various2"
# Failed test 'perl -I.. ../urpmi.removemedia --urpmi-root /root/.cpan/build/urpmi-v8.128.1-0/t/root -q various2'
# at t/helper.pm line 151.
trying to select nonexistent medium "various"
# Failed test 'perl -I.. ../urpmi.removemedia --urpmi-root /root/.cpan/build/urpmi-v8.128.1-0/t/root -q various'
# at t/helper.pm line 151.
unable to access medium "various".
# Failed test 'perl -I.. ../urpmi.addmedia --no-verify-rpm --urpmi-root /root/.cpan/build/urpmi-v8.128.1-0/t/root -q various /root/.cpan/build/urpmi-v8.128.1-0/t/media/various --virtual with ../media_info/synthesis.hdlist_various.cz'
# at t/helper.pm line 151.
# Failed test 'have wanted number'
# at t/superuser--addmedia.t line 136.
# got: '0'
# expected: '1'
# Failed test 'with_synthesis'
# at t/superuser--addmedia.t line 140.
# got: undef
# expected: '../media_info/synthesis.hdlist_various.cz'
# Failed test 'virtual'
# at t/superuser--addmedia.t line 140.
# got: undef
# expected: '1'
No package named various
# Failed test 'perl -I.. ../urpmi --urpmi-root /root/.cpan/build/urpmi-v8.128.1-0/t/root -q --ignoresize various'
# at t/helper.pm line 151.
# Failed test 'pkgs are installed (fullnames)'
# at t/helper.pm line 185.
# got: ''
# expected: 'various
# '
error: package various is not installed
# Failed test 'rpm --root /root/.cpan/build/urpmi-v8.128.1-0/t/root -e various'
# at t/helper.pm line 151.
unable to access medium "various2".
# Failed test 'perl -I.. ../urpmi.addmedia --no-verify-rpm --urpmi-root /root/.cpan/build/urpmi-v8.128.1-0/t/root -q various2 /root/.cpan/build/urpmi-v8.128.1-0/t/media/various2 --virtual with ../media_info/synthesis.hdlist_various2.cz'
# at t/helper.pm line 151.
# Failed test 'have wanted number'
# at t/superuser--addmedia.t line 136.
# got: '0'
# expected: '2'
# Failed test 'with_synthesis'
# at t/superuser--addmedia.t line 140.
# got: undef
# expected: '../media_info/synthesis.hdlist_various.cz'
# Failed test 'virtual'
# at t/superuser--addmedia.t line 140.
# got: undef
# expected: '1'
# Failed test 'with_synthesis'
# at t/superuser--addmedia.t line 140.
# got: undef
# expected: '../media_info/synthesis.hdlist_various2.cz'
# Failed test 'virtual'
# at t/superuser--addmedia.t line 140.
# got: undef
# expected: '1'
No package named various
No package named various2
# Failed test 'perl -I.. ../urpmi --urpmi-root /root/.cpan/build/urpmi-v8.128.1-0/t/root -q --ignoresize various various2'
# at t/helper.pm line 151.
# Failed test 'pkgs are installed (fullnames)'
# at t/helper.pm line 185.
# got: ''
# expected: 'various
# various2
# '
error: package various is not installed
error: package various2 is not installed
# Failed test 'rpm --root /root/.cpan/build/urpmi-v8.128.1-0/t/root -e various various2'
# at t/helper.pm line 151.
trying to select nonexistent medium "various2"
# Failed test 'perl -I.. ../urpmi.removemedia --urpmi-root /root/.cpan/build/urpmi-v8.128.1-0/t/root -q various2'
# at t/helper.pm line 151.
trying to select nonexistent medium "various"
# Failed test 'perl -I.. ../urpmi.removemedia --urpmi-root /root/.cpan/build/urpmi-v8.128.1-0/t/root -q various'
# at t/helper.pm line 151.
this location doesn't seem to contain any distribution
unable to add medium
# Failed test 'perl -I.. ../urpmi.addmedia --no-verify-rpm --urpmi-root /root/.cpan/build/urpmi-v8.128.1-0/t/root -q --distrib various /root/.cpan/build/urpmi-v8.128.1-0/t '
# at t/helper.pm line 151.
# Failed test 'have wanted number'
# at t/superuser--addmedia.t line 136.
# got: '0'
# expected: '4'
# Failed test 'ignore'
# at t/superuser--addmedia.t line 140.
# got: undef
# expected: '1'
# Failed test 'ignore'
# at t/superuser--addmedia.t line 140.
# got: undef
# expected: '1'
No package named various
No package named various2
# Failed test 'perl -I.. ../urpmi --urpmi-root /root/.cpan/build/urpmi-v8.128.1-0/t/root -q --ignoresize various various2'
# at t/helper.pm line 151.
# Failed test 'pkgs are installed (fullnames)'
# at t/helper.pm line 185.
# got: ''
# expected: 'various
# various2
# '
error: package various is not installed
error: package various2 is not installed
# Failed test 'rpm --root /root/.cpan/build/urpmi-v8.128.1-0/t/root -e various various2'
# at t/helper.pm line 151.
nothing to remove (use urpmi.addmedia to add a media)
this location doesn't seem to contain any distribution
unable to add medium
# Failed test 'perl -I.. ../urpmi.addmedia --no-verify-rpm --urpmi-root /root/.cpan/build/urpmi-v8.128.1-0/t/root -q --distrib various /root/.cpan/build/urpmi-v8.128.1-0/t --virtual '
# at t/helper.pm line 151.
# Failed test 'have wanted number'
# at t/superuser--addmedia.t line 136.
# got: '0'
# expected: '4'
# Failed test 'virtual'
# at t/superuser--addmedia.t line 140.
# got: undef
# expected: '1'
# Failed test 'virtual'
# at t/superuser--addmedia.t line 140.
# got: undef
# expected: '1'
# Failed test 'virtual'
# at t/superuser--addmedia.t line 140.
# got: undef
# expected: '1'
# Failed test 'ignore'
# at t/superuser--addmedia.t line 140.
# got: undef
# expected: '1'
# Failed test 'virtual'
# at t/superuser--addmedia.t line 140.
# got: undef
# expected: '1'
# Failed test 'ignore'
# at t/superuser--addmedia.t line 140.
# got: undef
# expected: '1'
No package named various
No package named various2
# Failed test 'perl -I.. ../urpmi --urpmi-root /root/.cpan/build/urpmi-v8.128.1-0/t/root -q --ignoresize various various2'
# at t/helper.pm line 151.
# Failed test 'pkgs are installed (fullnames)'
# at t/helper.pm line 185.
# got: ''
# expected: 'various
# various2
# '
error: package various is not installed
error: package various2 is not installed
# Failed test 'rpm --root /root/.cpan/build/urpmi-v8.128.1-0/t/root -e various various2'
# at t/helper.pm line 151.
nothing to remove (use urpmi.addmedia to add a media)
this location doesn't seem to contain any distribution
unable to add medium
# Failed test 'perl -I.. ../urpmi.addmedia --no-verify-rpm --urpmi-root /root/.cpan/build/urpmi-v8.128.1-0/t/root -q --distrib various /root/.cpan/build/urpmi-v8.128.1-0/t --probe-hdlist'
# at t/helper.pm line 151.
# Failed test 'have wanted number'
# at t/superuser--addmedia.t line 136.
# got: '0'
# expected: '4'
# Failed test 'ignore'
# at t/superuser--addmedia.t line 140.
# got: undef
# expected: '1'
# Failed test 'ignore'
# at t/superuser--addmedia.t line 140.
# got: undef
# expected: '1'
No package named various
No package named various2
# Failed test 'perl -I.. ../urpmi --urpmi-root /root/.cpan/build/urpmi-v8.128.1-0/t/root -q --ignoresize various various2'
# at t/helper.pm line 151.
# Failed test 'pkgs are installed (fullnames)'
# at t/helper.pm line 185.
# got: ''
# expected: 'various
# various2
# '
error: package various is not installed
error: package various2 is not installed
# Failed test 'rpm --root /root/.cpan/build/urpmi-v8.128.1-0/t/root -e various various2'
# at t/helper.pm line 151.
nothing to remove (use urpmi.addmedia to add a media)
this location doesn't seem to contain any distribution
unable to add medium
# Failed test 'perl -I.. ../urpmi.addmedia --no-verify-rpm --urpmi-root /root/.cpan/build/urpmi-v8.128.1-0/t/root -q --distrib various /root/.cpan/build/urpmi-v8.128.1-0/t --virtual --probe-hdlist'
# at t/helper.pm line 151.
# Failed test 'have wanted number'
# at t/superuser--addmedia.t line 136.
# got: '0'
# expected: '4'
# Failed test 'virtual'
# at t/superuser--addmedia.t line 140.
# got: undef
# expected: '1'
# Failed test 'virtual'
# at t/superuser--addmedia.t line 140.
# got: undef
# expected: '1'
# Failed test 'virtual'
# at t/superuser--addmedia.t line 140.
# got: undef
# expected: '1'
# Failed test 'ignore'
# at t/superuser--addmedia.t line 140.
# got: undef
# expected: '1'
# Failed test 'virtual'
# at t/superuser--addmedia.t line 140.
# got: undef
# expected: '1'
# Failed test 'ignore'
# at t/superuser--addmedia.t line 140.
# got: undef
# expected: '1'
No package named various
No package named various2
# Failed test 'perl -I.. ../urpmi --urpmi-root /root/.cpan/build/urpmi-v8.128.1-0/t/root -q --ignoresize various various2'
# at t/helper.pm line 151.
# Failed test 'pkgs are installed (fullnames)'
# at t/helper.pm line 185.
# got: ''
# expected: 'various
# various2
# '
error: package various is not installed
error: package various2 is not installed
# Failed test 'rpm --root /root/.cpan/build/urpmi-v8.128.1-0/t/root -e various various2'
# at t/helper.pm line 151.
nothing to remove (use urpmi.addmedia to add a media)
this location doesn't seem to contain any distribution
unable to add medium
# Failed test 'perl -I.. ../urpmi.addmedia --no-verify-rpm --urpmi-root /root/.cpan/build/urpmi-v8.128.1-0/t/root -q --distrib various /root/.cpan/build/urpmi-v8.128.1-0/t --probe-synthesis'
# at t/helper.pm line 151.
# Failed test 'have wanted number'
# at t/superuser--addmedia.t line 136.
# got: '0'
# expected: '4'
# Failed test 'ignore'
# at t/superuser--addmedia.t line 140.
# got: undef
# expected: '1'
# Failed test 'ignore'
# at t/superuser--addmedia.t line 140.
# got: undef
# expected: '1'
No package named various
No package named various2
# Failed test 'perl -I.. ../urpmi --urpmi-root /root/.cpan/build/urpmi-v8.128.1-0/t/root -q --ignoresize various various2'
# at t/helper.pm line 151.
# Failed test 'pkgs are installed (fullnames)'
# at t/helper.pm line 185.
# got: ''
# expected: 'various
# various2
# '
error: package various is not installed
error: package various2 is not installed
# Failed test 'rpm --root /root/.cpan/build/urpmi-v8.128.1-0/t/root -e various various2'
# at t/helper.pm line 151.
nothing to remove (use urpmi.addmedia to add a media)
this location doesn't seem to contain any distribution
unable to add medium
# Failed test 'perl -I.. ../urpmi.addmedia --no-verify-rpm --urpmi-root /root/.cpan/build/urpmi-v8.128.1-0/t/root -q --distrib various /root/.cpan/build/urpmi-v8.128.1-0/t --virtual --probe-synthesis'
# at t/helper.pm line 151.
# Failed test 'have wanted number'
# at t/superuser--addmedia.t line 136.
# got: '0'
# expected: '4'
# Failed test 'virtual'
# at t/superuser--addmedia.t line 140.
# got: undef
# expected: '1'
# Failed test 'virtual'
# at t/superuser--addmedia.t line 140.
# got: undef
# expected: '1'
# Failed test 'virtual'
# at t/superuser--addmedia.t line 140.
# got: undef
# expected: '1'
# Failed test 'ignore'
# at t/superuser--addmedia.t line 140.
# got: undef
# expected: '1'
# Failed test 'virtual'
# at t/superuser--addmedia.t line 140.
# got: undef
# expected: '1'
# Failed test 'ignore'
# at t/superuser--addmedia.t line 140.
# got: undef
# expected: '1'
No package named various
No package named various2
# Failed test 'perl -I.. ../urpmi --urpmi-root /root/.cpan/build/urpmi-v8.128.1-0/t/root -q --ignoresize various various2'
# at t/helper.pm line 151.
# Failed test 'pkgs are installed (fullnames)'
# at t/helper.pm line 185.
# got: ''
# expected: 'various
# various2
# '
error: package various is not installed
error: package various2 is not installed
# Failed test 'rpm --root /root/.cpan/build/urpmi-v8.128.1-0/t/root -e various various2'
# at t/helper.pm line 151.
nothing to remove (use urpmi.addmedia to add a media)
this location doesn't seem to contain any distribution
unable to add medium
# Failed test 'perl -I.. ../urpmi.addmedia --no-verify-rpm --urpmi-root /root/.cpan/build/urpmi-v8.128.1-0/t/root -q --distrib various /root/.cpan/build/urpmi-v8.128.1-0/t --use-copied-hdlist'
# at t/helper.pm line 151.
# Failed test 'have wanted number'
# at t/superuser--addmedia.t line 136.
# got: '0'
# expected: '4'
# Failed test 'with_synthesis'
# at t/superuser--addmedia.t line 140.
# got: undef
# expected: '../..//media/media_info/synthesis.hdlist_various.cz'
# Failed test 'with_synthesis'
# at t/superuser--addmedia.t line 140.
# got: undef
# expected: '../..//media/media_info/synthesis.hdlist_various2.cz'
# Failed test 'with_synthesis'
# at t/superuser--addmedia.t line 140.
# got: undef
# expected: '../..//media/media_info/synthesis.hdlist_various3.cz'
# Failed test 'ignore'
# at t/superuser--addmedia.t line 140.
# got: undef
# expected: '1'
# Failed test 'with_synthesis'
# at t/superuser--addmedia.t line 140.
# got: undef
# expected: '../..//media/media_info/synthesis.hdlist_debug.cz'
# Failed test 'ignore'
# at t/superuser--addmedia.t line 140.
# got: undef
# expected: '1'
No package named various
No package named various2
# Failed test 'perl -I.. ../urpmi --urpmi-root /root/.cpan/build/urpmi-v8.128.1-0/t/root -q --ignoresize various various2'
# at t/helper.pm line 151.
# Failed test 'pkgs are installed (fullnames)'
# at t/helper.pm line 185.
# got: ''
# expected: 'various
# various2
# '
error: package various is not installed
error: package various2 is not installed
# Failed test 'rpm --root /root/.cpan/build/urpmi-v8.128.1-0/t/root -e various various2'
# at t/helper.pm line 151.
nothing to remove (use urpmi.addmedia to add a media)
this location doesn't seem to contain any distribution
unable to add medium
# Failed test 'perl -I.. ../urpmi.addmedia --no-verify-rpm --urpmi-root /root/.cpan/build/urpmi-v8.128.1-0/t/root -q --distrib various /root/.cpan/build/urpmi-v8.128.1-0/t --virtual --use-copied-hdlist'
# at t/helper.pm line 151.
# Failed test 'have wanted number'
# at t/superuser--addmedia.t line 136.
# got: '0'
# expected: '4'
# Failed test 'with_synthesis'
# at t/superuser--addmedia.t line 140.
# got: undef
# expected: '../..//media/media_info/synthesis.hdlist_various.cz'
# Failed test 'virtual'
# at t/superuser--addmedia.t line 140.
# got: undef
# expected: '1'
# Failed test 'with_synthesis'
# at t/superuser--addmedia.t line 140.
# got: undef
# expected: '../..//media/media_info/synthesis.hdlist_various2.cz'
# Failed test 'virtual'
# at t/superuser--addmedia.t line 140.
# got: undef
# expected: '1'
# Failed test 'with_synthesis'
# at t/superuser--addmedia.t line 140.
# got: undef
# expected: '../..//media/media_info/synthesis.hdlist_various3.cz'
# Failed test 'virtual'
# at t/superuser--addmedia.t line 140.
# got: undef
# expected: '1'
# Failed test 'ignore'
# at t/superuser--addmedia.t line 140.
# got: undef
# expected: '1'
# Failed test 'with_synthesis'
# at t/superuser--addmedia.t line 140.
# got: undef
# expected: '../..//media/media_info/synthesis.hdlist_debug.cz'
# Failed test 'virtual'
# at t/superuser--addmedia.t line 140.
# got: undef
# expected: '1'
# Failed test 'ignore'
# at t/superuser--addmedia.t line 140.
# got: undef
# expected: '1'
No package named various
No package named various2
# Failed test 'perl -I.. ../urpmi --urpmi-root /root/.cpan/build/urpmi-v8.128.1-0/t/root -q --ignoresize various various2'
# at t/helper.pm line 151.
# Failed test 'pkgs are installed (fullnames)'
# at t/helper.pm line 185.
# got: ''
# expected: 'various
# various2
# '
error: package various is not installed
error: package various2 is not installed
# Failed test 'rpm --root /root/.cpan/build/urpmi-v8.128.1-0/t/root -e various various2'
# at t/helper.pm line 151.
nothing to remove (use urpmi.addmedia to add a media)
this location doesn't seem to contain any distribution
unable to add medium
# Failed test 'perl -I.. ../urpmi.addmedia --no-verify-rpm --urpmi-root /root/.cpan/build/urpmi-v8.128.1-0/t/root -q --distrib various /root/.cpan/build/urpmi-v8.128.1-0/t --probe-hdlist --use-copied-hdlist'
# at t/helper.pm line 151.
# Failed test 'have wanted number'
# at t/superuser--addmedia.t line 136.
# got: '0'
# expected: '4'
# Failed test 'with_synthesis'
# at t/superuser--addmedia.t line 140.
# got: undef
# expected: '../..//media/media_info/synthesis.hdlist_various.cz'
# Failed test 'with_synthesis'
# at t/superuser--addmedia.t line 140.
# got: undef
# expected: '../..//media/media_info/synthesis.hdlist_various2.cz'
# Failed test 'with_synthesis'
# at t/superuser--addmedia.t line 140.
# got: undef
# expected: '../..//media/media_info/synthesis.hdlist_various3.cz'
# Failed test 'ignore'
# at t/superuser--addmedia.t line 140.
# got: undef
# expected: '1'
# Failed test 'with_synthesis'
# at t/superuser--addmedia.t line 140.
# got: undef
# expected: '../..//media/media_info/synthesis.hdlist_debug.cz'
# Failed test 'ignore'
# at t/superuser--addmedia.t line 140.
# got: undef
# expected: '1'
No package named various
No package named various2
# Failed test 'perl -I.. ../urpmi --urpmi-root /root/.cpan/build/urpmi-v8.128.1-0/t/root -q --ignoresize various various2'
# at t/helper.pm line 151.
# Failed test 'pkgs are installed (fullnames)'
# at t/helper.pm line 185.
# got: ''
# expected: 'various
# various2
# '
error: package various is not installed
error: package various2 is not installed
# Failed test 'rpm --root /root/.cpan/build/urpmi-v8.128.1-0/t/root -e various various2'
# at t/helper.pm line 151.
nothing to remove (use urpmi.addmedia to add a media)
this location doesn't seem to contain any distribution
unable to add medium
# Failed test 'perl -I.. ../urpmi.addmedia --no-verify-rpm --urpmi-root /root/.cpan/build/urpmi-v8.128.1-0/t/root -q --distrib various /root/.cpan/build/urpmi-v8.128.1-0/t --virtual --probe-hdlist --use-copied-hdlist'
# at t/helper.pm line 151.
# Failed test 'have wanted number'
# at t/superuser--addmedia.t line 136.
# got: '0'
# expected: '4'
# Failed test 'with_synthesis'
# at t/superuser--addmedia.t line 140.
# got: undef
# expected: '../..//media/media_info/synthesis.hdlist_various.cz'
# Failed test 'virtual'
# at t/superuser--addmedia.t line 140.
# got: undef
# expected: '1'
# Failed test 'with_synthesis'
# at t/superuser--addmedia.t line 140.
# got: undef
# expected: '../..//media/media_info/synthesis.hdlist_various2.cz'
# Failed test 'virtual'
# at t/superuser--addmedia.t line 140.
# got: undef
# expected: '1'
# Failed test 'with_synthesis'
# at t/superuser--addmedia.t line 140.
# got: undef
# expected: '../..//media/media_info/synthesis.hdlist_various3.cz'
# Failed test 'virtual'
# at t/superuser--addmedia.t line 140.
# got: undef
# expected: '1'
# Failed test 'ignore'
# at t/superuser--addmedia.t line 140.
# got: undef
# expected: '1'
# Failed test 'with_synthesis'
# at t/superuser--addmedia.t line 140.
# got: undef
# expected: '../..//media/media_info/synthesis.hdlist_debug.cz'
# Failed test 'virtual'
# at t/superuser--addmedia.t line 140.
# got: undef
# expected: '1'
# Failed test 'ignore'
# at t/superuser--addmedia.t line 140.
# got: undef
# expected: '1'
No package named various
No package named various2
# Failed test 'perl -I.. ../urpmi --urpmi-root /root/.cpan/build/urpmi-v8.128.1-0/t/root -q --ignoresize various various2'
# at t/helper.pm line 151.
# Failed test 'pkgs are installed (fullnames)'
# at t/helper.pm line 185.
# got: ''
# expected: 'various
# various2
# '
error: package various is not installed
error: package various2 is not installed
# Failed test 'rpm --root /root/.cpan/build/urpmi-v8.128.1-0/t/root -e various various2'
# at t/helper.pm line 151.
nothing to remove (use urpmi.addmedia to add a media)
this location doesn't seem to contain any distribution
unable to add medium
# Failed test 'perl -I.. ../urpmi.addmedia --no-verify-rpm --urpmi-root /root/.cpan/build/urpmi-v8.128.1-0/t/root -q --distrib various /root/.cpan/build/urpmi-v8.128.1-0/t --probe-synthesis --use-copied-hdlist'
# at t/helper.pm line 151.
# Failed test 'have wanted number'
# at t/superuser--addmedia.t line 136.
# got: '0'
# expected: '4'
# Failed test 'with_synthesis'
# at t/superuser--addmedia.t line 140.
# got: undef
# expected: '../..//media/media_info/synthesis.hdlist_various.cz'
# Failed test 'with_synthesis'
# at t/superuser--addmedia.t line 140.
# got: undef
# expected: '../..//media/media_info/synthesis.hdlist_various2.cz'
# Failed test 'with_synthesis'
# at t/superuser--addmedia.t line 140.
# got: undef
# expected: '../..//media/media_info/synthesis.hdlist_various3.cz'
# Failed test 'ignore'
# at t/superuser--addmedia.t line 140.
# got: undef
# expected: '1'
# Failed test 'with_synthesis'
# at t/superuser--addmedia.t line 140.
# got: undef
# expected: '../..//media/media_info/synthesis.hdlist_debug.cz'
# Failed test 'ignore'
# at t/superuser--addmedia.t line 140.
# got: undef
# expected: '1'
No package named various
No package named various2
# Failed test 'perl -I.. ../urpmi --urpmi-root /root/.cpan/build/urpmi-v8.128.1-0/t/root -q --ignoresize various various2'
# at t/helper.pm line 151.
# Failed test 'pkgs are installed (fullnames)'
# at t/helper.pm line 185.
# got: ''
# expected: 'various
# various2
# '
error: package various is not installed
error: package various2 is not installed
# Failed test 'rpm --root /root/.cpan/build/urpmi-v8.128.1-0/t/root -e various various2'
# at t/helper.pm line 151.
nothing to remove (use urpmi.addmedia to add a media)
this location doesn't seem to contain any distribution
unable to add medium
# Failed test 'perl -I.. ../urpmi.addmedia --no-verify-rpm --urpmi-root /root/.cpan/build/urpmi-v8.128.1-0/t/root -q --distrib various /root/.cpan/build/urpmi-v8.128.1-0/t --virtual --probe-synthesis --use-copied-hdlist'
# at t/helper.pm line 151.
# Failed test 'have wanted number'
# at t/superuser--addmedia.t line 136.
# got: '0'
# expected: '4'
# Failed test 'with_synthesis'
# at t/superuser--addmedia.t line 140.
# got: undef
# expected: '../..//media/media_info/synthesis.hdlist_various.cz'
# Failed test 'virtual'
# at t/superuser--addmedia.t line 140.
# got: undef
# expected: '1'
# Failed test 'with_synthesis'
# at t/superuser--addmedia.t line 140.
# got: undef
# expected: '../..//media/media_info/synthesis.hdlist_various2.cz'
# Failed test 'virtual'
# at t/superuser--addmedia.t line 140.
# got: undef
# expected: '1'
# Failed test 'with_synthesis'
# at t/superuser--addmedia.t line 140.
# got: undef
# expected: '../..//media/media_info/synthesis.hdlist_various3.cz'
# Failed test 'virtual'
# at t/superuser--addmedia.t line 140.
# got: undef
# expected: '1'
# Failed test 'ignore'
# at t/superuser--addmedia.t line 140.
# got: undef
# expected: '1'
# Failed test 'with_synthesis'
# at t/superuser--addmedia.t line 140.
# got: undef
# expected: '../..//media/media_info/synthesis.hdlist_debug.cz'
# Failed test 'virtual'
# at t/superuser--addmedia.t line 140.
# got: undef
# expected: '1'
# Failed test 'ignore'
# at t/superuser--addmedia.t line 140.
# got: undef
# expected: '1'
No package named various
No package named various2
# Failed test 'perl -I.. ../urpmi --urpmi-root /root/.cpan/build/urpmi-v8.128.1-0/t/root -q --ignoresize various various2'
# at t/helper.pm line 151.
# Failed test 'pkgs are installed (fullnames)'
# at t/helper.pm line 185.
# got: ''
# expected: 'various
# various2
# '
error: package various is not installed
error: package various2 is not installed
# Failed test 'rpm --root /root/.cpan/build/urpmi-v8.128.1-0/t/root -e various various2'
# at t/helper.pm line 151.
nothing to remove (use urpmi.addmedia to add a media)
this location doesn't seem to contain any distribution
No package named various
No package named various2
# Failed test 'perl -I.. ../urpmi --urpmi-root /root/.cpan/build/urpmi-v8.128.1-0/t/root -q --ignoresize --use-distrib /root/.cpan/build/urpmi-v8.128.1-0/t various various2'
# at t/helper.pm line 151.
# Failed test 'pkgs are installed (fullnames)'
# at t/helper.pm line 185.
# got: ''
# expected: 'various
# various2
# '
error: package various is not installed
error: package various2 is not installed
# Failed test 'rpm --root /root/.cpan/build/urpmi-v8.128.1-0/t/root -e various various2'
# at t/helper.pm line 151.
# Looks like you failed 356 tests of 1059.
t/superuser--addmedia.t .........................................
Dubious, test returned 254 (wstat 65024, 0xfe00)
Failed 356/1059 subtests
unable to access medium "arch_to_noarch_1".
# Failed test 'perl -I.. ../urpmi.addmedia --no-verify-rpm --urpmi-root /root/.cpan/build/urpmi-v8.128.1-0/t/root -q arch_to_noarch_1 /root/.cpan/build/urpmi-v8.128.1-0/t/media/arch_to_noarch_1'
# at t/helper.pm line 151.
No package named arch_to_noarch
# Failed test 'perl -I.. ../urpmi --urpmi-root /root/.cpan/build/urpmi-v8.128.1-0/t/root -q --ignoresize arch_to_noarch'
# at t/helper.pm line 151.
# Failed test 'pkgs are installed (fullnames)'
# at t/helper.pm line 180.
# got: ''
# expected: 'arch_to_noarch-1-1
# '
unable to access medium "arch_to_noarch_2".
# Failed test 'perl -I.. ../urpmi.addmedia --no-verify-rpm --urpmi-root /root/.cpan/build/urpmi-v8.128.1-0/t/root -q arch_to_noarch_2 /root/.cpan/build/urpmi-v8.128.1-0/t/media/arch_to_noarch_2'
# at t/helper.pm line 151.
No package named arch_to_noarch
# Failed test 'perl -I.. ../urpmi --urpmi-root /root/.cpan/build/urpmi-v8.128.1-0/t/root -q --ignoresize arch_to_noarch'
# at t/helper.pm line 151.
# Failed test 'pkgs are installed (fullnames)'
# at t/helper.pm line 180.
# got: ''
# expected: 'arch_to_noarch-2-1
# '
unable to access medium "arch_to_noarch_3".
# Failed test 'perl -I.. ../urpmi.addmedia --no-verify-rpm --urpmi-root /root/.cpan/build/urpmi-v8.128.1-0/t/root -q arch_to_noarch_3 /root/.cpan/build/urpmi-v8.128.1-0/t/media/arch_to_noarch_3'
# at t/helper.pm line 151.
No package named arch_to_noarch
# Failed test 'perl -I.. ../urpmi --urpmi-root /root/.cpan/build/urpmi-v8.128.1-0/t/root -q --ignoresize arch_to_noarch'
# at t/helper.pm line 151.
# Failed test 'pkgs are installed (fullnames)'
# at t/helper.pm line 180.
# got: ''
# expected: 'arch_to_noarch-3-1
# '
unable to access medium "arch_to_noarch_4".
# Failed test 'perl -I.. ../urpmi.addmedia --no-verify-rpm --urpmi-root /root/.cpan/build/urpmi-v8.128.1-0/t/root -q arch_to_noarch_4 /root/.cpan/build/urpmi-v8.128.1-0/t/media/arch_to_noarch_4'
# at t/helper.pm line 151.
No package named arch_to_noarch
# Failed test 'perl -I.. ../urpmi --urpmi-root /root/.cpan/build/urpmi-v8.128.1-0/t/root -q --ignoresize arch_to_noarch'
# at t/helper.pm line 151.
# Failed test 'pkgs are installed (fullnames)'
# at t/helper.pm line 180.
# got: ''
# expected: 'arch_to_noarch-4-1
# '
# Looks like you failed 12 tests of 13.
t/superuser--arch_to_noarch.t ...................................
Dubious, test returned 12 (wstat 3072, 0xc00)
Failed 12/13 subtests
t/superuser--backtrack-promotion.t .............................. ok
t/superuser--best-versioned-provide.t ........................... ok
t/superuser--buggy-rpms.t ....................................... ok
t/superuser--dropped-provides.t ................................. ok
t/superuser--epochless-conflict-with-promotion.t ................ ok
unable to access medium "various".
# Failed test 'perl -I.. ../urpmi.addmedia --no-verify-rpm --urpmi-root /root/.cpan/build/urpmi-v8.128.1-0/t/root -q various /root/.cpan/build/urpmi-v8.128.1-0/t/media/various'
# at t/helper.pm line 151.
error: File not found by glob: media/various/various-1-1.*.rpm
# Failed test 'rpm --root /root/.cpan/build/urpmi-v8.128.1-0/t/root -i --define='_install_langs fr' media/various/various-1-1.*.rpm'
# at t/helper.pm line 151.
error: package various is not installed
# Failed test 'rpm --root /root/.cpan/build/urpmi-v8.128.1-0/t/root -e various'
# at t/helper.pm line 151.
No package named various
# Failed test 'perl -I.. ../urpmi --urpmi-root /root/.cpan/build/urpmi-v8.128.1-0/t/root -q --ignoresize various'
# at t/helper.pm line 151.
unknown package: various
# Failed test 'perl -I.. ../urpme --urpmi-root /root/.cpan/build/urpmi-v8.128.1-0/t/root -q various'
# at t/helper.pm line 151.
No package named various
# Failed test 'perl -I.. ../urpmi --urpmi-root /root/.cpan/build/urpmi-v8.128.1-0/t/root -q --ignoresize various'
# at t/helper.pm line 151.
unknown package: various
# Failed test 'perl -I.. ../urpme --urpmi-root /root/.cpan/build/urpmi-v8.128.1-0/t/root -q various'
# at t/helper.pm line 151.
error: File not found by glob: media/various/various-1-1.*.rpm
# Failed test 'rpm --root /root/.cpan/build/urpmi-v8.128.1-0/t/root -i --excludedocs --define='_install_langs fr' media/various/various-1-1.*.rpm'
# at t/helper.pm line 151.
error: package various is not installed
# Failed test 'rpm --root /root/.cpan/build/urpmi-v8.128.1-0/t/root -e various'
# at t/helper.pm line 151.
No package named various
# Failed test 'perl -I.. ../urpmi --urpmi-root /root/.cpan/build/urpmi-v8.128.1-0/t/root -q --ignoresize --excludedocs various'
# at t/helper.pm line 151.
unknown package: various
# Failed test 'perl -I.. ../urpme --urpmi-root /root/.cpan/build/urpmi-v8.128.1-0/t/root -q various'
# at t/helper.pm line 151.
No package named various
# Failed test 'perl -I.. ../urpmi --urpmi-root /root/.cpan/build/urpmi-v8.128.1-0/t/root -q --ignoresize various'
# at t/helper.pm line 151.
unknown package: various
# Failed test 'perl -I.. ../urpme --urpmi-root /root/.cpan/build/urpmi-v8.128.1-0/t/root -q various'
# at t/helper.pm line 151.
error: File not found by glob: media/various/various-1-1.*.rpm
# Failed test 'rpm --root /root/.cpan/build/urpmi-v8.128.1-0/t/root -i --excludepath /usr --define='_install_langs fr' media/various/various-1-1.*.rpm'
# at t/helper.pm line 151.
error: package various is not installed
# Failed test 'rpm --root /root/.cpan/build/urpmi-v8.128.1-0/t/root -e various'
# at t/helper.pm line 151.
No package named various
# Failed test 'perl -I.. ../urpmi --urpmi-root /root/.cpan/build/urpmi-v8.128.1-0/t/root -q --ignoresize --excludepath /usr various'
# at t/helper.pm line 151.
unknown package: various
# Failed test 'perl -I.. ../urpme --urpmi-root /root/.cpan/build/urpmi-v8.128.1-0/t/root -q various'
# at t/helper.pm line 151.
No package named various
# Failed test 'perl -I.. ../urpmi --urpmi-root /root/.cpan/build/urpmi-v8.128.1-0/t/root -q --ignoresize various'
# at t/helper.pm line 151.
unknown package: various
# Failed test 'perl -I.. ../urpme --urpmi-root /root/.cpan/build/urpmi-v8.128.1-0/t/root -q various'
# at t/helper.pm line 151.
error: File not found by glob: media/various/various-1-1.*.rpm
# Failed test 'rpm --root /root/.cpan/build/urpmi-v8.128.1-0/t/root -i --define='_install_langs en' media/various/various-1-1.*.rpm'
# at t/helper.pm line 151.
error: package various is not installed
# Failed test 'rpm --root /root/.cpan/build/urpmi-v8.128.1-0/t/root -e various'
# at t/helper.pm line 151.
No package named various
# Failed test 'perl -I.. ../urpmi --urpmi-root /root/.cpan/build/urpmi-v8.128.1-0/t/root -q --ignoresize various'
# at t/helper.pm line 151.
unknown package: various
# Failed test 'perl -I.. ../urpme --urpmi-root /root/.cpan/build/urpmi-v8.128.1-0/t/root -q various'
# at t/helper.pm line 151.
# Looks like you failed 23 tests of 90.
t/superuser--exclude.t ..........................................
Dubious, test returned 23 (wstat 5888, 0x1700)
Failed 23/90 subtests
t/superuser--failing-promotion.t ................................ ok
error: failed to exec scriptlet interpreter /bin/sh: No such file or directory
error: %prein(pre-1-1.x86_64) scriptlet failed, exit status 127
error: pre-1-1.x86_64: install failed
error: failed to exec scriptlet interpreter /bin/sh: No such file or directory
error: %pretrans(pretrans-1-1.x86_64) scriptlet failed, exit status 127
error: pretrans-1-1.x86_64: install skipped
error: failed to exec scriptlet interpreter /bin/sh: No such file or directory
warning: %post(post-1-1.x86_64) scriptlet failed, exit status 127
error: failed to exec scriptlet interpreter /bin/sh: No such file or directory
error: %preun(preun-1-1.x86_64) scriptlet failed, exit status 127
error: preun-1-1.x86_64: erase failed
error: failed to exec scriptlet interpreter /bin/sh: No such file or directory
warning: %postun(postun-1-1.x86_64) scriptlet failed, exit status 127
error: failed to exec scriptlet interpreter /bin/sh: No such file or directory
warning: %posttrans(posttrans-1-1.x86_64) scriptlet failed, exit status 127
error: failed to exec scriptlet interpreter /bin/sh: No such file or directory
warning: %triggerprein(triggerprein-1-1.x86_64) scriptlet failed, exit status 127
error: failed to exec scriptlet interpreter /bin/sh: No such file or directory
warning: %triggerprein(triggerprein-2-1.x86_64) scriptlet failed, exit status 127
error: failed to exec scriptlet interpreter /bin/sh: No such file or directory
warning: %triggerin(triggerin-1-1.x86_64) scriptlet failed, exit status 127
error: failed to exec scriptlet interpreter /bin/sh: No such file or directory
warning: %triggerin(triggerin-1-1.x86_64) scriptlet failed, exit status 127
error: failed to exec scriptlet interpreter /bin/sh: No such file or directory
warning: %triggerin(triggerin-1-1.x86_64) scriptlet failed, exit status 127
error: failed to exec scriptlet interpreter /bin/sh: No such file or directory
warning: %triggerin(triggerin-2-1.x86_64) scriptlet failed, exit status 127
error: failed to exec scriptlet interpreter /bin/sh: No such file or directory
warning: %triggerin(triggerin-2-1.x86_64) scriptlet failed, exit status 127
error: failed to exec scriptlet interpreter /bin/sh: No such file or directory
warning: %triggerun(triggerun-1-1.x86_64) scriptlet failed, exit status 127
error: failed to exec scriptlet interpreter /bin/sh: No such file or directory
warning: %triggerun(triggerun-1-1.x86_64) scriptlet failed, exit status 127
error: failed to exec scriptlet interpreter /bin/sh: No such file or directory
warning: %triggerun(triggerun-2-1.x86_64) scriptlet failed, exit status 127
error: failed to exec scriptlet interpreter /bin/sh: No such file or directory
warning: %triggerun(triggerun-2-1.x86_64) scriptlet failed, exit status 127
error: failed to exec scriptlet interpreter /bin/sh: No such file or directory
warning: %triggerun(triggerun-2-1.x86_64) scriptlet failed, exit status 127
error: failed to exec scriptlet interpreter /bin/sh: No such file or directory
warning: %triggerpostun(triggerpostun-1-1.x86_64) scriptlet failed, exit status 127
error: failed to exec scriptlet interpreter /bin/sh: No such file or directory
warning: %triggerpostun(triggerpostun-2-1.x86_64) scriptlet failed, exit status 127
error: failed to exec scriptlet interpreter /bin/sh: No such file or directory
warning: %triggerpostun(triggerpostun-2-1.x86_64) scriptlet failed, exit status 127
t/superuser--failing-scriptlets.t ............................... ok
file /etc/foo conflicts between attempted installs of a-1-1.noarch and b-1-1.noarch
file /etc/dir conflicts between attempted installs of a-1-1.noarch and e-1-1.noarch
file /etc/foo from install of b-1-1.noarch conflicts with file from package a-1-1.noarch
file /etc/dir from install of e-1-1.noarch conflicts with file from package a-1-1.noarch
t/superuser--file-conflicts.t ................................... ok
t/superuser--handle-conflict-deps.t ............................. ok
t/superuser--handle-conflict-deps2.t ............................ ok
...retrieving failed: curl failed: exited with 22
no metadata found for medium "various"
# Failed test 'perl -I.. ../urpmi.addmedia --no-verify-rpm --urpmi-root /root/.cpan/build/urpmi-v8.128.1-0/t/root -q various http://localhost:6969/media/various'
# at t/helper.pm line 151.
No package named various
# Failed test 'perl -I.. ../urpmi --urpmi-root /root/.cpan/build/urpmi-v8.128.1-0/t/root -q --ignoresize various'
# at t/helper.pm line 151.
# Failed test 'pkgs are installed (fullnames)'
# at t/helper.pm line 180.
# got: ''
# expected: 'various-1-1
# '
unknown package: various
# Failed test 'perl -I.. ../urpme --urpmi-root /root/.cpan/build/urpmi-v8.128.1-0/t/root -q various'
# at t/helper.pm line 151.
trying to select nonexistent medium "various"
# Failed test 'perl -I.. ../urpmi.removemedia --urpmi-root /root/.cpan/build/urpmi-v8.128.1-0/t/root -q various'
# at t/helper.pm line 151.
...retrieving failed: curl failed: exited with 22
no metadata found for medium "various_no_subdir"
# Failed test 'perl -I.. ../urpmi.addmedia --no-verify-rpm --urpmi-root /root/.cpan/build/urpmi-v8.128.1-0/t/root -q various_no_subdir http://localhost:6969/media/various_no_subdir'
# at t/helper.pm line 151.
No package named various
# Failed test 'perl -I.. ../urpmi --urpmi-root /root/.cpan/build/urpmi-v8.128.1-0/t/root -q --ignoresize various'
# at t/helper.pm line 151.
# Failed test 'pkgs are installed (fullnames)'
# at t/helper.pm line 180.
# got: ''
# expected: 'various-1-1
# '
unknown package: various
# Failed test 'perl -I.. ../urpme --urpmi-root /root/.cpan/build/urpmi-v8.128.1-0/t/root -q various'
# at t/helper.pm line 151.
trying to select nonexistent medium "various_no_subdir"
# Failed test 'perl -I.. ../urpmi.removemedia --urpmi-root /root/.cpan/build/urpmi-v8.128.1-0/t/root -q various_no_subdir'
# at t/helper.pm line 151.
SKIPing test_exotic_medium_name() due to nobody having no access to /root/rpm*
# Looks like you failed 10 tests of 12.
t/superuser--http.t .............................................
Dubious, test returned 10 (wstat 2560, 0xa00)
Failed 10/12 subtests
unable to access medium "various".
# Failed test 'perl -I.. ../urpmi.addmedia --no-verify-rpm --urpmi-root /root/.cpan/build/urpmi-v8.128.1-0/t/root -q 'various' '/root/.cpan/build/urpmi-v8.128.1-0/t/media/various''
# at t/helper.pm line 151.
No package named various
# Failed test 'perl -I.. ../urpmi --urpmi-root /root/.cpan/build/urpmi-v8.128.1-0/t/root -q --ignoresize various'
# at t/helper.pm line 151.
# Failed test 'pkgs are installed (fullnames)'
# at t/helper.pm line 180.
# got: ''
# expected: 'various-1-1
# '
unknown package: various
# Failed test 'perl -I.. ../urpme --urpmi-root /root/.cpan/build/urpmi-v8.128.1-0/t/root -q various'
# at t/helper.pm line 151.
trying to select nonexistent medium "various"
# Failed test 'perl -I.. ../urpmi.removemedia --urpmi-root /root/.cpan/build/urpmi-v8.128.1-0/t/root -q 'various''
# at t/helper.pm line 151.
unable to access medium "various_nohdlist".
# Failed test 'perl -I.. ../urpmi.addmedia --no-verify-rpm --urpmi-root /root/.cpan/build/urpmi-v8.128.1-0/t/root -q 'various_nohdlist' '/root/.cpan/build/urpmi-v8.128.1-0/t/media/various_nohdlist''
# at t/helper.pm line 151.
No package named various
# Failed test 'perl -I.. ../urpmi --urpmi-root /root/.cpan/build/urpmi-v8.128.1-0/t/root -q --ignoresize various'
# at t/helper.pm line 151.
# Failed test 'pkgs are installed (fullnames)'
# at t/helper.pm line 180.
# got: ''
# expected: 'various-1-1
# '
unknown package: various
# Failed test 'perl -I.. ../urpme --urpmi-root /root/.cpan/build/urpmi-v8.128.1-0/t/root -q various'
# at t/helper.pm line 151.
trying to select nonexistent medium "various_nohdlist"
# Failed test 'perl -I.. ../urpmi.removemedia --urpmi-root /root/.cpan/build/urpmi-v8.128.1-0/t/root -q 'various_nohdlist''
# at t/helper.pm line 151.
unable to access medium "various nohdlist".
# Failed test 'perl -I.. ../urpmi.addmedia --no-verify-rpm --urpmi-root /root/.cpan/build/urpmi-v8.128.1-0/t/root -q 'various nohdlist' '/root/.cpan/build/urpmi-v8.128.1-0/t/media/various nohdlist''
# at t/helper.pm line 151.
No package named various
# Failed test 'perl -I.. ../urpmi --urpmi-root /root/.cpan/build/urpmi-v8.128.1-0/t/root -q --ignoresize various'
# at t/helper.pm line 151.
# Failed test 'pkgs are installed (fullnames)'
# at t/helper.pm line 180.
# got: ''
# expected: 'various-1-1
# '
unknown package: various
# Failed test 'perl -I.. ../urpme --urpmi-root /root/.cpan/build/urpmi-v8.128.1-0/t/root -q various'
# at t/helper.pm line 151.
trying to select nonexistent medium "various nohdlist"
# Failed test 'perl -I.. ../urpmi.removemedia --urpmi-root /root/.cpan/build/urpmi-v8.128.1-0/t/root -q 'various nohdlist''
# at t/helper.pm line 151.
unable to access medium "various_no_subdir".
# Failed test 'perl -I.. ../urpmi.addmedia --no-verify-rpm --urpmi-root /root/.cpan/build/urpmi-v8.128.1-0/t/root -q 'various_no_subdir' '/root/.cpan/build/urpmi-v8.128.1-0/t/media/various_no_subdir''
# at t/helper.pm line 151.
No package named various
# Failed test 'perl -I.. ../urpmi --urpmi-root /root/.cpan/build/urpmi-v8.128.1-0/t/root -q --ignoresize various'
# at t/helper.pm line 151.
# Failed test 'pkgs are installed (fullnames)'
# at t/helper.pm line 180.
# got: ''
# expected: 'various-1-1
# '
unknown package: various
# Failed test 'perl -I.. ../urpme --urpmi-root /root/.cpan/build/urpmi-v8.128.1-0/t/root -q various'
# at t/helper.pm line 151.
trying to select nonexistent medium "various_no_subdir"
# Failed test 'perl -I.. ../urpmi.removemedia --urpmi-root /root/.cpan/build/urpmi-v8.128.1-0/t/root -q 'various_no_subdir''
# at t/helper.pm line 151.
unable to access medium "various".
# Failed test 'perl -I.. ../urpmi.addmedia --no-verify-rpm --urpmi-root /root/.cpan/build/urpmi-v8.128.1-0/t/root -q 'various' '/root/.cpan/build/urpmi-v8.128.1-0/t/media/various''
# at t/helper.pm line 151.
unable to access medium "various2".
# Failed test 'perl -I.. ../urpmi.addmedia --no-verify-rpm --urpmi-root /root/.cpan/build/urpmi-v8.128.1-0/t/root -q 'various2' '/root/.cpan/build/urpmi-v8.128.1-0/t/media/various2''
# at t/helper.pm line 151.
unable to access medium "various3".
# Failed test 'perl -I.. ../urpmi.addmedia --no-verify-rpm --urpmi-root /root/.cpan/build/urpmi-v8.128.1-0/t/root -q 'various3' '/root/.cpan/build/urpmi-v8.128.1-0/t/media/various3''
# at t/helper.pm line 151.
No package named v
# Failed test at t/superuser--media_info_dir.t line 31.
# got: ''
# expected: 'various
# various2
# various3
# '
# Failed test at t/superuser--media_info_dir.t line 33.
# got: ''
# expected: 'various
# various2
# various3
# '
nothing to remove (use urpmi.addmedia to add a media)
unable to access medium "various".
# Failed test 'perl -I.. ../urpmi.addmedia --no-verify-rpm --urpmi-root /root/.cpan/build/urpmi-v8.128.1-0/t/root -q various /root/.cpan/build/urpmi-v8.128.1-0/t/media/various'
# at t/helper.pm line 151.
No package named various
# Failed test 'perl -I.. ../urpmi --urpmi-root /root/.cpan/build/urpmi-v8.128.1-0/t/root -q --ignoresize various'
# at t/helper.pm line 151.
# Failed test 'pkgs are installed (fullnames)'
# at t/helper.pm line 185.
# got: ''
# expected: 'various
# '
error: package various is not installed
# Failed test 'rpm --root /root/.cpan/build/urpmi-v8.128.1-0/t/root -e various'
# at t/helper.pm line 151.
No package named various
No package named unknown-pkg
No package named various
No package named unknown-pkg
# Failed test 'pkgs are installed (fullnames)'
# at t/helper.pm line 185.
# got: ''
# expected: 'various
# '
error: package various is not installed
# Failed test 'rpm --root /root/.cpan/build/urpmi-v8.128.1-0/t/root -e various'
# at t/helper.pm line 151.
trying to select nonexistent medium "various"
# Failed test 'perl -I.. ../urpmi.removemedia --urpmi-root /root/.cpan/build/urpmi-v8.128.1-0/t/root -q various'
# at t/helper.pm line 151.
# Looks like you failed 32 tests of 38.
t/superuser--media_info_dir.t ...................................
Dubious, test returned 32 (wstat 8192, 0x2000)
Failed 32/38 subtests
rsync://mageia.c3sl.ufpr.br/mageia/distrib/8/x86_64/media/core/release/media_info/20210224-165404-synthesis.hdlist.cz
rsync://mageia.c3sl.ufpr.br/mageia/distrib/8/x86_64/media/core/release/media_info/20210224-165404-synthesis.hdlist.cz
rsync://mageia.c3sl.ufpr.br/mageia/distrib/8/x86_64/media/core/updates/media_info/20221213-214330-synthesis.hdlist.cz
t/superuser--mirrorlist.t ....................................... ok
t/superuser--obsolete-and-conflict.t ............................ ok
t/superuser--ordering-scriptlets.t .............................. ok
No package named virtualbox-kernel-desktop-latest-6.1.36-1.x86_64
# Failed test 'perl -I.. ../urpmi --urpmi-root /root/.cpan/build/urpmi-v8.128.1-0/t/root -q --ignoresize --media kernel-1 --auto virtualbox-kernel-desktop-latest-6.1.36-1.x86_64'
# at t/helper.pm line 151.
No package named virtualbox-kernel-desktop-latest-6.1.36-2.x86_64
# Failed test 'perl -I.. ../urpmi --urpmi-root /root/.cpan/build/urpmi-v8.128.1-0/t/root -q --ignoresize --media kernel-1 --auto virtualbox-kernel-desktop-latest-6.1.36-2.x86_64'
# at t/helper.pm line 151.
No package named virtualbox-kernel-desktop-latest-6.1.36-3.x86_64
# Failed test 'perl -I.. ../urpmi --urpmi-root /root/.cpan/build/urpmi-v8.128.1-0/t/root -q --ignoresize --media kernel-1 --auto virtualbox-kernel-desktop-latest-6.1.36-3.x86_64'
# at t/helper.pm line 151.
No package named virtualbox-kernel-desktop-latest-6.1.36-4.x86_64
# Failed test 'perl -I.. ../urpmi --urpmi-root /root/.cpan/build/urpmi-v8.128.1-0/t/root -q --ignoresize --media kernel-1 --auto virtualbox-kernel-desktop-latest-6.1.36-4.x86_64'
# at t/helper.pm line 151.
No package named virtualbox-kernel-desktop-latest-6.1.36-5.x86_64
# Failed test 'perl -I.. ../urpmi --urpmi-root /root/.cpan/build/urpmi-v8.128.1-0/t/root -q --ignoresize --media kernel-1 --auto virtualbox-kernel-desktop-latest-6.1.36-5.x86_64'
# at t/helper.pm line 151.
# Failed test 'pkgs are installed (fullnames)'
# at t/helper.pm line 185.
# got: 'kernel-desktop-5.15.45-1
# kernel-desktop-latest
# '
# expected: 'kernel-desktop-5.15.45-1
# kernel-desktop-latest
# virtualbox-kernel-5.15.45-desktop-1
# virtualbox-kernel-desktop-latest
# '
error: package virtualbox-kernel-desktop-latest is not installed
error: package virtualbox-kernel-5.15.45-desktop-1 is not installed
# Failed test 'rpm --root /root/.cpan/build/urpmi-v8.128.1-0/t/root -e kernel-desktop-latest virtualbox-kernel-desktop-latest kernel-desktop-5.15.45-1 virtualbox-kernel-5.15.45-desktop-1'
# at t/helper.pm line 151.
# Failed test 'nothing is installed'
# at t/helper.pm line 189.
# got: 'kernel-desktop-latest-5.15.45-1
# kernel-desktop-5.15.45-1-1-1
# '
# expected: ''
# Failed test 'perl -I.. ../urpmi --urpmi-root /root/.cpan/build/urpmi-v8.128.1-0/t/root -q --ignoresize --media kernel-2 --auto kernel-desktop-latest-5.15.41-1'
# at t/helper.pm line 151.
No package named virtualbox-kernel-desktop-latest-6.1.36-1.x86_64
# Failed test 'perl -I.. ../urpmi --urpmi-root /root/.cpan/build/urpmi-v8.128.1-0/t/root -q --ignoresize --media kernel-2 --auto virtualbox-kernel-desktop-latest-6.1.36-1.x86_64'
# at t/helper.pm line 151.
# Failed test 'perl -I.. ../urpmi --urpmi-root /root/.cpan/build/urpmi-v8.128.1-0/t/root -q --ignoresize --media kernel-2 --auto kernel-desktop-latest-5.15.42-1'
# at t/helper.pm line 151.
No package named virtualbox-kernel-desktop-latest-6.1.36-2.x86_64
# Failed test 'perl -I.. ../urpmi --urpmi-root /root/.cpan/build/urpmi-v8.128.1-0/t/root -q --ignoresize --media kernel-2 --auto virtualbox-kernel-desktop-latest-6.1.36-2.x86_64'
# at t/helper.pm line 151.
# Failed test 'perl -I.. ../urpmi --urpmi-root /root/.cpan/build/urpmi-v8.128.1-0/t/root -q --ignoresize --media kernel-2 --auto kernel-desktop-latest-5.15.43-1'
# at t/helper.pm line 151.
No package named virtualbox-kernel-desktop-latest-6.1.36-3.x86_64
# Failed test 'perl -I.. ../urpmi --urpmi-root /root/.cpan/build/urpmi-v8.128.1-0/t/root -q --ignoresize --media kernel-2 --auto virtualbox-kernel-desktop-latest-6.1.36-3.x86_64'
# at t/helper.pm line 151.
# Failed test 'perl -I.. ../urpmi --urpmi-root /root/.cpan/build/urpmi-v8.128.1-0/t/root -q --ignoresize --media kernel-2 --auto kernel-desktop-latest-5.15.44-1'
# at t/helper.pm line 151.
No package named virtualbox-kernel-desktop-latest-6.1.36-4.x86_64
# Failed test 'perl -I.. ../urpmi --urpmi-root /root/.cpan/build/urpmi-v8.128.1-0/t/root -q --ignoresize --media kernel-2 --auto virtualbox-kernel-desktop-latest-6.1.36-4.x86_64'
# at t/helper.pm line 151.
No package named virtualbox-kernel-desktop-latest-6.1.36-5.x86_64
# Failed test 'perl -I.. ../urpmi --urpmi-root /root/.cpan/build/urpmi-v8.128.1-0/t/root -q --ignoresize --media kernel-2 --auto virtualbox-kernel-desktop-latest-6.1.36-5.x86_64'
# at t/helper.pm line 151.
# Failed test 'pkgs are installed (fullnames)'
# at t/helper.pm line 185.
# got: 'kernel-desktop-5.15.45-1
# kernel-desktop-latest
# '
# expected: 'kernel-desktop
# kernel-desktop-latest
# virtualbox-kernel-5.15.45-desktop-1
# virtualbox-kernel-desktop-latest
# '
error: package virtualbox-kernel-desktop-latest is not installed
error: package kernel-desktop is not installed
error: package virtualbox-kernel-5.15.45-desktop-1 is not installed
# Failed test 'rpm --root /root/.cpan/build/urpmi-v8.128.1-0/t/root -e kernel-desktop-latest virtualbox-kernel-desktop-latest kernel-desktop virtualbox-kernel-5.15.45-desktop-1'
# at t/helper.pm line 151.
# Failed test 'nothing is installed'
# at t/helper.pm line 189.
# got: 'kernel-desktop-latest-5.15.45-1
# kernel-desktop-5.15.45-1-1-1
# '
# expected: ''
# Looks like you failed 20 tests of 34.
t/superuser--orphans-kernels.t ..................................
Dubious, test returned 20 (wstat 5120, 0x1400)
Failed 20/34 subtests
t/superuser--orphans.t .......................................... ok
t/superuser--prefer.t ........................................... ok
t/superuser--prefer2.t .......................................... ok
t/superuser--priority-upgrade.t ................................. ok
t/superuser--provide-and-no-obsolete.t .......................... ok
t/superuser--README-urpmi.t ..................................... ok
error: File not found by glob: media/rpm-query-in-scriptlet/rpm-query-in-scriptlet*.rpm
# Failed test 'rpm --root /root/.cpan/build/urpmi-v8.128.1-0/t/root -i media/rpm-query-in-scriptlet/rpm-query-in-scriptlet*.rpm --nodeps'
# at t/helper.pm line 151.
# Failed test 'pkgs are installed (fullnames)'
# at t/helper.pm line 185.
# got: ''
# expected: 'rpm-query-in-scriptlet
# '
# Failed test 'pkgs are installed (fullnames)'
# at t/helper.pm line 185.
# got: ''
# expected: 'rpm-query-in-scriptlet
# '
# Looks like you failed 3 tests of 7.
t/superuser--rpm.t ..............................................
Dubious, test returned 3 (wstat 768, 0x300)
Failed 3/7 subtests
warning: /etc/config saved as /etc/config.rpmorig
warning: /etc/config-noreplace created as /etc/config-noreplace.rpmnew
warning: /etc/config-noreplace created as /etc/config-noreplace.rpmnew
warning: /etc/config-noreplace saved as /etc/config-noreplace.rpmsave
warning: /etc/config saved as /etc/config.rpmorig
warning: /etc/config-noreplace created as /etc/config-noreplace.rpmnew
warning: /etc/config-noreplace created as /etc/config-noreplace.rpmnew
warning: /etc/config-noreplace saved as /etc/config-noreplace.rpmsave
t/superuser--rpmnew.t ........................................... ok
t/superuser--should-restart.t ................................... ok
unable to access medium "various".
# Failed test 'perl -I.. ../urpmi.addmedia --no-verify-rpm --urpmi-root /root/.cpan/build/urpmi-v8.128.1-0/t/root -q various /root/.cpan/build/urpmi-v8.128.1-0/t/media/various'
# at t/helper.pm line 151.
unable to access medium "various_bis".
# Failed test 'perl -I.. ../urpmi.addmedia --no-verify-rpm --urpmi-root /root/.cpan/build/urpmi-v8.128.1-0/t/root -q various_bis /root/.cpan/build/urpmi-v8.128.1-0/t/media/various_bis'
# at t/helper.pm line 151.
No package named various
# Failed test 'directory /root/.cpan/build/urpmi-v8.128.1-0/t/media/various found'
# at t/superuser--specify-media.t line 40.
# got: '.'
# expected: '/root/.cpan/build/urpmi-v8.128.1-0/t/media/various'
# Failed test 'directory /root/.cpan/build/urpmi-v8.128.1-0/t/media/various_bis found'
# at t/superuser--specify-media.t line 40.
# got: '.'
# expected: '/root/.cpan/build/urpmi-v8.128.1-0/t/media/various_bis'
trying to select nonexistent medium "various"
No package named various
# Failed test 'directory /root/.cpan/build/urpmi-v8.128.1-0/t/media/various found'
# at t/superuser--specify-media.t line 40.
# got: '.'
# expected: '/root/.cpan/build/urpmi-v8.128.1-0/t/media/various'
trying to select nonexistent medium "various_bis"
No package named various
# Failed test 'directory /root/.cpan/build/urpmi-v8.128.1-0/t/media/various_bis found'
# at t/superuser--specify-media.t line 40.
# got: '.'
# expected: '/root/.cpan/build/urpmi-v8.128.1-0/t/media/various_bis'
trying to select nonexistent medium "various_bis"
No package named various
# Failed test 'directory /root/.cpan/build/urpmi-v8.128.1-0/t/media/various found'
# at t/superuser--specify-media.t line 40.
# got: '.'
# expected: '/root/.cpan/build/urpmi-v8.128.1-0/t/media/various'
trying to select nonexistent medium "various"
No package named various
# Failed test 'directory /root/.cpan/build/urpmi-v8.128.1-0/t/media/various_bis found'
# at t/superuser--specify-media.t line 40.
# got: '.'
# expected: '/root/.cpan/build/urpmi-v8.128.1-0/t/media/various_bis'
trying to select nonexistent medium "various"
trying to select nonexistent medium "various_bis"
No package named various
# Failed test 'directory /root/.cpan/build/urpmi-v8.128.1-0/t/media/various found'
# at t/superuser--specify-media.t line 40.
# got: '.'
# expected: '/root/.cpan/build/urpmi-v8.128.1-0/t/media/various'
# Failed test 'directory /root/.cpan/build/urpmi-v8.128.1-0/t/media/various_bis found'
# at t/superuser--specify-media.t line 40.
# got: '.'
# expected: '/root/.cpan/build/urpmi-v8.128.1-0/t/media/various_bis'
trying to select nonexistent medium "various_bis"
trying to select nonexistent medium "various"
No package named various
# Failed test 'directory /root/.cpan/build/urpmi-v8.128.1-0/t/media/various_bis found'
# at t/superuser--specify-media.t line 40.
# got: '.'
# expected: '/root/.cpan/build/urpmi-v8.128.1-0/t/media/various_bis'
# Failed test 'directory /root/.cpan/build/urpmi-v8.128.1-0/t/media/various found'
# at t/superuser--specify-media.t line 40.
# got: '.'
# expected: '/root/.cpan/build/urpmi-v8.128.1-0/t/media/various'
No package named various
# Failed test '/root/.cpan/build/urpmi-v8.128.1-0/t/media/various in <<''>>'
# at t/superuser--specify-media.t line 51.
unknown package: various
# Failed test 'perl -I.. ../urpme --urpmi-root /root/.cpan/build/urpmi-v8.128.1-0/t/root -q various'
# at t/helper.pm line 151.
trying to select nonexistent medium "various"
No package named various
# Failed test '/root/.cpan/build/urpmi-v8.128.1-0/t/media/various in <<''>>'
# at t/superuser--specify-media.t line 51.
unknown package: various
# Failed test 'perl -I.. ../urpme --urpmi-root /root/.cpan/build/urpmi-v8.128.1-0/t/root -q various'
# at t/helper.pm line 151.
trying to select nonexistent medium "various_bis"
No package named various
# Failed test '/root/.cpan/build/urpmi-v8.128.1-0/t/media/various_bis in <<''>>'
# at t/superuser--specify-media.t line 51.
unknown package: various
# Failed test 'perl -I.. ../urpme --urpmi-root /root/.cpan/build/urpmi-v8.128.1-0/t/root -q various'
# at t/helper.pm line 151.
trying to select nonexistent medium "various_bis"
No package named various
# Failed test '/root/.cpan/build/urpmi-v8.128.1-0/t/media/various in <<''>>'
# at t/superuser--specify-media.t line 51.
unknown package: various
# Failed test 'perl -I.. ../urpme --urpmi-root /root/.cpan/build/urpmi-v8.128.1-0/t/root -q various'
# at t/helper.pm line 151.
trying to select nonexistent medium "various"
No package named various
# Failed test '/root/.cpan/build/urpmi-v8.128.1-0/t/media/various_bis in <<''>>'
# at t/superuser--specify-media.t line 51.
unknown package: various
# Failed test 'perl -I.. ../urpme --urpmi-root /root/.cpan/build/urpmi-v8.128.1-0/t/root -q various'
# at t/helper.pm line 151.
trying to select nonexistent medium "various"
trying to select nonexistent medium "various_bis"
No package named various
# Failed test '/root/.cpan/build/urpmi-v8.128.1-0/t/media/various in <<''>>'
# at t/superuser--specify-media.t line 51.
unknown package: various
# Failed test 'perl -I.. ../urpme --urpmi-root /root/.cpan/build/urpmi-v8.128.1-0/t/root -q various'
# at t/helper.pm line 151.
trying to select nonexistent medium "various_bis"
trying to select nonexistent medium "various"
No package named various
# Failed test '/root/.cpan/build/urpmi-v8.128.1-0/t/media/various_bis in <<''>>'
# at t/superuser--specify-media.t line 51.
unknown package: various
# Failed test 'perl -I.. ../urpme --urpmi-root /root/.cpan/build/urpmi-v8.128.1-0/t/root -q various'
# at t/helper.pm line 151.
# Looks like you failed 26 tests of 34.
t/superuser--specify-media.t ....................................
Dubious, test returned 26 (wstat 6656, 0x1a00)
Failed 26/34 subtests
t/superuser--split-transactions--conflict.t ..................... ok
t/superuser--split-transactions--promote.t ...................... ok
t/superuser--split-transactions--strict-require-and-obsolete.t .. ok
search_packages: found g-2-1.x86_64 matching g
opening rpmdb (root=/root/.cpan/build/urpmi-v8.128.1-0/t/root, write=)
selecting g-2-1.x86_64
set_rejected: g-1-1.x86_64
installed f-1-1.x86_64 is conflicting because of unsatisfied gh[== 1]
promoting f-2-1.x86_64 because of conflict above
selecting f-2-1.x86_64
set_rejected: f-1-1.x86_64
requiring gh[== 2] for f-2-1.x86_64
chosen h-2-1.x86_64 for gh[== 2]
selecting h-2-1.x86_64
installed e-1-1.x86_64 is conflicting because of unsatisfied f[== 1]
promoting e-2-1.x86_64 because of conflict above
selecting e-2-1.x86_64
set_rejected: e-1-1.x86_64
opening rpmdb (root=/root/.cpan/build/urpmi-v8.128.1-0/t/root, write=)
getting graph of dependencies for sorting
sorting graph of dependencies
rpms sorted by dependencies:
g
h
f
e
selecting g-2-1.x86_64
set_rejected: g-1-1.x86_64
selecting e-2-1.x86_64
set_rejected: e-1-1.x86_64
requiring f[== 2] for e-2-1.x86_64
chosen f-2-1.x86_64 for f[== 2]
selecting f-2-1.x86_64
set_rejected: f-1-1.x86_64
requiring gh[== 2] for f-2-1.x86_64
chosen h-2-1.x86_64 for gh[== 2]
selecting h-2-1.x86_64
installed f-1-1.x86_64 is conflicting because of unsatisfied gh[== 1]
promoting f-2-1.x86_64 because of conflict above
installed e-1-1.x86_64 is conflicting because of unsatisfied f[== 1]
promoting e-2-1.x86_64 because of conflict above
transaction valid: remove= update=h,e,g,f
scheduled sets of transactions:
remove=0= update=4=h,e,g,f
verifying signature of /root/.cpan/build/urpmi-v8.128.1-0/t/media/split-transactions--strict-require-2/f-2-1.x86_64.rpm
verifying signature of /root/.cpan/build/urpmi-v8.128.1-0/t/media/split-transactions--strict-require-2/h-2-1.x86_64.rpm
verifying signature of /root/.cpan/build/urpmi-v8.128.1-0/t/media/split-transactions--strict-require-2/e-2-1.x86_64.rpm
verifying signature of /root/.cpan/build/urpmi-v8.128.1-0/t/media/split-transactions--strict-require-2/g-2-1.x86_64.rpm
opening rpmdb (root=/root/.cpan/build/urpmi-v8.128.1-0/t/root, write=1)
trans: scheduling update of f-2-1.x86_64 (id=6, file=/root/.cpan/build/urpmi-v8.128.1-0/t/media/split-transactions--strict-require-2/f-2-1.x86_64.rpm)
trans: scheduling update of h-2-1.x86_64 (id=2, file=/root/.cpan/build/urpmi-v8.128.1-0/t/media/split-transactions--strict-require-2/h-2-1.x86_64.rpm)
trans: scheduling update of e-2-1.x86_64 (id=3, file=/root/.cpan/build/urpmi-v8.128.1-0/t/media/split-transactions--strict-require-2/e-2-1.x86_64.rpm)
trans: scheduling update of g-2-1.x86_64 (id=0, file=/root/.cpan/build/urpmi-v8.128.1-0/t/media/split-transactions--strict-require-2/g-2-1.x86_64.rpm)
workaround bug in rpmlib by removing /root/.cpan/build/urpmi-v8.128.1-0/t/root/var/lib/rpm/__db*
EXITING (pid=488371)
t/superuser--split-transactions--strict-require.t ............... ok
t/superuser--split-transactions.t ............................... ok
unable to access medium "srpm-bootstrapping".
# Failed test 'perl -I.. ../urpmi.addmedia --no-verify-rpm --urpmi-root /root/.cpan/build/urpmi-v8.128.1-0/t/root -q srpm-bootstrapping /root/.cpan/build/urpmi-v8.128.1-0/t/media/srpm-bootstrapping'
# at t/helper.pm line 151.
unable to access rpm file [media/SRPMS-srpm-bootstrapping/srpm-bootstrapping-*.src.rpm]
error registering local packages
# Failed test 'perl -I.. ../urpmi --urpmi-root /root/.cpan/build/urpmi-v8.128.1-0/t/root -q --ignoresize --buildrequires --auto media/SRPMS-srpm-bootstrapping/srpm-bootstrapping-*.src.rpm'
# at t/helper.pm line 151.
# Failed test 'pkgs are installed (fullnames)'
# at t/helper.pm line 185.
# got: ''
# expected: 'srpm-bootstrapping
# '
unable to access rpm file [media/SRPMS-srpm-bootstrapping/srpm-bootstrapping-*.src.rpm]
error registering local packages
# Failed test 'perl -I.. ../urpmi --urpmi-root /root/.cpan/build/urpmi-v8.128.1-0/t/root -q --ignoresize --install-src media/SRPMS-srpm-bootstrapping/srpm-bootstrapping-*.src.rpm'
# at t/helper.pm line 151.
cmp: root/root/rpmbuild/SPECS/srpm-bootstrapping.spec: No such file or directory
# Failed test 'cmp root/root/rpmbuild/SPECS/srpm-bootstrapping.spec data/SPECS/srpm-bootstrapping.spec'
# at t/helper.pm line 151.
# Failed test 'pkgs are installed (fullnames)'
# at t/helper.pm line 185.
# got: ''
# expected: 'srpm-bootstrapping
# '
error: package srpm-bootstrapping is not installed
# Failed test 'rpm --root /root/.cpan/build/urpmi-v8.128.1-0/t/root -e srpm-bootstrapping'
# at t/helper.pm line 151.
unable to access medium "srpm-bootstrapping-src".
# Failed test 'perl -I.. ../urpmi.addmedia --no-verify-rpm --urpmi-root /root/.cpan/build/urpmi-v8.128.1-0/t/root -q srpm-bootstrapping-src /root/.cpan/build/urpmi-v8.128.1-0/t/media/SRPMS-srpm-bootstrapping'
# at t/helper.pm line 151.
No package named srpm-bootstrapping
# Failed test 'perl -I.. ../urpmi --urpmi-root /root/.cpan/build/urpmi-v8.128.1-0/t/root -q --ignoresize --buildrequires --auto --buildrequires srpm-bootstrapping'
# at t/helper.pm line 151.
# Failed test 'pkgs are installed (fullnames)'
# at t/helper.pm line 185.
# got: ''
# expected: 'srpm-bootstrapping
# '
No package named srpm-bootstrapping
# Failed test 'perl -I.. ../urpmi --urpmi-root /root/.cpan/build/urpmi-v8.128.1-0/t/root -q --ignoresize --install-src --buildrequires srpm-bootstrapping'
# at t/helper.pm line 151.
cmp: root/root/rpmbuild/SPECS/srpm-bootstrapping.spec: No such file or directory
# Failed test 'cmp root/root/rpmbuild/SPECS/srpm-bootstrapping.spec data/SPECS/srpm-bootstrapping.spec'
# at t/helper.pm line 151.
# Failed test 'pkgs are installed (fullnames)'
# at t/helper.pm line 185.
# got: ''
# expected: 'srpm-bootstrapping
# '
error: package srpm-bootstrapping is not installed
# Failed test 'rpm --root /root/.cpan/build/urpmi-v8.128.1-0/t/root -e srpm-bootstrapping'
# at t/helper.pm line 151.
# Looks like you failed 14 tests of 21.
t/superuser--srpm-bootstrapping.t ...............................
Dubious, test returned 14 (wstat 3584, 0xe00)
Failed 14/21 subtests
WARNING: --no-suggests is deprecated. Use --no-recommends instead
WARNING: --no-suggests is deprecated. Use --no-recommends instead
error: Failed dependencies:
cc is needed by (installed) c2-1-1.x86_64
error: Failed dependencies:
cc is needed by (installed) c2-1-1.x86_64
error: Failed dependencies:
cc is needed by (installed) c2-1-1.x86_64
WARNING: --allow-suggests is deprecated. Use --allow-recommends instead
t/superuser--suggests.t ......................................... ok
this location doesn't seem to contain any distribution
unable to add medium
# Failed test 'perl -I.. ../urpmi.addmedia --no-verify-rpm --urpmi-root /root/.cpan/build/urpmi-v8.128.1-0/t/root -q --distrib /root/.cpan/build/urpmi-v8.128.1-0/t'
# at t/helper.pm line 151.
No package named various
No package named various2
# Failed test 'perl -I.. ../urpmi --urpmi-root /root/.cpan/build/urpmi-v8.128.1-0/t/root -q --ignoresize various various2'
# at t/helper.pm line 151.
# Failed test 'pkgs are installed (fullnames)'
# at t/helper.pm line 185.
# got: ''
# expected: 'various
# various2
# '
error: package various is not installed
error: package various2 is not installed
# Failed test 'rpm --root /root/.cpan/build/urpmi-v8.128.1-0/t/root -e various various2'
# at t/helper.pm line 151.
trying to select nonexistent medium "Various"
the entry to update is missing
(one of )
# Failed test 'perl -I.. ../urpmi.update --urpmi-root /root/.cpan/build/urpmi-v8.128.1-0/t/root -q --ignore Various'
# at t/helper.pm line 151.
# Failed test 'Various:ignore'
# at t/superuser--urpmi_update.t line 56.
# got: undef
# expected: '1'
No package named various
# Failed test 'Various Debug:ignore'
# at t/superuser--urpmi_update.t line 56.
# got: undef
# expected: '1'
No package named various-debug
trying to select nonexistent medium "Various Debug"
the entry to update is missing
(one of )
# Failed test 'perl -I.. ../urpmi.update --urpmi-root /root/.cpan/build/urpmi-v8.128.1-0/t/root -q --no-ignore "Various Debug"'
# at t/helper.pm line 151.
trying to select nonexistent medium "Various Debug"
the entry to update is missing
(one of )
# Failed test 'perl -I.. ../urpmi.update --urpmi-root /root/.cpan/build/urpmi-v8.128.1-0/t/root -q "Various Debug"'
# at t/helper.pm line 151.
No package named various-debug
# Failed test 'perl -I.. ../urpmi --urpmi-root /root/.cpan/build/urpmi-v8.128.1-0/t/root -q --ignoresize various-debug'
# at t/helper.pm line 151.
# Failed test 'pkgs are installed (fullnames)'
# at t/helper.pm line 185.
# got: ''
# expected: 'various-debug
# '
error: package various-debug is not installed
# Failed test 'rpm --root /root/.cpan/build/urpmi-v8.128.1-0/t/root -e various-debug'
# at t/helper.pm line 151.
nothing to remove (use urpmi.addmedia to add a media)
this location doesn't seem to contain any distribution
unable to add medium
# Failed test 'perl -I.. ../urpmi.addmedia --no-verify-rpm --urpmi-root /root/.cpan/build/urpmi-v8.128.1-0/t/root -q --distrib /root/.cpan/build/urpmi-v8.128.1-0/t'
# at t/helper.pm line 151.
trying to select nonexistent medium "Various Debug"
the entry to update is missing
(one of )
# Failed test 'perl -I.. ../urpmi.update --urpmi-root /root/.cpan/build/urpmi-v8.128.1-0/t/root -q "Various Debug"'
# at t/helper.pm line 151.
# Failed test 'Various Debug:ignore'
# at t/superuser--urpmi_update.t line 56.
# got: undef
# expected: '1'
No package named various-debug
trying to select nonexistent medium "Various Debug"
the entry to update is missing
(one of )
# Failed test 'perl -I.. ../urpmi.update --urpmi-root /root/.cpan/build/urpmi-v8.128.1-0/t/root -q --no-ignore "Various Debug"'
# at t/helper.pm line 151.
No package named various-debug
# Failed test 'perl -I.. ../urpmi --urpmi-root /root/.cpan/build/urpmi-v8.128.1-0/t/root -q --ignoresize various-debug'
# at t/helper.pm line 151.
# Failed test 'pkgs are installed (fullnames)'
# at t/helper.pm line 185.
# got: ''
# expected: 'various-debug
# '
error: package various-debug is not installed
# Failed test 'rpm --root /root/.cpan/build/urpmi-v8.128.1-0/t/root -e various-debug'
# at t/helper.pm line 151.
nothing to remove (use urpmi.addmedia to add a media)
# Looks like you failed 19 tests of 31.
t/superuser--urpmi_update.t .....................................
Dubious, test returned 19 (wstat 4864, 0x1300)
Failed 19/31 subtests
Test Summary Report
-------------------
t/superuser--addmedia.t (Wstat: 65024 Tests: 1059 Failed: 356)
Failed tests: 3-4, 13-15, 18-19, 28-30, 32-33, 50-52
54-57, 64, 66-68, 70-71, 78, 86, 88-90
92-95, 100, 104-106, 108-109, 114, 122
126-128, 130-133, 142-144, 146-147, 164-166
168-171, 178, 180-182, 184-185, 192, 200
202-204, 206-209, 218-220, 222-223, 240-242
244-247, 254, 256-258, 260-261, 268, 276
278-280, 282-285, 288, 294-296, 298-299
302, 310, 316-318, 320-323, 326, 330, 332-334
336-337, 340, 344, 348, 352, 354-356, 358-361
370-372, 374-375, 392-394, 396-399, 406
408-410, 412-413, 420, 428, 430-432, 434-437
446-448, 450-451, 468-470, 472-475, 482
484-486, 488-489, 496, 504, 506-508, 510-513
516, 522-524, 526-527, 530, 538, 544-546
548-551, 554, 558, 560-562, 564-565, 568
572, 576, 580, 582-584, 586-589, 613, 621-624
627-628, 635, 643, 651-652, 659-663, 666-667
691, 699-702, 705-706, 713, 721, 729-730
737-741, 744-745, 769, 777-780, 783-784
791, 799, 807-808, 815-819, 822-823, 826
834, 842, 847, 850, 855-858, 861-862, 865
869, 873, 877, 881, 885-886, 889, 893-897
900-901, 904, 912, 920, 925, 928, 933-936
939-940, 943, 947, 951, 955, 959, 963-964
967, 971-975, 978-979, 982, 990, 998, 1003
1006, 1011-1014, 1017-1018, 1021, 1025
1029, 1033, 1037, 1041-1042, 1045, 1049-1053
1056-1058
Non-zero exit status: 254
t/superuser--arch_to_noarch.t (Wstat: 3072 Tests: 13 Failed: 12)
Failed tests: 2-13
Non-zero exit status: 12
t/superuser--exclude.t (Wstat: 5888 Tests: 90 Failed: 23)
Failed tests: 4, 6, 9, 12, 15, 21, 24, 30, 33, 36, 39
45, 48, 54, 57, 60, 63, 69, 72, 79, 82
85, 88
Non-zero exit status: 23
t/superuser--http.t (Wstat: 2560 Tests: 12 Failed: 10)
Failed tests: 3-12
Non-zero exit status: 10
t/superuser--media_info_dir.t (Wstat: 8192 Tests: 38 Failed: 32)
Failed tests: 2-26, 28-31, 35-36, 38
Non-zero exit status: 32
t/superuser--orphans-kernels.t (Wstat: 5120 Tests: 34 Failed: 20)
Failed tests: 8, 10, 12, 14, 16, 18-28, 30, 32-34
Non-zero exit status: 20
t/superuser--rpm.t (Wstat: 768 Tests: 7 Failed: 3)
Failed tests: 3-4, 7
Non-zero exit status: 3
t/superuser--specify-media.t (Wstat: 6656 Tests: 34 Failed: 26)
Failed tests: 2-14, 16-17, 19-20, 22-23, 25-26, 28-29
31-32, 34
Non-zero exit status: 26
t/superuser--srpm-bootstrapping.t (Wstat: 3584 Tests: 21 Failed: 14)
Failed tests: 2-4, 6-7, 9-10, 12-14, 16-17, 19-20
Non-zero exit status: 14
t/superuser--urpmi_update.t (Wstat: 4864 Tests: 31 Failed: 19)
Failed tests: 3-6, 8-9, 11, 13-14, 16-18, 21-23, 25, 27-29
Non-zero exit status: 19
Files=42, Tests=3867, 579 wallclock secs ( 0.83 usr 0.10 sys + 198.61 cusr 47.52 csys = 247.06 CPU)
Result: FAIL
Failed 10/42 test programs. 515/3867 subtests failed.
make: *** [Makefile:1165: test_dynamic] Error 19
------------------------------
PREREQUISITES
------------------------------
Prerequisite modules loaded:
requires:
Module Need Have
------------------- -------- --------
Filesys::Df 0 0.92
Getopt::Long 0 2.51
Locale::gettext 1.01 1.07
MDV::Distribconf 4.100 4.101
Net::LDAP 0 0.66
perl 5.010000 5.032001
Time::ZoneInfo 0 0.3
URPM v5.28.0 v5.221
XML::LibXML 0 2.0206
XML::LibXML::Reader 0 2.0206
build_requires:
Module Need Have
------------------- -------- --------
Expect 0 1.35
ExtUtils::MakeMaker 0 7.44
File::Slurp 0 9999.32
Net::Server 0 2.009
rpmtools 7.12 7.12
Test::More 1.302 1.302183
Test::Pod 0 1.52
Test::Pod::Coverage 0 1.10
configure_requires:
Module Need Have
------------------- -------- --------
ExtUtils::MakeMaker 6.64 7.44
------------------------------
ENVIRONMENT AND OTHER CONTEXT
------------------------------
Environment variables:
LANG = br_FR.UTF-8
LANGUAGE = br:fr_FR:fr
LC_ADDRESS = br_FR.UTF-8
LC_ALL = C
LC_COLLATE = br_FR.UTF-8
LC_CTYPE = br_FR.UTF-8
LC_IDENTIFICATION = br_FR.UTF-8
LC_MEASUREMENT = br_FR.UTF-8
LC_MESSAGES = br_FR.UTF-8
LC_MONETARY = br_FR.UTF-8
LC_NAME = br_FR.UTF-8
LC_NUMERIC = br_FR.UTF-8
LC_PAPER = br_FR.UTF-8
LC_SOURCED = 1
LC_TELEPHONE = br_FR.UTF-8
LC_TIME = br_FR.UTF-8
PATH = /sbin:/bin:/usr/sbin:/usr/bin
PERL5LIB = /root/.cpan/build/rpmtools-7.12-1/blib/arch:/root/.cpan/build/rpmtools-7.12-1/blib/lib:/root/.cpan/build/URPM-v5.221-1/blib/arch:/root/.cpan/build/URPM-v5.221-1/blib/lib
PERL5OPT =
PERL5_CPANPLUS_IS_RUNNING = 474142
PERL5_CPAN_IS_RUNNING = 474142
PERL_USE_UNSAFE_INC = 1
SHELL = /bin/bash
TERM = screen
Perl special variables (and OS-specific diagnostics, for MSWin32):
$^X = /usr/bin/perl5.32.1
$UID/$EUID = 0 / 0
$GID = 0 0
$EGID = 0 0
Perl module toolchain versions installed:
Module Have
------------------- --------
CPAN 2.27
CPAN::Meta 2.150010
Cwd 3.78
ExtUtils::CBuilder 0.280234
ExtUtils::Command 7.44
ExtUtils::Install 2.14
ExtUtils::MakeMaker 7.44
ExtUtils::Manifest 1.72
ExtUtils::ParseXS 3.40
File::Spec 3.78
JSON 4.02
JSON::PP 4.04
Module::Build 0.4231
Module::Signature n/a
Parse::CPAN::Meta 2.150010
Test::Harness 3.42
Test::More 1.302183
YAML 1.30
YAML::Syck n/a
version 0.9924
--
Summary of my perl5 (revision 5 version 32 subversion 1) configuration:
Platform:
osname=linux
osvers=5.6.14-server-2.mga7
archname=x86_64-linux-thread-multi
uname='linux ecosse.mageia.org 5.6.14-server-2.mga7 #1 smp thu may 21 01:47:43 utc 2020 x86_64 x86_64 x86_64 gnulinux '
config_args='-des -Doptimize=none -Dccflags=-O2 -g -pipe -Wformat -Werror=format-security -Wp,-D_FORTIFY_SOURCE=2 -fstack-protector --param=ssp-buffer-size=4 -fasynchronous-unwind-tables -Dldflags= -Wl,--as-needed -Wl,-z,relro -Wl,-O1 -Wl,--build-id -Wl,--enable-new-dtags -Dccdlflags=-Wl,--enable-new-dtags -Wl,--as-needed -Wl,-z,relro -Wl,-O1 -Wl,--build-id -Wl,--enable-new-dtags -Dlddlflags=-shared -Wl,--as-needed -Wl,-z,relro -Wl,-O1 -Wl,--build-id -Wl,--enable-new-dtags -Dshrpdir=/usr/lib64 -DDEBUGGING=-g -Dmyhostname=localhost -Dperladmin=root@localhost -Dcc=x86_64-mageia-linux-gnu-gcc -Dcf_by=Mageia -Dcf_email=root@localhost -Dprefix=/usr -Dman3dir=/usr/share/man/man3pm -Dvendorprefix=/usr -Dsiteprefix=/usr/local -Dsitelib=/usr/local/share/perl5/5.32 -Dsitearch=/usr/local/lib64/perl5/5.32 -Dprivlib=/usr/share/perl5 -Dvendorlib=/usr/share/perl5/vendor_perl -Dsiteman1dir=/usr/local/share/man/man1 -Dsiteman3dir=/usr/local/share/man/man3 -Dvendorman3dir=/usr/share/man/man3 -Darchlib=/usr/lib64/perl5 -Dvendorarch=/usr/lib64/perl5/vendor_perl -Darchname=x86_64-linux-thread-multi -Dlibpth=/usr/local/lib64 /lib64 /usr/lib64 -Duseshrplib -Duseithreads -Dusedtrace=/usr/bin/dtrace -Di_db -Di_ndbm -Di_gdbm -Dman3ext=3pm -Duse64bitint'
hint=recommended
useposix=true
d_sigaction=define
useithreads=define
usemultiplicity=define
use64bitint=define
use64bitall=define
uselongdouble=undef
usemymalloc=n
default_inc_excludes_dot=define
bincompat5005=undef
Compiler:
cc='x86_64-mageia-linux-gnu-gcc'
ccflags ='-D_REENTRANT -D_GNU_SOURCE -O2 -g -pipe -Wformat -Werror=format-security -Wp,-D_FORTIFY_SOURCE=2 -fstack-protector --param=ssp-buffer-size=4 -fasynchronous-unwind-tables -fwrapv -fno-strict-aliasing -fstack-protector-strong -I/usr/local/include -D_LARGEFILE_SOURCE -D_FILE_OFFSET_BITS=64'
optimize=' -g'
cppflags='-D_REENTRANT -D_GNU_SOURCE -O2 -g -pipe -Wformat -Werror=format-security -Wp,-D_FORTIFY_SOURCE=2 -fstack-protector --param=ssp-buffer-size=4 -fasynchronous-unwind-tables -fwrapv -fno-strict-aliasing -fstack-protector-strong -I/usr/local/include'
ccversion=''
gccversion='10.2.1 20210123'
gccosandvers=''
intsize=4
longsize=8
ptrsize=8
doublesize=8
byteorder=12345678
doublekind=3
d_longlong=define
longlongsize=8
d_longdbl=define
longdblsize=16
longdblkind=3
ivtype='long'
ivsize=8
nvtype='double'
nvsize=8
Off_t='off_t'
lseeksize=8
alignbytes=8
prototype=define
Linker and Libraries:
ld='x86_64-mageia-linux-gnu-gcc'
ldflags =' -Wl,--as-needed -Wl,-z,relro -Wl,-O1 -Wl,--build-id -Wl,--enable-new-dtags -fstack-protector-strong -L/usr/local/lib'
libpth=/usr/local/lib64 /lib64 /usr/lib64 /usr/local/lib /usr/lib /lib/../lib64 /usr/lib/../lib64 /lib
libs=-lpthread -lgdbm -ldb -ldl -lm -lcrypt -lutil -lc -lgdbm_compat
perllibs=-lpthread -ldl -lm -lcrypt -lutil -lc
libc=libc-2.32.so
so=so
useshrplib=true
libperl=libperl.so
gnulibc_version='2.32'
Dynamic Linking:
dlsrc=dl_dlopen.xs
dlext=so
d_dlsymun=undef
ccdlflags='-Wl,--enable-new-dtags -Wl,--as-needed -Wl,-z,relro -Wl,-O1 -Wl,--build-id -Wl,--enable-new-dtags'
cccdlflags='-fPIC'
lddlflags='-lpthread -shared -Wl,--as-needed -Wl,-z,relro -Wl,-O1 -Wl,--build-id -Wl,--enable-new-dtags -L/usr/local/lib -fstack-protector-strong'
Characteristics of this binary (from libperl):
Compile-time options:
HAS_TIMES
MULTIPLICITY
PERLIO_LAYERS
PERL_COPY_ON_WRITE
PERL_DONT_CREATE_GVSV
PERL_IMPLICIT_CONTEXT
PERL_MALLOC_WRAP
PERL_OP_PARENT
PERL_PRESERVE_IVUV
USE_64_BIT_ALL
USE_64_BIT_INT
USE_ITHREADS
USE_LARGE_FILES
USE_LOCALE
USE_LOCALE_COLLATE
USE_LOCALE_CTYPE
USE_LOCALE_NUMERIC
USE_LOCALE_TIME
USE_PERLIO
USE_PERL_ATOF
USE_REENTRANT_API
USE_THREAD_SAFE_LOCALE
Locally applied patches:
Mageia patches
Built under linux
Compiled at Jan 30 2021 22:53:31
%ENV:
PERL5LIB="/root/.cpan/build/rpmtools-7.12-1/blib/arch:/root/.cpan/build/rpmtools-7.12-1/blib/lib:/root/.cpan/build/URPM-v5.221-1/blib/arch:/root/.cpan/build/URPM-v5.221-1/blib/lib"
PERL5OPT=""
PERL5_CPANPLUS_IS_RUNNING="474142"
PERL5_CPAN_IS_RUNNING="474142"
PERL_USE_UNSAFE_INC="1"
@INC:
/root/.cpan/build/rpmtools-7.12-1/blib/arch
/root/.cpan/build/rpmtools-7.12-1/blib/lib
/root/.cpan/build/URPM-v5.221-1/blib/arch
/root/.cpan/build/URPM-v5.221-1/blib/lib
/usr/local/lib64/perl5/5.32
/usr/local/share/perl5/5.32
/usr/lib64/perl5/vendor_perl
/usr/share/perl5/vendor_perl
/usr/lib64/perl5
/usr/share/perl5
.