Dancer2-Plugin-DBIx-Class v1.03 Perl 5 v5.22.1 MSWin32-x86-multi-thread-64int

Status
Fail
From
Alexandr Ciornii (CHORNY)
Dist
Dancer2-Plugin-DBIx-Class v1.03
Platform
Perl 5 v5.22.1 MSWin32-x86-multi-thread-64int
Date
2021-04-04 18:39:16
ID
e2bb89a5-6bf3-1014-94c9-20e8c3928488
This distribution has been tested as part of the CPAN Testers
project, supporting the Perl programming language.  See
http://wiki.cpantesters.org/ for more information or email
questions to cpan-testers-discuss@perl.org


--
Dear D Ruth Holloway,

This is a computer-generated report for Dancer2-Plugin-DBIx-Class-1.03
on perl 5.22.1, created by CPAN-Reporter-1.2018_01.

Thank you for uploading your work to CPAN.  However, there was a problem
testing your distribution.

If you think this report is invalid, please consult the CPAN Testers Wiki
for suggestions on how to avoid getting FAIL reports for missing library
or binary dependencies, unsupported operating systems, and so on:

http://wiki.cpantesters.org/wiki/CPANAuthorNotes

Sections of this report:

    * Tester comments
    * Program output
    * Prerequisites
    * Environment and other context

------------------------------
TESTER COMMENTS
------------------------------

Additional comments from tester:

this report is from an automated smoke testing program
and was not reviewed by a human for accuracy

------------------------------
PROGRAM OUTPUT
------------------------------

Output from 'C:\STRAWB~1\c\bin\dmake.exe test':

"C:\Strawberry221\perl\bin\perl.exe" "-MExtUtils::Command::MM" "-MTest::Harness" "-e" "undef *Test::Harness::Switches; test_harness(0, 'blib\lib', 'blib\arch')" t/*.t

#   Failed test 'Dancer2/Plugin/DBIx/Class.pm loaded ok'
#   at t/00-compile.t line 43.
#          got: '65280'
#     expected: '0'
"my" variable $self masks earlier declaration in same scope at C:\STRAWB~1\cpan\build\Dancer2-Plugin-DBIx-Class-1.03-KynpEz\blib\lib/Dancer2/Plugin/DBIx/Class.pm line 32.
"state" variable @_ masks earlier declaration in same scope at C:\STRAWB~1\cpan\build\Dancer2-Plugin-DBIx-Class-1.03-KynpEz\blib\lib/Dancer2/Plugin/DBIx/Class.pm line 32.
"my" variable $self masks earlier declaration in same scope at C:\STRAWB~1\cpan\build\Dancer2-Plugin-DBIx-Class-1.03-KynpEz\blib\lib/Dancer2/Plugin/DBIx/Class.pm line 42.
"state" variable @_ masks earlier declaration in same scope at C:\STRAWB~1\cpan\build\Dancer2-Plugin-DBIx-Class-1.03-KynpEz\blib\lib/Dancer2/Plugin/DBIx/Class.pm line 42.
"my" variable $config masks earlier declaration in same scope at C:\STRAWB~1\cpan\build\Dancer2-Plugin-DBIx-Class-1.03-KynpEz\blib\lib/Dancer2/Plugin/DBIx/Class.pm line 43.
"my" variable $self masks earlier declaration in same scope at C:\STRAWB~1\cpan\build\Dancer2-Plugin-DBIx-Class-1.03-KynpEz\blib\lib/Dancer2/Plugin/DBIx/Class.pm line 59.
syntax error at C:\STRAWB~1\cpan\build\Dancer2-Plugin-DBIx-Class-1.03-KynpEz\blib\lib/Dancer2/Plugin/DBIx/Class.pm line 9, near "has schema_class"
Can't use global @_ in "my" at C:\STRAWB~1\cpan\build\Dancer2-Plugin-DBIx-Class-1.03-KynpEz\blib\lib/Dancer2/Plugin/DBIx/Class.pm line 18, near "= @_"
Global symbol "$self" requires explicit package name (did you forget to declare "my $self"?) at C:\STRAWB~1\cpan\build\Dancer2-Plugin-DBIx-Class-1.03-KynpEz\blib\lib/Dancer2/Plugin/DBIx/Class.pm line 19.
syntax error at C:\STRAWB~1\cpan\build\Dancer2-Plugin-DBIx-Class-1.03-KynpEz\blib\lib/Dancer2/Plugin/DBIx/Class.pm line 25, near "}"
Can't use global @_ in "my" at C:\STRAWB~1\cpan\build\Dancer2-Plugin-DBIx-Class-1.03-KynpEz\blib\lib/Dancer2/Plugin/DBIx/Class.pm line 32, near "= @_"
syntax error at C:\STRAWB~1\cpan\build\Dancer2-Plugin-DBIx-Class-1.03-KynpEz\blib\lib/Dancer2/Plugin/DBIx/Class.pm line 35, near "}"
Can't use global @_ in "my" at C:\STRAWB~1\cpan\build\Dancer2-Plugin-DBIx-Class-1.03-KynpEz\blib\lib/Dancer2/Plugin/DBIx/Class.pm line 42, near "= @_"
syntax error at C:\STRAWB~1\cpan\build\Dancer2-Plugin-DBIx-Class-1.03-KynpEz\blib\lib/Dancer2/Plugin/DBIx/Class.pm line 45, near "}"
syntax error at C:\STRAWB~1\cpan\build\Dancer2-Plugin-DBIx-Class-1.03-KynpEz\blib\lib/Dancer2/Plugin/DBIx/Class.pm line 54, near "has export_exclude"
Can't use global @_ in "my" at C:\STRAWB~1\cpan\build\Dancer2-Plugin-DBIx-Class-1.03-KynpEz\blib\lib/Dancer2/Plugin/DBIx/Class.pm line 59, near "= @_"
C:\STRAWB~1\cpan\build\Dancer2-Plugin-DBIx-Class-1.03-KynpEz\blib\lib/Dancer2/Plugin/DBIx/Class.pm has too many errors.
Compilation failed in require at -e line 1.
# Looks like you failed 1 test of 1.
t/00-compile.t ............... 
Dubious, test returned 1 (wstat 256, 0x100)
Failed 1/1 subtests 
# 
# Versions for all modules listed in MYMETA.json (including optional ones):
# 
# === Configure Requires ===
# 
#     Module              Want Have
#     ------------------- ---- ----
#     ExtUtils::MakeMaker  any 7.10
# 
# === Build Requires ===
# 
#     Module              Want Have
#     ------------------- ---- ----
#     ExtUtils::MakeMaker  any 7.10
# 
# === Test Requires ===
# 
#     Module                              Want     Have
#     ----------------------------------- ---- --------
#     DBIx::Class::Core                    any    undef
#     DBIx::Class::Schema                  any    undef
#     DBIx::Class::Schema::ResultSetNames  any     1.02
#     Dancer2                              any 0.166001
#     ExtUtils::MakeMaker                  any     7.10
#     File::Spec                           any     3.62
#     HTTP::Request::Common                any     6.11
#     IO::Handle                           any     1.35
#     IPC::Open3                           any     1.18
#     JSON::MaybeXS                        any 1.003005
#     Plack::Test                          any    undef
#     Test::More                           any 1.001014
# 
# === Test Recommends ===
# 
#     Module         Want     Have
#     ---------- -------- --------
#     CPAN::Meta 2.120900 2.150005
# 
# === Runtime Requires ===
# 
#     Module                   Want     Have
#     ------------------------ ---- --------
#     Carp                      any     1.38
#     Class::C3::Componentised  any 1.001000
#     Dancer2::Plugin           any 0.166001
#     Try::Tiny                 any     0.24
# 
t/00-report-prereqs.t ........ ok
[TestApp:1716] error @2021-04-04 21:39:07> Route exception: Undefined subroutine &TestApp::rs called at t/lib/TestApp.pm line 18. in C:/Strawberry221/perl/site/lib/Dancer2/Core/App.pm l. 1288
    
    #   Failed test 'rs'
    #   at t/01_test_with_rsnames.t line 20.
    #     Structures begin differing at:
    #          $got = HASH(0xbe6cd4)
    #     $expected = ARRAY(0x1c77504)
[TestApp:1716] error @2021-04-04 21:39:07> Route exception: Undefined subroutine &TestApp::rset called at t/lib/TestApp.pm line 19. in C:/Strawberry221/perl/site/lib/Dancer2/Core/App.pm l. 1288
    
    #   Failed test 'rset'
    #   at t/01_test_with_rsnames.t line 23.
    #     Structures begin differing at:
    #          $got = HASH(0x1c6c99c)
    #     $expected = ARRAY(0x1ccc5ac)
[TestApp:1716] error @2021-04-04 21:39:07> Route exception: Undefined subroutine &TestApp::resultset called at t/lib/TestApp.pm line 21. in C:/Strawberry221/perl/site/lib/Dancer2/Core/App.pm l. 1288
    
    #   Failed test 'resultset'
    #   at t/01_test_with_rsnames.t line 26.
    #     Structures begin differing at:
    #          $got = HASH(0x1c6cdec)
    #     $expected = ARRAY(0x1161664)
[TestApp:1716] error @2021-04-04 21:39:07> Route exception: Can't locate object method "resultset" via package "schema" (perhaps you forgot to load "schema"?) at t/lib/TestApp.pm line 23. in C:/Strawberry221/perl/site/lib/Dancer2/Core/App.pm l. 1288
    
    #   Failed test 'schema'
    #   at t/01_test_with_rsnames.t line 29.
    #     Structures begin differing at:
    #          $got = HASH(0x1cbf214)
    #     $expected = ARRAY(0x1cbf2a4)
    # Looks like you failed 4 tests of 4.

#   Failed test 'Check core keywords'
#   at t/01_test_with_rsnames.t line 30.
[TestApp:1716] error @2021-04-04 21:39:07> Route exception: Can't locate object method "result_source" via package "humans" (perhaps you forgot to load "humans"?) at t/lib/TestApp.pm line 25. in C:/Strawberry221/perl/site/lib/Dancer2/Core/App.pm l. 1288
    
    #   Failed test 'Plural term returns resultset'
    #   at t/01_test_with_rsnames.t line 36.
    #     Structures begin differing at:
    #          $got = HASH(0x1b4c374)
    #     $expected = ARRAY(0x1c76a24)
[TestApp:1716] error @2021-04-04 21:39:07> Route exception: Undefined subroutine &TestApp::human called at t/lib/TestApp.pm line 27. in C:/Strawberry221/perl/site/lib/Dancer2/Core/App.pm l. 1288
    
    #   Failed test 'Singular term does a find()'
    #   at t/01_test_with_rsnames.t line 42.
    #     Structures begin differing at:
    #          $got->{message} = ''
    #     $expected->{message} = Does not exist
    # Looks like you failed 2 tests of 2.

#   Failed test 'Check ResultSetNames'
#   at t/01_test_with_rsnames.t line 46.
# Looks like you failed 2 tests of 2.
t/01_test_with_rsnames.t ..... 
Dubious, test returned 2 (wstat 512, 0x200)
Failed 2/2 subtests 
[TestApp2:1776] error @2021-04-04 21:39:09> Route exception: Undefined subroutine &TestApp2::rs called at t/lib/TestApp2.pm line 18. in C:/Strawberry221/perl/site/lib/Dancer2/Core/App.pm l. 1288
    
    #   Failed test 'rs'
    #   at t/02_test_without_rsnames.t line 20.
    #     Structures begin differing at:
    #          $got = HASH(0xbe5cd4)
    #     $expected = ARRAY(0x1c5ddc4)
[TestApp2:1776] error @2021-04-04 21:39:09> Route exception: Undefined subroutine &TestApp2::rset called at t/lib/TestApp2.pm line 19. in C:/Strawberry221/perl/site/lib/Dancer2/Core/App.pm l. 1288
    
    #   Failed test 'rset'
    #   at t/02_test_without_rsnames.t line 23.
    #     Structures begin differing at:
    #          $got = HASH(0x1c636ac)
    #     $expected = ARRAY(0x9a915c)
[TestApp2:1776] error @2021-04-04 21:39:09> Route exception: Undefined subroutine &TestApp2::resultset called at t/lib/TestApp2.pm line 21. in C:/Strawberry221/perl/site/lib/Dancer2/Core/App.pm l. 1288
    
    #   Failed test 'resultset'
    #   at t/02_test_without_rsnames.t line 26.
    #     Structures begin differing at:
    #          $got = HASH(0x1c6d074)
    #     $expected = ARRAY(0x1c4072c)
[TestApp2:1776] error @2021-04-04 21:39:09> Route exception: Can't locate object method "resultset" via package "schema" (perhaps you forgot to load "schema"?) at t/lib/TestApp2.pm line 23. in C:/Strawberry221/perl/site/lib/Dancer2/Core/App.pm l. 1288
    
    #   Failed test 'schema'
    #   at t/02_test_without_rsnames.t line 29.
    #     Structures begin differing at:
    #          $got = HASH(0x1c2e164)
    #     $expected = ARRAY(0x17a164c)
    # Looks like you failed 4 tests of 4.

#   Failed test 'Check core keywords without ResultSetNames plugin'
#   at t/02_test_without_rsnames.t line 30.
# Looks like you failed 1 test of 1.
t/02_test_without_rsnames.t .. 
Dubious, test returned 1 (wstat 256, 0x100)
Failed 1/1 subtests 
t/author-critic.t ............ skipped: these tests are for testing by the author
t/author-distmeta.t .......... skipped: these tests are for testing by the author
t/author-no-tabs.t ........... skipped: these tests are for testing by the author
t/author-pod-syntax.t ........ skipped: these tests are for testing by the author
t/release-unused-vars.t ...... skipped: these tests are for release candidate testing

Test Summary Report
-------------------
t/00-compile.t             (Wstat: 256 Tests: 1 Failed: 1)
  Failed test:  1
  Non-zero exit status: 1
t/01_test_with_rsnames.t   (Wstat: 512 Tests: 2 Failed: 2)
  Failed tests:  1-2
  Non-zero exit status: 2
t/02_test_without_rsnames.t (Wstat: 256 Tests: 1 Failed: 1)
  Failed test:  1
  Non-zero exit status: 1
Files=9, Tests=5,  5 wallclock secs ( 0.05 usr +  0.06 sys =  0.11 CPU)
Result: FAIL
Failed 3/9 test programs. 4/5 subtests failed.
dmake.exe:  Error code 255, while making 'test_dynamic'

------------------------------
PREREQUISITES
------------------------------

Prerequisite modules loaded:

requires:

    Module                              Need  Have    
    ----------------------------------- ----- --------
    Carp                                0     1.38    
    Class::C3::Componentised            0     1.001000
    Dancer2::Plugin                     0     0.166001
    perl                                5.012 5.022001
    Try::Tiny                           0     0.24    

build_requires:

    Module                              Need  Have    
    ----------------------------------- ----- --------
    Dancer2                             0     0.166001
    DBIx::Class::Core                   0     0       
    DBIx::Class::Schema                 0     0       
    DBIx::Class::Schema::ResultSetNames 0     1.02    
    ExtUtils::MakeMaker                 0     7.10    
    File::Spec                          0     3.62    
    HTTP::Request::Common               0     6.11    
    IO::Handle                          0     1.35    
    IPC::Open3                          0     1.18    
    JSON::MaybeXS                       0     1.003005
    Plack::Test                         0     0       
    Test::More                          0     1.001014

configure_requires:

    Module                              Need  Have    
    ----------------------------------- ----- --------
    ExtUtils::MakeMaker                 0     7.10    


------------------------------
ENVIRONMENT AND OTHER CONTEXT
------------------------------

Environment variables:

    AUTOMATED_TESTING = 1
    COMSPEC = C:\WINDOWS\system32\cmd.exe
    NUMBER_OF_PROCESSORS = 1
    PATH = C:\WINDOWS\system32;C:\WINDOWS;C:\WINDOWS\System32\Wbem;C:\Strawberry221\c\bin;C:\Strawberry221\perl\site\bin;C:\Strawberry221\perl\bin;C:\Git\cmd
    PERL5LIB = C:\STRAWB~1\cpan\build\DBIx-Class-Schema-ResultSetNames-1.02-g51fRc/blib/arch;C:\STRAWB~1\cpan\build\DBIx-Class-Schema-ResultSetNames-1.02-g51fRc/blib/lib
    PERL5OPT = 
    PERL5_CPANPLUS_IS_RUNNING = 1644
    PERL5_CPAN_IS_RUNNING = 1644
    PERL5_CPAN_IS_RUNNING_IN_RECURSION = 1848,1644
    PERL_CR_SMOKER_CURRENT = Dancer2-Plugin-DBIx-Class-1.03
    PERL_CR_SMOKER_RUNONCE = 1
    PERL_EXTUTILS_AUTOINSTALL = --defaultdeps
    PERL_HASH_SEED = 0x11111111
    PERL_MM_USE_DEFAULT = 1
    PROCESSOR_IDENTIFIER = x86 Family 16 Model 5 Stepping 3, AuthenticAMD
    TEMP = C:\DOCUME~1\c\LOCALS~1\Temp

Perl special variables (and OS-specific diagnostics, for MSWin32):

    $^X = C:\Strawberry221\perl\bin\perl.exe
    $UID/$EUID = 0 / 0
    $GID = 0
    $EGID = 0
    Win32::GetOSName = WinXP/.Net
    Win32::GetOSVersion = Service Pack 3, 5, 1, 2600, 2, 3, 0, 256, 1
    Win32::FsType = NTFS
    Win32::IsAdminUser = 1

Perl module toolchain versions installed:

    Module              Have    
    ------------------- --------
    CPAN                2.11    
    CPAN::Meta          2.150005
    Cwd                 3.62    
    ExtUtils::CBuilder  0.280224
    ExtUtils::Command   7.10    
    ExtUtils::Install   2.04    
    ExtUtils::MakeMaker 7.10    
    ExtUtils::Manifest  1.70    
    ExtUtils::ParseXS   3.30    
    File::Spec          3.62    
    JSON                2.90    
    JSON::PP            2.27300 
    Module::Build       0.4216  
    Module::Signature   0.79    
    Parse::CPAN::Meta   1.4417  
    Test::Harness       3.36    
    Test::More          1.001014
    YAML                1.15    
    YAML::Syck          1.29    
    version             0.9916  


--

Summary of my perl5 (revision 5 version 22 subversion 1) configuration:
   
  Platform:
    osname=MSWin32, osvers=4.0, archname=MSWin32-x86-multi-thread-64int
    uname='Win32 strawberry-perl 5.22.1.4 #1 Sat Mar 26 14:08:02 2016 i386'
    config_args='undef'
    hint=recommended, useposix=true, d_sigaction=undef
    useithreads=define, usemultiplicity=define
    use64bitint=define, use64bitall=undef, uselongdouble=undef
    usemymalloc=n, bincompat5005=undef
  Compiler:
    cc='gcc', ccflags =' -s -O2 -DWIN32  -DPERL_TEXTMODE_SCRIPTS -DPERL_IMPLICIT_CONTEXT -DPERL_IMPLICIT_SYS -fwrapv -fno-strict-aliasing -mms-bitfields',
    optimize='-s -O2',
    cppflags='-DWIN32'
    ccversion='', gccversion='4.9.2', gccosandvers=''
    intsize=4, longsize=4, ptrsize=4, doublesize=8, byteorder=12345678, doublekind=3
    d_longlong=define, longlongsize=8, d_longdbl=define, longdblsize=12, longdblkind=3
    ivtype='long long', ivsize=8, nvtype='double', nvsize=8, Off_t='long long', lseeksize=8
    alignbytes=8, prototype=define
  Linker and Libraries:
    ld='g++', ldflags ='-s -L"C:\STRAWB~1\perl\lib\CORE" -L"C:\STRAWB~1\c\lib"'
    libpth=C:\STRAWB~1\c\lib C:\STRAWB~1\c\i686-w64-mingw32\lib C:\STRAWB~1\c\lib\gcc\i686-w64-mingw32\4.9.2
    libs=-lmoldname -lkernel32 -luser32 -lgdi32 -lwinspool -lcomdlg32 -ladvapi32 -lshell32 -lole32 -loleaut32 -lnetapi32 -luuid -lws2_32 -lmpr -lwinmm -lversion -lodbc32 -lodbccp32 -lcomctl32
    perllibs=-lmoldname -lkernel32 -luser32 -lgdi32 -lwinspool -lcomdlg32 -ladvapi32 -lshell32 -lole32 -loleaut32 -lnetapi32 -luuid -lws2_32 -lmpr -lwinmm -lversion -lodbc32 -lodbccp32 -lcomctl32
    libc=, so=dll, useshrplib=true, libperl=libperl522.a
    gnulibc_version=''
  Dynamic Linking:
    dlsrc=dl_win32.xs, dlext=xs.dll, d_dlsymun=undef, ccdlflags=' '
    cccdlflags=' ', lddlflags='-mdll -s -L"C:\STRAWB~1\perl\lib\CORE" -L"C:\STRAWB~1\c\lib"'


Characteristics of this binary (from libperl): 
  Compile-time options: HAS_TIMES HAVE_INTERP_INTERN MULTIPLICITY
                        PERLIO_LAYERS PERL_DONT_CREATE_GVSV
                        PERL_HASH_FUNC_ONE_AT_A_TIME_HARD
                        PERL_IMPLICIT_CONTEXT PERL_IMPLICIT_SYS
                        PERL_MALLOC_WRAP PERL_NEW_COPY_ON_WRITE
                        PERL_PRESERVE_IVUV USE_64_BIT_INT USE_ITHREADS
                        USE_LARGE_FILES USE_LOCALE USE_LOCALE_COLLATE
                        USE_LOCALE_CTYPE USE_LOCALE_NUMERIC USE_LOCALE_TIME
                        USE_PERLIO USE_PERL_ATOF
  Built under MSWin32
  Compiled at Mar 26 2016 14:12:26
  %ENV:
    PERL5LIB="C:\STRAWB~1\cpan\build\DBIx-Class-Schema-ResultSetNames-1.02-g51fRc/blib/arch;C:\STRAWB~1\cpan\build\DBIx-Class-Schema-ResultSetNames-1.02-g51fRc/blib/lib"
    PERL5_CPANPLUS_IS_RUNNING="1644"
    PERL5_CPAN_IS_RUNNING="1644"
    PERL5_CPAN_IS_RUNNING_IN_RECURSION="1848,1644"
    PERL_CR_SMOKER_CURRENT="Dancer2-Plugin-DBIx-Class-1.03"
    PERL_CR_SMOKER_RUNONCE="1"
    PERL_EXTUTILS_AUTOINSTALL="--defaultdeps"
    PERL_HASH_SEED="0x11111111"
    PERL_MM_USE_DEFAULT="1"
  @INC:
    C:\STRAWB~1\cpan\build\DBIx-Class-Schema-ResultSetNames-1.02-g51fRc/blib/arch
    C:\STRAWB~1\cpan\build\DBIx-Class-Schema-ResultSetNames-1.02-g51fRc/blib/lib
    C:/Strawberry221/perl/site/lib
    C:/Strawberry221/perl/vendor/lib
    C:/Strawberry221/perl/lib
    .