Statocles v0.093 Perl 5 v5.18.2 MSWin32-x86-multi-thread

Status
Fail
From
Alexandr Ciornii (CHORNY)
Dist
Statocles v0.093
Platform
Perl 5 v5.18.2 MSWin32-x86-multi-thread
Date
2018-04-01 02:06:42
ID
e08ae215-6bff-1014-a1ab-b4613fe0d139
This distribution has been tested as part of the CPAN Testers
project, supporting the Perl programming language.  See
http://wiki.cpantesters.org/ for more information or email
questions to cpan-testers-discuss@perl.org


--
Dear Doug Bell,

This is a computer-generated report for Statocles-0.093
on perl 5.18.2, created by CPAN-Reporter-1.2011.

Thank you for uploading your work to CPAN.  However, there was a problem
testing your distribution.

If you think this report is invalid, please consult the CPAN Testers Wiki
for suggestions on how to avoid getting FAIL reports for missing library
or binary dependencies, unsupported operating systems, and so on:

http://wiki.cpantesters.org/wiki/CPANAuthorNotes

Sections of this report:

    * Tester comments
    * Program output
    * Prerequisites
    * Environment and other context

------------------------------
TESTER COMMENTS
------------------------------

Additional comments from tester:

this report is from an automated smoke testing program
and was not reviewed by a human for accuracy

------------------------------
PROGRAM OUTPUT
------------------------------

Output from 'C:\strawberry182\c\bin\dmake.exe test':

Skip blib\lib\auto\share\dist\Statocles\theme\bootstrap\layout\full-width.html.ep (unchanged)
Skip blib\lib\auto\share\dist\Statocles\theme\bootstrap\plugin\highlight\solarized-light.css (unchanged)
Skip blib\lib\auto\share\dist\Statocles\theme\default\css\normalize.css (unchanged)
Skip blib\lib\auto\share\dist\Statocles\theme\bootstrap\layout\default.html.ep (unchanged)
Skip blib\lib\auto\share\dist\Statocles\theme\bootstrap\site\sitemap.xml.ep (unchanged)
Skip blib\lib\auto\share\dist\Statocles\zsh\_statocles (unchanged)
Skip blib\lib\auto\share\dist\Statocles\theme\default\perldoc\pod.html.ep (unchanged)
Skip blib\lib\auto\share\dist\Statocles\theme\bootstrap\site\style.html (unchanged)
Skip blib\lib\auto\share\dist\Statocles\theme\default\site\sitemap.xml.ep (unchanged)
Skip blib\lib\auto\share\dist\Statocles\theme\bootstrap\site\sidebar_before.html.ep (unchanged)
Skip blib\lib\auto\share\dist\Statocles\theme\bootstrap\layout\blank.html.ep (unchanged)
Skip blib\lib\auto\share\dist\Statocles\theme\default\site\sidebar_before.html.ep (unchanged)
Skip blib\lib\auto\share\dist\Statocles\theme\bootstrap\css\statocles-bootstrap.css (unchanged)
Skip blib\lib\auto\share\dist\Statocles\theme\default\css\skeleton.css (unchanged)
Skip blib\lib\auto\share\dist\Statocles\theme\default\site\footer.html.ep (unchanged)
Skip blib\lib\auto\share\dist\Statocles\theme\default\plugin\highlight\solarized-dark.css (unchanged)
Skip blib\lib\auto\share\dist\Statocles\theme\default\blog\index.html.ep (unchanged)
Skip blib\lib\auto\share\dist\Statocles\theme\default\blog\index.atom.ep (unchanged)
Skip blib\lib\auto\share\dist\Statocles\theme\bootstrap\blog\index.html.ep (unchanged)
Skip blib\lib\auto\share\dist\Statocles\theme\default\site\navbar_extra.html.ep (unchanged)
Skip blib\lib\auto\share\dist\Statocles\theme\default\css\statocles-default.css (unchanged)
Skip blib\lib\auto\share\dist\Statocles\create\blog\post.markdown (unchanged)
Skip blib\lib\auto\share\dist\Statocles\theme\default\plugin\highlight\default.css (unchanged)
Skip blib\lib\auto\share\dist\Statocles\create\script.yml (unchanged)
Skip blib\lib\auto\share\dist\Statocles\theme\bootstrap\plugin\highlight\default.css (unchanged)
Skip blib\lib\auto\share\dist\Statocles\theme\default\layout\default.html.ep (unchanged)
Skip blib\lib\auto\share\dist\Statocles\theme\bootstrap\site\header_after.html.ep (unchanged)
Skip blib\lib\auto\share\dist\Statocles\theme\default\site\robots.txt.ep (unchanged)
Skip blib\lib\auto\share\dist\Statocles\theme\bootstrap\perldoc\source.html.ep (unchanged)
Skip blib\lib\auto\share\dist\Statocles\theme\bootstrap\blog\index.atom.ep (unchanged)
Skip blib\lib\auto\share\dist\Statocles\theme\bootstrap\site\navbar_extra.html.ep (unchanged)
Skip blib\lib\auto\share\dist\Statocles\theme\default\blog\post.html.ep (unchanged)
Skip blib\lib\auto\share\dist\Statocles\theme\bootstrap\site\footer.html.ep (unchanged)
Skip blib\lib\auto\share\dist\Statocles\theme\default\site\style.html (unchanged)
Skip blib\lib\auto\share\dist\Statocles\theme\bootstrap\plugin\highlight\solarized-dark.css (unchanged)
Skip blib\lib\auto\share\dist\Statocles\theme\default\plugin\highlight\solarized-light.css (unchanged)
Skip blib\lib\auto\share\dist\Statocles\theme\bootstrap\perldoc\pod.html.ep (unchanged)
Skip blib\lib\auto\share\dist\Statocles\theme\bootstrap\site\robots.txt.ep (unchanged)
Skip blib\lib\auto\share\dist\Statocles\theme\bootstrap\blog\index.rss.ep (unchanged)
Skip blib\lib\auto\share\dist\Statocles\theme\default\blog\index.rss.ep (unchanged)
Skip blib\lib\auto\share\dist\Statocles\theme\bootstrap\blog\post.html.ep (unchanged)
Skip blib\lib\auto\share\dist\Statocles\create\site.yml (unchanged)
Skip blib\lib\auto\share\dist\Statocles\theme\bootstrap\site\head_after.html.ep (unchanged)
Skip blib\lib\auto\share\dist\Statocles\theme\default\site\header_after.html.ep (unchanged)
Skip blib\lib\auto\share\dist\Statocles\create\page\index.markdown (unchanged)
Skip blib\lib\auto\share\dist\Statocles\theme\default\site\head_after.html.ep (unchanged)
Skip blib\lib\auto\share\dist\Statocles\theme\default\perldoc\source.html.ep (unchanged)
Skip blib\lib\auto\share\dist\Statocles\theme\default\layout\blank.html.ep (unchanged)
Skip blib\lib\auto\share\dist\Statocles\theme\default\layout\full-width.html.ep (unchanged)
C:\strawberry182\perl\bin\perl.exe "-MExtUtils::Command::MM" "-MTest::Harness" "-e" "undef *Test::Harness::Switches; test_harness(0, 'blib\lib', 'blib\arch')" t/*.t t/app/*.t t/app/basic/*.t t/app/blog/*.t t/app/perldoc/*.t t/app/role/*.t t/command/*.t t/deploy/*.t t/link/*.t t/page/*.t t/plugin/*.t t/template/*.t t/theme/*.t
t/00-compile.t ................ ok
# 
# Versions for all modules listed in MYMETA.json (including optional ones):
# 
# === Configure Requires ===
# 
#     Module                  Want Have
#     ----------------------- ---- ----
#     ExtUtils::MakeMaker      any 6.84
#     File::ShareDir::Install 0.06 0.08
# 
# === Build Requires ===
# 
#     Module              Want Have
#     ------------------- ---- ----
#     ExtUtils::MakeMaker  any 6.84
# 
# === Test Requires ===
# 
#     Module                  Want     Have
#     ------------------- -------- --------
#     Capture::Tiny            any     0.46
#     Dir::Self                any     0.11
#     ExtUtils::MakeMaker      any     6.84
#     File::Spec               any     3.40
#     IO::Handle               any     1.34
#     IPC::Open3               any     1.13
#     Storable                 any     2.45
#     Test::Deep               any    0.112
#     Test::Differences       0.64     0.64
#     Test::Exception         0.42     0.43
#     Test::Lib                any    0.002
#     Test::More          1.001005 1.302135
# 
# === Test Recommends ===
# 
#     Module         Want     Have
#     ---------- -------- --------
#     CPAN::Meta 2.120900 2.133380
# 
# === Runtime Requires ===
# 
#     Module                 Want     Have
#     ------------------ -------- --------
#     Beam::Emitter         0.007    1.007
#     Beam::Wire            1.018    1.021
#     DateTime::Moonpig       any     1.03
#     Encode                  any     2.57
#     File::Share             any     0.25
#     Git::Repository         any    1.311
#     Import::Base          0.012    1.004
#     JSON::PP                any  2.27203
#     List::UtilsBy          0.09     0.09
#     Mojolicious            6.54     7.71
#     Moo                2.000001 2.003004
#     Path::Tiny            0.084    0.104
#     Pod::Simple            3.31     3.35
#     Pod::Usage::Return      any    0.003
#     Text::Markdown          any 1.000031
#     Text::Unidecode         any     0.04
#     Type::Tiny              any    0.038
#     Types::Path::Tiny       any    0.005
#     YAML                    any     0.90
#     strict                  any     1.07
#     warnings                any     1.18
# 
# === Runtime Recommends ===
# 
#     Module                           Want     Have
#     ------------------------------- ----- --------
#     HTML::Lint::Pluggable            0.06  missing
#     PPI                               any    1.215
#     Pod::Elemental                    any 0.103000
#     Pod::Weaver                     4.015    4.006
#     Syntax::Highlight::Engine::Kate   any     0.08
# 
t/00-report-prereqs.t ......... ok
t/app/basic/command.t ......... ok
t/app/basic/constructor.t ..... ok
t/app/basic/pages.t ........... ok

                #   Failed test at t/app/blog/command.t line 396.
                # Compared $data->{"content"}
                #    got : 'Draft body content
                # '
                # expect : 'Draft body content
                # '
                # Looks like you failed 1 test of 2.

            #   Failed test 'check the generated document'
            #   at t/app/blog/command.t line 406.
            # Looks like you failed 1 test of 2.

        #   Failed test 'title change creates different folder'
        #   at t/app/blog/command.t line 407.
        # Looks like you failed 1 test of 6.

    #   Failed test 'create new post'
    #   at t/app/blog/command.t line 409.
    # Looks like you failed 1 test of 1.

#   Failed test 'post'
#   at t/app/blog/command.t line 410.
# Looks like you failed 1 test of 3.
t/app/blog/command.t .......... 
Dubious, test returned 1 (wstat 256, 0x100)
Failed 1/3 subtests 
t/app/blog/constructor.t ...... ok
    # Current LC_TIME locale: Russian_Russia.1251
    # Could not set locale to ru_RU. Still 
t/app/blog/pages.t ............ ok
t/app/blog/post_date.t ........ ok
t/app/blog/recent_posts.t ..... ok
t/app/blog/slugs.t ............ ok
t/app/events.t ................ ok
t/app/perldoc/constructor.t ... ok
# C:/strawberry182/cpan/build/Statocles-0.093-3ZQb_v/t/share
t/app/perldoc/highlight.t ..... ok
t/app/perldoc/pages.t ......... ok
t/app/role/store.t ............ ok
t/app/template.t .............. ok
t/app/url.t ................... ok
t/command/apps.t .............. ok
t/command/build.t ............. ok
t/command/bundle.t ............ ok
"git" ­¥ ï¥âáï ¢­ãâ७­¥© ¨«¨ ¢­¥è­¥©
ª®¬ ­¤®©, ¨á¯®«­ï¥¬®© ¯à®£à ¬¬®© ¨«¨ ¯ ª¥â­ë¬ ä ©«®¬.
Use of uninitialized value $git_version in concatenation (.) or string at t/command/create.t line 262.
    # Git version: 
Use of uninitialized value $git_version in numeric lt (<) at t/command/create.t line 263.
t/command/create.t ............ ok
t/command/daemon.t ............ ok
t/command/deploy.t ............ ok
t/command/error.t ............. ok
t/command/help_and_version.t .. ok
    # No tests run!

#   Failed test 'No tests run for subtest "nonroot site"'
#   at t/command/mojo_app.t line 134.
Error utime () on 'C:/strawberry182/cpan/build/Statocles-0.093-3ZQb_v/.statocles/build/theme/css/normalize.css': Permission denied at C:\strawberry182\cpan\build\Statocles-0.093-3ZQb_v\blib\lib/Statocles/Store.pm line 153.
# Tests were run but no plan was declared and done_testing() was not seen.
# Looks like your test exited with 255 just after 2.
t/command/mojo_app.t .......... 
Dubious, test returned 255 (wstat 65280, 0xff00)
Failed 1/2 subtests 
t/deploy/file.t ............... ok
"git" ­¥ ï¥âáï ¢­ãâ७­¥© ¨«¨ ¢­¥è­¥©
ª®¬ ­¤®©, ¨á¯®«­ï¥¬®© ¯à®£à ¬¬®© ¨«¨ ¯ ª¥â­ë¬ ä ©«®¬.
t/deploy/git.t ................ skipped: Git not installed
t/deprecated.t ................ ok
t/document.t .................. ok
t/image.t ..................... ok
t/link.t ...................... ok
t/link/tree.t ................. ok
t/page/basename.t ............. ok
t/page/content_sections.t ..... ok
Invalid data attribute in document "/required.markdown". Data attributes that are not hashes are deprecated and will be removed in v2.0. Please use a hash instead. See Statocles::Help::Upgrading
Invalid data attribute in document "/links/alternate_single.markdown". Data attributes that are not hashes are deprecated and will be removed in v2.0. Please use a hash instead. See Statocles::Help::Upgrading
t/page/document.t ............. ok
t/page/file.t ................. ok
t/page/images.t ............... ok
t/page/links.t ................ ok
t/page/list.t ................. ok
t/page/list_item.t ............ ok
[Sun Apr  1 05:05:16 2018] [debug] Render page: /path/to/page.html
t/page/plain.t ................ ok
t/page/type.t ................. ok
t/person.t .................... ok
t/plugin.t .................... ok
t/plugin/highlight.t .......... ok
t/plugin/html_lint.t .......... skipped: HTML::Lint::Pluggable v0.06 or higher needed
t/plugin/link_check.t ......... ok
t/plugin/mermaid.t ............ ok
t/site.t ...................... ok
[Sun Apr  1 05:05:52 2018] [warn] Store path "C:/strawberry182/cpan/build/Statocles-0.093-3ZQb_v/t/share/DOES_NOT_EXIST" does not exist
t/store.t ..................... ok
t/template/basic.t ............ ok
t/template/content.t .......... ok
t/template/include.t .......... ok
t/template/markdown.t ......... ok
t/theme/check.t ............... ok
t/theme/helper.t .............. ok
t/theme/pages.t ............... ok
t/theme/template.t ............ ok
t/types.t ..................... ok

        #   Failed test 'run_editor returns edited content'
        #   at t/util.t line 71.
        #          got: '---
        # title: Required Document
        # ---
        # No optional things in here, at all!
        # '
        #     expected: '---
        # title: Required Document
        # ---
        # No optional things in here, at all!
        # '
        # Looks like you failed 1 test of 2.

    #   Failed test 'editor found'
    #   at t/util.t line 72.
"HOPEFULLY_DOES_NOT_EXIST" ­¥ ï¥âáï ¢­ãâ७­¥© ¨«¨ ¢­¥è­¥©
ª®¬ ­¤®©, ¨á¯®«­ï¥¬®© ¯à®£à ¬¬®© ¨«¨ ¯ ª¥â­ë¬ ä ©«®¬.
    # Looks like you failed 1 test of 4.

#   Failed test 'run_editor'
#   at t/util.t line 99.

    #   Failed test 'STDIN content is correct'
    #   at t/util.t line 105.
    #          got: ''
    #     expected: 'Content on STDIN
    # '
    # Looks like you failed 1 test of 1.

#   Failed test 'read_stdin'
#   at t/util.t line 106.
# Looks like you failed 2 tests of 6.
t/util.t ...................... 
Dubious, test returned 2 (wstat 512, 0x200)
Failed 2/6 subtests 

Test Summary Report
-------------------
t/app/blog/command.t        (Wstat: 256 Tests: 3 Failed: 1)
  Failed test:  3
  Non-zero exit status: 1
t/command/mojo_app.t        (Wstat: 65280 Tests: 2 Failed: 1)
  Failed test:  2
  Non-zero exit status: 255
  Parse errors: No plan found in TAP output
t/util.t                    (Wstat: 512 Tests: 6 Failed: 2)
  Failed tests:  3-4
  Non-zero exit status: 2
Files=62, Tests=305, 367 wallclock secs ( 0.65 usr +  0.29 sys =  0.94 CPU)
Result: FAIL
Failed 3/62 test programs. 4/305 subtests failed.
dmake.exe:  Error code 130, while making 'test_dynamic'

------------------------------
PREREQUISITES
------------------------------

Prerequisite modules loaded:

requires:

    Module                  Need     Have    
    ----------------------- -------- --------
    Beam::Emitter           0.007    1.007   
    Beam::Wire              1.018    1.021   
    DateTime::Moonpig       0        1.03    
    Encode                  0        2.57    
    File::Share             0        0.25    
    Git::Repository         0        1.311   
    Import::Base            0.012    1.004   
    JSON::PP                0        2.27203 
    List::UtilsBy           0.09     0.09    
    Mojolicious             6.54     7.71    
    Moo                     2.000001 2.003004
    Path::Tiny              0.084    0.104   
    perl                    5.010    5.018002
    Pod::Simple             3.31     3.35    
    Pod::Usage::Return      0        0.003   
    strict                  0        1.07    
    Text::Markdown          0        1.000031
    Text::Unidecode         0        0.04    
    Type::Tiny              0        0.038   
    Types::Path::Tiny       0        0.005   
    warnings                0        1.18    
    YAML                    0        0.90    

build_requires:

    Module                  Need     Have    
    ----------------------- -------- --------
    Capture::Tiny           0        0.46    
    Dir::Self               0        0.11    
    ExtUtils::MakeMaker     0        6.84    
    File::Spec              0        3.40    
    IO::Handle              0        1.34    
    IPC::Open3              0        1.13    
    Storable                0        2.45    
    Test::Deep              0        0.112   
    Test::Differences       0.64     0.64    
    Test::Exception         0.42     0.43    
    Test::Lib               0        0.002   
    Test::More              1.001005 1.302135

configure_requires:

    Module                  Need     Have    
    ----------------------- -------- --------
    ExtUtils::MakeMaker     0        6.84    
    File::ShareDir::Install 0.06     0.08    


------------------------------
ENVIRONMENT AND OTHER CONTEXT
------------------------------

Environment variables:

    AUTOMATED_TESTING = 1
    COMSPEC = C:\WINDOWS\system32\cmd.exe
    NUMBER_OF_PROCESSORS = 1
    PATH = C:\WINDOWS\system32;C:\WINDOWS;C:\WINDOWS\System32\Wbem;C:\strawberry182\c\bin;C:\strawberry182\perl\site\bin;C:\strawberry182\perl\bin
    PERL5LIB = C:\strawberry182\cpan\build\Mojolicious-7.71-yZ_epj/blib/arch;C:\strawberry182\cpan\build\Mojolicious-7.71-yZ_epj/blib/lib;C:\strawberry182\cpan\build\IO-Socket-IP-0.39-7fJGTx/blib/arch;C:\strawberry182\cpan\build\IO-Socket-IP-0.39-7fJGTx/blib/lib;C:\strawberry182\cpan\build\Pod-Usage-Return-0.003-SkC344/blib/arch;C:\strawberry182\cpan\build\Pod-Usage-Return-0.003-SkC344/blib/lib;C:\strawberry182\cpan\build\DateTime-Moonpig-1.03-6sncdk/blib/arch;C:\strawberry182\cpan\build\DateTime-Moonpig-1.03-6sncdk/blib/lib;C:\strawberry182\cpan\build\Types-Path-Tiny-0.005-KvubHH/blib/arch;C:\strawberry182\cpan\build\Types-Path-Tiny-0.005-KvubHH/blib/lib;C:\strawberry182\cpan\build\Pod-Simple-3.35-lpBL7Z/blib/arch;C:\strawberry182\cpan\build\Pod-Simple-3.35-lpBL7Z/blib/lib;C:\strawberry182\cpan\build\Import-Base-1.004-axtjXh/blib/arch;C:\strawberry182\cpan\build\Import-Base-1.004-axtjXh/blib/lib;C:\strawberry182\cpan\build\Import-Into-1.002005-qDmV8A/blib/arch;C:\strawberry182\cpan\build\Import-Into-1.002005-qDmV8A/blib/lib;C:\strawberry182\cpan\build\Beam-Wire-1.021-z9baa2/blib/arch;C:\strawberry182\cpan\build\Beam-Wire-1.021-z9baa2/blib/lib;C:\strawberry182\cpan\build\Path-Tiny-0.104-F7Bds8/blib/arch;C:\strawberry182\cpan\build\Path-Tiny-0.104-F7Bds8/blib/lib;C:\strawberry182\cpan\build\Beam-Emitter-1.007-ueuBA5/blib/arch;C:\strawberry182\cpan\build\Beam-Emitter-1.007-ueuBA5/blib/lib;C:\strawberry182\cpan\build\Test-API-0.010-OzLSMn/blib/arch;C:\strawberry182\cpan\build\Test-API-0.010-OzLSMn/blib/lib;C:\strawberry182\cpan\build\Test-Lib-0.002-ZFxK53/blib/arch;C:\strawberry182\cpan\build\Test-Lib-0.002-ZFxK53/blib/lib;C:\strawberry182\cpan\build\Data-DPath-0.57-EvBrZS/blib/arch;C:\strawberry182\cpan\build\Data-DPath-0.57-EvBrZS/blib/lib;C:\strawberry182\cpan\build\aliased-0.34-0UTZKg/blib/arch;C:\strawberry182\cpan\build\aliased-0.34-0UTZKg/blib/lib;C:\strawberry182\cpan\build\Module-Build-Tiny-0.039-gGzHwJ/blib/arch;C:\strawberry182\cpan\build\Module-Build-Tiny-0.039-gGzHwJ/blib/lib;C:\strawberry182\cpan\build\Beam-Service-0.001-kD3Wga/blib/arch;C:\strawberry182\cpan\build\Beam-Service-0.001-kD3Wga/blib/lib;C:\strawberry182\cpan\build\Moo-2.003004-NRLEjL/blib/arch;C:\strawberry182\cpan\build\Moo-2.003004-NRLEjL/blib/lib;C:\strawberry182\cpan\build\Role-Tiny-2.000006-nnEGfi/blib/arch;C:\strawberry182\cpan\build\Role-Tiny-2.000006-nnEGfi/blib/lib;C:\strawberry182\cpan\build\Sub-Quote-2.005000-IlGnWr/blib/arch;C:\strawberry182\cpan\build\Sub-Quote-2.005000-IlGnWr/blib/lib;C:\strawberry182\cpan\build\Test-Simple-1.302135-4fYobB/blib/arch;C:\strawberry182\cpan\build\Test-Simple-1.302135-4fYobB/blib/lib;C:\strawberry182\cpan\build\Test-Differences-0.64-GflEDO/blib/arch;C:\strawberry182\cpan\build\Test-Differences-0.64-GflEDO/blib/lib;C:\strawberry182\cpan\build\Capture-Tiny-0.46-UsRq6E/blib/arch;C:\strawberry182\cpan\build\Capture-Tiny-0.46-UsRq6E/blib/lib;C:\strawberry182\cpan\build\File-Share-0.25-erKPid/blib/arch;C:\strawberry182\cpan\build\File-Share-0.25-erKPid/blib/lib;C:\strawberry182\cpan\build\Test-Exception-0.43-6Llgyl/blib/arch;C:\strawberry182\cpan\build\Test-Exception-0.43-6Llgyl/blib/lib
    PERL5OPT = 
    PERL5_CPANPLUS_IS_RUNNING = 1248
    PERL5_CPAN_IS_RUNNING = 1248
    PERL5_CPAN_IS_RUNNING_IN_RECURSION = 880,1248
    PERL_CR_SMOKER_CURRENT = Statocles-0.093
    PERL_CR_SMOKER_RUNONCE = 1
    PERL_EXTUTILS_AUTOINSTALL = --defaultdeps
    PERL_HASH_SEED = 0x11111111
    PERL_MM_USE_DEFAULT = 1
    PROCESSOR_IDENTIFIER = x86 Family 18 Model 1 Stepping 0, AuthenticAMD
    TEMP = C:\DOCUME~1\c\LOCALS~1\Temp
    TERM = dumb

Perl special variables (and OS-specific diagnostics, for MSWin32):

    $^X = C:\strawberry182\perl\bin\perl.exe
    $UID/$EUID = 0 / 0
    $GID = 0
    $EGID = 0
    Win32::GetOSName = WinXP/.Net
    Win32::GetOSVersion = Service Pack 3, 5, 1, 2600, 2, 3, 0, 256, 1
    Win32::FsType = NTFS
    Win32::IsAdminUser = 1

Perl module toolchain versions installed:

    Module              Have    
    ------------------- --------
    CPAN                2.00    
    CPAN::Meta          2.133380
    Cwd                 3.40    
    ExtUtils::CBuilder  0.280212
    ExtUtils::Command   1.18    
    ExtUtils::Install   1.59    
    ExtUtils::MakeMaker 6.84    
    ExtUtils::Manifest  1.63    
    ExtUtils::ParseXS   3.22    
    File::Spec          3.40    
    JSON                2.90    
    JSON::PP            2.27203 
    Module::Build       0.4203  
    Module::Signature   n/a     
    Parse::CPAN::Meta   1.4414  
    Test::Harness       3.30    
    Test::More          1.302135
    YAML                0.90    
    YAML::Syck          1.27    
    version             0.9904  


--

Summary of my perl5 (revision 5 version 18 subversion 2) configuration:
   
  Platform:
    osname=MSWin32, osvers=6.2, archname=MSWin32-x86-multi-thread
    uname='Win32 strawberry-perl-no64 5.18.2.1 #1 Tue Jan  7 19:43:33 2014 i386'
    config_args='undef'
    hint=recommended, useposix=true, d_sigaction=undef
    useithreads=define, usemultiplicity=define
    useperlio=define, d_sfio=undef, uselargefiles=define, usesocks=undef
    use64bitint=undef, use64bitall=undef, uselongdouble=undef
    usemymalloc=n, bincompat5005=undef
  Compiler:
    cc='gcc', ccflags =' -s -O2 -DWIN32  -DPERL_TEXTMODE_SCRIPTS -DPERL_IMPLICIT_CONTEXT -DPERL_IMPLICIT_SYS -DUSE_PERLIO -fno-strict-aliasing -mms-bitfields',
    optimize='-s -O2',
    cppflags='-DWIN32'
    ccversion='', gccversion='4.7.3', gccosandvers=''
    intsize=4, longsize=4, ptrsize=4, doublesize=8, byteorder=1234
    d_longlong=define, longlongsize=8, d_longdbl=define, longdblsize=12
    ivtype='long', ivsize=4, nvtype='double', nvsize=8, Off_t='long long', lseeksize=8
    alignbytes=8, prototype=define
  Linker and Libraries:
    ld='g++', ldflags ='-s -L"C:\strawberry182\perl\lib\CORE" -L"C:\strawberry182\c\lib"'
    libpth=C:\strawberry182\c\lib C:\strawberry182\c\i686-w64-mingw32\lib C:\strawberry182\c\lib\gcc\i686-w64-mingw32\4.7.3
    libs=-lmoldname -lkernel32 -luser32 -lgdi32 -lwinspool -lcomdlg32 -ladvapi32 -lshell32 -lole32 -loleaut32 -lnetapi32 -luuid -lws2_32 -lmpr -lwinmm -lversion -lodbc32 -lodbccp32 -lcomctl32
    perllibs=-lmoldname -lkernel32 -luser32 -lgdi32 -lwinspool -lcomdlg32 -ladvapi32 -lshell32 -lole32 -loleaut32 -lnetapi32 -luuid -lws2_32 -lmpr -lwinmm -lversion -lodbc32 -lodbccp32 -lcomctl32
    libc=, so=dll, useshrplib=true, libperl=libperl518.a
    gnulibc_version=''
  Dynamic Linking:
    dlsrc=dl_win32.xs, dlext=dll, d_dlsymun=undef, ccdlflags=' '
    cccdlflags=' ', lddlflags='-mdll -s -L"C:\strawberry182\perl\lib\CORE" -L"C:\strawberry182\c\lib"'


Characteristics of this binary (from libperl): 
  Compile-time options: HAS_TIMES HAVE_INTERP_INTERN MULTIPLICITY
                        PERLIO_LAYERS PERL_DONT_CREATE_GVSV
                        PERL_HASH_FUNC_ONE_AT_A_TIME_HARD
                        PERL_IMPLICIT_CONTEXT PERL_IMPLICIT_SYS
                        PERL_MALLOC_WRAP PERL_PRESERVE_IVUV PERL_SAWAMPERSAND
                        USE_ITHREADS USE_LARGE_FILES USE_LOCALE
                        USE_LOCALE_COLLATE USE_LOCALE_CTYPE
                        USE_LOCALE_NUMERIC USE_PERLIO USE_PERL_ATOF
  Built under MSWin32
  Compiled at Jan  7 2014 19:51:54
  %ENV:
    PERL5LIB="C:\strawberry182\cpan\build\Mojolicious-7.71-yZ_epj/blib/arch;C:\strawberry182\cpan\build\Mojolicious-7.71-yZ_epj/blib/lib;C:\strawberry182\cpan\build\IO-Socket-IP-0.39-7fJGTx/blib/arch;C:\strawberry182\cpan\build\IO-Socket-IP-0.39-7fJGTx/blib/lib;C:\strawberry182\cpan\build\Pod-Usage-Return-0.003-SkC344/blib/arch;C:\strawberry182\cpan\build\Pod-Usage-Return-0.003-SkC344/blib/lib;C:\strawberry182\cpan\build\DateTime-Moonpig-1.03-6sncdk/blib/arch;C:\strawberry182\cpan\build\DateTime-Moonpig-1.03-6sncdk/blib/lib;C:\strawberry182\cpan\build\Types-Path-Tiny-0.005-KvubHH/blib/arch;C:\strawberry182\cpan\build\Types-Path-Tiny-0.005-KvubHH/blib/lib;C:\strawberry182\cpan\build\Pod-Simple-3.35-lpBL7Z/blib/arch;C:\strawberry182\cpan\build\Pod-Simple-3.35-lpBL7Z/blib/lib;C:\strawberry182\cpan\build\Import-Base-1.004-axtjXh/blib/arch;C:\strawberry182\cpan\build\Import-Base-1.004-axtjXh/blib/lib;C:\strawberry182\cpan\build\Import-Into-1.002005-qDmV8A/blib/arch;C:\strawberry182\cpan\build\Import-Into-1.002005-qDmV8A/blib/lib;C:\strawberry182\cpan\build\Beam-Wire-1.021-z9baa2/blib/arch;C:\strawberry182\cpan\build\Beam-Wire-1.021-z9baa2/blib/lib;C:\strawberry182\cpan\build\Path-Tiny-0.104-F7Bds8/blib/arch;C:\strawberry182\cpan\build\Path-Tiny-0.104-F7Bds8/blib/lib;C:\strawberry182\cpan\build\Beam-Emitter-1.007-ueuBA5/blib/arch;C:\strawberry182\cpan\build\Beam-Emitter-1.007-ueuBA5/blib/lib;C:\strawberry182\cpan\build\Test-API-0.010-OzLSMn/blib/arch;C:\strawberry182\cpan\build\Test-API-0.010-OzLSMn/blib/lib;C:\strawberry182\cpan\build\Test-Lib-0.002-ZFxK53/blib/arch;C:\strawberry182\cpan\build\Test-Lib-0.002-ZFxK53/blib/lib;C:\strawberry182\cpan\build\Data-DPath-0.57-EvBrZS/blib/arch;C:\strawberry182\cpan\build\Data-DPath-0.57-EvBrZS/blib/lib;C:\strawberry182\cpan\build\aliased-0.34-0UTZKg/blib/arch;C:\strawberry182\cpan\build\aliased-0.34-0UTZKg/blib/lib;C:\strawberry182\cpan\build\Module-Build-Tiny-0.039-gGzHwJ/blib/arch;C:\strawberry182\cpan\build\Module-Build-Tiny-0.039-gGzHwJ/blib/lib;C:\strawberry182\cpan\build\Beam-Service-0.001-kD3Wga/blib/arch;C:\strawberry182\cpan\build\Beam-Service-0.001-kD3Wga/blib/lib;C:\strawberry182\cpan\build\Moo-2.003004-NRLEjL/blib/arch;C:\strawberry182\cpan\build\Moo-2.003004-NRLEjL/blib/lib;C:\strawberry182\cpan\build\Role-Tiny-2.000006-nnEGfi/blib/arch;C:\strawberry182\cpan\build\Role-Tiny-2.000006-nnEGfi/blib/lib;C:\strawberry182\cpan\build\Sub-Quote-2.005000-IlGnWr/blib/arch;C:\strawberry182\cpan\build\Sub-Quote-2.005000-IlGnWr/blib/lib;C:\strawberry182\cpan\build\Test-Simple-1.302135-4fYobB/blib/arch;C:\strawberry182\cpan\build\Test-Simple-1.302135-4fYobB/blib/lib;C:\strawberry182\cpan\build\Test-Differences-0.64-GflEDO/blib/arch;C:\strawberry182\cpan\build\Test-Differences-0.64-GflEDO/blib/lib;C:\strawberry182\cpan\build\Capture-Tiny-0.46-UsRq6E/blib/arch;C:\strawberry182\cpan\build\Capture-Tiny-0.46-UsRq6E/blib/lib;C:\strawberry182\cpan\build\File-Share-0.25-erKPid/blib/arch;C:\strawberry182\cpan\build\File-Share-0.25-erKPid/blib/lib;C:\strawberry182\cpan\build\Test-Exception-0.43-6Llgyl/blib/arch;C:\strawberry182\cpan\build\Test-Exception-0.43-6Llgyl/blib/lib"
    PERL5_CPANPLUS_IS_RUNNING="1248"
    PERL5_CPAN_IS_RUNNING="1248"
    PERL5_CPAN_IS_RUNNING_IN_RECURSION="880,1248"
    PERL_CR_SMOKER_CURRENT="Statocles-0.093"
    PERL_CR_SMOKER_RUNONCE="1"
    PERL_EXTUTILS_AUTOINSTALL="--defaultdeps"
    PERL_HASH_SEED="0x11111111"
    PERL_MM_USE_DEFAULT="1"
  @INC:
    C:\strawberry182\cpan\build\Mojolicious-7.71-yZ_epj/blib/arch
    C:\strawberry182\cpan\build\Mojolicious-7.71-yZ_epj/blib/lib
    C:\strawberry182\cpan\build\IO-Socket-IP-0.39-7fJGTx/blib/arch
    C:\strawberry182\cpan\build\IO-Socket-IP-0.39-7fJGTx/blib/lib
    C:\strawberry182\cpan\build\Pod-Usage-Return-0.003-SkC344/blib/arch
    C:\strawberry182\cpan\build\Pod-Usage-Return-0.003-SkC344/blib/lib
    C:\strawberry182\cpan\build\DateTime-Moonpig-1.03-6sncdk/blib/arch
    C:\strawberry182\cpan\build\DateTime-Moonpig-1.03-6sncdk/blib/lib
    C:\strawberry182\cpan\build\Types-Path-Tiny-0.005-KvubHH/blib/arch
    C:\strawberry182\cpan\build\Types-Path-Tiny-0.005-KvubHH/blib/lib
    C:\strawberry182\cpan\build\Pod-Simple-3.35-lpBL7Z/blib/arch
    C:\strawberry182\cpan\build\Pod-Simple-3.35-lpBL7Z/blib/lib
    C:\strawberry182\cpan\build\Import-Base-1.004-axtjXh/blib/arch
    C:\strawberry182\cpan\build\Import-Base-1.004-axtjXh/blib/lib
    C:\strawberry182\cpan\build\Import-Into-1.002005-qDmV8A/blib/arch
    C:\strawberry182\cpan\build\Import-Into-1.002005-qDmV8A/blib/lib
    C:\strawberry182\cpan\build\Beam-Wire-1.021-z9baa2/blib/arch
    C:\strawberry182\cpan\build\Beam-Wire-1.021-z9baa2/blib/lib
    C:\strawberry182\cpan\build\Path-Tiny-0.104-F7Bds8/blib/arch
    C:\strawberry182\cpan\build\Path-Tiny-0.104-F7Bds8/blib/lib
    C:\strawberry182\cpan\build\Beam-Emitter-1.007-ueuBA5/blib/arch
    C:\strawberry182\cpan\build\Beam-Emitter-1.007-ueuBA5/blib/lib
    C:\strawberry182\cpan\build\Test-API-0.010-OzLSMn/blib/arch
    C:\strawberry182\cpan\build\Test-API-0.010-OzLSMn/blib/lib
    C:\strawberry182\cpan\build\Test-Lib-0.002-ZFxK53/blib/arch
    C:\strawberry182\cpan\build\Test-Lib-0.002-ZFxK53/blib/lib
    C:\strawberry182\cpan\build\Data-DPath-0.57-EvBrZS/blib/arch
    C:\strawberry182\cpan\build\Data-DPath-0.57-EvBrZS/blib/lib
    C:\strawberry182\cpan\build\aliased-0.34-0UTZKg/blib/arch
    C:\strawberry182\cpan\build\aliased-0.34-0UTZKg/blib/lib
    C:\strawberry182\cpan\build\Module-Build-Tiny-0.039-gGzHwJ/blib/arch
    C:\strawberry182\cpan\build\Module-Build-Tiny-0.039-gGzHwJ/blib/lib
    C:\strawberry182\cpan\build\Beam-Service-0.001-kD3Wga/blib/arch
    C:\strawberry182\cpan\build\Beam-Service-0.001-kD3Wga/blib/lib
    C:\strawberry182\cpan\build\Moo-2.003004-NRLEjL/blib/arch
    C:\strawberry182\cpan\build\Moo-2.003004-NRLEjL/blib/lib
    C:\strawberry182\cpan\build\Role-Tiny-2.000006-nnEGfi/blib/arch
    C:\strawberry182\cpan\build\Role-Tiny-2.000006-nnEGfi/blib/lib
    C:\strawberry182\cpan\build\Sub-Quote-2.005000-IlGnWr/blib/arch
    C:\strawberry182\cpan\build\Sub-Quote-2.005000-IlGnWr/blib/lib
    C:\strawberry182\cpan\build\Test-Simple-1.302135-4fYobB/blib/arch
    C:\strawberry182\cpan\build\Test-Simple-1.302135-4fYobB/blib/lib
    C:\strawberry182\cpan\build\Test-Differences-0.64-GflEDO/blib/arch
    C:\strawberry182\cpan\build\Test-Differences-0.64-GflEDO/blib/lib
    C:\strawberry182\cpan\build\Capture-Tiny-0.46-UsRq6E/blib/arch
    C:\strawberry182\cpan\build\Capture-Tiny-0.46-UsRq6E/blib/lib
    C:\strawberry182\cpan\build\File-Share-0.25-erKPid/blib/arch
    C:\strawberry182\cpan\build\File-Share-0.25-erKPid/blib/lib
    C:\strawberry182\cpan\build\Test-Exception-0.43-6Llgyl/blib/arch
    C:\strawberry182\cpan\build\Test-Exception-0.43-6Llgyl/blib/lib
    C:/strawberry182/perl/site/lib
    C:/strawberry182/perl/vendor/lib
    C:/strawberry182/perl/lib
    .