Messaging-Message v1.6.1 Perl 5 v5.31.7 amd64-freebsd
- Status
- Fail
- From
- Slaven Rezić (SREZIC)
- Dist
-
Messaging-Message v1.6.1
- Platform
- Perl 5 v5.31.7 amd64-freebsd
- Date
- 2020-01-04 08:19:02
- ID
- dd84eb7c-2eca-11ea-b0b7-18441f24ea8f
This distribution has been tested as part of the CPAN Testers
project, supporting the Perl programming language. See
http://wiki.cpantesters.org/ for more information or email
questions to cpan-testers-discuss@perl.org
--
Dear Lionel Cons,
This is a computer-generated report for Messaging-Message-1.6.1
on perl 5.31.7, created by CPAN-Reporter-1.2018.
Thank you for uploading your work to CPAN. However, there was a problem
testing your distribution.
If you think this report is invalid, please consult the CPAN Testers Wiki
for suggestions on how to avoid getting FAIL reports for missing library
or binary dependencies, unsupported operating systems, and so on:
http://wiki.cpantesters.org/wiki/CPANAuthorNotes
Sections of this report:
* Tester comments
* Program output
* Prerequisites
* Environment and other context
------------------------------
TESTER COMMENTS
------------------------------
Additional comments from tester:
none provided
------------------------------
PROGRAM OUTPUT
------------------------------
Output from '/usr/bin/make test':
PERL_DL_NONLAZY=1 "/usr/perl5.31.7p/bin/perl5.31.7" "-MExtUtils::Command::MM" "-MTest::Harness" "-e" "undef *Test::Harness::Switches; test_harness(0, 'blib/lib', 'blib/arch')" t/*.t
t/1message.t .... ok
t/2compress.t ... ok
t/2generator.t .. ok
t/2queue.t ...... ok
t/2serialize.t .. ok
t/3pod.t ........ ok
You tried to plan twice at t/4podcov.t line 9.
# Looks like your test exited with 2 before it could output anything.
t/4podcov.t .....
Dubious, test returned 2 (wstat 512, 0x200)
Failed 5/5 subtests
Test Summary Report
-------------------
t/4podcov.t (Wstat: 512 Tests: 0 Failed: 0)
Non-zero exit status: 2
Parse errors: Bad plan. You planned 5 tests but ran 0.
Files=7, Tests=222, 2 wallclock secs ( 0.08 usr 0.04 sys + 1.42 cusr 0.66 csys = 2.20 CPU)
Result: FAIL
Failed 1/7 test programs. 0/222 subtests failed.
*** Error code 2
Stop.
make: stopped in /usr/home/cpansand/.cpan/build/2020010407/Messaging-Message-1.6.1-3
------------------------------
PREREQUISITES
------------------------------
Prerequisite modules loaded:
requires:
Module Need Have
------------------- ---- --------
Digest::MD5 0 2.55_01
Encode 0 3.01
JSON 0 4.02
MIME::Base64 0 3.15
No::Worries 1.1 1.6
Params::Validate 0 1.29
build_requires:
Module Need Have
------------------- ---- --------
File::Temp 0 0.2309
POSIX 0 1.90
Test::More 0 1.302170
configure_requires:
Module Need Have
------------------- ---- --------
ExtUtils::MakeMaker 0 7.42
------------------------------
ENVIRONMENT AND OTHER CONTEXT
------------------------------
Environment variables:
PATH = /usr/local/bin:/usr/bin:/bin:/usr/local/sbin:/usr/sbin:/sbin:/home/cpansand/bin/freebsd13.0:/home/cpansand/bin/sh:/home/cpansand/bin:/usr/games:/home/cpansand/devel:/usr/home/eserte/src/srezic-misc/scripts
PERL5LIB = /home/cpansand/.cpan/build/2020010407/No-Worries-1.6-2/blib/arch:/home/cpansand/.cpan/build/2020010407/No-Worries-1.6-2/blib/lib:/home/cpansand/.cpan/build/2020010407/Params-Validate-1.29-0/blib/arch:/home/cpansand/.cpan/build/2020010407/Params-Validate-1.29-0/blib/lib:/home/cpansand/.cpan/build/2020010407/Module-Implementation-0.09-0/blib/arch:/home/cpansand/.cpan/build/2020010407/Module-Implementation-0.09-0/blib/lib
PERL5OPT =
PERL5_CPANPLUS_IS_RUNNING = 73302
PERL5_CPAN_IS_RUNNING = 73302
PERL5_CPAN_IS_RUNNING_IN_RECURSION = 71987,73302
PERLDOC = -MPod::Perldoc::ToTextOverstrike
PERL_BATCH = yes
PERL_CANARY_STABILITY_NOPROMPT = 1
PERL_CPAN_REPORTER_CONFIG = /var/tmp/cpansmoker-1023/2020010407/cpanreporter_000_config.ini
PERL_EXTUTILS_AUTOINSTALL = --defaultdeps
PERL_USE_UNSAFE_INC = 1
SHELL = /usr/local/bin/zsh
TERM = screen
TMPDIR = /var/tmp/cpansmoker-1023/2020010407
Perl special variables (and OS-specific diagnostics, for MSWin32):
$^X = /usr/perl5.31.7p/bin/perl5.31.7
$UID/$EUID = 1023 / 1023
$GID = 1023 1023
$EGID = 1023 1023
Perl module toolchain versions installed:
Module Have
------------------- --------
CPAN 2.27
CPAN::Meta 2.150010
Cwd 3.78
ExtUtils::CBuilder 0.280233
ExtUtils::Command 7.42
ExtUtils::Install 2.14
ExtUtils::MakeMaker 7.42
ExtUtils::Manifest 1.72
ExtUtils::ParseXS 3.40
File::Spec 3.78
JSON 4.02
JSON::PP 4.04
Module::Build 0.4229
Module::Signature n/a
Parse::CPAN::Meta 2.150010
Test::Harness 3.42
Test::More 1.302170
YAML 1.29
YAML::Syck 1.31
version 0.9924
--
Summary of my perl5 (revision 5 version 31 subversion 7) configuration:
Platform:
osname=freebsd
osvers=13.0-current
archname=amd64-freebsd
uname='freebsd cloud2.bbbike.org 13.0-current freebsd 13.0-current #3 cd6bd6c4510-c265097(master): sat dec 14 16:44:57 utc 2019 root@cloud2.bbbike.org:usrobjusrhomeprojectsfreebsdamd64.amd64sysgeneric amd64 '
config_args='-ds -e -Dprefix=/usr/perl5.31.7p -Dusedevel -Dusemallocwrap=no -Dcf_email=srezic@cpan.org -Doptimize=-O2 -pipe'
hint=recommended
useposix=true
d_sigaction=define
useithreads=undef
usemultiplicity=undef
use64bitint=define
use64bitall=define
uselongdouble=undef
usemymalloc=n
default_inc_excludes_dot=define
bincompat5005=undef
Compiler:
cc='cc'
ccflags ='-DHAS_FPSETMASK -DHAS_FLOATINGPOINT_H -fno-strict-aliasing -pipe -fstack-protector-strong -I/usr/local/include'
optimize='-O2 -pipe'
cppflags='-DHAS_FPSETMASK -DHAS_FLOATINGPOINT_H -fno-strict-aliasing -pipe -fstack-protector-strong -I/usr/local/include'
ccversion=''
gccversion='FreeBSD Clang 9.0.0 (tags/RELEASE_900/final 372316)'
gccosandvers=''
intsize=4
longsize=8
ptrsize=8
doublesize=8
byteorder=12345678
doublekind=3
d_longlong=define
longlongsize=8
d_longdbl=define
longdblsize=16
longdblkind=3
ivtype='long'
ivsize=8
nvtype='double'
nvsize=8
Off_t='off_t'
lseeksize=8
alignbytes=8
prototype=define
Linker and Libraries:
ld='cc'
ldflags ='-pthread -Wl,-E -fstack-protector-strong -L/usr/local/lib'
libpth=/usr/lib /usr/local/lib /usr/lib/clang/9.0.0/lib /usr/lib
libs=-lpthread -lgdbm -ldl -lm -lcrypt -lutil -lc
perllibs=-lpthread -ldl -lm -lcrypt -lutil -lc
libc=
so=so
useshrplib=false
libperl=libperl.a
gnulibc_version=''
Dynamic Linking:
dlsrc=dl_dlopen.xs
dlext=so
d_dlsymun=undef
ccdlflags=' '
cccdlflags='-DPIC -fPIC'
lddlflags='-shared -L/usr/local/lib -fstack-protector-strong'
Characteristics of this binary (from libperl):
Compile-time options:
HAS_TIMES
PERLIO_LAYERS
PERL_COPY_ON_WRITE
PERL_DONT_CREATE_GVSV
PERL_OP_PARENT
PERL_PRESERVE_IVUV
PERL_USE_DEVEL
USE_64_BIT_ALL
USE_64_BIT_INT
USE_LARGE_FILES
USE_LOCALE
USE_LOCALE_COLLATE
USE_LOCALE_CTYPE
USE_LOCALE_NUMERIC
USE_LOCALE_TIME
USE_PERLIO
USE_PERL_ATOF
Built under freebsd
Compiled at Dec 21 2019 09:11:15
%ENV:
PERL5LIB="/home/cpansand/.cpan/build/2020010407/No-Worries-1.6-2/blib/arch:/home/cpansand/.cpan/build/2020010407/No-Worries-1.6-2/blib/lib:/home/cpansand/.cpan/build/2020010407/Params-Validate-1.29-0/blib/arch:/home/cpansand/.cpan/build/2020010407/Params-Validate-1.29-0/blib/lib:/home/cpansand/.cpan/build/2020010407/Module-Implementation-0.09-0/blib/arch:/home/cpansand/.cpan/build/2020010407/Module-Implementation-0.09-0/blib/lib"
PERL5OPT=""
PERL5_CPANPLUS_IS_RUNNING="73302"
PERL5_CPAN_IS_RUNNING="73302"
PERL5_CPAN_IS_RUNNING_IN_RECURSION="71987,73302"
PERLDOC="-MPod::Perldoc::ToTextOverstrike"
PERL_BATCH="yes"
PERL_CANARY_STABILITY_NOPROMPT="1"
PERL_CPAN_REPORTER_CONFIG="/var/tmp/cpansmoker-1023/2020010407/cpanreporter_000_config.ini"
PERL_EXTUTILS_AUTOINSTALL="--defaultdeps"
PERL_USE_UNSAFE_INC="1"
@INC:
/home/cpansand/.cpan/build/2020010407/No-Worries-1.6-2/blib/arch
/home/cpansand/.cpan/build/2020010407/No-Worries-1.6-2/blib/lib
/home/cpansand/.cpan/build/2020010407/Params-Validate-1.29-0/blib/arch
/home/cpansand/.cpan/build/2020010407/Params-Validate-1.29-0/blib/lib
/home/cpansand/.cpan/build/2020010407/Module-Implementation-0.09-0/blib/arch
/home/cpansand/.cpan/build/2020010407/Module-Implementation-0.09-0/blib/lib
/usr/perl5.31.7p/lib/site_perl/5.31.7/amd64-freebsd
/usr/perl5.31.7p/lib/site_perl/5.31.7
/usr/perl5.31.7p/lib/5.31.7/amd64-freebsd
/usr/perl5.31.7p/lib/5.31.7
.