FunctionalPerl v0.72.76 Perl 5 v5.22.2 MSWin32-x86-multi-thread-64int

Status
Fail
From
NONAME
Dist
FunctionalPerl v0.72.76
Platform
Perl 5 v5.22.2 MSWin32-x86-multi-thread-64int
Date
2023-01-22 16:25:13
ID
dd0dccd0-6e80-1014-a16c-f87b6773fa76
This distribution has been tested as part of the CPAN Testers
project, supporting the Perl programming language.  See
http://wiki.cpantesters.org/ for more information or email
questions to cpan-testers-discuss@perl.org


--
Dear Christian Jaeger,

This is a computer-generated report for FunctionalPerl-0.72.76
on perl 5.22.2, created by CPAN-Reporter-1.2018.

Thank you for uploading your work to CPAN.  However, there was a problem
testing your distribution.

If you think this report is invalid, please consult the CPAN Testers Wiki
for suggestions on how to avoid getting FAIL reports for missing library
or binary dependencies, unsupported operating systems, and so on:

http://wiki.cpantesters.org/wiki/CPANAuthorNotes

Sections of this report:

    * Tester comments
    * Program output
    * Prerequisites
    * Environment and other context

------------------------------
TESTER COMMENTS
------------------------------

Additional comments from tester:

none provided

------------------------------
PROGRAM OUTPUT
------------------------------

Output from 'C:\Strawberry\c\bin\dmake.exe test':

C:\"Strawberry\perl\bin\perl.exe" "-MExtUtils::Command::MM" "-MTest::Harness" "-e" "undef *Test::Harness::Switches; test_harness(0, 'blib\lib', 'blib\arch')" t/*.t
t/csv_to_xml.t ........................... skipped: on Windows (no shell support)
t/dbi.t .................................. ok
t/examples-csv-to-json.t ................. ok
times for fib: user = 0.234, system = 0, cuser = 0, csystem = 0
times for fibonacci: user = 0.172, system = 0, cuser = 0, csystem = 0
t/examples-fibs.t ........................ ok
t/examples-functional-classes.t .......... ok
t/examples-hiring-without-whiteboards.t .. skipped: dependency Term::ReadLine::Gnu not present at lib/FP/Repl/Dependencies.pm line 44.
t/examples-logic.t ....................... skipped: could not use FP::Repl::Dependencies
t/examples-perlweekly-111-1.t ............ skipped: Perl v5.32.1 required--this is only v5.22.2, stopped at (eval 73) line 2.
times: user = 0.047, system = 0, cuser = 0, csystem = 0
times: user = 0.0780000000000001, system = 0, cuser = 0, csystem = 0
times: user = 0.0629999999999999, system = 0, cuser = 0, csystem = 0
t/examples-perlweekly-113-1.t ............ ok
t/examples-perlweekly-113-2.t ............ ok
t/examples-primes.t ...................... ok
t/functional_XML-t-div.t ................. ok
t/functional_XML-test.t .................. ok
Unknown warnings category 'shadow' at ../.htmlgen//../meta/FunctionalPerl/Indexing.pm line 46.
 at C:/Strawberry/perl/lib/warnings.pm line 254.
	warnings::Croaker("Unknown warnings category 'shadow'") called at C:/Strawberry/perl/lib/warnings.pm line 332
	warnings::unimport("warnings", "shadow") called at ../.htmlgen//../meta/FunctionalPerl/Indexing.pm line 46
	FunctionalPerl::Indexing::BEGIN() called at ../.htmlgen//../meta/FunctionalPerl/Indexing.pm line 46
	eval {...} called at ../.htmlgen//../meta/FunctionalPerl/Indexing.pm line 46
	require FunctionalPerl/Indexing.pm called at ../.htmlgen/FunctionalPerl/Htmlgen/Linking.pm line 73
	FunctionalPerl::Htmlgen::Linking::code::BEGIN() called at ../.htmlgen//../meta/FunctionalPerl/Indexing.pm line 46
	eval {...} called at ../.htmlgen//../meta/FunctionalPerl/Indexing.pm line 46
	require FunctionalPerl/Htmlgen/Linking.pm called at ../.htmlgen/gen line 126
	main::BEGIN() called at ../.htmlgen//../meta/FunctionalPerl/Indexing.pm line 46
	eval {...} called at ../.htmlgen//../meta/FunctionalPerl/Indexing.pm line 46
BEGIN failed--compilation aborted at ../.htmlgen//../meta/FunctionalPerl/Indexing.pm line 46.
 at ../.htmlgen//../meta/FunctionalPerl/Indexing.pm line 46.
	require FunctionalPerl/Indexing.pm called at ../.htmlgen/FunctionalPerl/Htmlgen/Linking.pm line 73
	FunctionalPerl::Htmlgen::Linking::code::BEGIN() called at ../.htmlgen//../meta/FunctionalPerl/Indexing.pm line 46
	eval {...} called at ../.htmlgen//../meta/FunctionalPerl/Indexing.pm line 46
	require FunctionalPerl/Htmlgen/Linking.pm called at ../.htmlgen/gen line 126
	main::BEGIN() called at ../.htmlgen//../meta/FunctionalPerl/Indexing.pm line 46
	eval {...} called at ../.htmlgen//../meta/FunctionalPerl/Indexing.pm line 46
Compilation failed in require at ../.htmlgen/FunctionalPerl/Htmlgen/Linking.pm line 73.
 at ../.htmlgen/FunctionalPerl/Htmlgen/Linking.pm line 73.
	FunctionalPerl::Htmlgen::Linking::code::BEGIN() called at ../.htmlgen/FunctionalPerl/Htmlgen/Linking.pm line 73
	eval {...} called at ../.htmlgen/FunctionalPerl/Htmlgen/Linking.pm line 73
	require FunctionalPerl/Htmlgen/Linking.pm called at ../.htmlgen/gen line 126
	main::BEGIN() called at ../.htmlgen/FunctionalPerl/Htmlgen/Linking.pm line 73
	eval {...} called at ../.htmlgen/FunctionalPerl/Htmlgen/Linking.pm line 73
BEGIN failed--compilation aborted at ../.htmlgen/FunctionalPerl/Htmlgen/Linking.pm line 73.
 at ../.htmlgen/FunctionalPerl/Htmlgen/Linking.pm line 73.
	require FunctionalPerl/Htmlgen/Linking.pm called at ../.htmlgen/gen line 126
	main::BEGIN() called at ../.htmlgen/FunctionalPerl/Htmlgen/Linking.pm line 73
	eval {...} called at ../.htmlgen/FunctionalPerl/Htmlgen/Linking.pm line 73
Compilation failed in require at ../.htmlgen/gen line 126.
 at ../.htmlgen/gen line 126.
	main::BEGIN() called at ../.htmlgen/gen line 126
	eval {...} called at ../.htmlgen/gen line 126
BEGIN failed--compilation aborted at ../.htmlgen/gen line 126.
 at ../.htmlgen/gen line 126.
t/htmlgen.t .............................. 
No subtests run 
t/intro-basics.t ......................... skipped: could not use FP::Repl::Dependencies
t/perl-goto-leak.t ....................... skipped: on Windows (no shell support)
t/perl-weaken-coderef-correctness.t ...... skipped: on Windows (no shell support)
t/perl-weaken-coderef.t .................. skipped: on Windows (no shell support)
Exception: abs_path('Chj::Packages'), given path: No such file or directory at lib/Chj/Packages.pm line 109.
 at lib/Chj/Packages.pm line 109.
	Chj::Packages::fallible_require_package_by_path("Chj::Packages") called at lib\Chj\Packages.pm line 24
	eval 'package main; package t_pod_snippets_19; use Test::More ;
{
no warnings;
use strict;    # things are likely to be sloppy

ok 1 => \'the tests compile\';   


#line 16 lib\\Chj\\Packages.pm
use Chj::Packages qw(
    package_to_requirepath
    require_package
    fallible_require_package_by_path
    xrequire_package_by_path
    );
my $packagename = "Chj::Packages";
my $possibly_previously_loaded_path = require_package $packagename;
my $true_or_failure = fallible_require_package_by_path $packagename;
# xrequire_package_by_path turns the failure into an exception.

;

#line 27 lib\\Chj\\Packages.pm
# related (mess?):
# use FP::Predicates qw($package_re);

;


ok 1 => \'we reached the end!\';

}
; 
1' called at lib/FP/Repl/WithRepl.pm line 75
	FP::Repl::WithRepl::WithRepl_eval("package t_pod_snippets_19; use Test::More ;\x{a}{\x{a}no warnings;\x{a}us"...) called at t/pod_snippets.t line 37
	main::myeval("package t_pod_snippets_19; use Test::More ;\x{a}{\x{a}no warnings;\x{a}us"...) called at t/pod_snippets.t line 158
	main::__ANON__() called at C:\home\wind\perl5\lib\perl5/Test/Builder.pm line 374
	eval {...} called at C:\home\wind\perl5\lib\perl5/Test/Builder.pm line 374
	Test::Builder::subtest(Test::Builder=HASH(0x1f49b2c), "pod snippets in Chj::Packages", CODE(0x6bbe84)) called at C:\home\wind\perl5\lib\perl5/Test/More.pm line 809
	Test::More::subtest("pod snippets in Chj::Packages", CODE(0x6bbe84)) called at t/pod_snippets.t line 183


    #   Failed test 'pod snippets in Chj::Packages'
    #   at t/pod_snippets.t line 177.
    # Looks like you failed 1 test of 2.

#   Failed test 'pod snippets in Chj::Packages'
#   at t/pod_snippets.t line 183.
Argument "2/8" isn't numeric in numeric eq (==) at lib/FP/Collection.pm line 104.
Argument "2/8" isn't numeric in numeric eq (==) at lib/FP/Collection.pm line 104.
Argument "2/8" isn't numeric in numeric eq (==) at lib/FP/Collection.pm line 104.
Argument "2/8" isn't numeric in numeric eq (==) at lib/FP/Collection.pm line 104.

    #   Failed test at lib\FP\Collection.pm line 29.
Argument "2/8" isn't numeric in numeric eq (==) at lib/FP/Collection.pm line 104.
Argument "2/8" isn't numeric in numeric eq (==) at lib/FP/Collection.pm line 104.

    #   Failed test at lib\FP\Collection.pm line 30.
    # Looks like you failed 2 tests of 8.

#   Failed test 'pod snippets in FP::Collection'
#   at t/pod_snippets.t line 183.

    #   Failed test at lib/FP/Failure.pm line 69.
    #          got: ''failure: 666 at lib/FP/Failure.pm line ...
    #     (eval) at lib/FP/Repl/WithRepl.pm line ...
    #   because:
    #   failure: \'not good\'''
    #     expected: ''failure: 666 at lib\\FP\\Failure.pm line ...
    #     (eval) at lib/FP/Repl/WithRepl.pm line ...
    #   because:
    #   failure: \'not good\'''
    # Looks like you failed 1 test of 15.

#   Failed test 'pod snippets in FP::Failure'
#   at t/pod_snippets.t line 183.
Exception: Label not found for "last T2_SUBTEST_WRAPPER" at C:\home\wind\perl5\lib\perl5/Test2/Hub/Subtest.pm line 67.
 at C:\home\wind\perl5\lib\perl5/Test2/Hub/Subtest.pm line 67.
	Test2::Hub::Subtest::terminate(Test2::Hub::Subtest=HASH(0x5a35ba4), 0, Test2::Event::Plan=HASH(0x5a37284), HASH(0x5a3366c)) called at C:\home\wind\perl5\lib\perl5/Test2/Hub.pm line 386
	Test2::Hub::process(Test2::Hub::Subtest=HASH(0x5a35ba4), Test2::Event::Plan=HASH(0x5a37284)) called at C:\home\wind\perl5\lib\perl5/Test2/Hub.pm line 306
	Test2::Hub::send(Test2::Hub::Subtest=HASH(0x5a35ba4), Test2::Event::Plan=HASH(0x5a37284)) called at C:\home\wind\perl5\lib\perl5/Test2/Hub/Subtest.pm line 34
	Test2::Hub::Subtest::send(Test2::Hub::Subtest=HASH(0x5a35ba4), Test2::Event::Plan=HASH(0x5a37284)) called at C:\home\wind\perl5\lib\perl5/Test2/API/Context.pm line 272
	Test2::API::Context::send_event(Test2::API::Context=HASH(0x5a36a74), "Plan", "max", 0, "directive", "SKIP", "reason", "FunctionalPerl::Dependencies::ChjBin import: these programs a"...) called at C:\home\wind\perl5\lib\perl5/Test2/API/Context.pm line 448
	Test2::API::Context::plan(Test2::API::Context=HASH(0x5a36a74), 0, "SKIP", "FunctionalPerl::Dependencies::ChjBin import: these programs a"...) called at C:\home\wind\perl5\lib\perl5/Test/Builder.pm line 660
	Test::Builder::skip_all(Test::Builder=HASH(0x1f49b2c), "FunctionalPerl::Dependencies::ChjBin import: these programs a"...) called at C:/Strawberry/perl/vendor/lib/Test/Requires.pm line 44
	Test::Requires::__ANON__("FunctionalPerl::Dependencies::ChjBin import: these programs a"...) called at C:/Strawberry/perl/vendor/lib/Test/Requires.pm line 71
	Test::Requires::test_requires("FunctionalPerl::Dependencies::ChjBin", "\"trigger-listen\"", "t_pod_snippets_110") called at C:/Strawberry/perl/vendor/lib/Test/Requires.pm line 21
	Test::Requires::import("Test::Requires", HASH(0x5a336fc)) called at meta\FunctionalPerl\Dependencies\ChjBin.pm line 19
	t_pod_snippets_110::BEGIN() called at meta\FunctionalPerl\Dependencies\ChjBin.pm line 19
	eval {...} called at meta\FunctionalPerl\Dependencies\ChjBin.pm line 19
	eval 'package main; package t_pod_snippets_110; use Test::More ;
{
no warnings;
use strict;    # things are likely to be sloppy

ok 1 => \'the tests compile\';   


#line 16 meta\\FunctionalPerl\\Dependencies\\ChjBin.pm
use Chj::TEST use => \'FunctionalPerl::Dependencies::ChjBin\';
# or
use Test::Requires +{
    \'FunctionalPerl::Dependencies::ChjBin\' => \'"trigger-listen"\' };
# or
#  list in FunctionalPerl::Dependencies\'s %dependencies

;


ok 1 => \'we reached the end!\';

}
; 
1' called at lib/FP/Repl/WithRepl.pm line 75
	FP::Repl::WithRepl::WithRepl_eval("package t_pod_snippets_110; use Test::More ;\x{a}{\x{a}no warnings;\x{a}u"...) called at t/pod_snippets.t line 37
	main::myeval("package t_pod_snippets_110; use Test::More ;\x{a}{\x{a}no warnings;\x{a}u"...) called at t/pod_snippets.t line 158
	main::__ANON__() called at C:\home\wind\perl5\lib\perl5/Test/Builder.pm line 374
	eval {...} called at C:\home\wind\perl5\lib\perl5/Test/Builder.pm line 374
	Test::Builder::subtest(Test::Builder=HASH(0x1f49b2c), "pod snippets in FunctionalPerl::Dependencies::ChjBin", CODE(0x6bbe84)) called at C:\home\wind\perl5\lib\perl5/Test/More.pm line 809
	Test::More::subtest("pod snippets in FunctionalPerl::Dependencies::ChjBin", CODE(0x6bbe84)) called at t/pod_snippets.t line 183
BEGIN failed--compilation aborted at meta\FunctionalPerl\Dependencies\ChjBin.pm line 19.
 at meta\FunctionalPerl\Dependencies\ChjBin.pm line 19.
	eval 'package main; package t_pod_snippets_110; use Test::More ;
{
no warnings;
use strict;    # things are likely to be sloppy

ok 1 => \'the tests compile\';   


#line 16 meta\\FunctionalPerl\\Dependencies\\ChjBin.pm
use Chj::TEST use => \'FunctionalPerl::Dependencies::ChjBin\';
# or
use Test::Requires +{
    \'FunctionalPerl::Dependencies::ChjBin\' => \'"trigger-listen"\' };
# or
#  list in FunctionalPerl::Dependencies\'s %dependencies

;


ok 1 => \'we reached the end!\';

}
; 
1' called at lib/FP/Repl/WithRepl.pm line 75
	FP::Repl::WithRepl::WithRepl_eval("package t_pod_snippets_110; use Test::More ;\x{a}{\x{a}no warnings;\x{a}u"...) called at t/pod_snippets.t line 37
	main::myeval("package t_pod_snippets_110; use Test::More ;\x{a}{\x{a}no warnings;\x{a}u"...) called at t/pod_snippets.t line 158
	main::__ANON__() called at C:\home\wind\perl5\lib\perl5/Test/Builder.pm line 374
	eval {...} called at C:\home\wind\perl5\lib\perl5/Test/Builder.pm line 374
	Test::Builder::subtest(Test::Builder=HASH(0x1f49b2c), "pod snippets in FunctionalPerl::Dependencies::ChjBin", CODE(0x6bbe84)) called at C:\home\wind\perl5\lib\perl5/Test/More.pm line 809
	Test::More::subtest("pod snippets in FunctionalPerl::Dependencies::ChjBin", CODE(0x6bbe84)) called at t/pod_snippets.t line 183


    #   Failed test 'pod snippets in FunctionalPerl::Dependencies::ChjBin'
    #   at t/pod_snippets.t line 177.
    # Looks like you failed 1 test of 1.
# Looks like you failed 3 tests of 115.
t/pod_snippets.t ......................... 
Dubious, test returned 3 (wstat 768, 0x300)
Failed 3/115 subtests 
	(less 4 skipped subtests: 108 okay)
t/predicates.t ........................... ok
t/repl.t ................................. skipped: dependency Term::ReadLine::Gnu not present at lib/FP/Repl/Dependencies.pm line 44.

    #   Failed test 'require FunctionalPerl::Htmlgen::Linking;'
    #   at t/require_and_run_tests.t line 52.
    #     Tried to require 'FunctionalPerl::Htmlgen::Linking'.
    #     Error:  Unknown warnings category 'shadow' at meta/FunctionalPerl/Indexing.pm line 46.
    # BEGIN failed--compilation aborted at meta/FunctionalPerl/Indexing.pm line 46.
    # Compilation failed in require at .htmlgen/FunctionalPerl/Htmlgen/Linking.pm line 73.
    # BEGIN failed--compilation aborted at .htmlgen/FunctionalPerl/Htmlgen/Linking.pm line 73.
    # Compilation failed in require at (eval 85) line 2.
not activating since running in test mode at lib/FP/Repl/AutoTrap.pm line 64.
    # Looks like you failed 1 test of 166.

#   Failed test 'require'
#   at t/require_and_run_tests.t line 55.
Reference is already weak at lib/FP/Stream.pm line 770.
# Looks like you failed 1 test of 2.
t/require_and_run_tests.t ................ 
Dubious, test returned 1 (wstat 256, 0x100)
Failed 1/2 subtests 
t/skip-internal.t ........................ ok
t/skip-leak.t ............................ skipped: on Windows (no shell support)
t/skip.t ................................. skipped: on Windows (no shell support)
t/testlazy.t ............................. skipped: on Windows (no shell support)
t/testlazy10.t ........................... skipped: on Windows (no shell support)
t/trampoline-fix.t ....................... skipped: Test requires module 'BSD::Resource' but it's not found

Test Summary Report
-------------------
t/htmlgen.t                            (Wstat: 0 Tests: 0 Failed: 0)
  Parse errors: No plan found in TAP output
t/pod_snippets.t                       (Wstat: 768 (exited 3) Tests: 115 Failed: 3)
  Failed tests:  19, 44, 55
  Non-zero exit status: 3
t/require_and_run_tests.t              (Wstat: 256 (exited 1) Tests: 2 Failed: 1)
  Failed test:  1
  Non-zero exit status: 1
Files=28, Tests=133, 54 wallclock secs ( 0.62 usr +  0.22 sys =  0.84 CPU)
Result: FAIL
Failed 3/28 test programs. 4/133 subtests failed.
dmake.exe:  Error code 255, while making 'test_dynamic'

------------------------------
PREREQUISITES
------------------------------

Prerequisite modules loaded:

requires:

    Module              Need     Have    
    ------------------- -------- --------
    autobox             0        v3.0.1  
    base                0        2.23    
    Digest              0        1.20    
    File::Path          0        2.18    
    Getopt::Long        0        2.54    
    Import::Into        0        1.002005
    Math::BigInt        0        1.999837
    NEXT                0        0.69    
    perl                5.016004 5.022002
    PerlIO::utf8_strict 0        0.010   
    Safe::Isa           0        1.000010
    Scalar::Util        0        1.63    
    Symbol              0        1.07    
    Test::More          0.96     1.302190
    utf8                0        1.17    

build_requires:

    Module              Need     Have    
    ------------------- -------- --------
    Capture::Tiny       0        0.48    
    DBD::CSV            0        0.60    
    DBI                 0        1.643   
    ExtUtils::MakeMaker 0        7.66    
    File::chdir         0        0.1010  
    Sub::Util           0        1.63    
    Test::Pod::Snippets 0        0.07    
    Test::Requires      0        0.10    
    Text::CSV           0        2.02    
    URI                 0        5.17    

configure_requires:

    Module              Need     Have    
    ------------------- -------- --------
    ExtUtils::MakeMaker 0        7.66    


------------------------------
ENVIRONMENT AND OTHER CONTEXT
------------------------------

Environment variables:

    COMSPEC = C:\windows\system32\cmd.exe
    NONINTERACTIVE_TESTING = 1
    NUMBER_OF_PROCESSORS = 4
    PATH = C:\home\wind\perl5\bin;C:\windows\system32;C:\windows;C:\windows\System32\Wbem;C:\windows\System32\WindowsPowerShell\v1.0\;C:\Strawberry\c\bin;C:\Strawberry\perl\site\bin;C:\Strawberry\perl\bin
    PERL5LIB = C:\home\wind\perl5\lib\perl5
    PERL5OPT = 
    PERL5_CPANPLUS_IS_RUNNING = 6808
    PERL5_CPAN_IS_RUNNING = 6808
    PERL_LOCAL_LIB_ROOT = C:\home\wind\perl5
    PERL_MB_OPT = --install_base "C:\\home\\wind\\perl5"
    PERL_MM_OPT = INSTALL_BASE=C:\\home\\wind\\perl5
    PERL_MM_USE_DEFAULT = 1
    PERL_USE_UNSAFE_INC = 1
    PROCESSOR_IDENTIFIER = x86 Family 6 Model 37 Stepping 5, GenuineIntel
    TEMP = C:\Users\user\AppData\Local\Temp
    TERM = dumb

Perl special variables (and OS-specific diagnostics, for MSWin32):

    $^X = C:\Strawberry\perl\bin\perl.exe
    $UID/$EUID = 0 / 0
    $GID = 0
    $EGID = 0
    Win32::GetOSName = Win7
    Win32::GetOSVersion = Service Pack 1, 6, 1, 7601, 2, 1, 0, 256, 1
    Win32::FsType = NTFS
    Win32::IsAdminUser = 0

Perl module toolchain versions installed:

    Module              Have    
    ------------------- --------
    CPAN                2.34    
    CPAN::Meta          2.150010
    Cwd                 3.75    
    ExtUtils::CBuilder  0.280236
    ExtUtils::Command   7.66    
    ExtUtils::Install   2.22    
    ExtUtils::MakeMaker 7.66    
    ExtUtils::Manifest  1.73    
    ExtUtils::ParseXS   3.44    
    File::Spec          3.75    
    JSON                4.10    
    JSON::PP            4.16    
    Module::Build       0.4232  
    Module::Signature   0.88    
    Parse::CPAN::Meta   2.150010
    Test::Harness       3.44    
    Test::More          1.302190
    YAML                1.27    
    YAML::Syck          1.34    
    version             0.9929  


--

Summary of my perl5 (revision 5 version 22 subversion 2) configuration:
   
  Platform:
    osname=MSWin32, osvers=6.3, archname=MSWin32-x86-multi-thread-64int
    uname='Win32 strawberry-perl 5.22.2.1 #1 Sat Apr 30 11:51:13 2016 i386'
    config_args='undef'
    hint=recommended, useposix=true, d_sigaction=undef
    useithreads=define, usemultiplicity=define
    use64bitint=define, use64bitall=undef, uselongdouble=undef
    usemymalloc=n, bincompat5005=undef
  Compiler:
    cc='gcc', ccflags =' -s -O2 -DWIN32  -DPERL_TEXTMODE_SCRIPTS -DPERL_IMPLICIT_CONTEXT -DPERL_IMPLICIT_SYS -fwrapv -fno-strict-aliasing -mms-bitfields',
    optimize='-s -O2',
    cppflags='-DWIN32'
    ccversion='', gccversion='4.9.2', gccosandvers=''
    intsize=4, longsize=4, ptrsize=4, doublesize=8, byteorder=12345678, doublekind=3
    d_longlong=define, longlongsize=8, d_longdbl=define, longdblsize=12, longdblkind=3
    ivtype='long long', ivsize=8, nvtype='double', nvsize=8, Off_t='long long', lseeksize=8
    alignbytes=8, prototype=define
  Linker and Libraries:
    ld='g++', ldflags ='-s -L"C:\Strawberry\perl\lib\CORE" -L"C:\Strawberry\c\lib"'
    libpth=C:\Strawberry\c\lib C:\Strawberry\c\i686-w64-mingw32\lib C:\Strawberry\c\lib\gcc\i686-w64-mingw32\4.9.2
    libs=-lmoldname -lkernel32 -luser32 -lgdi32 -lwinspool -lcomdlg32 -ladvapi32 -lshell32 -lole32 -loleaut32 -lnetapi32 -luuid -lws2_32 -lmpr -lwinmm -lversion -lodbc32 -lodbccp32 -lcomctl32
    perllibs=-lmoldname -lkernel32 -luser32 -lgdi32 -lwinspool -lcomdlg32 -ladvapi32 -lshell32 -lole32 -loleaut32 -lnetapi32 -luuid -lws2_32 -lmpr -lwinmm -lversion -lodbc32 -lodbccp32 -lcomctl32
    libc=, so=dll, useshrplib=true, libperl=libperl522.a
    gnulibc_version=''
  Dynamic Linking:
    dlsrc=dl_win32.xs, dlext=xs.dll, d_dlsymun=undef, ccdlflags=' '
    cccdlflags=' ', lddlflags='-mdll -s -L"C:\Strawberry\perl\lib\CORE" -L"C:\Strawberry\c\lib"'


Characteristics of this binary (from libperl): 
  Compile-time options: HAS_TIMES HAVE_INTERP_INTERN MULTIPLICITY
                        PERLIO_LAYERS PERL_DONT_CREATE_GVSV
                        PERL_HASH_FUNC_ONE_AT_A_TIME_HARD
                        PERL_IMPLICIT_CONTEXT PERL_IMPLICIT_SYS
                        PERL_MALLOC_WRAP PERL_NEW_COPY_ON_WRITE
                        PERL_PRESERVE_IVUV USE_64_BIT_INT USE_ITHREADS
                        USE_LARGE_FILES USE_LOCALE USE_LOCALE_COLLATE
                        USE_LOCALE_CTYPE USE_LOCALE_NUMERIC USE_LOCALE_TIME
                        USE_PERLIO USE_PERL_ATOF
  Built under MSWin32
  Compiled at Apr 30 2016 11:56:07
  %ENV:
    PERL5LIB="C:\home\wind\perl5\lib\perl5"
    PERL5_CPANPLUS_IS_RUNNING="6808"
    PERL5_CPAN_IS_RUNNING="6808"
    PERL_LOCAL_LIB_ROOT="C:\home\wind\perl5"
    PERL_MB_OPT="--install_base "C:\\home\\wind\\perl5""
    PERL_MM_OPT="INSTALL_BASE=C:\\home\\wind\\perl5"
    PERL_MM_USE_DEFAULT="1"
    PERL_USE_UNSAFE_INC="1"
  @INC:
    C:\home\wind\perl5\lib\perl5/MSWin32-x86-multi-thread-64int
    C:\home\wind\perl5\lib\perl5
    C:/Strawberry/perl/site/lib
    C:/Strawberry/perl/vendor/lib
    C:/Strawberry/perl/lib
    .