Netstack v0.013 Perl 5 v5.22.4 x86_64-linux-thread-multi

Status
Fail
From
David Cantrell (DCANTRELL)
Dist
Netstack v0.013
Platform
Perl 5 v5.22.4 x86_64-linux-thread-multi
Date
2021-10-08 17:19:14
ID
dc810c06-285b-11ec-809d-a5fb6e3f0cdd
This distribution has been tested as part of the CPAN Testers
project, supporting the Perl programming language.  See
http://wiki.cpantesters.org/ for more information or email
questions to cpan-testers-discuss@perl.org


--
Dear YAN WENWU,

This is a computer-generated report for Netstack-0.013
on perl 5.22.4, created by CPAN-Reporter-1.2018.

Thank you for uploading your work to CPAN.  However, there was a problem
testing your distribution.

If you think this report is invalid, please consult the CPAN Testers Wiki
for suggestions on how to avoid getting FAIL reports for missing library
or binary dependencies, unsupported operating systems, and so on:

http://wiki.cpantesters.org/wiki/CPANAuthorNotes

Sections of this report:

    * Tester comments
    * Program output
    * Prerequisites
    * Environment and other context

------------------------------
TESTER COMMENTS
------------------------------

Additional comments from tester:

this report is from an automated smoke testing program
and was not reviewed by a human for accuracy

------------------------------
PROGRAM OUTPUT
------------------------------

Output from '/usr/bin/make test':

PERL_DL_NONLAZY=1 "/home/david/cpantesting/perl-5.22.4/bin/perl" "-MExtUtils::Command::MM" "-MTest::Harness" "-e" "undef *Test::Harness::Switches; test_harness(0, 'blib/lib', 'blib/arch')" t/utils/*.t
Useless use of string eq in void context at t/utils/cache.t line 56.
t/utils/cache.t .. ok
t/utils/date.t ... ok
Array found where operator expected at /home/david/cpantesting/perl-5.22.4/.cpan/build/Netstack-0.013-fil3Oi/blib/lib/Netstack/Utils/Set.pm line 41, near "->@*"
	(Missing operator before @*?)
Array found where operator expected at /home/david/cpantesting/perl-5.22.4/.cpan/build/Netstack-0.013-fil3Oi/blib/lib/Netstack/Utils/Set.pm line 42, near "->@*"
	(Missing operator before @*?)
Array found where operator expected at /home/david/cpantesting/perl-5.22.4/.cpan/build/Netstack-0.013-fil3Oi/blib/lib/Netstack/Utils/Set.pm line 69, near "->@*"
	(Missing operator before @*?)
Array found where operator expected at /home/david/cpantesting/perl-5.22.4/.cpan/build/Netstack-0.013-fil3Oi/blib/lib/Netstack/Utils/Set.pm line 70, near "->@*"
	(Missing operator before @*?)
Array found where operator expected at /home/david/cpantesting/perl-5.22.4/.cpan/build/Netstack-0.013-fil3Oi/blib/lib/Netstack/Utils/Set.pm line 94, near "->@*"
	(Missing operator before @*?)
Array found where operator expected at /home/david/cpantesting/perl-5.22.4/.cpan/build/Netstack-0.013-fil3Oi/blib/lib/Netstack/Utils/Set.pm line 95, near "->@*"
	(Missing operator before @*?)
Array found where operator expected at /home/david/cpantesting/perl-5.22.4/.cpan/build/Netstack-0.013-fil3Oi/blib/lib/Netstack/Utils/Set.pm line 166, near "->@["
syntax error at /home/david/cpantesting/perl-5.22.4/.cpan/build/Netstack-0.013-fil3Oi/blib/lib/Netstack/Utils/Set.pm line 41, near "->@*"
syntax error at /home/david/cpantesting/perl-5.22.4/.cpan/build/Netstack-0.013-fil3Oi/blib/lib/Netstack/Utils/Set.pm line 69, near "->@*"
syntax error at /home/david/cpantesting/perl-5.22.4/.cpan/build/Netstack-0.013-fil3Oi/blib/lib/Netstack/Utils/Set.pm line 70, near "->@*"
Global symbol "$lengthOfMin" requires explicit package name (did you forget to declare "my $lengthOfMin"?) at /home/david/cpantesting/perl-5.22.4/.cpan/build/Netstack-0.013-fil3Oi/blib/lib/Netstack/Utils/Set.pm line 73.
Global symbol "$lengthOfMax" requires explicit package name (did you forget to declare "my $lengthOfMax"?) at /home/david/cpantesting/perl-5.22.4/.cpan/build/Netstack-0.013-fil3Oi/blib/lib/Netstack/Utils/Set.pm line 73.
syntax error at /home/david/cpantesting/perl-5.22.4/.cpan/build/Netstack-0.013-fil3Oi/blib/lib/Netstack/Utils/Set.pm line 94, near "->@*"
syntax error at /home/david/cpantesting/perl-5.22.4/.cpan/build/Netstack-0.013-fil3Oi/blib/lib/Netstack/Utils/Set.pm line 95, near "->@*"
Global symbol "$lengthOfMin" requires explicit package name (did you forget to declare "my $lengthOfMin"?) at /home/david/cpantesting/perl-5.22.4/.cpan/build/Netstack-0.013-fil3Oi/blib/lib/Netstack/Utils/Set.pm line 98.
Global symbol "$lengthOfMax" requires explicit package name (did you forget to declare "my $lengthOfMax"?) at /home/david/cpantesting/perl-5.22.4/.cpan/build/Netstack-0.013-fil3Oi/blib/lib/Netstack/Utils/Set.pm line 98.
Global symbol "$lengthOfMin" requires explicit package name (did you forget to declare "my $lengthOfMin"?) at /home/david/cpantesting/perl-5.22.4/.cpan/build/Netstack-0.013-fil3Oi/blib/lib/Netstack/Utils/Set.pm line 99.
Global symbol "$lengthOfMax" requires explicit package name (did you forget to declare "my $lengthOfMax"?) at /home/david/cpantesting/perl-5.22.4/.cpan/build/Netstack-0.013-fil3Oi/blib/lib/Netstack/Utils/Set.pm line 99.
/home/david/cpantesting/perl-5.22.4/.cpan/build/Netstack-0.013-fil3Oi/blib/lib/Netstack/Utils/Set.pm has too many errors.
Compilation failed in require at /home/david/cpantesting/perl-5.22.4/.cpan/build/Netstack-0.013-fil3Oi/blib/lib/Netstack/Utils/Ip.pm line 9.
BEGIN failed--compilation aborted at /home/david/cpantesting/perl-5.22.4/.cpan/build/Netstack-0.013-fil3Oi/blib/lib/Netstack/Utils/Ip.pm line 9.
Compilation failed in require at t/utils/ip.t line 6.
BEGIN failed--compilation aborted at t/utils/ip.t line 6.
# Looks like your test exited with 255 before it could output anything.
t/utils/ip.t ..... 
Dubious, test returned 255 (wstat 65280, 0xff00)
Failed 10/10 subtests 
Array found where operator expected at /home/david/cpantesting/perl-5.22.4/.cpan/build/Netstack-0.013-fil3Oi/blib/lib/Netstack/Utils/Set.pm line 41, near "->@*"
	(Missing operator before @*?)
Array found where operator expected at /home/david/cpantesting/perl-5.22.4/.cpan/build/Netstack-0.013-fil3Oi/blib/lib/Netstack/Utils/Set.pm line 42, near "->@*"
	(Missing operator before @*?)
Array found where operator expected at /home/david/cpantesting/perl-5.22.4/.cpan/build/Netstack-0.013-fil3Oi/blib/lib/Netstack/Utils/Set.pm line 69, near "->@*"
	(Missing operator before @*?)
Array found where operator expected at /home/david/cpantesting/perl-5.22.4/.cpan/build/Netstack-0.013-fil3Oi/blib/lib/Netstack/Utils/Set.pm line 70, near "->@*"
	(Missing operator before @*?)
Array found where operator expected at /home/david/cpantesting/perl-5.22.4/.cpan/build/Netstack-0.013-fil3Oi/blib/lib/Netstack/Utils/Set.pm line 94, near "->@*"
	(Missing operator before @*?)
Array found where operator expected at /home/david/cpantesting/perl-5.22.4/.cpan/build/Netstack-0.013-fil3Oi/blib/lib/Netstack/Utils/Set.pm line 95, near "->@*"
	(Missing operator before @*?)
Array found where operator expected at /home/david/cpantesting/perl-5.22.4/.cpan/build/Netstack-0.013-fil3Oi/blib/lib/Netstack/Utils/Set.pm line 166, near "->@["
syntax error at /home/david/cpantesting/perl-5.22.4/.cpan/build/Netstack-0.013-fil3Oi/blib/lib/Netstack/Utils/Set.pm line 41, near "->@*"
syntax error at /home/david/cpantesting/perl-5.22.4/.cpan/build/Netstack-0.013-fil3Oi/blib/lib/Netstack/Utils/Set.pm line 69, near "->@*"
syntax error at /home/david/cpantesting/perl-5.22.4/.cpan/build/Netstack-0.013-fil3Oi/blib/lib/Netstack/Utils/Set.pm line 70, near "->@*"
Global symbol "$lengthOfMin" requires explicit package name (did you forget to declare "my $lengthOfMin"?) at /home/david/cpantesting/perl-5.22.4/.cpan/build/Netstack-0.013-fil3Oi/blib/lib/Netstack/Utils/Set.pm line 73.
Global symbol "$lengthOfMax" requires explicit package name (did you forget to declare "my $lengthOfMax"?) at /home/david/cpantesting/perl-5.22.4/.cpan/build/Netstack-0.013-fil3Oi/blib/lib/Netstack/Utils/Set.pm line 73.
syntax error at /home/david/cpantesting/perl-5.22.4/.cpan/build/Netstack-0.013-fil3Oi/blib/lib/Netstack/Utils/Set.pm line 94, near "->@*"
syntax error at /home/david/cpantesting/perl-5.22.4/.cpan/build/Netstack-0.013-fil3Oi/blib/lib/Netstack/Utils/Set.pm line 95, near "->@*"
Global symbol "$lengthOfMin" requires explicit package name (did you forget to declare "my $lengthOfMin"?) at /home/david/cpantesting/perl-5.22.4/.cpan/build/Netstack-0.013-fil3Oi/blib/lib/Netstack/Utils/Set.pm line 98.
Global symbol "$lengthOfMax" requires explicit package name (did you forget to declare "my $lengthOfMax"?) at /home/david/cpantesting/perl-5.22.4/.cpan/build/Netstack-0.013-fil3Oi/blib/lib/Netstack/Utils/Set.pm line 98.
Global symbol "$lengthOfMin" requires explicit package name (did you forget to declare "my $lengthOfMin"?) at /home/david/cpantesting/perl-5.22.4/.cpan/build/Netstack-0.013-fil3Oi/blib/lib/Netstack/Utils/Set.pm line 99.
Global symbol "$lengthOfMax" requires explicit package name (did you forget to declare "my $lengthOfMax"?) at /home/david/cpantesting/perl-5.22.4/.cpan/build/Netstack-0.013-fil3Oi/blib/lib/Netstack/Utils/Set.pm line 99.
/home/david/cpantesting/perl-5.22.4/.cpan/build/Netstack-0.013-fil3Oi/blib/lib/Netstack/Utils/Set.pm has too many errors.
Compilation failed in require at t/utils/set.t line 7.
BEGIN failed--compilation aborted at t/utils/set.t line 7.
# Looks like your test exited with 255 before it could output anything.
t/utils/set.t .... 
Dubious, test returned 255 (wstat 65280, 0xff00)
Failed 20/20 subtests 

Test Summary Report
-------------------
t/utils/ip.t   (Wstat: 65280 Tests: 0 Failed: 0)
  Non-zero exit status: 255
  Parse errors: Bad plan.  You planned 10 tests but ran 0.
t/utils/set.t  (Wstat: 65280 Tests: 0 Failed: 0)
  Non-zero exit status: 255
  Parse errors: Bad plan.  You planned 20 tests but ran 0.
Files=4, Tests=7, 48 wallclock secs ( 0.29 usr  0.16 sys + 14.87 cusr  2.20 csys = 17.52 CPU)
Result: FAIL
Failed 2/4 test programs. 0/7 subtests failed.
make: *** [Makefile:916: test_dynamic] Error 255

------------------------------
PREREQUISITES
------------------------------

Prerequisite modules loaded:

requires:

    Module               Need  Have    
    -------------------- ----- --------
    autodie              0     2.26    
    Carp                 0     1.36    
    DBIx::Custom         0     0.44    
    Digest::MD5          0     2.54    
    Expect               0     1.35    
    experimental         0     0.013   
    Mail::Sender         0     0.903   
    Moose                0     2.2015  
    Moose::Role          0     2.2015  
    namespace::autoclean 0     0.29    
    perl                 5.018 5.022004
    POSIX                0     1.53_01 
    strict               0     1.09    
    Try::Tiny            0     0.30    
    utf8                 0     1.17    
    warnings             0     1.34    

build_requires:

    Module               Need  Have    
    -------------------- ----- --------
    ExtUtils::MakeMaker  0     7.04_02 
    Mojo::Util           0     0       
    Test::Simple         0     1.001014

configure_requires:

    Module               Need  Have    
    -------------------- ----- --------
    ExtUtils::MakeMaker  0     7.04_02 


------------------------------
ENVIRONMENT AND OTHER CONTEXT
------------------------------

Environment variables:

    AUTOMATED_TESTING = 1
    LANG = en_GB.UTF-8
    LANGUAGE = en_GB:en
    LC_TERMINAL = iTerm2
    LC_TERMINAL_VERSION = 3.4.8
    NONINTERACTIVE_TESTING = 1
    PATH = /home/david/perl5/perlbrew/bin:/home/david/perl5/perlbrew/perls/perl-5.30.2/bin:/home/david/bin:/usr/local/bin:/usr/bin:/bin:/usr/local/games:/usr/games
    PERL = 5.22.4
    PERL5LIB = 
    PERL5OPT = 
    PERL5_CPANPLUS_IS_RUNNING = 2960
    PERL5_CPAN_IS_RUNNING = 2960
    PERLBREW_HOME = /home/david/.perlbrew
    PERLBREW_MANPATH = /home/david/perl5/perlbrew/perls/perl-5.30.2/man
    PERLBREW_PATH = /home/david/perl5/perlbrew/bin:/home/david/perl5/perlbrew/perls/perl-5.30.2/bin
    PERLBREW_PERL = perl-5.30.2
    PERLBREW_ROOT = /home/david/perl5/perlbrew
    PERLBREW_SHELLRC_VERSION = 0.89
    PERLBREW_VERSION = 0.89
    PERLVER = 5.22.4
    PERL_INLINE_DIRECTORY = /home/david/.Inline-5.22.4
    PERL_MM_USE_DEFAULT = 1
    PERL_USE_UNSAFE_INC = 0
    SHELL = /bin/bash
    TERM = screen

Perl special variables (and OS-specific diagnostics, for MSWin32):

    $^X = /home/david/cpantesting/perl-5.22.4/bin/perl
    $UID/$EUID = 1000 / 1000
    $GID = 1000 24 25 27 29 30 44 46 109 1000
    $EGID = 1000 24 25 27 29 30 44 46 109 1000

Perl module toolchain versions installed:

    Module              Have      
    ------------------- ----------
    CPAN                2.11_01   
    CPAN::Meta          2.150001  
    Cwd                 3.56_02   
    ExtUtils::CBuilder  0.280221  
    ExtUtils::Command   1.20_01   
    ExtUtils::Install   2.04      
    ExtUtils::MakeMaker 7.04_02   
    ExtUtils::Manifest  1.70      
    ExtUtils::ParseXS   3.28      
    File::Spec          3.56_02   
    JSON                n/a       
    JSON::PP            2.27300_01
    Module::Build       0.4231    
    Module::Signature   n/a       
    Parse::CPAN::Meta   1.4414_001
    Test::Harness       3.35_01   
    Test::More          1.001014  
    YAML                n/a       
    YAML::Syck          n/a       
    version             0.9909    


--

Summary of my perl5 (revision 5 version 22 subversion 4) configuration:
   
  Platform:
    osname=linux, osvers=4.9.0-8-amd64, archname=x86_64-linux-thread-multi
    uname='linux pigsty 4.9.0-8-amd64 #1 smp debian 4.9.144-3 (2019-02-02) x86_64 gnulinux '
    config_args='-de -Duse64bitall -Dusethreads -Dprefix=/home/david/cpantesting/perl-5.22.4'
    hint=recommended, useposix=true, d_sigaction=define
    useithreads=define, usemultiplicity=define
    use64bitint=define, use64bitall=define, uselongdouble=undef
    usemymalloc=n, bincompat5005=undef
  Compiler:
    cc='cc', ccflags ='-D_REENTRANT -D_GNU_SOURCE -fwrapv -fno-strict-aliasing -pipe -fstack-protector-strong -I/usr/local/include -D_LARGEFILE_SOURCE -D_FILE_OFFSET_BITS=64',
    optimize='-O2',
    cppflags='-D_REENTRANT -D_GNU_SOURCE -fwrapv -fno-strict-aliasing -pipe -fstack-protector-strong -I/usr/local/include'
    ccversion='', gccversion='6.3.0 20170516', gccosandvers=''
    intsize=4, longsize=8, ptrsize=8, doublesize=8, byteorder=12345678, doublekind=3
    d_longlong=define, longlongsize=8, d_longdbl=define, longdblsize=16, longdblkind=3
    ivtype='long', ivsize=8, nvtype='double', nvsize=8, Off_t='off_t', lseeksize=8
    alignbytes=8, prototype=define
  Linker and Libraries:
    ld='cc', ldflags =' -fstack-protector-strong -L/usr/local/lib'
    libpth=/usr/local/lib /usr/lib/gcc/x86_64-linux-gnu/6/include-fixed /usr/include/x86_64-linux-gnu /usr/lib /lib/x86_64-linux-gnu /lib/../lib /usr/lib/x86_64-linux-gnu /usr/lib/../lib /lib
    libs=-lpthread -lnsl -ldb -ldl -lm -lcrypt -lutil -lc
    perllibs=-lpthread -lnsl -ldl -lm -lcrypt -lutil -lc
    libc=libc-2.24.so, so=so, useshrplib=false, libperl=libperl.a
    gnulibc_version='2.24'
  Dynamic Linking:
    dlsrc=dl_dlopen.xs, dlext=so, d_dlsymun=undef, ccdlflags='-Wl,-E'
    cccdlflags='-fPIC', lddlflags='-shared -O2 -L/usr/local/lib -fstack-protector-strong'


Characteristics of this binary (from libperl): 
  Compile-time options: HAS_TIMES MULTIPLICITY PERLIO_LAYERS
                        PERL_DONT_CREATE_GVSV
                        PERL_HASH_FUNC_ONE_AT_A_TIME_HARD
                        PERL_IMPLICIT_CONTEXT PERL_MALLOC_WRAP
                        PERL_NEW_COPY_ON_WRITE PERL_PRESERVE_IVUV
                        USE_64_BIT_ALL USE_64_BIT_INT USE_ITHREADS
                        USE_LARGE_FILES USE_LOCALE USE_LOCALE_COLLATE
                        USE_LOCALE_CTYPE USE_LOCALE_NUMERIC USE_LOCALE_TIME
                        USE_PERLIO USE_PERL_ATOF USE_REENTRANT_API
  Locally applied patches:
	Devel::PatchPerl 1.56
  Built under linux
  Compiled at Apr 25 2019 12:09:05
  %ENV:
    PERL="5.22.4"
    PERL5LIB=""
    PERL5OPT=""
    PERL5_CPANPLUS_IS_RUNNING="2960"
    PERL5_CPAN_IS_RUNNING="2960"
    PERLBREW_HOME="/home/david/.perlbrew"
    PERLBREW_MANPATH="/home/david/perl5/perlbrew/perls/perl-5.30.2/man"
    PERLBREW_PATH="/home/david/perl5/perlbrew/bin:/home/david/perl5/perlbrew/perls/perl-5.30.2/bin"
    PERLBREW_PERL="perl-5.30.2"
    PERLBREW_ROOT="/home/david/perl5/perlbrew"
    PERLBREW_SHELLRC_VERSION="0.89"
    PERLBREW_VERSION="0.89"
    PERLVER="5.22.4"
    PERL_INLINE_DIRECTORY="/home/david/.Inline-5.22.4"
    PERL_MM_USE_DEFAULT="1"
    PERL_USE_UNSAFE_INC="0"
  @INC:
    /home/david/cpantesting/perl-5.22.4/lib/site_perl/5.22.4/x86_64-linux-thread-multi
    /home/david/cpantesting/perl-5.22.4/lib/site_perl/5.22.4
    /home/david/cpantesting/perl-5.22.4/lib/5.22.4/x86_64-linux-thread-multi
    /home/david/cpantesting/perl-5.22.4/lib/5.22.4
    .