Net-Stomp v0.62 Perl 5 v5.8.9 x86_64-linux
- Status
- Fail
- From
- David Cantrell (DCANTRELL)
- Dist
-
Net-Stomp v0.62
- Platform
- Perl 5 v5.8.9 x86_64-linux
- Date
- 2024-02-20 00:13:19
- ID
- d9eac400-cf84-11ee-87ed-309648dc03bb
This distribution has been tested as part of the CPAN Testers
project, supporting the Perl programming language. See
http://wiki.cpantesters.org/ for more information or email
questions to cpan-testers-discuss@perl.org
--
Dear Gianni Ceccarelli,
This is a computer-generated report for Net-Stomp-0.62
on perl 5.8.9, created by CPAN-Reporter-1.2018.
Thank you for uploading your work to CPAN. However, there was a problem
testing your distribution.
If you think this report is invalid, please consult the CPAN Testers Wiki
for suggestions on how to avoid getting FAIL reports for missing library
or binary dependencies, unsupported operating systems, and so on:
http://wiki.cpantesters.org/wiki/CPANAuthorNotes
Sections of this report:
* Tester comments
* Program output
* Prerequisites
* Environment and other context
------------------------------
TESTER COMMENTS
------------------------------
Additional comments from tester:
this report is from an automated smoke testing program
and was not reviewed by a human for accuracy
------------------------------
PROGRAM OUTPUT
------------------------------
Output from './Build test':
Global symbol "$sub" requires explicit package name at /home/david/cpantesting/perl-5.8.9/.cpan/build/Net-Stomp-0.62-0/blib/lib/Net/Stomp.pm line 199.
Global symbol "$sub" requires explicit package name at /home/david/cpantesting/perl-5.8.9/.cpan/build/Net-Stomp-0.62-0/blib/lib/Net/Stomp.pm line 199.
Global symbol "$timeout" requires explicit package name at /home/david/cpantesting/perl-5.8.9/.cpan/build/Net-Stomp-0.62-0/blib/lib/Net/Stomp.pm line 199.
Global symbol "$timeout" requires explicit package name at /home/david/cpantesting/perl-5.8.9/.cpan/build/Net-Stomp-0.62-0/blib/lib/Net/Stomp.pm line 199.
Global symbol "$body" requires explicit package name at /home/david/cpantesting/perl-5.8.9/.cpan/build/Net-Stomp-0.62-0/blib/lib/Net/Stomp.pm line 199.
Global symbol "$body" requires explicit package name at /home/david/cpantesting/perl-5.8.9/.cpan/build/Net-Stomp-0.62-0/blib/lib/Net/Stomp.pm line 199.
Global symbol "$receipt_id" requires explicit package name at /home/david/cpantesting/perl-5.8.9/.cpan/build/Net-Stomp-0.62-0/blib/lib/Net/Stomp.pm line 199.
Global symbol "$receipt_id" requires explicit package name at /home/david/cpantesting/perl-5.8.9/.cpan/build/Net-Stomp-0.62-0/blib/lib/Net/Stomp.pm line 199.
Global symbol "$receipt_id" requires explicit package name at /home/david/cpantesting/perl-5.8.9/.cpan/build/Net-Stomp-0.62-0/blib/lib/Net/Stomp.pm line 199.
Global symbol "$receipt_timeout" requires explicit package name at /home/david/cpantesting/perl-5.8.9/.cpan/build/Net-Stomp-0.62-0/blib/lib/Net/Stomp.pm line 199.
Global symbol "$receipt_frame" requires explicit package name at /home/david/cpantesting/perl-5.8.9/.cpan/build/Net-Stomp-0.62-0/blib/lib/Net/Stomp.pm line 199.
Global symbol "$receipt_timeout" requires explicit package name at /home/david/cpantesting/perl-5.8.9/.cpan/build/Net-Stomp-0.62-0/blib/lib/Net/Stomp.pm line 199.
Global symbol "$receipt_timeout" requires explicit package name at /home/david/cpantesting/perl-5.8.9/.cpan/build/Net-Stomp-0.62-0/blib/lib/Net/Stomp.pm line 199.
Global symbol "$receipt_frame" requires explicit package name at /home/david/cpantesting/perl-5.8.9/.cpan/build/Net-Stomp-0.62-0/blib/lib/Net/Stomp.pm line 199.
Global symbol "$receipt_frame" requires explicit package name at /home/david/cpantesting/perl-5.8.9/.cpan/build/Net-Stomp-0.62-0/blib/lib/Net/Stomp.pm line 199.
Global symbol "$receipt_frame" requires explicit package name at /home/david/cpantesting/perl-5.8.9/.cpan/build/Net-Stomp-0.62-0/blib/lib/Net/Stomp.pm line 199.
Global symbol "$receipt_frame" requires explicit package name at /home/david/cpantesting/perl-5.8.9/.cpan/build/Net-Stomp-0.62-0/blib/lib/Net/Stomp.pm line 199.
Global symbol "$receipt_id" requires explicit package name at /home/david/cpantesting/perl-5.8.9/.cpan/build/Net-Stomp-0.62-0/blib/lib/Net/Stomp.pm line 199.
Global symbol "$receipt_frame" requires explicit package name at /home/david/cpantesting/perl-5.8.9/.cpan/build/Net-Stomp-0.62-0/blib/lib/Net/Stomp.pm line 199.
Global symbol "$receipt_frame" requires explicit package name at /home/david/cpantesting/perl-5.8.9/.cpan/build/Net-Stomp-0.62-0/blib/lib/Net/Stomp.pm line 199.
Global symbol "$transaction_id" requires explicit package name at /home/david/cpantesting/perl-5.8.9/.cpan/build/Net-Stomp-0.62-0/blib/lib/Net/Stomp.pm line 199.
Global symbol "$transaction_id" requires explicit package name at /home/david/cpantesting/perl-5.8.9/.cpan/build/Net-Stomp-0.62-0/blib/lib/Net/Stomp.pm line 199.
Global symbol "$begin_frame" requires explicit package name at /home/david/cpantesting/perl-5.8.9/.cpan/build/Net-Stomp-0.62-0/blib/lib/Net/Stomp.pm line 199.
Global symbol "$transaction_id" requires explicit package name at /home/david/cpantesting/perl-5.8.9/.cpan/build/Net-Stomp-0.62-0/blib/lib/Net/Stomp.pm line 199.
Global symbol "$begin_frame" requires explicit package name at /home/david/cpantesting/perl-5.8.9/.cpan/build/Net-Stomp-0.62-0/blib/lib/Net/Stomp.pm line 199.
Global symbol "$transaction_id" requires explicit package name at /home/david/cpantesting/perl-5.8.9/.cpan/build/Net-Stomp-0.62-0/blib/lib/Net/Stomp.pm line 199.
Global symbol "$receipt_frame" requires explicit package name at /home/david/cpantesting/perl-5.8.9/.cpan/build/Net-Stomp-0.62-0/blib/lib/Net/Stomp.pm line 199.
Global symbol "$ret" requires explicit package name at /home/david/cpantesting/perl-5.8.9/.cpan/build/Net-Stomp-0.62-0/blib/lib/Net/Stomp.pm line 199.
Global symbol "$receipt_frame" requires explicit package name at /home/david/cpantesting/perl-5.8.9/.cpan/build/Net-Stomp-0.62-0/blib/lib/Net/Stomp.pm line 199.
Global symbol "$receipt_frame" requires explicit package name at /home/david/cpantesting/perl-5.8.9/.cpan/build/Net-Stomp-0.62-0/blib/lib/Net/Stomp.pm line 199.
Global symbol "$ret" requires explicit package name at /home/david/cpantesting/perl-5.8.9/.cpan/build/Net-Stomp-0.62-0/blib/lib/Net/Stomp.pm line 199.
Global symbol "$transaction_id" requires explicit package name at /home/david/cpantesting/perl-5.8.9/.cpan/build/Net-Stomp-0.62-0/blib/lib/Net/Stomp.pm line 199.
Global symbol "$frame_commit" requires explicit package name at /home/david/cpantesting/perl-5.8.9/.cpan/build/Net-Stomp-0.62-0/blib/lib/Net/Stomp.pm line 199.
Global symbol "$transaction_id" requires explicit package name at /home/david/cpantesting/perl-5.8.9/.cpan/build/Net-Stomp-0.62-0/blib/lib/Net/Stomp.pm line 199.
Global symbol "$frame_commit" requires explicit package name at /home/david/cpantesting/perl-5.8.9/.cpan/build/Net-Stomp-0.62-0/blib/lib/Net/Stomp.pm line 199.
Global symbol "$transaction_id" requires explicit package name at /home/david/cpantesting/perl-5.8.9/.cpan/build/Net-Stomp-0.62-0/blib/lib/Net/Stomp.pm line 199.
Global symbol "$frame_abort" requires explicit package name at /home/david/cpantesting/perl-5.8.9/.cpan/build/Net-Stomp-0.62-0/blib/lib/Net/Stomp.pm line 199.
Global symbol "$transaction_id" requires explicit package name at /home/david/cpantesting/perl-5.8.9/.cpan/build/Net-Stomp-0.62-0/blib/lib/Net/Stomp.pm line 199.
Global symbol "$frame_abort" requires explicit package name at /home/david/cpantesting/perl-5.8.9/.cpan/build/Net-Stomp-0.62-0/blib/lib/Net/Stomp.pm line 199.
Global symbol "$ret" requires explicit package name at /home/david/cpantesting/perl-5.8.9/.cpan/build/Net-Stomp-0.62-0/blib/lib/Net/Stomp.pm line 199.
Global symbol "$subs" requires explicit package name at /home/david/cpantesting/perl-5.8.9/.cpan/build/Net-Stomp-0.62-0/blib/lib/Net/Stomp.pm line 199.
Global symbol "$subs" requires explicit package name at /home/david/cpantesting/perl-5.8.9/.cpan/build/Net-Stomp-0.62-0/blib/lib/Net/Stomp.pm line 199.
Global symbol "$subs" requires explicit package name at /home/david/cpantesting/perl-5.8.9/.cpan/build/Net-Stomp-0.62-0/blib/lib/Net/Stomp.pm line 199.
Global symbol "$subs" requires explicit package name at /home/david/cpantesting/perl-5.8.9/.cpan/build/Net-Stomp-0.62-0/blib/lib/Net/Stomp.pm line 199.
Global symbol "$id" requires explicit package name at /home/david/cpantesting/perl-5.8.9/.cpan/build/Net-Stomp-0.62-0/blib/lib/Net/Stomp.pm line 199.
Global symbol "$id" requires explicit package name at /home/david/cpantesting/perl-5.8.9/.cpan/build/Net-Stomp-0.62-0/blib/lib/Net/Stomp.pm line 199.
Global symbol "$id" requires explicit package name at /home/david/cpantesting/perl-5.8.9/.cpan/build/Net-Stomp-0.62-0/blib/lib/Net/Stomp.pm line 199.
Global symbol "$id" requires explicit package name at /home/david/cpantesting/perl-5.8.9/.cpan/build/Net-Stomp-0.62-0/blib/lib/Net/Stomp.pm line 199.
Global symbol "$id" requires explicit package name at /home/david/cpantesting/perl-5.8.9/.cpan/build/Net-Stomp-0.62-0/blib/lib/Net/Stomp.pm line 199.
Global symbol "$id" requires explicit package name at /home/david/cpantesting/perl-5.8.9/.cpan/build/Net-Stomp-0.62-0/blib/lib/Net/Stomp.pm line 199.
Global symbol "$to_write" requires explicit package name at /home/david/cpantesting/perl-5.8.9/.cpan/build/Net-Stomp-0.62-0/blib/lib/Net/Stomp.pm line 199.
Global symbol "$frame_string" requires explicit package name at /home/david/cpantesting/perl-5.8.9/.cpan/build/Net-Stomp-0.62-0/blib/lib/Net/Stomp.pm line 199.
Global symbol "$written" requires explicit package name at /home/david/cpantesting/perl-5.8.9/.cpan/build/Net-Stomp-0.62-0/blib/lib/Net/Stomp.pm line 199.
Global symbol "$to_write" requires explicit package name at /home/david/cpantesting/perl-5.8.9/.cpan/build/Net-Stomp-0.62-0/blib/lib/Net/Stomp.pm line 199.
Global symbol "$written" requires explicit package name at /home/david/cpantesting/perl-5.8.9/.cpan/build/Net-Stomp-0.62-0/blib/lib/Net/Stomp.pm line 199.
Global symbol "$to_write" requires explicit package name at /home/david/cpantesting/perl-5.8.9/.cpan/build/Net-Stomp-0.62-0/blib/lib/Net/Stomp.pm line 199.
Global symbol "$written" requires explicit package name at /home/david/cpantesting/perl-5.8.9/.cpan/build/Net-Stomp-0.62-0/blib/lib/Net/Stomp.pm line 199.
Global symbol "$to_write" requires explicit package name at /home/david/cpantesting/perl-5.8.9/.cpan/build/Net-Stomp-0.62-0/blib/lib/Net/Stomp.pm line 199.
Global symbol "$written" requires explicit package name at /home/david/cpantesting/perl-5.8.9/.cpan/build/Net-Stomp-0.62-0/blib/lib/Net/Stomp.pm line 199.
Global symbol "$written" requires explicit package name at /home/david/cpantesting/perl-5.8.9/.cpan/build/Net-Stomp-0.62-0/blib/lib/Net/Stomp.pm line 199.
Global symbol "$frame_string" requires explicit package name at /home/david/cpantesting/perl-5.8.9/.cpan/build/Net-Stomp-0.62-0/blib/lib/Net/Stomp.pm line 199.
Global symbol "$written" requires explicit package name at /home/david/cpantesting/perl-5.8.9/.cpan/build/Net-Stomp-0.62-0/blib/lib/Net/Stomp.pm line 199.
Global symbol "$timeout" requires explicit package name at /home/david/cpantesting/perl-5.8.9/.cpan/build/Net-Stomp-0.62-0/blib/lib/Net/Stomp.pm line 199.
Global symbol "$timeout" requires explicit package name at /home/david/cpantesting/perl-5.8.9/.cpan/build/Net-Stomp-0.62-0/blib/lib/Net/Stomp.pm line 199.
Global symbol "$len" requires explicit package name at /home/david/cpantesting/perl-5.8.9/.cpan/build/Net-Stomp-0.62-0/blib/lib/Net/Stomp.pm line 199.
Global symbol "$len" requires explicit package name at /home/david/cpantesting/perl-5.8.9/.cpan/build/Net-Stomp-0.62-0/blib/lib/Net/Stomp.pm line 199.
Global symbol "$len" requires explicit package name at /home/david/cpantesting/perl-5.8.9/.cpan/build/Net-Stomp-0.62-0/blib/lib/Net/Stomp.pm line 199.
Global symbol "$len" requires explicit package name at /home/david/cpantesting/perl-5.8.9/.cpan/build/Net-Stomp-0.62-0/blib/lib/Net/Stomp.pm line 199.
Global symbol "$len" requires explicit package name at /home/david/cpantesting/perl-5.8.9/.cpan/build/Net-Stomp-0.62-0/blib/lib/Net/Stomp.pm line 199.
syntax error at /home/david/cpantesting/perl-5.8.9/.cpan/build/Net-Stomp-0.62-0/blib/lib/Net/Stomp.pm line 456, near "[^"
(Might be a runaway multi-line // string starting on line 199)
/home/david/cpantesting/perl-5.8.9/.cpan/build/Net-Stomp-0.62-0/blib/lib/Net/Stomp.pm has too many errors.
Compilation failed in require at t/lib/TestHelp.pm line 10.
BEGIN failed--compilation aborted at t/lib/TestHelp.pm line 10.
Compilation failed in require at t/connect-disconnect.t line 2.
BEGIN failed--compilation aborted at t/connect-disconnect.t line 2.
t/connect-disconnect.t ..
Dubious, test returned 9 (wstat 2304, 0x900)
No subtests run
Global symbol "$sub" requires explicit package name at /home/david/cpantesting/perl-5.8.9/.cpan/build/Net-Stomp-0.62-0/blib/lib/Net/Stomp.pm line 199.
Global symbol "$sub" requires explicit package name at /home/david/cpantesting/perl-5.8.9/.cpan/build/Net-Stomp-0.62-0/blib/lib/Net/Stomp.pm line 199.
Global symbol "$timeout" requires explicit package name at /home/david/cpantesting/perl-5.8.9/.cpan/build/Net-Stomp-0.62-0/blib/lib/Net/Stomp.pm line 199.
Global symbol "$timeout" requires explicit package name at /home/david/cpantesting/perl-5.8.9/.cpan/build/Net-Stomp-0.62-0/blib/lib/Net/Stomp.pm line 199.
Global symbol "$body" requires explicit package name at /home/david/cpantesting/perl-5.8.9/.cpan/build/Net-Stomp-0.62-0/blib/lib/Net/Stomp.pm line 199.
Global symbol "$body" requires explicit package name at /home/david/cpantesting/perl-5.8.9/.cpan/build/Net-Stomp-0.62-0/blib/lib/Net/Stomp.pm line 199.
Global symbol "$receipt_id" requires explicit package name at /home/david/cpantesting/perl-5.8.9/.cpan/build/Net-Stomp-0.62-0/blib/lib/Net/Stomp.pm line 199.
Global symbol "$receipt_id" requires explicit package name at /home/david/cpantesting/perl-5.8.9/.cpan/build/Net-Stomp-0.62-0/blib/lib/Net/Stomp.pm line 199.
Global symbol "$receipt_id" requires explicit package name at /home/david/cpantesting/perl-5.8.9/.cpan/build/Net-Stomp-0.62-0/blib/lib/Net/Stomp.pm line 199.
Global symbol "$receipt_timeout" requires explicit package name at /home/david/cpantesting/perl-5.8.9/.cpan/build/Net-Stomp-0.62-0/blib/lib/Net/Stomp.pm line 199.
Global symbol "$receipt_frame" requires explicit package name at /home/david/cpantesting/perl-5.8.9/.cpan/build/Net-Stomp-0.62-0/blib/lib/Net/Stomp.pm line 199.
Global symbol "$receipt_timeout" requires explicit package name at /home/david/cpantesting/perl-5.8.9/.cpan/build/Net-Stomp-0.62-0/blib/lib/Net/Stomp.pm line 199.
Global symbol "$receipt_timeout" requires explicit package name at /home/david/cpantesting/perl-5.8.9/.cpan/build/Net-Stomp-0.62-0/blib/lib/Net/Stomp.pm line 199.
Global symbol "$receipt_frame" requires explicit package name at /home/david/cpantesting/perl-5.8.9/.cpan/build/Net-Stomp-0.62-0/blib/lib/Net/Stomp.pm line 199.
Global symbol "$receipt_frame" requires explicit package name at /home/david/cpantesting/perl-5.8.9/.cpan/build/Net-Stomp-0.62-0/blib/lib/Net/Stomp.pm line 199.
Global symbol "$receipt_frame" requires explicit package name at /home/david/cpantesting/perl-5.8.9/.cpan/build/Net-Stomp-0.62-0/blib/lib/Net/Stomp.pm line 199.
Global symbol "$receipt_frame" requires explicit package name at /home/david/cpantesting/perl-5.8.9/.cpan/build/Net-Stomp-0.62-0/blib/lib/Net/Stomp.pm line 199.
Global symbol "$receipt_id" requires explicit package name at /home/david/cpantesting/perl-5.8.9/.cpan/build/Net-Stomp-0.62-0/blib/lib/Net/Stomp.pm line 199.
Global symbol "$receipt_frame" requires explicit package name at /home/david/cpantesting/perl-5.8.9/.cpan/build/Net-Stomp-0.62-0/blib/lib/Net/Stomp.pm line 199.
Global symbol "$receipt_frame" requires explicit package name at /home/david/cpantesting/perl-5.8.9/.cpan/build/Net-Stomp-0.62-0/blib/lib/Net/Stomp.pm line 199.
Global symbol "$transaction_id" requires explicit package name at /home/david/cpantesting/perl-5.8.9/.cpan/build/Net-Stomp-0.62-0/blib/lib/Net/Stomp.pm line 199.
Global symbol "$transaction_id" requires explicit package name at /home/david/cpantesting/perl-5.8.9/.cpan/build/Net-Stomp-0.62-0/blib/lib/Net/Stomp.pm line 199.
Global symbol "$begin_frame" requires explicit package name at /home/david/cpantesting/perl-5.8.9/.cpan/build/Net-Stomp-0.62-0/blib/lib/Net/Stomp.pm line 199.
Global symbol "$transaction_id" requires explicit package name at /home/david/cpantesting/perl-5.8.9/.cpan/build/Net-Stomp-0.62-0/blib/lib/Net/Stomp.pm line 199.
Global symbol "$begin_frame" requires explicit package name at /home/david/cpantesting/perl-5.8.9/.cpan/build/Net-Stomp-0.62-0/blib/lib/Net/Stomp.pm line 199.
Global symbol "$transaction_id" requires explicit package name at /home/david/cpantesting/perl-5.8.9/.cpan/build/Net-Stomp-0.62-0/blib/lib/Net/Stomp.pm line 199.
Global symbol "$receipt_frame" requires explicit package name at /home/david/cpantesting/perl-5.8.9/.cpan/build/Net-Stomp-0.62-0/blib/lib/Net/Stomp.pm line 199.
Global symbol "$ret" requires explicit package name at /home/david/cpantesting/perl-5.8.9/.cpan/build/Net-Stomp-0.62-0/blib/lib/Net/Stomp.pm line 199.
Global symbol "$receipt_frame" requires explicit package name at /home/david/cpantesting/perl-5.8.9/.cpan/build/Net-Stomp-0.62-0/blib/lib/Net/Stomp.pm line 199.
Global symbol "$receipt_frame" requires explicit package name at /home/david/cpantesting/perl-5.8.9/.cpan/build/Net-Stomp-0.62-0/blib/lib/Net/Stomp.pm line 199.
Global symbol "$ret" requires explicit package name at /home/david/cpantesting/perl-5.8.9/.cpan/build/Net-Stomp-0.62-0/blib/lib/Net/Stomp.pm line 199.
Global symbol "$transaction_id" requires explicit package name at /home/david/cpantesting/perl-5.8.9/.cpan/build/Net-Stomp-0.62-0/blib/lib/Net/Stomp.pm line 199.
Global symbol "$frame_commit" requires explicit package name at /home/david/cpantesting/perl-5.8.9/.cpan/build/Net-Stomp-0.62-0/blib/lib/Net/Stomp.pm line 199.
Global symbol "$transaction_id" requires explicit package name at /home/david/cpantesting/perl-5.8.9/.cpan/build/Net-Stomp-0.62-0/blib/lib/Net/Stomp.pm line 199.
Global symbol "$frame_commit" requires explicit package name at /home/david/cpantesting/perl-5.8.9/.cpan/build/Net-Stomp-0.62-0/blib/lib/Net/Stomp.pm line 199.
Global symbol "$transaction_id" requires explicit package name at /home/david/cpantesting/perl-5.8.9/.cpan/build/Net-Stomp-0.62-0/blib/lib/Net/Stomp.pm line 199.
Global symbol "$frame_abort" requires explicit package name at /home/david/cpantesting/perl-5.8.9/.cpan/build/Net-Stomp-0.62-0/blib/lib/Net/Stomp.pm line 199.
Global symbol "$transaction_id" requires explicit package name at /home/david/cpantesting/perl-5.8.9/.cpan/build/Net-Stomp-0.62-0/blib/lib/Net/Stomp.pm line 199.
Global symbol "$frame_abort" requires explicit package name at /home/david/cpantesting/perl-5.8.9/.cpan/build/Net-Stomp-0.62-0/blib/lib/Net/Stomp.pm line 199.
Global symbol "$ret" requires explicit package name at /home/david/cpantesting/perl-5.8.9/.cpan/build/Net-Stomp-0.62-0/blib/lib/Net/Stomp.pm line 199.
Global symbol "$subs" requires explicit package name at /home/david/cpantesting/perl-5.8.9/.cpan/build/Net-Stomp-0.62-0/blib/lib/Net/Stomp.pm line 199.
Global symbol "$subs" requires explicit package name at /home/david/cpantesting/perl-5.8.9/.cpan/build/Net-Stomp-0.62-0/blib/lib/Net/Stomp.pm line 199.
Global symbol "$subs" requires explicit package name at /home/david/cpantesting/perl-5.8.9/.cpan/build/Net-Stomp-0.62-0/blib/lib/Net/Stomp.pm line 199.
Global symbol "$subs" requires explicit package name at /home/david/cpantesting/perl-5.8.9/.cpan/build/Net-Stomp-0.62-0/blib/lib/Net/Stomp.pm line 199.
Global symbol "$id" requires explicit package name at /home/david/cpantesting/perl-5.8.9/.cpan/build/Net-Stomp-0.62-0/blib/lib/Net/Stomp.pm line 199.
Global symbol "$id" requires explicit package name at /home/david/cpantesting/perl-5.8.9/.cpan/build/Net-Stomp-0.62-0/blib/lib/Net/Stomp.pm line 199.
Global symbol "$id" requires explicit package name at /home/david/cpantesting/perl-5.8.9/.cpan/build/Net-Stomp-0.62-0/blib/lib/Net/Stomp.pm line 199.
Global symbol "$id" requires explicit package name at /home/david/cpantesting/perl-5.8.9/.cpan/build/Net-Stomp-0.62-0/blib/lib/Net/Stomp.pm line 199.
Global symbol "$id" requires explicit package name at /home/david/cpantesting/perl-5.8.9/.cpan/build/Net-Stomp-0.62-0/blib/lib/Net/Stomp.pm line 199.
Global symbol "$id" requires explicit package name at /home/david/cpantesting/perl-5.8.9/.cpan/build/Net-Stomp-0.62-0/blib/lib/Net/Stomp.pm line 199.
Global symbol "$to_write" requires explicit package name at /home/david/cpantesting/perl-5.8.9/.cpan/build/Net-Stomp-0.62-0/blib/lib/Net/Stomp.pm line 199.
Global symbol "$frame_string" requires explicit package name at /home/david/cpantesting/perl-5.8.9/.cpan/build/Net-Stomp-0.62-0/blib/lib/Net/Stomp.pm line 199.
Global symbol "$written" requires explicit package name at /home/david/cpantesting/perl-5.8.9/.cpan/build/Net-Stomp-0.62-0/blib/lib/Net/Stomp.pm line 199.
Global symbol "$to_write" requires explicit package name at /home/david/cpantesting/perl-5.8.9/.cpan/build/Net-Stomp-0.62-0/blib/lib/Net/Stomp.pm line 199.
Global symbol "$written" requires explicit package name at /home/david/cpantesting/perl-5.8.9/.cpan/build/Net-Stomp-0.62-0/blib/lib/Net/Stomp.pm line 199.
Global symbol "$to_write" requires explicit package name at /home/david/cpantesting/perl-5.8.9/.cpan/build/Net-Stomp-0.62-0/blib/lib/Net/Stomp.pm line 199.
Global symbol "$written" requires explicit package name at /home/david/cpantesting/perl-5.8.9/.cpan/build/Net-Stomp-0.62-0/blib/lib/Net/Stomp.pm line 199.
Global symbol "$to_write" requires explicit package name at /home/david/cpantesting/perl-5.8.9/.cpan/build/Net-Stomp-0.62-0/blib/lib/Net/Stomp.pm line 199.
Global symbol "$written" requires explicit package name at /home/david/cpantesting/perl-5.8.9/.cpan/build/Net-Stomp-0.62-0/blib/lib/Net/Stomp.pm line 199.
Global symbol "$written" requires explicit package name at /home/david/cpantesting/perl-5.8.9/.cpan/build/Net-Stomp-0.62-0/blib/lib/Net/Stomp.pm line 199.
Global symbol "$frame_string" requires explicit package name at /home/david/cpantesting/perl-5.8.9/.cpan/build/Net-Stomp-0.62-0/blib/lib/Net/Stomp.pm line 199.
Global symbol "$written" requires explicit package name at /home/david/cpantesting/perl-5.8.9/.cpan/build/Net-Stomp-0.62-0/blib/lib/Net/Stomp.pm line 199.
Global symbol "$timeout" requires explicit package name at /home/david/cpantesting/perl-5.8.9/.cpan/build/Net-Stomp-0.62-0/blib/lib/Net/Stomp.pm line 199.
Global symbol "$timeout" requires explicit package name at /home/david/cpantesting/perl-5.8.9/.cpan/build/Net-Stomp-0.62-0/blib/lib/Net/Stomp.pm line 199.
Global symbol "$len" requires explicit package name at /home/david/cpantesting/perl-5.8.9/.cpan/build/Net-Stomp-0.62-0/blib/lib/Net/Stomp.pm line 199.
Global symbol "$len" requires explicit package name at /home/david/cpantesting/perl-5.8.9/.cpan/build/Net-Stomp-0.62-0/blib/lib/Net/Stomp.pm line 199.
Global symbol "$len" requires explicit package name at /home/david/cpantesting/perl-5.8.9/.cpan/build/Net-Stomp-0.62-0/blib/lib/Net/Stomp.pm line 199.
Global symbol "$len" requires explicit package name at /home/david/cpantesting/perl-5.8.9/.cpan/build/Net-Stomp-0.62-0/blib/lib/Net/Stomp.pm line 199.
Global symbol "$len" requires explicit package name at /home/david/cpantesting/perl-5.8.9/.cpan/build/Net-Stomp-0.62-0/blib/lib/Net/Stomp.pm line 199.
syntax error at /home/david/cpantesting/perl-5.8.9/.cpan/build/Net-Stomp-0.62-0/blib/lib/Net/Stomp.pm line 456, near "[^"
(Might be a runaway multi-line // string starting on line 199)
/home/david/cpantesting/perl-5.8.9/.cpan/build/Net-Stomp-0.62-0/blib/lib/Net/Stomp.pm has too many errors.
Compilation failed in require at t/lib/TestHelp.pm line 10.
BEGIN failed--compilation aborted at t/lib/TestHelp.pm line 10.
Compilation failed in require at t/constructor.t line 3.
BEGIN failed--compilation aborted at t/constructor.t line 3.
t/constructor.t .........
Dubious, test returned 9 (wstat 2304, 0x900)
No subtests run
Global symbol "$sub" requires explicit package name at /home/david/cpantesting/perl-5.8.9/.cpan/build/Net-Stomp-0.62-0/blib/lib/Net/Stomp.pm line 199.
Global symbol "$sub" requires explicit package name at /home/david/cpantesting/perl-5.8.9/.cpan/build/Net-Stomp-0.62-0/blib/lib/Net/Stomp.pm line 199.
Global symbol "$timeout" requires explicit package name at /home/david/cpantesting/perl-5.8.9/.cpan/build/Net-Stomp-0.62-0/blib/lib/Net/Stomp.pm line 199.
Global symbol "$timeout" requires explicit package name at /home/david/cpantesting/perl-5.8.9/.cpan/build/Net-Stomp-0.62-0/blib/lib/Net/Stomp.pm line 199.
Global symbol "$body" requires explicit package name at /home/david/cpantesting/perl-5.8.9/.cpan/build/Net-Stomp-0.62-0/blib/lib/Net/Stomp.pm line 199.
Global symbol "$body" requires explicit package name at /home/david/cpantesting/perl-5.8.9/.cpan/build/Net-Stomp-0.62-0/blib/lib/Net/Stomp.pm line 199.
Global symbol "$receipt_id" requires explicit package name at /home/david/cpantesting/perl-5.8.9/.cpan/build/Net-Stomp-0.62-0/blib/lib/Net/Stomp.pm line 199.
Global symbol "$receipt_id" requires explicit package name at /home/david/cpantesting/perl-5.8.9/.cpan/build/Net-Stomp-0.62-0/blib/lib/Net/Stomp.pm line 199.
Global symbol "$receipt_id" requires explicit package name at /home/david/cpantesting/perl-5.8.9/.cpan/build/Net-Stomp-0.62-0/blib/lib/Net/Stomp.pm line 199.
Global symbol "$receipt_timeout" requires explicit package name at /home/david/cpantesting/perl-5.8.9/.cpan/build/Net-Stomp-0.62-0/blib/lib/Net/Stomp.pm line 199.
Global symbol "$receipt_frame" requires explicit package name at /home/david/cpantesting/perl-5.8.9/.cpan/build/Net-Stomp-0.62-0/blib/lib/Net/Stomp.pm line 199.
Global symbol "$receipt_timeout" requires explicit package name at /home/david/cpantesting/perl-5.8.9/.cpan/build/Net-Stomp-0.62-0/blib/lib/Net/Stomp.pm line 199.
Global symbol "$receipt_timeout" requires explicit package name at /home/david/cpantesting/perl-5.8.9/.cpan/build/Net-Stomp-0.62-0/blib/lib/Net/Stomp.pm line 199.
Global symbol "$receipt_frame" requires explicit package name at /home/david/cpantesting/perl-5.8.9/.cpan/build/Net-Stomp-0.62-0/blib/lib/Net/Stomp.pm line 199.
Global symbol "$receipt_frame" requires explicit package name at /home/david/cpantesting/perl-5.8.9/.cpan/build/Net-Stomp-0.62-0/blib/lib/Net/Stomp.pm line 199.
Global symbol "$receipt_frame" requires explicit package name at /home/david/cpantesting/perl-5.8.9/.cpan/build/Net-Stomp-0.62-0/blib/lib/Net/Stomp.pm line 199.
Global symbol "$receipt_frame" requires explicit package name at /home/david/cpantesting/perl-5.8.9/.cpan/build/Net-Stomp-0.62-0/blib/lib/Net/Stomp.pm line 199.
Global symbol "$receipt_id" requires explicit package name at /home/david/cpantesting/perl-5.8.9/.cpan/build/Net-Stomp-0.62-0/blib/lib/Net/Stomp.pm line 199.
Global symbol "$receipt_frame" requires explicit package name at /home/david/cpantesting/perl-5.8.9/.cpan/build/Net-Stomp-0.62-0/blib/lib/Net/Stomp.pm line 199.
Global symbol "$receipt_frame" requires explicit package name at /home/david/cpantesting/perl-5.8.9/.cpan/build/Net-Stomp-0.62-0/blib/lib/Net/Stomp.pm line 199.
Global symbol "$transaction_id" requires explicit package name at /home/david/cpantesting/perl-5.8.9/.cpan/build/Net-Stomp-0.62-0/blib/lib/Net/Stomp.pm line 199.
Global symbol "$transaction_id" requires explicit package name at /home/david/cpantesting/perl-5.8.9/.cpan/build/Net-Stomp-0.62-0/blib/lib/Net/Stomp.pm line 199.
Global symbol "$begin_frame" requires explicit package name at /home/david/cpantesting/perl-5.8.9/.cpan/build/Net-Stomp-0.62-0/blib/lib/Net/Stomp.pm line 199.
Global symbol "$transaction_id" requires explicit package name at /home/david/cpantesting/perl-5.8.9/.cpan/build/Net-Stomp-0.62-0/blib/lib/Net/Stomp.pm line 199.
Global symbol "$begin_frame" requires explicit package name at /home/david/cpantesting/perl-5.8.9/.cpan/build/Net-Stomp-0.62-0/blib/lib/Net/Stomp.pm line 199.
Global symbol "$transaction_id" requires explicit package name at /home/david/cpantesting/perl-5.8.9/.cpan/build/Net-Stomp-0.62-0/blib/lib/Net/Stomp.pm line 199.
Global symbol "$receipt_frame" requires explicit package name at /home/david/cpantesting/perl-5.8.9/.cpan/build/Net-Stomp-0.62-0/blib/lib/Net/Stomp.pm line 199.
Global symbol "$ret" requires explicit package name at /home/david/cpantesting/perl-5.8.9/.cpan/build/Net-Stomp-0.62-0/blib/lib/Net/Stomp.pm line 199.
Global symbol "$receipt_frame" requires explicit package name at /home/david/cpantesting/perl-5.8.9/.cpan/build/Net-Stomp-0.62-0/blib/lib/Net/Stomp.pm line 199.
Global symbol "$receipt_frame" requires explicit package name at /home/david/cpantesting/perl-5.8.9/.cpan/build/Net-Stomp-0.62-0/blib/lib/Net/Stomp.pm line 199.
Global symbol "$ret" requires explicit package name at /home/david/cpantesting/perl-5.8.9/.cpan/build/Net-Stomp-0.62-0/blib/lib/Net/Stomp.pm line 199.
Global symbol "$transaction_id" requires explicit package name at /home/david/cpantesting/perl-5.8.9/.cpan/build/Net-Stomp-0.62-0/blib/lib/Net/Stomp.pm line 199.
Global symbol "$frame_commit" requires explicit package name at /home/david/cpantesting/perl-5.8.9/.cpan/build/Net-Stomp-0.62-0/blib/lib/Net/Stomp.pm line 199.
Global symbol "$transaction_id" requires explicit package name at /home/david/cpantesting/perl-5.8.9/.cpan/build/Net-Stomp-0.62-0/blib/lib/Net/Stomp.pm line 199.
Global symbol "$frame_commit" requires explicit package name at /home/david/cpantesting/perl-5.8.9/.cpan/build/Net-Stomp-0.62-0/blib/lib/Net/Stomp.pm line 199.
Global symbol "$transaction_id" requires explicit package name at /home/david/cpantesting/perl-5.8.9/.cpan/build/Net-Stomp-0.62-0/blib/lib/Net/Stomp.pm line 199.
Global symbol "$frame_abort" requires explicit package name at /home/david/cpantesting/perl-5.8.9/.cpan/build/Net-Stomp-0.62-0/blib/lib/Net/Stomp.pm line 199.
Global symbol "$transaction_id" requires explicit package name at /home/david/cpantesting/perl-5.8.9/.cpan/build/Net-Stomp-0.62-0/blib/lib/Net/Stomp.pm line 199.
Global symbol "$frame_abort" requires explicit package name at /home/david/cpantesting/perl-5.8.9/.cpan/build/Net-Stomp-0.62-0/blib/lib/Net/Stomp.pm line 199.
Global symbol "$ret" requires explicit package name at /home/david/cpantesting/perl-5.8.9/.cpan/build/Net-Stomp-0.62-0/blib/lib/Net/Stomp.pm line 199.
Global symbol "$subs" requires explicit package name at /home/david/cpantesting/perl-5.8.9/.cpan/build/Net-Stomp-0.62-0/blib/lib/Net/Stomp.pm line 199.
Global symbol "$subs" requires explicit package name at /home/david/cpantesting/perl-5.8.9/.cpan/build/Net-Stomp-0.62-0/blib/lib/Net/Stomp.pm line 199.
Global symbol "$subs" requires explicit package name at /home/david/cpantesting/perl-5.8.9/.cpan/build/Net-Stomp-0.62-0/blib/lib/Net/Stomp.pm line 199.
Global symbol "$subs" requires explicit package name at /home/david/cpantesting/perl-5.8.9/.cpan/build/Net-Stomp-0.62-0/blib/lib/Net/Stomp.pm line 199.
Global symbol "$id" requires explicit package name at /home/david/cpantesting/perl-5.8.9/.cpan/build/Net-Stomp-0.62-0/blib/lib/Net/Stomp.pm line 199.
Global symbol "$id" requires explicit package name at /home/david/cpantesting/perl-5.8.9/.cpan/build/Net-Stomp-0.62-0/blib/lib/Net/Stomp.pm line 199.
Global symbol "$id" requires explicit package name at /home/david/cpantesting/perl-5.8.9/.cpan/build/Net-Stomp-0.62-0/blib/lib/Net/Stomp.pm line 199.
Global symbol "$id" requires explicit package name at /home/david/cpantesting/perl-5.8.9/.cpan/build/Net-Stomp-0.62-0/blib/lib/Net/Stomp.pm line 199.
Global symbol "$id" requires explicit package name at /home/david/cpantesting/perl-5.8.9/.cpan/build/Net-Stomp-0.62-0/blib/lib/Net/Stomp.pm line 199.
Global symbol "$id" requires explicit package name at /home/david/cpantesting/perl-5.8.9/.cpan/build/Net-Stomp-0.62-0/blib/lib/Net/Stomp.pm line 199.
Global symbol "$to_write" requires explicit package name at /home/david/cpantesting/perl-5.8.9/.cpan/build/Net-Stomp-0.62-0/blib/lib/Net/Stomp.pm line 199.
Global symbol "$frame_string" requires explicit package name at /home/david/cpantesting/perl-5.8.9/.cpan/build/Net-Stomp-0.62-0/blib/lib/Net/Stomp.pm line 199.
Global symbol "$written" requires explicit package name at /home/david/cpantesting/perl-5.8.9/.cpan/build/Net-Stomp-0.62-0/blib/lib/Net/Stomp.pm line 199.
Global symbol "$to_write" requires explicit package name at /home/david/cpantesting/perl-5.8.9/.cpan/build/Net-Stomp-0.62-0/blib/lib/Net/Stomp.pm line 199.
Global symbol "$written" requires explicit package name at /home/david/cpantesting/perl-5.8.9/.cpan/build/Net-Stomp-0.62-0/blib/lib/Net/Stomp.pm line 199.
Global symbol "$to_write" requires explicit package name at /home/david/cpantesting/perl-5.8.9/.cpan/build/Net-Stomp-0.62-0/blib/lib/Net/Stomp.pm line 199.
Global symbol "$written" requires explicit package name at /home/david/cpantesting/perl-5.8.9/.cpan/build/Net-Stomp-0.62-0/blib/lib/Net/Stomp.pm line 199.
Global symbol "$to_write" requires explicit package name at /home/david/cpantesting/perl-5.8.9/.cpan/build/Net-Stomp-0.62-0/blib/lib/Net/Stomp.pm line 199.
Global symbol "$written" requires explicit package name at /home/david/cpantesting/perl-5.8.9/.cpan/build/Net-Stomp-0.62-0/blib/lib/Net/Stomp.pm line 199.
Global symbol "$written" requires explicit package name at /home/david/cpantesting/perl-5.8.9/.cpan/build/Net-Stomp-0.62-0/blib/lib/Net/Stomp.pm line 199.
Global symbol "$frame_string" requires explicit package name at /home/david/cpantesting/perl-5.8.9/.cpan/build/Net-Stomp-0.62-0/blib/lib/Net/Stomp.pm line 199.
Global symbol "$written" requires explicit package name at /home/david/cpantesting/perl-5.8.9/.cpan/build/Net-Stomp-0.62-0/blib/lib/Net/Stomp.pm line 199.
Global symbol "$timeout" requires explicit package name at /home/david/cpantesting/perl-5.8.9/.cpan/build/Net-Stomp-0.62-0/blib/lib/Net/Stomp.pm line 199.
Global symbol "$timeout" requires explicit package name at /home/david/cpantesting/perl-5.8.9/.cpan/build/Net-Stomp-0.62-0/blib/lib/Net/Stomp.pm line 199.
Global symbol "$len" requires explicit package name at /home/david/cpantesting/perl-5.8.9/.cpan/build/Net-Stomp-0.62-0/blib/lib/Net/Stomp.pm line 199.
Global symbol "$len" requires explicit package name at /home/david/cpantesting/perl-5.8.9/.cpan/build/Net-Stomp-0.62-0/blib/lib/Net/Stomp.pm line 199.
Global symbol "$len" requires explicit package name at /home/david/cpantesting/perl-5.8.9/.cpan/build/Net-Stomp-0.62-0/blib/lib/Net/Stomp.pm line 199.
Global symbol "$len" requires explicit package name at /home/david/cpantesting/perl-5.8.9/.cpan/build/Net-Stomp-0.62-0/blib/lib/Net/Stomp.pm line 199.
Global symbol "$len" requires explicit package name at /home/david/cpantesting/perl-5.8.9/.cpan/build/Net-Stomp-0.62-0/blib/lib/Net/Stomp.pm line 199.
syntax error at /home/david/cpantesting/perl-5.8.9/.cpan/build/Net-Stomp-0.62-0/blib/lib/Net/Stomp.pm line 456, near "[^"
(Might be a runaway multi-line // string starting on line 199)
/home/david/cpantesting/perl-5.8.9/.cpan/build/Net-Stomp-0.62-0/blib/lib/Net/Stomp.pm has too many errors.
Compilation failed in require at t/lib/TestHelp.pm line 10.
BEGIN failed--compilation aborted at t/lib/TestHelp.pm line 10.
Compilation failed in require at t/failover.t line 3.
BEGIN failed--compilation aborted at t/failover.t line 3.
t/failover.t ............
Dubious, test returned 9 (wstat 2304, 0x900)
No subtests run
Global symbol "$sub" requires explicit package name at /home/david/cpantesting/perl-5.8.9/.cpan/build/Net-Stomp-0.62-0/blib/lib/Net/Stomp.pm line 199.
Global symbol "$sub" requires explicit package name at /home/david/cpantesting/perl-5.8.9/.cpan/build/Net-Stomp-0.62-0/blib/lib/Net/Stomp.pm line 199.
Global symbol "$timeout" requires explicit package name at /home/david/cpantesting/perl-5.8.9/.cpan/build/Net-Stomp-0.62-0/blib/lib/Net/Stomp.pm line 199.
Global symbol "$timeout" requires explicit package name at /home/david/cpantesting/perl-5.8.9/.cpan/build/Net-Stomp-0.62-0/blib/lib/Net/Stomp.pm line 199.
Global symbol "$body" requires explicit package name at /home/david/cpantesting/perl-5.8.9/.cpan/build/Net-Stomp-0.62-0/blib/lib/Net/Stomp.pm line 199.
Global symbol "$body" requires explicit package name at /home/david/cpantesting/perl-5.8.9/.cpan/build/Net-Stomp-0.62-0/blib/lib/Net/Stomp.pm line 199.
Global symbol "$receipt_id" requires explicit package name at /home/david/cpantesting/perl-5.8.9/.cpan/build/Net-Stomp-0.62-0/blib/lib/Net/Stomp.pm line 199.
Global symbol "$receipt_id" requires explicit package name at /home/david/cpantesting/perl-5.8.9/.cpan/build/Net-Stomp-0.62-0/blib/lib/Net/Stomp.pm line 199.
Global symbol "$receipt_id" requires explicit package name at /home/david/cpantesting/perl-5.8.9/.cpan/build/Net-Stomp-0.62-0/blib/lib/Net/Stomp.pm line 199.
Global symbol "$receipt_timeout" requires explicit package name at /home/david/cpantesting/perl-5.8.9/.cpan/build/Net-Stomp-0.62-0/blib/lib/Net/Stomp.pm line 199.
Global symbol "$receipt_frame" requires explicit package name at /home/david/cpantesting/perl-5.8.9/.cpan/build/Net-Stomp-0.62-0/blib/lib/Net/Stomp.pm line 199.
Global symbol "$receipt_timeout" requires explicit package name at /home/david/cpantesting/perl-5.8.9/.cpan/build/Net-Stomp-0.62-0/blib/lib/Net/Stomp.pm line 199.
Global symbol "$receipt_timeout" requires explicit package name at /home/david/cpantesting/perl-5.8.9/.cpan/build/Net-Stomp-0.62-0/blib/lib/Net/Stomp.pm line 199.
Global symbol "$receipt_frame" requires explicit package name at /home/david/cpantesting/perl-5.8.9/.cpan/build/Net-Stomp-0.62-0/blib/lib/Net/Stomp.pm line 199.
Global symbol "$receipt_frame" requires explicit package name at /home/david/cpantesting/perl-5.8.9/.cpan/build/Net-Stomp-0.62-0/blib/lib/Net/Stomp.pm line 199.
Global symbol "$receipt_frame" requires explicit package name at /home/david/cpantesting/perl-5.8.9/.cpan/build/Net-Stomp-0.62-0/blib/lib/Net/Stomp.pm line 199.
Global symbol "$receipt_frame" requires explicit package name at /home/david/cpantesting/perl-5.8.9/.cpan/build/Net-Stomp-0.62-0/blib/lib/Net/Stomp.pm line 199.
Global symbol "$receipt_id" requires explicit package name at /home/david/cpantesting/perl-5.8.9/.cpan/build/Net-Stomp-0.62-0/blib/lib/Net/Stomp.pm line 199.
Global symbol "$receipt_frame" requires explicit package name at /home/david/cpantesting/perl-5.8.9/.cpan/build/Net-Stomp-0.62-0/blib/lib/Net/Stomp.pm line 199.
Global symbol "$receipt_frame" requires explicit package name at /home/david/cpantesting/perl-5.8.9/.cpan/build/Net-Stomp-0.62-0/blib/lib/Net/Stomp.pm line 199.
Global symbol "$transaction_id" requires explicit package name at /home/david/cpantesting/perl-5.8.9/.cpan/build/Net-Stomp-0.62-0/blib/lib/Net/Stomp.pm line 199.
Global symbol "$transaction_id" requires explicit package name at /home/david/cpantesting/perl-5.8.9/.cpan/build/Net-Stomp-0.62-0/blib/lib/Net/Stomp.pm line 199.
Global symbol "$begin_frame" requires explicit package name at /home/david/cpantesting/perl-5.8.9/.cpan/build/Net-Stomp-0.62-0/blib/lib/Net/Stomp.pm line 199.
Global symbol "$transaction_id" requires explicit package name at /home/david/cpantesting/perl-5.8.9/.cpan/build/Net-Stomp-0.62-0/blib/lib/Net/Stomp.pm line 199.
Global symbol "$begin_frame" requires explicit package name at /home/david/cpantesting/perl-5.8.9/.cpan/build/Net-Stomp-0.62-0/blib/lib/Net/Stomp.pm line 199.
Global symbol "$transaction_id" requires explicit package name at /home/david/cpantesting/perl-5.8.9/.cpan/build/Net-Stomp-0.62-0/blib/lib/Net/Stomp.pm line 199.
Global symbol "$receipt_frame" requires explicit package name at /home/david/cpantesting/perl-5.8.9/.cpan/build/Net-Stomp-0.62-0/blib/lib/Net/Stomp.pm line 199.
Global symbol "$ret" requires explicit package name at /home/david/cpantesting/perl-5.8.9/.cpan/build/Net-Stomp-0.62-0/blib/lib/Net/Stomp.pm line 199.
Global symbol "$receipt_frame" requires explicit package name at /home/david/cpantesting/perl-5.8.9/.cpan/build/Net-Stomp-0.62-0/blib/lib/Net/Stomp.pm line 199.
Global symbol "$receipt_frame" requires explicit package name at /home/david/cpantesting/perl-5.8.9/.cpan/build/Net-Stomp-0.62-0/blib/lib/Net/Stomp.pm line 199.
Global symbol "$ret" requires explicit package name at /home/david/cpantesting/perl-5.8.9/.cpan/build/Net-Stomp-0.62-0/blib/lib/Net/Stomp.pm line 199.
Global symbol "$transaction_id" requires explicit package name at /home/david/cpantesting/perl-5.8.9/.cpan/build/Net-Stomp-0.62-0/blib/lib/Net/Stomp.pm line 199.
Global symbol "$frame_commit" requires explicit package name at /home/david/cpantesting/perl-5.8.9/.cpan/build/Net-Stomp-0.62-0/blib/lib/Net/Stomp.pm line 199.
Global symbol "$transaction_id" requires explicit package name at /home/david/cpantesting/perl-5.8.9/.cpan/build/Net-Stomp-0.62-0/blib/lib/Net/Stomp.pm line 199.
Global symbol "$frame_commit" requires explicit package name at /home/david/cpantesting/perl-5.8.9/.cpan/build/Net-Stomp-0.62-0/blib/lib/Net/Stomp.pm line 199.
Global symbol "$transaction_id" requires explicit package name at /home/david/cpantesting/perl-5.8.9/.cpan/build/Net-Stomp-0.62-0/blib/lib/Net/Stomp.pm line 199.
Global symbol "$frame_abort" requires explicit package name at /home/david/cpantesting/perl-5.8.9/.cpan/build/Net-Stomp-0.62-0/blib/lib/Net/Stomp.pm line 199.
Global symbol "$transaction_id" requires explicit package name at /home/david/cpantesting/perl-5.8.9/.cpan/build/Net-Stomp-0.62-0/blib/lib/Net/Stomp.pm line 199.
Global symbol "$frame_abort" requires explicit package name at /home/david/cpantesting/perl-5.8.9/.cpan/build/Net-Stomp-0.62-0/blib/lib/Net/Stomp.pm line 199.
Global symbol "$ret" requires explicit package name at /home/david/cpantesting/perl-5.8.9/.cpan/build/Net-Stomp-0.62-0/blib/lib/Net/Stomp.pm line 199.
Global symbol "$subs" requires explicit package name at /home/david/cpantesting/perl-5.8.9/.cpan/build/Net-Stomp-0.62-0/blib/lib/Net/Stomp.pm line 199.
Global symbol "$subs" requires explicit package name at /home/david/cpantesting/perl-5.8.9/.cpan/build/Net-Stomp-0.62-0/blib/lib/Net/Stomp.pm line 199.
Global symbol "$subs" requires explicit package name at /home/david/cpantesting/perl-5.8.9/.cpan/build/Net-Stomp-0.62-0/blib/lib/Net/Stomp.pm line 199.
Global symbol "$subs" requires explicit package name at /home/david/cpantesting/perl-5.8.9/.cpan/build/Net-Stomp-0.62-0/blib/lib/Net/Stomp.pm line 199.
Global symbol "$id" requires explicit package name at /home/david/cpantesting/perl-5.8.9/.cpan/build/Net-Stomp-0.62-0/blib/lib/Net/Stomp.pm line 199.
Global symbol "$id" requires explicit package name at /home/david/cpantesting/perl-5.8.9/.cpan/build/Net-Stomp-0.62-0/blib/lib/Net/Stomp.pm line 199.
Global symbol "$id" requires explicit package name at /home/david/cpantesting/perl-5.8.9/.cpan/build/Net-Stomp-0.62-0/blib/lib/Net/Stomp.pm line 199.
Global symbol "$id" requires explicit package name at /home/david/cpantesting/perl-5.8.9/.cpan/build/Net-Stomp-0.62-0/blib/lib/Net/Stomp.pm line 199.
Global symbol "$id" requires explicit package name at /home/david/cpantesting/perl-5.8.9/.cpan/build/Net-Stomp-0.62-0/blib/lib/Net/Stomp.pm line 199.
Global symbol "$id" requires explicit package name at /home/david/cpantesting/perl-5.8.9/.cpan/build/Net-Stomp-0.62-0/blib/lib/Net/Stomp.pm line 199.
Global symbol "$to_write" requires explicit package name at /home/david/cpantesting/perl-5.8.9/.cpan/build/Net-Stomp-0.62-0/blib/lib/Net/Stomp.pm line 199.
Global symbol "$frame_string" requires explicit package name at /home/david/cpantesting/perl-5.8.9/.cpan/build/Net-Stomp-0.62-0/blib/lib/Net/Stomp.pm line 199.
Global symbol "$written" requires explicit package name at /home/david/cpantesting/perl-5.8.9/.cpan/build/Net-Stomp-0.62-0/blib/lib/Net/Stomp.pm line 199.
Global symbol "$to_write" requires explicit package name at /home/david/cpantesting/perl-5.8.9/.cpan/build/Net-Stomp-0.62-0/blib/lib/Net/Stomp.pm line 199.
Global symbol "$written" requires explicit package name at /home/david/cpantesting/perl-5.8.9/.cpan/build/Net-Stomp-0.62-0/blib/lib/Net/Stomp.pm line 199.
Global symbol "$to_write" requires explicit package name at /home/david/cpantesting/perl-5.8.9/.cpan/build/Net-Stomp-0.62-0/blib/lib/Net/Stomp.pm line 199.
Global symbol "$written" requires explicit package name at /home/david/cpantesting/perl-5.8.9/.cpan/build/Net-Stomp-0.62-0/blib/lib/Net/Stomp.pm line 199.
Global symbol "$to_write" requires explicit package name at /home/david/cpantesting/perl-5.8.9/.cpan/build/Net-Stomp-0.62-0/blib/lib/Net/Stomp.pm line 199.
Global symbol "$written" requires explicit package name at /home/david/cpantesting/perl-5.8.9/.cpan/build/Net-Stomp-0.62-0/blib/lib/Net/Stomp.pm line 199.
Global symbol "$written" requires explicit package name at /home/david/cpantesting/perl-5.8.9/.cpan/build/Net-Stomp-0.62-0/blib/lib/Net/Stomp.pm line 199.
Global symbol "$frame_string" requires explicit package name at /home/david/cpantesting/perl-5.8.9/.cpan/build/Net-Stomp-0.62-0/blib/lib/Net/Stomp.pm line 199.
Global symbol "$written" requires explicit package name at /home/david/cpantesting/perl-5.8.9/.cpan/build/Net-Stomp-0.62-0/blib/lib/Net/Stomp.pm line 199.
Global symbol "$timeout" requires explicit package name at /home/david/cpantesting/perl-5.8.9/.cpan/build/Net-Stomp-0.62-0/blib/lib/Net/Stomp.pm line 199.
Global symbol "$timeout" requires explicit package name at /home/david/cpantesting/perl-5.8.9/.cpan/build/Net-Stomp-0.62-0/blib/lib/Net/Stomp.pm line 199.
Global symbol "$len" requires explicit package name at /home/david/cpantesting/perl-5.8.9/.cpan/build/Net-Stomp-0.62-0/blib/lib/Net/Stomp.pm line 199.
Global symbol "$len" requires explicit package name at /home/david/cpantesting/perl-5.8.9/.cpan/build/Net-Stomp-0.62-0/blib/lib/Net/Stomp.pm line 199.
Global symbol "$len" requires explicit package name at /home/david/cpantesting/perl-5.8.9/.cpan/build/Net-Stomp-0.62-0/blib/lib/Net/Stomp.pm line 199.
Global symbol "$len" requires explicit package name at /home/david/cpantesting/perl-5.8.9/.cpan/build/Net-Stomp-0.62-0/blib/lib/Net/Stomp.pm line 199.
Global symbol "$len" requires explicit package name at /home/david/cpantesting/perl-5.8.9/.cpan/build/Net-Stomp-0.62-0/blib/lib/Net/Stomp.pm line 199.
syntax error at /home/david/cpantesting/perl-5.8.9/.cpan/build/Net-Stomp-0.62-0/blib/lib/Net/Stomp.pm line 456, near "[^"
(Might be a runaway multi-line // string starting on line 199)
/home/david/cpantesting/perl-5.8.9/.cpan/build/Net-Stomp-0.62-0/blib/lib/Net/Stomp.pm has too many errors.
Compilation failed in require at t/lib/TestHelp.pm line 10.
BEGIN failed--compilation aborted at t/lib/TestHelp.pm line 10.
Compilation failed in require at t/frame-accessors.t line 3.
BEGIN failed--compilation aborted at t/frame-accessors.t line 3.
t/frame-accessors.t .....
Dubious, test returned 9 (wstat 2304, 0x900)
No subtests run
Global symbol "$sub" requires explicit package name at /home/david/cpantesting/perl-5.8.9/.cpan/build/Net-Stomp-0.62-0/blib/lib/Net/Stomp.pm line 199.
Global symbol "$sub" requires explicit package name at /home/david/cpantesting/perl-5.8.9/.cpan/build/Net-Stomp-0.62-0/blib/lib/Net/Stomp.pm line 199.
Global symbol "$timeout" requires explicit package name at /home/david/cpantesting/perl-5.8.9/.cpan/build/Net-Stomp-0.62-0/blib/lib/Net/Stomp.pm line 199.
Global symbol "$timeout" requires explicit package name at /home/david/cpantesting/perl-5.8.9/.cpan/build/Net-Stomp-0.62-0/blib/lib/Net/Stomp.pm line 199.
Global symbol "$body" requires explicit package name at /home/david/cpantesting/perl-5.8.9/.cpan/build/Net-Stomp-0.62-0/blib/lib/Net/Stomp.pm line 199.
Global symbol "$body" requires explicit package name at /home/david/cpantesting/perl-5.8.9/.cpan/build/Net-Stomp-0.62-0/blib/lib/Net/Stomp.pm line 199.
Global symbol "$receipt_id" requires explicit package name at /home/david/cpantesting/perl-5.8.9/.cpan/build/Net-Stomp-0.62-0/blib/lib/Net/Stomp.pm line 199.
Global symbol "$receipt_id" requires explicit package name at /home/david/cpantesting/perl-5.8.9/.cpan/build/Net-Stomp-0.62-0/blib/lib/Net/Stomp.pm line 199.
Global symbol "$receipt_id" requires explicit package name at /home/david/cpantesting/perl-5.8.9/.cpan/build/Net-Stomp-0.62-0/blib/lib/Net/Stomp.pm line 199.
Global symbol "$receipt_timeout" requires explicit package name at /home/david/cpantesting/perl-5.8.9/.cpan/build/Net-Stomp-0.62-0/blib/lib/Net/Stomp.pm line 199.
Global symbol "$receipt_frame" requires explicit package name at /home/david/cpantesting/perl-5.8.9/.cpan/build/Net-Stomp-0.62-0/blib/lib/Net/Stomp.pm line 199.
Global symbol "$receipt_timeout" requires explicit package name at /home/david/cpantesting/perl-5.8.9/.cpan/build/Net-Stomp-0.62-0/blib/lib/Net/Stomp.pm line 199.
Global symbol "$receipt_timeout" requires explicit package name at /home/david/cpantesting/perl-5.8.9/.cpan/build/Net-Stomp-0.62-0/blib/lib/Net/Stomp.pm line 199.
Global symbol "$receipt_frame" requires explicit package name at /home/david/cpantesting/perl-5.8.9/.cpan/build/Net-Stomp-0.62-0/blib/lib/Net/Stomp.pm line 199.
Global symbol "$receipt_frame" requires explicit package name at /home/david/cpantesting/perl-5.8.9/.cpan/build/Net-Stomp-0.62-0/blib/lib/Net/Stomp.pm line 199.
Global symbol "$receipt_frame" requires explicit package name at /home/david/cpantesting/perl-5.8.9/.cpan/build/Net-Stomp-0.62-0/blib/lib/Net/Stomp.pm line 199.
Global symbol "$receipt_frame" requires explicit package name at /home/david/cpantesting/perl-5.8.9/.cpan/build/Net-Stomp-0.62-0/blib/lib/Net/Stomp.pm line 199.
Global symbol "$receipt_id" requires explicit package name at /home/david/cpantesting/perl-5.8.9/.cpan/build/Net-Stomp-0.62-0/blib/lib/Net/Stomp.pm line 199.
Global symbol "$receipt_frame" requires explicit package name at /home/david/cpantesting/perl-5.8.9/.cpan/build/Net-Stomp-0.62-0/blib/lib/Net/Stomp.pm line 199.
Global symbol "$receipt_frame" requires explicit package name at /home/david/cpantesting/perl-5.8.9/.cpan/build/Net-Stomp-0.62-0/blib/lib/Net/Stomp.pm line 199.
Global symbol "$transaction_id" requires explicit package name at /home/david/cpantesting/perl-5.8.9/.cpan/build/Net-Stomp-0.62-0/blib/lib/Net/Stomp.pm line 199.
Global symbol "$transaction_id" requires explicit package name at /home/david/cpantesting/perl-5.8.9/.cpan/build/Net-Stomp-0.62-0/blib/lib/Net/Stomp.pm line 199.
Global symbol "$begin_frame" requires explicit package name at /home/david/cpantesting/perl-5.8.9/.cpan/build/Net-Stomp-0.62-0/blib/lib/Net/Stomp.pm line 199.
Global symbol "$transaction_id" requires explicit package name at /home/david/cpantesting/perl-5.8.9/.cpan/build/Net-Stomp-0.62-0/blib/lib/Net/Stomp.pm line 199.
Global symbol "$begin_frame" requires explicit package name at /home/david/cpantesting/perl-5.8.9/.cpan/build/Net-Stomp-0.62-0/blib/lib/Net/Stomp.pm line 199.
Global symbol "$transaction_id" requires explicit package name at /home/david/cpantesting/perl-5.8.9/.cpan/build/Net-Stomp-0.62-0/blib/lib/Net/Stomp.pm line 199.
Global symbol "$receipt_frame" requires explicit package name at /home/david/cpantesting/perl-5.8.9/.cpan/build/Net-Stomp-0.62-0/blib/lib/Net/Stomp.pm line 199.
Global symbol "$ret" requires explicit package name at /home/david/cpantesting/perl-5.8.9/.cpan/build/Net-Stomp-0.62-0/blib/lib/Net/Stomp.pm line 199.
Global symbol "$receipt_frame" requires explicit package name at /home/david/cpantesting/perl-5.8.9/.cpan/build/Net-Stomp-0.62-0/blib/lib/Net/Stomp.pm line 199.
Global symbol "$receipt_frame" requires explicit package name at /home/david/cpantesting/perl-5.8.9/.cpan/build/Net-Stomp-0.62-0/blib/lib/Net/Stomp.pm line 199.
Global symbol "$ret" requires explicit package name at /home/david/cpantesting/perl-5.8.9/.cpan/build/Net-Stomp-0.62-0/blib/lib/Net/Stomp.pm line 199.
Global symbol "$transaction_id" requires explicit package name at /home/david/cpantesting/perl-5.8.9/.cpan/build/Net-Stomp-0.62-0/blib/lib/Net/Stomp.pm line 199.
Global symbol "$frame_commit" requires explicit package name at /home/david/cpantesting/perl-5.8.9/.cpan/build/Net-Stomp-0.62-0/blib/lib/Net/Stomp.pm line 199.
Global symbol "$transaction_id" requires explicit package name at /home/david/cpantesting/perl-5.8.9/.cpan/build/Net-Stomp-0.62-0/blib/lib/Net/Stomp.pm line 199.
Global symbol "$frame_commit" requires explicit package name at /home/david/cpantesting/perl-5.8.9/.cpan/build/Net-Stomp-0.62-0/blib/lib/Net/Stomp.pm line 199.
Global symbol "$transaction_id" requires explicit package name at /home/david/cpantesting/perl-5.8.9/.cpan/build/Net-Stomp-0.62-0/blib/lib/Net/Stomp.pm line 199.
Global symbol "$frame_abort" requires explicit package name at /home/david/cpantesting/perl-5.8.9/.cpan/build/Net-Stomp-0.62-0/blib/lib/Net/Stomp.pm line 199.
Global symbol "$transaction_id" requires explicit package name at /home/david/cpantesting/perl-5.8.9/.cpan/build/Net-Stomp-0.62-0/blib/lib/Net/Stomp.pm line 199.
Global symbol "$frame_abort" requires explicit package name at /home/david/cpantesting/perl-5.8.9/.cpan/build/Net-Stomp-0.62-0/blib/lib/Net/Stomp.pm line 199.
Global symbol "$ret" requires explicit package name at /home/david/cpantesting/perl-5.8.9/.cpan/build/Net-Stomp-0.62-0/blib/lib/Net/Stomp.pm line 199.
Global symbol "$subs" requires explicit package name at /home/david/cpantesting/perl-5.8.9/.cpan/build/Net-Stomp-0.62-0/blib/lib/Net/Stomp.pm line 199.
Global symbol "$subs" requires explicit package name at /home/david/cpantesting/perl-5.8.9/.cpan/build/Net-Stomp-0.62-0/blib/lib/Net/Stomp.pm line 199.
Global symbol "$subs" requires explicit package name at /home/david/cpantesting/perl-5.8.9/.cpan/build/Net-Stomp-0.62-0/blib/lib/Net/Stomp.pm line 199.
Global symbol "$subs" requires explicit package name at /home/david/cpantesting/perl-5.8.9/.cpan/build/Net-Stomp-0.62-0/blib/lib/Net/Stomp.pm line 199.
Global symbol "$id" requires explicit package name at /home/david/cpantesting/perl-5.8.9/.cpan/build/Net-Stomp-0.62-0/blib/lib/Net/Stomp.pm line 199.
Global symbol "$id" requires explicit package name at /home/david/cpantesting/perl-5.8.9/.cpan/build/Net-Stomp-0.62-0/blib/lib/Net/Stomp.pm line 199.
Global symbol "$id" requires explicit package name at /home/david/cpantesting/perl-5.8.9/.cpan/build/Net-Stomp-0.62-0/blib/lib/Net/Stomp.pm line 199.
Global symbol "$id" requires explicit package name at /home/david/cpantesting/perl-5.8.9/.cpan/build/Net-Stomp-0.62-0/blib/lib/Net/Stomp.pm line 199.
Global symbol "$id" requires explicit package name at /home/david/cpantesting/perl-5.8.9/.cpan/build/Net-Stomp-0.62-0/blib/lib/Net/Stomp.pm line 199.
Global symbol "$id" requires explicit package name at /home/david/cpantesting/perl-5.8.9/.cpan/build/Net-Stomp-0.62-0/blib/lib/Net/Stomp.pm line 199.
Global symbol "$to_write" requires explicit package name at /home/david/cpantesting/perl-5.8.9/.cpan/build/Net-Stomp-0.62-0/blib/lib/Net/Stomp.pm line 199.
Global symbol "$frame_string" requires explicit package name at /home/david/cpantesting/perl-5.8.9/.cpan/build/Net-Stomp-0.62-0/blib/lib/Net/Stomp.pm line 199.
Global symbol "$written" requires explicit package name at /home/david/cpantesting/perl-5.8.9/.cpan/build/Net-Stomp-0.62-0/blib/lib/Net/Stomp.pm line 199.
Global symbol "$to_write" requires explicit package name at /home/david/cpantesting/perl-5.8.9/.cpan/build/Net-Stomp-0.62-0/blib/lib/Net/Stomp.pm line 199.
Global symbol "$written" requires explicit package name at /home/david/cpantesting/perl-5.8.9/.cpan/build/Net-Stomp-0.62-0/blib/lib/Net/Stomp.pm line 199.
Global symbol "$to_write" requires explicit package name at /home/david/cpantesting/perl-5.8.9/.cpan/build/Net-Stomp-0.62-0/blib/lib/Net/Stomp.pm line 199.
Global symbol "$written" requires explicit package name at /home/david/cpantesting/perl-5.8.9/.cpan/build/Net-Stomp-0.62-0/blib/lib/Net/Stomp.pm line 199.
Global symbol "$to_write" requires explicit package name at /home/david/cpantesting/perl-5.8.9/.cpan/build/Net-Stomp-0.62-0/blib/lib/Net/Stomp.pm line 199.
Global symbol "$written" requires explicit package name at /home/david/cpantesting/perl-5.8.9/.cpan/build/Net-Stomp-0.62-0/blib/lib/Net/Stomp.pm line 199.
Global symbol "$written" requires explicit package name at /home/david/cpantesting/perl-5.8.9/.cpan/build/Net-Stomp-0.62-0/blib/lib/Net/Stomp.pm line 199.
Global symbol "$frame_string" requires explicit package name at /home/david/cpantesting/perl-5.8.9/.cpan/build/Net-Stomp-0.62-0/blib/lib/Net/Stomp.pm line 199.
Global symbol "$written" requires explicit package name at /home/david/cpantesting/perl-5.8.9/.cpan/build/Net-Stomp-0.62-0/blib/lib/Net/Stomp.pm line 199.
Global symbol "$timeout" requires explicit package name at /home/david/cpantesting/perl-5.8.9/.cpan/build/Net-Stomp-0.62-0/blib/lib/Net/Stomp.pm line 199.
Global symbol "$timeout" requires explicit package name at /home/david/cpantesting/perl-5.8.9/.cpan/build/Net-Stomp-0.62-0/blib/lib/Net/Stomp.pm line 199.
Global symbol "$len" requires explicit package name at /home/david/cpantesting/perl-5.8.9/.cpan/build/Net-Stomp-0.62-0/blib/lib/Net/Stomp.pm line 199.
Global symbol "$len" requires explicit package name at /home/david/cpantesting/perl-5.8.9/.cpan/build/Net-Stomp-0.62-0/blib/lib/Net/Stomp.pm line 199.
Global symbol "$len" requires explicit package name at /home/david/cpantesting/perl-5.8.9/.cpan/build/Net-Stomp-0.62-0/blib/lib/Net/Stomp.pm line 199.
Global symbol "$len" requires explicit package name at /home/david/cpantesting/perl-5.8.9/.cpan/build/Net-Stomp-0.62-0/blib/lib/Net/Stomp.pm line 199.
Global symbol "$len" requires explicit package name at /home/david/cpantesting/perl-5.8.9/.cpan/build/Net-Stomp-0.62-0/blib/lib/Net/Stomp.pm line 199.
syntax error at /home/david/cpantesting/perl-5.8.9/.cpan/build/Net-Stomp-0.62-0/blib/lib/Net/Stomp.pm line 456, near "[^"
(Might be a runaway multi-line // string starting on line 199)
/home/david/cpantesting/perl-5.8.9/.cpan/build/Net-Stomp-0.62-0/blib/lib/Net/Stomp.pm has too many errors.
Compilation failed in require at t/lib/TestHelp.pm line 10.
BEGIN failed--compilation aborted at t/lib/TestHelp.pm line 10.
Compilation failed in require at t/initial-connect.t line 3.
BEGIN failed--compilation aborted at t/initial-connect.t line 3.
t/initial-connect.t .....
Dubious, test returned 9 (wstat 2304, 0x900)
No subtests run
t/pod.t ................. ok
t/pod_coverage.t ........ skipped: Test::Pod::Coverage 1.04 required for testing POD coverage
Global symbol "$sub" requires explicit package name at /home/david/cpantesting/perl-5.8.9/.cpan/build/Net-Stomp-0.62-0/blib/lib/Net/Stomp.pm line 199.
Global symbol "$sub" requires explicit package name at /home/david/cpantesting/perl-5.8.9/.cpan/build/Net-Stomp-0.62-0/blib/lib/Net/Stomp.pm line 199.
Global symbol "$timeout" requires explicit package name at /home/david/cpantesting/perl-5.8.9/.cpan/build/Net-Stomp-0.62-0/blib/lib/Net/Stomp.pm line 199.
Global symbol "$timeout" requires explicit package name at /home/david/cpantesting/perl-5.8.9/.cpan/build/Net-Stomp-0.62-0/blib/lib/Net/Stomp.pm line 199.
Global symbol "$body" requires explicit package name at /home/david/cpantesting/perl-5.8.9/.cpan/build/Net-Stomp-0.62-0/blib/lib/Net/Stomp.pm line 199.
Global symbol "$body" requires explicit package name at /home/david/cpantesting/perl-5.8.9/.cpan/build/Net-Stomp-0.62-0/blib/lib/Net/Stomp.pm line 199.
Global symbol "$receipt_id" requires explicit package name at /home/david/cpantesting/perl-5.8.9/.cpan/build/Net-Stomp-0.62-0/blib/lib/Net/Stomp.pm line 199.
Global symbol "$receipt_id" requires explicit package name at /home/david/cpantesting/perl-5.8.9/.cpan/build/Net-Stomp-0.62-0/blib/lib/Net/Stomp.pm line 199.
Global symbol "$receipt_id" requires explicit package name at /home/david/cpantesting/perl-5.8.9/.cpan/build/Net-Stomp-0.62-0/blib/lib/Net/Stomp.pm line 199.
Global symbol "$receipt_timeout" requires explicit package name at /home/david/cpantesting/perl-5.8.9/.cpan/build/Net-Stomp-0.62-0/blib/lib/Net/Stomp.pm line 199.
Global symbol "$receipt_frame" requires explicit package name at /home/david/cpantesting/perl-5.8.9/.cpan/build/Net-Stomp-0.62-0/blib/lib/Net/Stomp.pm line 199.
Global symbol "$receipt_timeout" requires explicit package name at /home/david/cpantesting/perl-5.8.9/.cpan/build/Net-Stomp-0.62-0/blib/lib/Net/Stomp.pm line 199.
Global symbol "$receipt_timeout" requires explicit package name at /home/david/cpantesting/perl-5.8.9/.cpan/build/Net-Stomp-0.62-0/blib/lib/Net/Stomp.pm line 199.
Global symbol "$receipt_frame" requires explicit package name at /home/david/cpantesting/perl-5.8.9/.cpan/build/Net-Stomp-0.62-0/blib/lib/Net/Stomp.pm line 199.
Global symbol "$receipt_frame" requires explicit package name at /home/david/cpantesting/perl-5.8.9/.cpan/build/Net-Stomp-0.62-0/blib/lib/Net/Stomp.pm line 199.
Global symbol "$receipt_frame" requires explicit package name at /home/david/cpantesting/perl-5.8.9/.cpan/build/Net-Stomp-0.62-0/blib/lib/Net/Stomp.pm line 199.
Global symbol "$receipt_frame" requires explicit package name at /home/david/cpantesting/perl-5.8.9/.cpan/build/Net-Stomp-0.62-0/blib/lib/Net/Stomp.pm line 199.
Global symbol "$receipt_id" requires explicit package name at /home/david/cpantesting/perl-5.8.9/.cpan/build/Net-Stomp-0.62-0/blib/lib/Net/Stomp.pm line 199.
Global symbol "$receipt_frame" requires explicit package name at /home/david/cpantesting/perl-5.8.9/.cpan/build/Net-Stomp-0.62-0/blib/lib/Net/Stomp.pm line 199.
Global symbol "$receipt_frame" requires explicit package name at /home/david/cpantesting/perl-5.8.9/.cpan/build/Net-Stomp-0.62-0/blib/lib/Net/Stomp.pm line 199.
Global symbol "$transaction_id" requires explicit package name at /home/david/cpantesting/perl-5.8.9/.cpan/build/Net-Stomp-0.62-0/blib/lib/Net/Stomp.pm line 199.
Global symbol "$transaction_id" requires explicit package name at /home/david/cpantesting/perl-5.8.9/.cpan/build/Net-Stomp-0.62-0/blib/lib/Net/Stomp.pm line 199.
Global symbol "$begin_frame" requires explicit package name at /home/david/cpantesting/perl-5.8.9/.cpan/build/Net-Stomp-0.62-0/blib/lib/Net/Stomp.pm line 199.
Global symbol "$transaction_id" requires explicit package name at /home/david/cpantesting/perl-5.8.9/.cpan/build/Net-Stomp-0.62-0/blib/lib/Net/Stomp.pm line 199.
Global symbol "$begin_frame" requires explicit package name at /home/david/cpantesting/perl-5.8.9/.cpan/build/Net-Stomp-0.62-0/blib/lib/Net/Stomp.pm line 199.
Global symbol "$transaction_id" requires explicit package name at /home/david/cpantesting/perl-5.8.9/.cpan/build/Net-Stomp-0.62-0/blib/lib/Net/Stomp.pm line 199.
Global symbol "$receipt_frame" requires explicit package name at /home/david/cpantesting/perl-5.8.9/.cpan/build/Net-Stomp-0.62-0/blib/lib/Net/Stomp.pm line 199.
Global symbol "$ret" requires explicit package name at /home/david/cpantesting/perl-5.8.9/.cpan/build/Net-Stomp-0.62-0/blib/lib/Net/Stomp.pm line 199.
Global symbol "$receipt_frame" requires explicit package name at /home/david/cpantesting/perl-5.8.9/.cpan/build/Net-Stomp-0.62-0/blib/lib/Net/Stomp.pm line 199.
Global symbol "$receipt_frame" requires explicit package name at /home/david/cpantesting/perl-5.8.9/.cpan/build/Net-Stomp-0.62-0/blib/lib/Net/Stomp.pm line 199.
Global symbol "$ret" requires explicit package name at /home/david/cpantesting/perl-5.8.9/.cpan/build/Net-Stomp-0.62-0/blib/lib/Net/Stomp.pm line 199.
Global symbol "$transaction_id" requires explicit package name at /home/david/cpantesting/perl-5.8.9/.cpan/build/Net-Stomp-0.62-0/blib/lib/Net/Stomp.pm line 199.
Global symbol "$frame_commit" requires explicit package name at /home/david/cpantesting/perl-5.8.9/.cpan/build/Net-Stomp-0.62-0/blib/lib/Net/Stomp.pm line 199.
Global symbol "$transaction_id" requires explicit package name at /home/david/cpantesting/perl-5.8.9/.cpan/build/Net-Stomp-0.62-0/blib/lib/Net/Stomp.pm line 199.
Global symbol "$frame_commit" requires explicit package name at /home/david/cpantesting/perl-5.8.9/.cpan/build/Net-Stomp-0.62-0/blib/lib/Net/Stomp.pm line 199.
Global symbol "$transaction_id" requires explicit package name at /home/david/cpantesting/perl-5.8.9/.cpan/build/Net-Stomp-0.62-0/blib/lib/Net/Stomp.pm line 199.
Global symbol "$frame_abort" requires explicit package name at /home/david/cpantesting/perl-5.8.9/.cpan/build/Net-Stomp-0.62-0/blib/lib/Net/Stomp.pm line 199.
Global symbol "$transaction_id" requires explicit package name at /home/david/cpantesting/perl-5.8.9/.cpan/build/Net-Stomp-0.62-0/blib/lib/Net/Stomp.pm line 199.
Global symbol "$frame_abort" requires explicit package name at /home/david/cpantesting/perl-5.8.9/.cpan/build/Net-Stomp-0.62-0/blib/lib/Net/Stomp.pm line 199.
Global symbol "$ret" requires explicit package name at /home/david/cpantesting/perl-5.8.9/.cpan/build/Net-Stomp-0.62-0/blib/lib/Net/Stomp.pm line 199.
Global symbol "$subs" requires explicit package name at /home/david/cpantesting/perl-5.8.9/.cpan/build/Net-Stomp-0.62-0/blib/lib/Net/Stomp.pm line 199.
Global symbol "$subs" requires explicit package name at /home/david/cpantesting/perl-5.8.9/.cpan/build/Net-Stomp-0.62-0/blib/lib/Net/Stomp.pm line 199.
Global symbol "$subs" requires explicit package name at /home/david/cpantesting/perl-5.8.9/.cpan/build/Net-Stomp-0.62-0/blib/lib/Net/Stomp.pm line 199.
Global symbol "$subs" requires explicit package name at /home/david/cpantesting/perl-5.8.9/.cpan/build/Net-Stomp-0.62-0/blib/lib/Net/Stomp.pm line 199.
Global symbol "$id" requires explicit package name at /home/david/cpantesting/perl-5.8.9/.cpan/build/Net-Stomp-0.62-0/blib/lib/Net/Stomp.pm line 199.
Global symbol "$id" requires explicit package name at /home/david/cpantesting/perl-5.8.9/.cpan/build/Net-Stomp-0.62-0/blib/lib/Net/Stomp.pm line 199.
Global symbol "$id" requires explicit package name at /home/david/cpantesting/perl-5.8.9/.cpan/build/Net-Stomp-0.62-0/blib/lib/Net/Stomp.pm line 199.
Global symbol "$id" requires explicit package name at /home/david/cpantesting/perl-5.8.9/.cpan/build/Net-Stomp-0.62-0/blib/lib/Net/Stomp.pm line 199.
Global symbol "$id" requires explicit package name at /home/david/cpantesting/perl-5.8.9/.cpan/build/Net-Stomp-0.62-0/blib/lib/Net/Stomp.pm line 199.
Global symbol "$id" requires explicit package name at /home/david/cpantesting/perl-5.8.9/.cpan/build/Net-Stomp-0.62-0/blib/lib/Net/Stomp.pm line 199.
Global symbol "$to_write" requires explicit package name at /home/david/cpantesting/perl-5.8.9/.cpan/build/Net-Stomp-0.62-0/blib/lib/Net/Stomp.pm line 199.
Global symbol "$frame_string" requires explicit package name at /home/david/cpantesting/perl-5.8.9/.cpan/build/Net-Stomp-0.62-0/blib/lib/Net/Stomp.pm line 199.
Global symbol "$written" requires explicit package name at /home/david/cpantesting/perl-5.8.9/.cpan/build/Net-Stomp-0.62-0/blib/lib/Net/Stomp.pm line 199.
Global symbol "$to_write" requires explicit package name at /home/david/cpantesting/perl-5.8.9/.cpan/build/Net-Stomp-0.62-0/blib/lib/Net/Stomp.pm line 199.
Global symbol "$written" requires explicit package name at /home/david/cpantesting/perl-5.8.9/.cpan/build/Net-Stomp-0.62-0/blib/lib/Net/Stomp.pm line 199.
Global symbol "$to_write" requires explicit package name at /home/david/cpantesting/perl-5.8.9/.cpan/build/Net-Stomp-0.62-0/blib/lib/Net/Stomp.pm line 199.
Global symbol "$written" requires explicit package name at /home/david/cpantesting/perl-5.8.9/.cpan/build/Net-Stomp-0.62-0/blib/lib/Net/Stomp.pm line 199.
Global symbol "$to_write" requires explicit package name at /home/david/cpantesting/perl-5.8.9/.cpan/build/Net-Stomp-0.62-0/blib/lib/Net/Stomp.pm line 199.
Global symbol "$written" requires explicit package name at /home/david/cpantesting/perl-5.8.9/.cpan/build/Net-Stomp-0.62-0/blib/lib/Net/Stomp.pm line 199.
Global symbol "$written" requires explicit package name at /home/david/cpantesting/perl-5.8.9/.cpan/build/Net-Stomp-0.62-0/blib/lib/Net/Stomp.pm line 199.
Global symbol "$frame_string" requires explicit package name at /home/david/cpantesting/perl-5.8.9/.cpan/build/Net-Stomp-0.62-0/blib/lib/Net/Stomp.pm line 199.
Global symbol "$written" requires explicit package name at /home/david/cpantesting/perl-5.8.9/.cpan/build/Net-Stomp-0.62-0/blib/lib/Net/Stomp.pm line 199.
Global symbol "$timeout" requires explicit package name at /home/david/cpantesting/perl-5.8.9/.cpan/build/Net-Stomp-0.62-0/blib/lib/Net/Stomp.pm line 199.
Global symbol "$timeout" requires explicit package name at /home/david/cpantesting/perl-5.8.9/.cpan/build/Net-Stomp-0.62-0/blib/lib/Net/Stomp.pm line 199.
Global symbol "$len" requires explicit package name at /home/david/cpantesting/perl-5.8.9/.cpan/build/Net-Stomp-0.62-0/blib/lib/Net/Stomp.pm line 199.
Global symbol "$len" requires explicit package name at /home/david/cpantesting/perl-5.8.9/.cpan/build/Net-Stomp-0.62-0/blib/lib/Net/Stomp.pm line 199.
Global symbol "$len" requires explicit package name at /home/david/cpantesting/perl-5.8.9/.cpan/build/Net-Stomp-0.62-0/blib/lib/Net/Stomp.pm line 199.
Global symbol "$len" requires explicit package name at /home/david/cpantesting/perl-5.8.9/.cpan/build/Net-Stomp-0.62-0/blib/lib/Net/Stomp.pm line 199.
Global symbol "$len" requires explicit package name at /home/david/cpantesting/perl-5.8.9/.cpan/build/Net-Stomp-0.62-0/blib/lib/Net/Stomp.pm line 199.
syntax error at /home/david/cpantesting/perl-5.8.9/.cpan/build/Net-Stomp-0.62-0/blib/lib/Net/Stomp.pm line 456, near "[^"
(Might be a runaway multi-line // string starting on line 199)
/home/david/cpantesting/perl-5.8.9/.cpan/build/Net-Stomp-0.62-0/blib/lib/Net/Stomp.pm has too many errors.
Compilation failed in require at t/lib/TestHelp.pm line 10.
BEGIN failed--compilation aborted at t/lib/TestHelp.pm line 10.
Compilation failed in require at t/read-timeout.t line 2.
BEGIN failed--compilation aborted at t/read-timeout.t line 2.
t/read-timeout.t ........
Dubious, test returned 9 (wstat 2304, 0x900)
No subtests run
Global symbol "$sub" requires explicit package name at /home/david/cpantesting/perl-5.8.9/.cpan/build/Net-Stomp-0.62-0/blib/lib/Net/Stomp.pm line 199.
Global symbol "$sub" requires explicit package name at /home/david/cpantesting/perl-5.8.9/.cpan/build/Net-Stomp-0.62-0/blib/lib/Net/Stomp.pm line 199.
Global symbol "$timeout" requires explicit package name at /home/david/cpantesting/perl-5.8.9/.cpan/build/Net-Stomp-0.62-0/blib/lib/Net/Stomp.pm line 199.
Global symbol "$timeout" requires explicit package name at /home/david/cpantesting/perl-5.8.9/.cpan/build/Net-Stomp-0.62-0/blib/lib/Net/Stomp.pm line 199.
Global symbol "$body" requires explicit package name at /home/david/cpantesting/perl-5.8.9/.cpan/build/Net-Stomp-0.62-0/blib/lib/Net/Stomp.pm line 199.
Global symbol "$body" requires explicit package name at /home/david/cpantesting/perl-5.8.9/.cpan/build/Net-Stomp-0.62-0/blib/lib/Net/Stomp.pm line 199.
Global symbol "$receipt_id" requires explicit package name at /home/david/cpantesting/perl-5.8.9/.cpan/build/Net-Stomp-0.62-0/blib/lib/Net/Stomp.pm line 199.
Global symbol "$receipt_id" requires explicit package name at /home/david/cpantesting/perl-5.8.9/.cpan/build/Net-Stomp-0.62-0/blib/lib/Net/Stomp.pm line 199.
Global symbol "$receipt_id" requires explicit package name at /home/david/cpantesting/perl-5.8.9/.cpan/build/Net-Stomp-0.62-0/blib/lib/Net/Stomp.pm line 199.
Global symbol "$receipt_timeout" requires explicit package name at /home/david/cpantesting/perl-5.8.9/.cpan/build/Net-Stomp-0.62-0/blib/lib/Net/Stomp.pm line 199.
Global symbol "$receipt_frame" requires explicit package name at /home/david/cpantesting/perl-5.8.9/.cpan/build/Net-Stomp-0.62-0/blib/lib/Net/Stomp.pm line 199.
Global symbol "$receipt_timeout" requires explicit package name at /home/david/cpantesting/perl-5.8.9/.cpan/build/Net-Stomp-0.62-0/blib/lib/Net/Stomp.pm line 199.
Global symbol "$receipt_timeout" requires explicit package name at /home/david/cpantesting/perl-5.8.9/.cpan/build/Net-Stomp-0.62-0/blib/lib/Net/Stomp.pm line 199.
Global symbol "$receipt_frame" requires explicit package name at /home/david/cpantesting/perl-5.8.9/.cpan/build/Net-Stomp-0.62-0/blib/lib/Net/Stomp.pm line 199.
Global symbol "$receipt_frame" requires explicit package name at /home/david/cpantesting/perl-5.8.9/.cpan/build/Net-Stomp-0.62-0/blib/lib/Net/Stomp.pm line 199.
Global symbol "$receipt_frame" requires explicit package name at /home/david/cpantesting/perl-5.8.9/.cpan/build/Net-Stomp-0.62-0/blib/lib/Net/Stomp.pm line 199.
Global symbol "$receipt_frame" requires explicit package name at /home/david/cpantesting/perl-5.8.9/.cpan/build/Net-Stomp-0.62-0/blib/lib/Net/Stomp.pm line 199.
Global symbol "$receipt_id" requires explicit package name at /home/david/cpantesting/perl-5.8.9/.cpan/build/Net-Stomp-0.62-0/blib/lib/Net/Stomp.pm line 199.
Global symbol "$receipt_frame" requires explicit package name at /home/david/cpantesting/perl-5.8.9/.cpan/build/Net-Stomp-0.62-0/blib/lib/Net/Stomp.pm line 199.
Global symbol "$receipt_frame" requires explicit package name at /home/david/cpantesting/perl-5.8.9/.cpan/build/Net-Stomp-0.62-0/blib/lib/Net/Stomp.pm line 199.
Global symbol "$transaction_id" requires explicit package name at /home/david/cpantesting/perl-5.8.9/.cpan/build/Net-Stomp-0.62-0/blib/lib/Net/Stomp.pm line 199.
Global symbol "$transaction_id" requires explicit package name at /home/david/cpantesting/perl-5.8.9/.cpan/build/Net-Stomp-0.62-0/blib/lib/Net/Stomp.pm line 199.
Global symbol "$begin_frame" requires explicit package name at /home/david/cpantesting/perl-5.8.9/.cpan/build/Net-Stomp-0.62-0/blib/lib/Net/Stomp.pm line 199.
Global symbol "$transaction_id" requires explicit package name at /home/david/cpantesting/perl-5.8.9/.cpan/build/Net-Stomp-0.62-0/blib/lib/Net/Stomp.pm line 199.
Global symbol "$begin_frame" requires explicit package name at /home/david/cpantesting/perl-5.8.9/.cpan/build/Net-Stomp-0.62-0/blib/lib/Net/Stomp.pm line 199.
Global symbol "$transaction_id" requires explicit package name at /home/david/cpantesting/perl-5.8.9/.cpan/build/Net-Stomp-0.62-0/blib/lib/Net/Stomp.pm line 199.
Global symbol "$receipt_frame" requires explicit package name at /home/david/cpantesting/perl-5.8.9/.cpan/build/Net-Stomp-0.62-0/blib/lib/Net/Stomp.pm line 199.
Global symbol "$ret" requires explicit package name at /home/david/cpantesting/perl-5.8.9/.cpan/build/Net-Stomp-0.62-0/blib/lib/Net/Stomp.pm line 199.
Global symbol "$receipt_frame" requires explicit package name at /home/david/cpantesting/perl-5.8.9/.cpan/build/Net-Stomp-0.62-0/blib/lib/Net/Stomp.pm line 199.
Global symbol "$receipt_frame" requires explicit package name at /home/david/cpantesting/perl-5.8.9/.cpan/build/Net-Stomp-0.62-0/blib/lib/Net/Stomp.pm line 199.
Global symbol "$ret" requires explicit package name at /home/david/cpantesting/perl-5.8.9/.cpan/build/Net-Stomp-0.62-0/blib/lib/Net/Stomp.pm line 199.
Global symbol "$transaction_id" requires explicit package name at /home/david/cpantesting/perl-5.8.9/.cpan/build/Net-Stomp-0.62-0/blib/lib/Net/Stomp.pm line 199.
Global symbol "$frame_commit" requires explicit package name at /home/david/cpantesting/perl-5.8.9/.cpan/build/Net-Stomp-0.62-0/blib/lib/Net/Stomp.pm line 199.
Global symbol "$transaction_id" requires explicit package name at /home/david/cpantesting/perl-5.8.9/.cpan/build/Net-Stomp-0.62-0/blib/lib/Net/Stomp.pm line 199.
Global symbol "$frame_commit" requires explicit package name at /home/david/cpantesting/perl-5.8.9/.cpan/build/Net-Stomp-0.62-0/blib/lib/Net/Stomp.pm line 199.
Global symbol "$transaction_id" requires explicit package name at /home/david/cpantesting/perl-5.8.9/.cpan/build/Net-Stomp-0.62-0/blib/lib/Net/Stomp.pm line 199.
Global symbol "$frame_abort" requires explicit package name at /home/david/cpantesting/perl-5.8.9/.cpan/build/Net-Stomp-0.62-0/blib/lib/Net/Stomp.pm line 199.
Global symbol "$transaction_id" requires explicit package name at /home/david/cpantesting/perl-5.8.9/.cpan/build/Net-Stomp-0.62-0/blib/lib/Net/Stomp.pm line 199.
Global symbol "$frame_abort" requires explicit package name at /home/david/cpantesting/perl-5.8.9/.cpan/build/Net-Stomp-0.62-0/blib/lib/Net/Stomp.pm line 199.
Global symbol "$ret" requires explicit package name at /home/david/cpantesting/perl-5.8.9/.cpan/build/Net-Stomp-0.62-0/blib/lib/Net/Stomp.pm line 199.
Global symbol "$subs" requires explicit package name at /home/david/cpantesting/perl-5.8.9/.cpan/build/Net-Stomp-0.62-0/blib/lib/Net/Stomp.pm line 199.
Global symbol "$subs" requires explicit package name at /home/david/cpantesting/perl-5.8.9/.cpan/build/Net-Stomp-0.62-0/blib/lib/Net/Stomp.pm line 199.
Global symbol "$subs" requires explicit package name at /home/david/cpantesting/perl-5.8.9/.cpan/build/Net-Stomp-0.62-0/blib/lib/Net/Stomp.pm line 199.
Global symbol "$subs" requires explicit package name at /home/david/cpantesting/perl-5.8.9/.cpan/build/Net-Stomp-0.62-0/blib/lib/Net/Stomp.pm line 199.
Global symbol "$id" requires explicit package name at /home/david/cpantesting/perl-5.8.9/.cpan/build/Net-Stomp-0.62-0/blib/lib/Net/Stomp.pm line 199.
Global symbol "$id" requires explicit package name at /home/david/cpantesting/perl-5.8.9/.cpan/build/Net-Stomp-0.62-0/blib/lib/Net/Stomp.pm line 199.
Global symbol "$id" requires explicit package name at /home/david/cpantesting/perl-5.8.9/.cpan/build/Net-Stomp-0.62-0/blib/lib/Net/Stomp.pm line 199.
Global symbol "$id" requires explicit package name at /home/david/cpantesting/perl-5.8.9/.cpan/build/Net-Stomp-0.62-0/blib/lib/Net/Stomp.pm line 199.
Global symbol "$id" requires explicit package name at /home/david/cpantesting/perl-5.8.9/.cpan/build/Net-Stomp-0.62-0/blib/lib/Net/Stomp.pm line 199.
Global symbol "$id" requires explicit package name at /home/david/cpantesting/perl-5.8.9/.cpan/build/Net-Stomp-0.62-0/blib/lib/Net/Stomp.pm line 199.
Global symbol "$to_write" requires explicit package name at /home/david/cpantesting/perl-5.8.9/.cpan/build/Net-Stomp-0.62-0/blib/lib/Net/Stomp.pm line 199.
Global symbol "$frame_string" requires explicit package name at /home/david/cpantesting/perl-5.8.9/.cpan/build/Net-Stomp-0.62-0/blib/lib/Net/Stomp.pm line 199.
Global symbol "$written" requires explicit package name at /home/david/cpantesting/perl-5.8.9/.cpan/build/Net-Stomp-0.62-0/blib/lib/Net/Stomp.pm line 199.
Global symbol "$to_write" requires explicit package name at /home/david/cpantesting/perl-5.8.9/.cpan/build/Net-Stomp-0.62-0/blib/lib/Net/Stomp.pm line 199.
Global symbol "$written" requires explicit package name at /home/david/cpantesting/perl-5.8.9/.cpan/build/Net-Stomp-0.62-0/blib/lib/Net/Stomp.pm line 199.
Global symbol "$to_write" requires explicit package name at /home/david/cpantesting/perl-5.8.9/.cpan/build/Net-Stomp-0.62-0/blib/lib/Net/Stomp.pm line 199.
Global symbol "$written" requires explicit package name at /home/david/cpantesting/perl-5.8.9/.cpan/build/Net-Stomp-0.62-0/blib/lib/Net/Stomp.pm line 199.
Global symbol "$to_write" requires explicit package name at /home/david/cpantesting/perl-5.8.9/.cpan/build/Net-Stomp-0.62-0/blib/lib/Net/Stomp.pm line 199.
Global symbol "$written" requires explicit package name at /home/david/cpantesting/perl-5.8.9/.cpan/build/Net-Stomp-0.62-0/blib/lib/Net/Stomp.pm line 199.
Global symbol "$written" requires explicit package name at /home/david/cpantesting/perl-5.8.9/.cpan/build/Net-Stomp-0.62-0/blib/lib/Net/Stomp.pm line 199.
Global symbol "$frame_string" requires explicit package name at /home/david/cpantesting/perl-5.8.9/.cpan/build/Net-Stomp-0.62-0/blib/lib/Net/Stomp.pm line 199.
Global symbol "$written" requires explicit package name at /home/david/cpantesting/perl-5.8.9/.cpan/build/Net-Stomp-0.62-0/blib/lib/Net/Stomp.pm line 199.
Global symbol "$timeout" requires explicit package name at /home/david/cpantesting/perl-5.8.9/.cpan/build/Net-Stomp-0.62-0/blib/lib/Net/Stomp.pm line 199.
Global symbol "$timeout" requires explicit package name at /home/david/cpantesting/perl-5.8.9/.cpan/build/Net-Stomp-0.62-0/blib/lib/Net/Stomp.pm line 199.
Global symbol "$len" requires explicit package name at /home/david/cpantesting/perl-5.8.9/.cpan/build/Net-Stomp-0.62-0/blib/lib/Net/Stomp.pm line 199.
Global symbol "$len" requires explicit package name at /home/david/cpantesting/perl-5.8.9/.cpan/build/Net-Stomp-0.62-0/blib/lib/Net/Stomp.pm line 199.
Global symbol "$len" requires explicit package name at /home/david/cpantesting/perl-5.8.9/.cpan/build/Net-Stomp-0.62-0/blib/lib/Net/Stomp.pm line 199.
Global symbol "$len" requires explicit package name at /home/david/cpantesting/perl-5.8.9/.cpan/build/Net-Stomp-0.62-0/blib/lib/Net/Stomp.pm line 199.
Global symbol "$len" requires explicit package name at /home/david/cpantesting/perl-5.8.9/.cpan/build/Net-Stomp-0.62-0/blib/lib/Net/Stomp.pm line 199.
syntax error at /home/david/cpantesting/perl-5.8.9/.cpan/build/Net-Stomp-0.62-0/blib/lib/Net/Stomp.pm line 456, near "[^"
(Might be a runaway multi-line // string starting on line 199)
/home/david/cpantesting/perl-5.8.9/.cpan/build/Net-Stomp-0.62-0/blib/lib/Net/Stomp.pm has too many errors.
Compilation failed in require at t/lib/TestHelp.pm line 10.
BEGIN failed--compilation aborted at t/lib/TestHelp.pm line 10.
Compilation failed in require at t/receiving-frames.t line 2.
BEGIN failed--compilation aborted at t/receiving-frames.t line 2.
t/receiving-frames.t ....
Dubious, test returned 9 (wstat 2304, 0x900)
No subtests run
Global symbol "$sub" requires explicit package name at /home/david/cpantesting/perl-5.8.9/.cpan/build/Net-Stomp-0.62-0/blib/lib/Net/Stomp.pm line 199.
Global symbol "$sub" requires explicit package name at /home/david/cpantesting/perl-5.8.9/.cpan/build/Net-Stomp-0.62-0/blib/lib/Net/Stomp.pm line 199.
Global symbol "$timeout" requires explicit package name at /home/david/cpantesting/perl-5.8.9/.cpan/build/Net-Stomp-0.62-0/blib/lib/Net/Stomp.pm line 199.
Global symbol "$timeout" requires explicit package name at /home/david/cpantesting/perl-5.8.9/.cpan/build/Net-Stomp-0.62-0/blib/lib/Net/Stomp.pm line 199.
Global symbol "$body" requires explicit package name at /home/david/cpantesting/perl-5.8.9/.cpan/build/Net-Stomp-0.62-0/blib/lib/Net/Stomp.pm line 199.
Global symbol "$body" requires explicit package name at /home/david/cpantesting/perl-5.8.9/.cpan/build/Net-Stomp-0.62-0/blib/lib/Net/Stomp.pm line 199.
Global symbol "$receipt_id" requires explicit package name at /home/david/cpantesting/perl-5.8.9/.cpan/build/Net-Stomp-0.62-0/blib/lib/Net/Stomp.pm line 199.
Global symbol "$receipt_id" requires explicit package name at /home/david/cpantesting/perl-5.8.9/.cpan/build/Net-Stomp-0.62-0/blib/lib/Net/Stomp.pm line 199.
Global symbol "$receipt_id" requires explicit package name at /home/david/cpantesting/perl-5.8.9/.cpan/build/Net-Stomp-0.62-0/blib/lib/Net/Stomp.pm line 199.
Global symbol "$receipt_timeout" requires explicit package name at /home/david/cpantesting/perl-5.8.9/.cpan/build/Net-Stomp-0.62-0/blib/lib/Net/Stomp.pm line 199.
Global symbol "$receipt_frame" requires explicit package name at /home/david/cpantesting/perl-5.8.9/.cpan/build/Net-Stomp-0.62-0/blib/lib/Net/Stomp.pm line 199.
Global symbol "$receipt_timeout" requires explicit package name at /home/david/cpantesting/perl-5.8.9/.cpan/build/Net-Stomp-0.62-0/blib/lib/Net/Stomp.pm line 199.
Global symbol "$receipt_timeout" requires explicit package name at /home/david/cpantesting/perl-5.8.9/.cpan/build/Net-Stomp-0.62-0/blib/lib/Net/Stomp.pm line 199.
Global symbol "$receipt_frame" requires explicit package name at /home/david/cpantesting/perl-5.8.9/.cpan/build/Net-Stomp-0.62-0/blib/lib/Net/Stomp.pm line 199.
Global symbol "$receipt_frame" requires explicit package name at /home/david/cpantesting/perl-5.8.9/.cpan/build/Net-Stomp-0.62-0/blib/lib/Net/Stomp.pm line 199.
Global symbol "$receipt_frame" requires explicit package name at /home/david/cpantesting/perl-5.8.9/.cpan/build/Net-Stomp-0.62-0/blib/lib/Net/Stomp.pm line 199.
Global symbol "$receipt_frame" requires explicit package name at /home/david/cpantesting/perl-5.8.9/.cpan/build/Net-Stomp-0.62-0/blib/lib/Net/Stomp.pm line 199.
Global symbol "$receipt_id" requires explicit package name at /home/david/cpantesting/perl-5.8.9/.cpan/build/Net-Stomp-0.62-0/blib/lib/Net/Stomp.pm line 199.
Global symbol "$receipt_frame" requires explicit package name at /home/david/cpantesting/perl-5.8.9/.cpan/build/Net-Stomp-0.62-0/blib/lib/Net/Stomp.pm line 199.
Global symbol "$receipt_frame" requires explicit package name at /home/david/cpantesting/perl-5.8.9/.cpan/build/Net-Stomp-0.62-0/blib/lib/Net/Stomp.pm line 199.
Global symbol "$transaction_id" requires explicit package name at /home/david/cpantesting/perl-5.8.9/.cpan/build/Net-Stomp-0.62-0/blib/lib/Net/Stomp.pm line 199.
Global symbol "$transaction_id" requires explicit package name at /home/david/cpantesting/perl-5.8.9/.cpan/build/Net-Stomp-0.62-0/blib/lib/Net/Stomp.pm line 199.
Global symbol "$begin_frame" requires explicit package name at /home/david/cpantesting/perl-5.8.9/.cpan/build/Net-Stomp-0.62-0/blib/lib/Net/Stomp.pm line 199.
Global symbol "$transaction_id" requires explicit package name at /home/david/cpantesting/perl-5.8.9/.cpan/build/Net-Stomp-0.62-0/blib/lib/Net/Stomp.pm line 199.
Global symbol "$begin_frame" requires explicit package name at /home/david/cpantesting/perl-5.8.9/.cpan/build/Net-Stomp-0.62-0/blib/lib/Net/Stomp.pm line 199.
Global symbol "$transaction_id" requires explicit package name at /home/david/cpantesting/perl-5.8.9/.cpan/build/Net-Stomp-0.62-0/blib/lib/Net/Stomp.pm line 199.
Global symbol "$receipt_frame" requires explicit package name at /home/david/cpantesting/perl-5.8.9/.cpan/build/Net-Stomp-0.62-0/blib/lib/Net/Stomp.pm line 199.
Global symbol "$ret" requires explicit package name at /home/david/cpantesting/perl-5.8.9/.cpan/build/Net-Stomp-0.62-0/blib/lib/Net/Stomp.pm line 199.
Global symbol "$receipt_frame" requires explicit package name at /home/david/cpantesting/perl-5.8.9/.cpan/build/Net-Stomp-0.62-0/blib/lib/Net/Stomp.pm line 199.
Global symbol "$receipt_frame" requires explicit package name at /home/david/cpantesting/perl-5.8.9/.cpan/build/Net-Stomp-0.62-0/blib/lib/Net/Stomp.pm line 199.
Global symbol "$ret" requires explicit package name at /home/david/cpantesting/perl-5.8.9/.cpan/build/Net-Stomp-0.62-0/blib/lib/Net/Stomp.pm line 199.
Global symbol "$transaction_id" requires explicit package name at /home/david/cpantesting/perl-5.8.9/.cpan/build/Net-Stomp-0.62-0/blib/lib/Net/Stomp.pm line 199.
Global symbol "$frame_commit" requires explicit package name at /home/david/cpantesting/perl-5.8.9/.cpan/build/Net-Stomp-0.62-0/blib/lib/Net/Stomp.pm line 199.
Global symbol "$transaction_id" requires explicit package name at /home/david/cpantesting/perl-5.8.9/.cpan/build/Net-Stomp-0.62-0/blib/lib/Net/Stomp.pm line 199.
Global symbol "$frame_commit" requires explicit package name at /home/david/cpantesting/perl-5.8.9/.cpan/build/Net-Stomp-0.62-0/blib/lib/Net/Stomp.pm line 199.
Global symbol "$transaction_id" requires explicit package name at /home/david/cpantesting/perl-5.8.9/.cpan/build/Net-Stomp-0.62-0/blib/lib/Net/Stomp.pm line 199.
Global symbol "$frame_abort" requires explicit package name at /home/david/cpantesting/perl-5.8.9/.cpan/build/Net-Stomp-0.62-0/blib/lib/Net/Stomp.pm line 199.
Global symbol "$transaction_id" requires explicit package name at /home/david/cpantesting/perl-5.8.9/.cpan/build/Net-Stomp-0.62-0/blib/lib/Net/Stomp.pm line 199.
Global symbol "$frame_abort" requires explicit package name at /home/david/cpantesting/perl-5.8.9/.cpan/build/Net-Stomp-0.62-0/blib/lib/Net/Stomp.pm line 199.
Global symbol "$ret" requires explicit package name at /home/david/cpantesting/perl-5.8.9/.cpan/build/Net-Stomp-0.62-0/blib/lib/Net/Stomp.pm line 199.
Global symbol "$subs" requires explicit package name at /home/david/cpantesting/perl-5.8.9/.cpan/build/Net-Stomp-0.62-0/blib/lib/Net/Stomp.pm line 199.
Global symbol "$subs" requires explicit package name at /home/david/cpantesting/perl-5.8.9/.cpan/build/Net-Stomp-0.62-0/blib/lib/Net/Stomp.pm line 199.
Global symbol "$subs" requires explicit package name at /home/david/cpantesting/perl-5.8.9/.cpan/build/Net-Stomp-0.62-0/blib/lib/Net/Stomp.pm line 199.
Global symbol "$subs" requires explicit package name at /home/david/cpantesting/perl-5.8.9/.cpan/build/Net-Stomp-0.62-0/blib/lib/Net/Stomp.pm line 199.
Global symbol "$id" requires explicit package name at /home/david/cpantesting/perl-5.8.9/.cpan/build/Net-Stomp-0.62-0/blib/lib/Net/Stomp.pm line 199.
Global symbol "$id" requires explicit package name at /home/david/cpantesting/perl-5.8.9/.cpan/build/Net-Stomp-0.62-0/blib/lib/Net/Stomp.pm line 199.
Global symbol "$id" requires explicit package name at /home/david/cpantesting/perl-5.8.9/.cpan/build/Net-Stomp-0.62-0/blib/lib/Net/Stomp.pm line 199.
Global symbol "$id" requires explicit package name at /home/david/cpantesting/perl-5.8.9/.cpan/build/Net-Stomp-0.62-0/blib/lib/Net/Stomp.pm line 199.
Global symbol "$id" requires explicit package name at /home/david/cpantesting/perl-5.8.9/.cpan/build/Net-Stomp-0.62-0/blib/lib/Net/Stomp.pm line 199.
Global symbol "$id" requires explicit package name at /home/david/cpantesting/perl-5.8.9/.cpan/build/Net-Stomp-0.62-0/blib/lib/Net/Stomp.pm line 199.
Global symbol "$to_write" requires explicit package name at /home/david/cpantesting/perl-5.8.9/.cpan/build/Net-Stomp-0.62-0/blib/lib/Net/Stomp.pm line 199.
Global symbol "$frame_string" requires explicit package name at /home/david/cpantesting/perl-5.8.9/.cpan/build/Net-Stomp-0.62-0/blib/lib/Net/Stomp.pm line 199.
Global symbol "$written" requires explicit package name at /home/david/cpantesting/perl-5.8.9/.cpan/build/Net-Stomp-0.62-0/blib/lib/Net/Stomp.pm line 199.
Global symbol "$to_write" requires explicit package name at /home/david/cpantesting/perl-5.8.9/.cpan/build/Net-Stomp-0.62-0/blib/lib/Net/Stomp.pm line 199.
Global symbol "$written" requires explicit package name at /home/david/cpantesting/perl-5.8.9/.cpan/build/Net-Stomp-0.62-0/blib/lib/Net/Stomp.pm line 199.
Global symbol "$to_write" requires explicit package name at /home/david/cpantesting/perl-5.8.9/.cpan/build/Net-Stomp-0.62-0/blib/lib/Net/Stomp.pm line 199.
Global symbol "$written" requires explicit package name at /home/david/cpantesting/perl-5.8.9/.cpan/build/Net-Stomp-0.62-0/blib/lib/Net/Stomp.pm line 199.
Global symbol "$to_write" requires explicit package name at /home/david/cpantesting/perl-5.8.9/.cpan/build/Net-Stomp-0.62-0/blib/lib/Net/Stomp.pm line 199.
Global symbol "$written" requires explicit package name at /home/david/cpantesting/perl-5.8.9/.cpan/build/Net-Stomp-0.62-0/blib/lib/Net/Stomp.pm line 199.
Global symbol "$written" requires explicit package name at /home/david/cpantesting/perl-5.8.9/.cpan/build/Net-Stomp-0.62-0/blib/lib/Net/Stomp.pm line 199.
Global symbol "$frame_string" requires explicit package name at /home/david/cpantesting/perl-5.8.9/.cpan/build/Net-Stomp-0.62-0/blib/lib/Net/Stomp.pm line 199.
Global symbol "$written" requires explicit package name at /home/david/cpantesting/perl-5.8.9/.cpan/build/Net-Stomp-0.62-0/blib/lib/Net/Stomp.pm line 199.
Global symbol "$timeout" requires explicit package name at /home/david/cpantesting/perl-5.8.9/.cpan/build/Net-Stomp-0.62-0/blib/lib/Net/Stomp.pm line 199.
Global symbol "$timeout" requires explicit package name at /home/david/cpantesting/perl-5.8.9/.cpan/build/Net-Stomp-0.62-0/blib/lib/Net/Stomp.pm line 199.
Global symbol "$len" requires explicit package name at /home/david/cpantesting/perl-5.8.9/.cpan/build/Net-Stomp-0.62-0/blib/lib/Net/Stomp.pm line 199.
Global symbol "$len" requires explicit package name at /home/david/cpantesting/perl-5.8.9/.cpan/build/Net-Stomp-0.62-0/blib/lib/Net/Stomp.pm line 199.
Global symbol "$len" requires explicit package name at /home/david/cpantesting/perl-5.8.9/.cpan/build/Net-Stomp-0.62-0/blib/lib/Net/Stomp.pm line 199.
Global symbol "$len" requires explicit package name at /home/david/cpantesting/perl-5.8.9/.cpan/build/Net-Stomp-0.62-0/blib/lib/Net/Stomp.pm line 199.
Global symbol "$len" requires explicit package name at /home/david/cpantesting/perl-5.8.9/.cpan/build/Net-Stomp-0.62-0/blib/lib/Net/Stomp.pm line 199.
syntax error at /home/david/cpantesting/perl-5.8.9/.cpan/build/Net-Stomp-0.62-0/blib/lib/Net/Stomp.pm line 456, near "[^"
(Might be a runaway multi-line // string starting on line 199)
/home/david/cpantesting/perl-5.8.9/.cpan/build/Net-Stomp-0.62-0/blib/lib/Net/Stomp.pm has too many errors.
Compilation failed in require at t/lib/TestHelp.pm line 10.
BEGIN failed--compilation aborted at t/lib/TestHelp.pm line 10.
Compilation failed in require at t/reconnect.t line 3.
BEGIN failed--compilation aborted at t/reconnect.t line 3.
t/reconnect.t ...........
Dubious, test returned 9 (wstat 2304, 0x900)
No subtests run
Global symbol "$sub" requires explicit package name at /home/david/cpantesting/perl-5.8.9/.cpan/build/Net-Stomp-0.62-0/blib/lib/Net/Stomp.pm line 199.
Global symbol "$sub" requires explicit package name at /home/david/cpantesting/perl-5.8.9/.cpan/build/Net-Stomp-0.62-0/blib/lib/Net/Stomp.pm line 199.
Global symbol "$timeout" requires explicit package name at /home/david/cpantesting/perl-5.8.9/.cpan/build/Net-Stomp-0.62-0/blib/lib/Net/Stomp.pm line 199.
Global symbol "$timeout" requires explicit package name at /home/david/cpantesting/perl-5.8.9/.cpan/build/Net-Stomp-0.62-0/blib/lib/Net/Stomp.pm line 199.
Global symbol "$body" requires explicit package name at /home/david/cpantesting/perl-5.8.9/.cpan/build/Net-Stomp-0.62-0/blib/lib/Net/Stomp.pm line 199.
Global symbol "$body" requires explicit package name at /home/david/cpantesting/perl-5.8.9/.cpan/build/Net-Stomp-0.62-0/blib/lib/Net/Stomp.pm line 199.
Global symbol "$receipt_id" requires explicit package name at /home/david/cpantesting/perl-5.8.9/.cpan/build/Net-Stomp-0.62-0/blib/lib/Net/Stomp.pm line 199.
Global symbol "$receipt_id" requires explicit package name at /home/david/cpantesting/perl-5.8.9/.cpan/build/Net-Stomp-0.62-0/blib/lib/Net/Stomp.pm line 199.
Global symbol "$receipt_id" requires explicit package name at /home/david/cpantesting/perl-5.8.9/.cpan/build/Net-Stomp-0.62-0/blib/lib/Net/Stomp.pm line 199.
Global symbol "$receipt_timeout" requires explicit package name at /home/david/cpantesting/perl-5.8.9/.cpan/build/Net-Stomp-0.62-0/blib/lib/Net/Stomp.pm line 199.
Global symbol "$receipt_frame" requires explicit package name at /home/david/cpantesting/perl-5.8.9/.cpan/build/Net-Stomp-0.62-0/blib/lib/Net/Stomp.pm line 199.
Global symbol "$receipt_timeout" requires explicit package name at /home/david/cpantesting/perl-5.8.9/.cpan/build/Net-Stomp-0.62-0/blib/lib/Net/Stomp.pm line 199.
Global symbol "$receipt_timeout" requires explicit package name at /home/david/cpantesting/perl-5.8.9/.cpan/build/Net-Stomp-0.62-0/blib/lib/Net/Stomp.pm line 199.
Global symbol "$receipt_frame" requires explicit package name at /home/david/cpantesting/perl-5.8.9/.cpan/build/Net-Stomp-0.62-0/blib/lib/Net/Stomp.pm line 199.
Global symbol "$receipt_frame" requires explicit package name at /home/david/cpantesting/perl-5.8.9/.cpan/build/Net-Stomp-0.62-0/blib/lib/Net/Stomp.pm line 199.
Global symbol "$receipt_frame" requires explicit package name at /home/david/cpantesting/perl-5.8.9/.cpan/build/Net-Stomp-0.62-0/blib/lib/Net/Stomp.pm line 199.
Global symbol "$receipt_frame" requires explicit package name at /home/david/cpantesting/perl-5.8.9/.cpan/build/Net-Stomp-0.62-0/blib/lib/Net/Stomp.pm line 199.
Global symbol "$receipt_id" requires explicit package name at /home/david/cpantesting/perl-5.8.9/.cpan/build/Net-Stomp-0.62-0/blib/lib/Net/Stomp.pm line 199.
Global symbol "$receipt_frame" requires explicit package name at /home/david/cpantesting/perl-5.8.9/.cpan/build/Net-Stomp-0.62-0/blib/lib/Net/Stomp.pm line 199.
Global symbol "$receipt_frame" requires explicit package name at /home/david/cpantesting/perl-5.8.9/.cpan/build/Net-Stomp-0.62-0/blib/lib/Net/Stomp.pm line 199.
Global symbol "$transaction_id" requires explicit package name at /home/david/cpantesting/perl-5.8.9/.cpan/build/Net-Stomp-0.62-0/blib/lib/Net/Stomp.pm line 199.
Global symbol "$transaction_id" requires explicit package name at /home/david/cpantesting/perl-5.8.9/.cpan/build/Net-Stomp-0.62-0/blib/lib/Net/Stomp.pm line 199.
Global symbol "$begin_frame" requires explicit package name at /home/david/cpantesting/perl-5.8.9/.cpan/build/Net-Stomp-0.62-0/blib/lib/Net/Stomp.pm line 199.
Global symbol "$transaction_id" requires explicit package name at /home/david/cpantesting/perl-5.8.9/.cpan/build/Net-Stomp-0.62-0/blib/lib/Net/Stomp.pm line 199.
Global symbol "$begin_frame" requires explicit package name at /home/david/cpantesting/perl-5.8.9/.cpan/build/Net-Stomp-0.62-0/blib/lib/Net/Stomp.pm line 199.
Global symbol "$transaction_id" requires explicit package name at /home/david/cpantesting/perl-5.8.9/.cpan/build/Net-Stomp-0.62-0/blib/lib/Net/Stomp.pm line 199.
Global symbol "$receipt_frame" requires explicit package name at /home/david/cpantesting/perl-5.8.9/.cpan/build/Net-Stomp-0.62-0/blib/lib/Net/Stomp.pm line 199.
Global symbol "$ret" requires explicit package name at /home/david/cpantesting/perl-5.8.9/.cpan/build/Net-Stomp-0.62-0/blib/lib/Net/Stomp.pm line 199.
Global symbol "$receipt_frame" requires explicit package name at /home/david/cpantesting/perl-5.8.9/.cpan/build/Net-Stomp-0.62-0/blib/lib/Net/Stomp.pm line 199.
Global symbol "$receipt_frame" requires explicit package name at /home/david/cpantesting/perl-5.8.9/.cpan/build/Net-Stomp-0.62-0/blib/lib/Net/Stomp.pm line 199.
Global symbol "$ret" requires explicit package name at /home/david/cpantesting/perl-5.8.9/.cpan/build/Net-Stomp-0.62-0/blib/lib/Net/Stomp.pm line 199.
Global symbol "$transaction_id" requires explicit package name at /home/david/cpantesting/perl-5.8.9/.cpan/build/Net-Stomp-0.62-0/blib/lib/Net/Stomp.pm line 199.
Global symbol "$frame_commit" requires explicit package name at /home/david/cpantesting/perl-5.8.9/.cpan/build/Net-Stomp-0.62-0/blib/lib/Net/Stomp.pm line 199.
Global symbol "$transaction_id" requires explicit package name at /home/david/cpantesting/perl-5.8.9/.cpan/build/Net-Stomp-0.62-0/blib/lib/Net/Stomp.pm line 199.
Global symbol "$frame_commit" requires explicit package name at /home/david/cpantesting/perl-5.8.9/.cpan/build/Net-Stomp-0.62-0/blib/lib/Net/Stomp.pm line 199.
Global symbol "$transaction_id" requires explicit package name at /home/david/cpantesting/perl-5.8.9/.cpan/build/Net-Stomp-0.62-0/blib/lib/Net/Stomp.pm line 199.
Global symbol "$frame_abort" requires explicit package name at /home/david/cpantesting/perl-5.8.9/.cpan/build/Net-Stomp-0.62-0/blib/lib/Net/Stomp.pm line 199.
Global symbol "$transaction_id" requires explicit package name at /home/david/cpantesting/perl-5.8.9/.cpan/build/Net-Stomp-0.62-0/blib/lib/Net/Stomp.pm line 199.
Global symbol "$frame_abort" requires explicit package name at /home/david/cpantesting/perl-5.8.9/.cpan/build/Net-Stomp-0.62-0/blib/lib/Net/Stomp.pm line 199.
Global symbol "$ret" requires explicit package name at /home/david/cpantesting/perl-5.8.9/.cpan/build/Net-Stomp-0.62-0/blib/lib/Net/Stomp.pm line 199.
Global symbol "$subs" requires explicit package name at /home/david/cpantesting/perl-5.8.9/.cpan/build/Net-Stomp-0.62-0/blib/lib/Net/Stomp.pm line 199.
Global symbol "$subs" requires explicit package name at /home/david/cpantesting/perl-5.8.9/.cpan/build/Net-Stomp-0.62-0/blib/lib/Net/Stomp.pm line 199.
Global symbol "$subs" requires explicit package name at /home/david/cpantesting/perl-5.8.9/.cpan/build/Net-Stomp-0.62-0/blib/lib/Net/Stomp.pm line 199.
Global symbol "$subs" requires explicit package name at /home/david/cpantesting/perl-5.8.9/.cpan/build/Net-Stomp-0.62-0/blib/lib/Net/Stomp.pm line 199.
Global symbol "$id" requires explicit package name at /home/david/cpantesting/perl-5.8.9/.cpan/build/Net-Stomp-0.62-0/blib/lib/Net/Stomp.pm line 199.
Global symbol "$id" requires explicit package name at /home/david/cpantesting/perl-5.8.9/.cpan/build/Net-Stomp-0.62-0/blib/lib/Net/Stomp.pm line 199.
Global symbol "$id" requires explicit package name at /home/david/cpantesting/perl-5.8.9/.cpan/build/Net-Stomp-0.62-0/blib/lib/Net/Stomp.pm line 199.
Global symbol "$id" requires explicit package name at /home/david/cpantesting/perl-5.8.9/.cpan/build/Net-Stomp-0.62-0/blib/lib/Net/Stomp.pm line 199.
Global symbol "$id" requires explicit package name at /home/david/cpantesting/perl-5.8.9/.cpan/build/Net-Stomp-0.62-0/blib/lib/Net/Stomp.pm line 199.
Global symbol "$id" requires explicit package name at /home/david/cpantesting/perl-5.8.9/.cpan/build/Net-Stomp-0.62-0/blib/lib/Net/Stomp.pm line 199.
Global symbol "$to_write" requires explicit package name at /home/david/cpantesting/perl-5.8.9/.cpan/build/Net-Stomp-0.62-0/blib/lib/Net/Stomp.pm line 199.
Global symbol "$frame_string" requires explicit package name at /home/david/cpantesting/perl-5.8.9/.cpan/build/Net-Stomp-0.62-0/blib/lib/Net/Stomp.pm line 199.
Global symbol "$written" requires explicit package name at /home/david/cpantesting/perl-5.8.9/.cpan/build/Net-Stomp-0.62-0/blib/lib/Net/Stomp.pm line 199.
Global symbol "$to_write" requires explicit package name at /home/david/cpantesting/perl-5.8.9/.cpan/build/Net-Stomp-0.62-0/blib/lib/Net/Stomp.pm line 199.
Global symbol "$written" requires explicit package name at /home/david/cpantesting/perl-5.8.9/.cpan/build/Net-Stomp-0.62-0/blib/lib/Net/Stomp.pm line 199.
Global symbol "$to_write" requires explicit package name at /home/david/cpantesting/perl-5.8.9/.cpan/build/Net-Stomp-0.62-0/blib/lib/Net/Stomp.pm line 199.
Global symbol "$written" requires explicit package name at /home/david/cpantesting/perl-5.8.9/.cpan/build/Net-Stomp-0.62-0/blib/lib/Net/Stomp.pm line 199.
Global symbol "$to_write" requires explicit package name at /home/david/cpantesting/perl-5.8.9/.cpan/build/Net-Stomp-0.62-0/blib/lib/Net/Stomp.pm line 199.
Global symbol "$written" requires explicit package name at /home/david/cpantesting/perl-5.8.9/.cpan/build/Net-Stomp-0.62-0/blib/lib/Net/Stomp.pm line 199.
Global symbol "$written" requires explicit package name at /home/david/cpantesting/perl-5.8.9/.cpan/build/Net-Stomp-0.62-0/blib/lib/Net/Stomp.pm line 199.
Global symbol "$frame_string" requires explicit package name at /home/david/cpantesting/perl-5.8.9/.cpan/build/Net-Stomp-0.62-0/blib/lib/Net/Stomp.pm line 199.
Global symbol "$written" requires explicit package name at /home/david/cpantesting/perl-5.8.9/.cpan/build/Net-Stomp-0.62-0/blib/lib/Net/Stomp.pm line 199.
Global symbol "$timeout" requires explicit package name at /home/david/cpantesting/perl-5.8.9/.cpan/build/Net-Stomp-0.62-0/blib/lib/Net/Stomp.pm line 199.
Global symbol "$timeout" requires explicit package name at /home/david/cpantesting/perl-5.8.9/.cpan/build/Net-Stomp-0.62-0/blib/lib/Net/Stomp.pm line 199.
Global symbol "$len" requires explicit package name at /home/david/cpantesting/perl-5.8.9/.cpan/build/Net-Stomp-0.62-0/blib/lib/Net/Stomp.pm line 199.
Global symbol "$len" requires explicit package name at /home/david/cpantesting/perl-5.8.9/.cpan/build/Net-Stomp-0.62-0/blib/lib/Net/Stomp.pm line 199.
Global symbol "$len" requires explicit package name at /home/david/cpantesting/perl-5.8.9/.cpan/build/Net-Stomp-0.62-0/blib/lib/Net/Stomp.pm line 199.
Global symbol "$len" requires explicit package name at /home/david/cpantesting/perl-5.8.9/.cpan/build/Net-Stomp-0.62-0/blib/lib/Net/Stomp.pm line 199.
Global symbol "$len" requires explicit package name at /home/david/cpantesting/perl-5.8.9/.cpan/build/Net-Stomp-0.62-0/blib/lib/Net/Stomp.pm line 199.
syntax error at /home/david/cpantesting/perl-5.8.9/.cpan/build/Net-Stomp-0.62-0/blib/lib/Net/Stomp.pm line 456, near "[^"
(Might be a runaway multi-line // string starting on line 199)
/home/david/cpantesting/perl-5.8.9/.cpan/build/Net-Stomp-0.62-0/blib/lib/Net/Stomp.pm has too many errors.
Compilation failed in require at t/lib/TestHelp.pm line 10.
BEGIN failed--compilation aborted at t/lib/TestHelp.pm line 10.
Compilation failed in require at t/send-transactional.t line 2.
BEGIN failed--compilation aborted at t/send-transactional.t line 2.
t/send-transactional.t ..
Dubious, test returned 9 (wstat 2304, 0x900)
No subtests run
Global symbol "$sub" requires explicit package name at /home/david/cpantesting/perl-5.8.9/.cpan/build/Net-Stomp-0.62-0/blib/lib/Net/Stomp.pm line 199.
Global symbol "$sub" requires explicit package name at /home/david/cpantesting/perl-5.8.9/.cpan/build/Net-Stomp-0.62-0/blib/lib/Net/Stomp.pm line 199.
Global symbol "$timeout" requires explicit package name at /home/david/cpantesting/perl-5.8.9/.cpan/build/Net-Stomp-0.62-0/blib/lib/Net/Stomp.pm line 199.
Global symbol "$timeout" requires explicit package name at /home/david/cpantesting/perl-5.8.9/.cpan/build/Net-Stomp-0.62-0/blib/lib/Net/Stomp.pm line 199.
Global symbol "$body" requires explicit package name at /home/david/cpantesting/perl-5.8.9/.cpan/build/Net-Stomp-0.62-0/blib/lib/Net/Stomp.pm line 199.
Global symbol "$body" requires explicit package name at /home/david/cpantesting/perl-5.8.9/.cpan/build/Net-Stomp-0.62-0/blib/lib/Net/Stomp.pm line 199.
Global symbol "$receipt_id" requires explicit package name at /home/david/cpantesting/perl-5.8.9/.cpan/build/Net-Stomp-0.62-0/blib/lib/Net/Stomp.pm line 199.
Global symbol "$receipt_id" requires explicit package name at /home/david/cpantesting/perl-5.8.9/.cpan/build/Net-Stomp-0.62-0/blib/lib/Net/Stomp.pm line 199.
Global symbol "$receipt_id" requires explicit package name at /home/david/cpantesting/perl-5.8.9/.cpan/build/Net-Stomp-0.62-0/blib/lib/Net/Stomp.pm line 199.
Global symbol "$receipt_timeout" requires explicit package name at /home/david/cpantesting/perl-5.8.9/.cpan/build/Net-Stomp-0.62-0/blib/lib/Net/Stomp.pm line 199.
Global symbol "$receipt_frame" requires explicit package name at /home/david/cpantesting/perl-5.8.9/.cpan/build/Net-Stomp-0.62-0/blib/lib/Net/Stomp.pm line 199.
Global symbol "$receipt_timeout" requires explicit package name at /home/david/cpantesting/perl-5.8.9/.cpan/build/Net-Stomp-0.62-0/blib/lib/Net/Stomp.pm line 199.
Global symbol "$receipt_timeout" requires explicit package name at /home/david/cpantesting/perl-5.8.9/.cpan/build/Net-Stomp-0.62-0/blib/lib/Net/Stomp.pm line 199.
Global symbol "$receipt_frame" requires explicit package name at /home/david/cpantesting/perl-5.8.9/.cpan/build/Net-Stomp-0.62-0/blib/lib/Net/Stomp.pm line 199.
Global symbol "$receipt_frame" requires explicit package name at /home/david/cpantesting/perl-5.8.9/.cpan/build/Net-Stomp-0.62-0/blib/lib/Net/Stomp.pm line 199.
Global symbol "$receipt_frame" requires explicit package name at /home/david/cpantesting/perl-5.8.9/.cpan/build/Net-Stomp-0.62-0/blib/lib/Net/Stomp.pm line 199.
Global symbol "$receipt_frame" requires explicit package name at /home/david/cpantesting/perl-5.8.9/.cpan/build/Net-Stomp-0.62-0/blib/lib/Net/Stomp.pm line 199.
Global symbol "$receipt_id" requires explicit package name at /home/david/cpantesting/perl-5.8.9/.cpan/build/Net-Stomp-0.62-0/blib/lib/Net/Stomp.pm line 199.
Global symbol "$receipt_frame" requires explicit package name at /home/david/cpantesting/perl-5.8.9/.cpan/build/Net-Stomp-0.62-0/blib/lib/Net/Stomp.pm line 199.
Global symbol "$receipt_frame" requires explicit package name at /home/david/cpantesting/perl-5.8.9/.cpan/build/Net-Stomp-0.62-0/blib/lib/Net/Stomp.pm line 199.
Global symbol "$transaction_id" requires explicit package name at /home/david/cpantesting/perl-5.8.9/.cpan/build/Net-Stomp-0.62-0/blib/lib/Net/Stomp.pm line 199.
Global symbol "$transaction_id" requires explicit package name at /home/david/cpantesting/perl-5.8.9/.cpan/build/Net-Stomp-0.62-0/blib/lib/Net/Stomp.pm line 199.
Global symbol "$begin_frame" requires explicit package name at /home/david/cpantesting/perl-5.8.9/.cpan/build/Net-Stomp-0.62-0/blib/lib/Net/Stomp.pm line 199.
Global symbol "$transaction_id" requires explicit package name at /home/david/cpantesting/perl-5.8.9/.cpan/build/Net-Stomp-0.62-0/blib/lib/Net/Stomp.pm line 199.
Global symbol "$begin_frame" requires explicit package name at /home/david/cpantesting/perl-5.8.9/.cpan/build/Net-Stomp-0.62-0/blib/lib/Net/Stomp.pm line 199.
Global symbol "$transaction_id" requires explicit package name at /home/david/cpantesting/perl-5.8.9/.cpan/build/Net-Stomp-0.62-0/blib/lib/Net/Stomp.pm line 199.
Global symbol "$receipt_frame" requires explicit package name at /home/david/cpantesting/perl-5.8.9/.cpan/build/Net-Stomp-0.62-0/blib/lib/Net/Stomp.pm line 199.
Global symbol "$ret" requires explicit package name at /home/david/cpantesting/perl-5.8.9/.cpan/build/Net-Stomp-0.62-0/blib/lib/Net/Stomp.pm line 199.
Global symbol "$receipt_frame" requires explicit package name at /home/david/cpantesting/perl-5.8.9/.cpan/build/Net-Stomp-0.62-0/blib/lib/Net/Stomp.pm line 199.
Global symbol "$receipt_frame" requires explicit package name at /home/david/cpantesting/perl-5.8.9/.cpan/build/Net-Stomp-0.62-0/blib/lib/Net/Stomp.pm line 199.
Global symbol "$ret" requires explicit package name at /home/david/cpantesting/perl-5.8.9/.cpan/build/Net-Stomp-0.62-0/blib/lib/Net/Stomp.pm line 199.
Global symbol "$transaction_id" requires explicit package name at /home/david/cpantesting/perl-5.8.9/.cpan/build/Net-Stomp-0.62-0/blib/lib/Net/Stomp.pm line 199.
Global symbol "$frame_commit" requires explicit package name at /home/david/cpantesting/perl-5.8.9/.cpan/build/Net-Stomp-0.62-0/blib/lib/Net/Stomp.pm line 199.
Global symbol "$transaction_id" requires explicit package name at /home/david/cpantesting/perl-5.8.9/.cpan/build/Net-Stomp-0.62-0/blib/lib/Net/Stomp.pm line 199.
Global symbol "$frame_commit" requires explicit package name at /home/david/cpantesting/perl-5.8.9/.cpan/build/Net-Stomp-0.62-0/blib/lib/Net/Stomp.pm line 199.
Global symbol "$transaction_id" requires explicit package name at /home/david/cpantesting/perl-5.8.9/.cpan/build/Net-Stomp-0.62-0/blib/lib/Net/Stomp.pm line 199.
Global symbol "$frame_abort" requires explicit package name at /home/david/cpantesting/perl-5.8.9/.cpan/build/Net-Stomp-0.62-0/blib/lib/Net/Stomp.pm line 199.
Global symbol "$transaction_id" requires explicit package name at /home/david/cpantesting/perl-5.8.9/.cpan/build/Net-Stomp-0.62-0/blib/lib/Net/Stomp.pm line 199.
Global symbol "$frame_abort" requires explicit package name at /home/david/cpantesting/perl-5.8.9/.cpan/build/Net-Stomp-0.62-0/blib/lib/Net/Stomp.pm line 199.
Global symbol "$ret" requires explicit package name at /home/david/cpantesting/perl-5.8.9/.cpan/build/Net-Stomp-0.62-0/blib/lib/Net/Stomp.pm line 199.
Global symbol "$subs" requires explicit package name at /home/david/cpantesting/perl-5.8.9/.cpan/build/Net-Stomp-0.62-0/blib/lib/Net/Stomp.pm line 199.
Global symbol "$subs" requires explicit package name at /home/david/cpantesting/perl-5.8.9/.cpan/build/Net-Stomp-0.62-0/blib/lib/Net/Stomp.pm line 199.
Global symbol "$subs" requires explicit package name at /home/david/cpantesting/perl-5.8.9/.cpan/build/Net-Stomp-0.62-0/blib/lib/Net/Stomp.pm line 199.
Global symbol "$subs" requires explicit package name at /home/david/cpantesting/perl-5.8.9/.cpan/build/Net-Stomp-0.62-0/blib/lib/Net/Stomp.pm line 199.
Global symbol "$id" requires explicit package name at /home/david/cpantesting/perl-5.8.9/.cpan/build/Net-Stomp-0.62-0/blib/lib/Net/Stomp.pm line 199.
Global symbol "$id" requires explicit package name at /home/david/cpantesting/perl-5.8.9/.cpan/build/Net-Stomp-0.62-0/blib/lib/Net/Stomp.pm line 199.
Global symbol "$id" requires explicit package name at /home/david/cpantesting/perl-5.8.9/.cpan/build/Net-Stomp-0.62-0/blib/lib/Net/Stomp.pm line 199.
Global symbol "$id" requires explicit package name at /home/david/cpantesting/perl-5.8.9/.cpan/build/Net-Stomp-0.62-0/blib/lib/Net/Stomp.pm line 199.
Global symbol "$id" requires explicit package name at /home/david/cpantesting/perl-5.8.9/.cpan/build/Net-Stomp-0.62-0/blib/lib/Net/Stomp.pm line 199.
Global symbol "$id" requires explicit package name at /home/david/cpantesting/perl-5.8.9/.cpan/build/Net-Stomp-0.62-0/blib/lib/Net/Stomp.pm line 199.
Global symbol "$to_write" requires explicit package name at /home/david/cpantesting/perl-5.8.9/.cpan/build/Net-Stomp-0.62-0/blib/lib/Net/Stomp.pm line 199.
Global symbol "$frame_string" requires explicit package name at /home/david/cpantesting/perl-5.8.9/.cpan/build/Net-Stomp-0.62-0/blib/lib/Net/Stomp.pm line 199.
Global symbol "$written" requires explicit package name at /home/david/cpantesting/perl-5.8.9/.cpan/build/Net-Stomp-0.62-0/blib/lib/Net/Stomp.pm line 199.
Global symbol "$to_write" requires explicit package name at /home/david/cpantesting/perl-5.8.9/.cpan/build/Net-Stomp-0.62-0/blib/lib/Net/Stomp.pm line 199.
Global symbol "$written" requires explicit package name at /home/david/cpantesting/perl-5.8.9/.cpan/build/Net-Stomp-0.62-0/blib/lib/Net/Stomp.pm line 199.
Global symbol "$to_write" requires explicit package name at /home/david/cpantesting/perl-5.8.9/.cpan/build/Net-Stomp-0.62-0/blib/lib/Net/Stomp.pm line 199.
Global symbol "$written" requires explicit package name at /home/david/cpantesting/perl-5.8.9/.cpan/build/Net-Stomp-0.62-0/blib/lib/Net/Stomp.pm line 199.
Global symbol "$to_write" requires explicit package name at /home/david/cpantesting/perl-5.8.9/.cpan/build/Net-Stomp-0.62-0/blib/lib/Net/Stomp.pm line 199.
Global symbol "$written" requires explicit package name at /home/david/cpantesting/perl-5.8.9/.cpan/build/Net-Stomp-0.62-0/blib/lib/Net/Stomp.pm line 199.
Global symbol "$written" requires explicit package name at /home/david/cpantesting/perl-5.8.9/.cpan/build/Net-Stomp-0.62-0/blib/lib/Net/Stomp.pm line 199.
Global symbol "$frame_string" requires explicit package name at /home/david/cpantesting/perl-5.8.9/.cpan/build/Net-Stomp-0.62-0/blib/lib/Net/Stomp.pm line 199.
Global symbol "$written" requires explicit package name at /home/david/cpantesting/perl-5.8.9/.cpan/build/Net-Stomp-0.62-0/blib/lib/Net/Stomp.pm line 199.
Global symbol "$timeout" requires explicit package name at /home/david/cpantesting/perl-5.8.9/.cpan/build/Net-Stomp-0.62-0/blib/lib/Net/Stomp.pm line 199.
Global symbol "$timeout" requires explicit package name at /home/david/cpantesting/perl-5.8.9/.cpan/build/Net-Stomp-0.62-0/blib/lib/Net/Stomp.pm line 199.
Global symbol "$len" requires explicit package name at /home/david/cpantesting/perl-5.8.9/.cpan/build/Net-Stomp-0.62-0/blib/lib/Net/Stomp.pm line 199.
Global symbol "$len" requires explicit package name at /home/david/cpantesting/perl-5.8.9/.cpan/build/Net-Stomp-0.62-0/blib/lib/Net/Stomp.pm line 199.
Global symbol "$len" requires explicit package name at /home/david/cpantesting/perl-5.8.9/.cpan/build/Net-Stomp-0.62-0/blib/lib/Net/Stomp.pm line 199.
Global symbol "$len" requires explicit package name at /home/david/cpantesting/perl-5.8.9/.cpan/build/Net-Stomp-0.62-0/blib/lib/Net/Stomp.pm line 199.
Global symbol "$len" requires explicit package name at /home/david/cpantesting/perl-5.8.9/.cpan/build/Net-Stomp-0.62-0/blib/lib/Net/Stomp.pm line 199.
syntax error at /home/david/cpantesting/perl-5.8.9/.cpan/build/Net-Stomp-0.62-0/blib/lib/Net/Stomp.pm line 456, near "[^"
(Might be a runaway multi-line // string starting on line 199)
/home/david/cpantesting/perl-5.8.9/.cpan/build/Net-Stomp-0.62-0/blib/lib/Net/Stomp.pm has too many errors.
Compilation failed in require at t/lib/TestHelp.pm line 10.
BEGIN failed--compilation aborted at t/lib/TestHelp.pm line 10.
Compilation failed in require at t/send-with-receipt.t line 2.
BEGIN failed--compilation aborted at t/send-with-receipt.t line 2.
t/send-with-receipt.t ...
Dubious, test returned 9 (wstat 2304, 0x900)
No subtests run
Global symbol "$sub" requires explicit package name at /home/david/cpantesting/perl-5.8.9/.cpan/build/Net-Stomp-0.62-0/blib/lib/Net/Stomp.pm line 199.
Global symbol "$sub" requires explicit package name at /home/david/cpantesting/perl-5.8.9/.cpan/build/Net-Stomp-0.62-0/blib/lib/Net/Stomp.pm line 199.
Global symbol "$timeout" requires explicit package name at /home/david/cpantesting/perl-5.8.9/.cpan/build/Net-Stomp-0.62-0/blib/lib/Net/Stomp.pm line 199.
Global symbol "$timeout" requires explicit package name at /home/david/cpantesting/perl-5.8.9/.cpan/build/Net-Stomp-0.62-0/blib/lib/Net/Stomp.pm line 199.
Global symbol "$body" requires explicit package name at /home/david/cpantesting/perl-5.8.9/.cpan/build/Net-Stomp-0.62-0/blib/lib/Net/Stomp.pm line 199.
Global symbol "$body" requires explicit package name at /home/david/cpantesting/perl-5.8.9/.cpan/build/Net-Stomp-0.62-0/blib/lib/Net/Stomp.pm line 199.
Global symbol "$receipt_id" requires explicit package name at /home/david/cpantesting/perl-5.8.9/.cpan/build/Net-Stomp-0.62-0/blib/lib/Net/Stomp.pm line 199.
Global symbol "$receipt_id" requires explicit package name at /home/david/cpantesting/perl-5.8.9/.cpan/build/Net-Stomp-0.62-0/blib/lib/Net/Stomp.pm line 199.
Global symbol "$receipt_id" requires explicit package name at /home/david/cpantesting/perl-5.8.9/.cpan/build/Net-Stomp-0.62-0/blib/lib/Net/Stomp.pm line 199.
Global symbol "$receipt_timeout" requires explicit package name at /home/david/cpantesting/perl-5.8.9/.cpan/build/Net-Stomp-0.62-0/blib/lib/Net/Stomp.pm line 199.
Global symbol "$receipt_frame" requires explicit package name at /home/david/cpantesting/perl-5.8.9/.cpan/build/Net-Stomp-0.62-0/blib/lib/Net/Stomp.pm line 199.
Global symbol "$receipt_timeout" requires explicit package name at /home/david/cpantesting/perl-5.8.9/.cpan/build/Net-Stomp-0.62-0/blib/lib/Net/Stomp.pm line 199.
Global symbol "$receipt_timeout" requires explicit package name at /home/david/cpantesting/perl-5.8.9/.cpan/build/Net-Stomp-0.62-0/blib/lib/Net/Stomp.pm line 199.
Global symbol "$receipt_frame" requires explicit package name at /home/david/cpantesting/perl-5.8.9/.cpan/build/Net-Stomp-0.62-0/blib/lib/Net/Stomp.pm line 199.
Global symbol "$receipt_frame" requires explicit package name at /home/david/cpantesting/perl-5.8.9/.cpan/build/Net-Stomp-0.62-0/blib/lib/Net/Stomp.pm line 199.
Global symbol "$receipt_frame" requires explicit package name at /home/david/cpantesting/perl-5.8.9/.cpan/build/Net-Stomp-0.62-0/blib/lib/Net/Stomp.pm line 199.
Global symbol "$receipt_frame" requires explicit package name at /home/david/cpantesting/perl-5.8.9/.cpan/build/Net-Stomp-0.62-0/blib/lib/Net/Stomp.pm line 199.
Global symbol "$receipt_id" requires explicit package name at /home/david/cpantesting/perl-5.8.9/.cpan/build/Net-Stomp-0.62-0/blib/lib/Net/Stomp.pm line 199.
Global symbol "$receipt_frame" requires explicit package name at /home/david/cpantesting/perl-5.8.9/.cpan/build/Net-Stomp-0.62-0/blib/lib/Net/Stomp.pm line 199.
Global symbol "$receipt_frame" requires explicit package name at /home/david/cpantesting/perl-5.8.9/.cpan/build/Net-Stomp-0.62-0/blib/lib/Net/Stomp.pm line 199.
Global symbol "$transaction_id" requires explicit package name at /home/david/cpantesting/perl-5.8.9/.cpan/build/Net-Stomp-0.62-0/blib/lib/Net/Stomp.pm line 199.
Global symbol "$transaction_id" requires explicit package name at /home/david/cpantesting/perl-5.8.9/.cpan/build/Net-Stomp-0.62-0/blib/lib/Net/Stomp.pm line 199.
Global symbol "$begin_frame" requires explicit package name at /home/david/cpantesting/perl-5.8.9/.cpan/build/Net-Stomp-0.62-0/blib/lib/Net/Stomp.pm line 199.
Global symbol "$transaction_id" requires explicit package name at /home/david/cpantesting/perl-5.8.9/.cpan/build/Net-Stomp-0.62-0/blib/lib/Net/Stomp.pm line 199.
Global symbol "$begin_frame" requires explicit package name at /home/david/cpantesting/perl-5.8.9/.cpan/build/Net-Stomp-0.62-0/blib/lib/Net/Stomp.pm line 199.
Global symbol "$transaction_id" requires explicit package name at /home/david/cpantesting/perl-5.8.9/.cpan/build/Net-Stomp-0.62-0/blib/lib/Net/Stomp.pm line 199.
Global symbol "$receipt_frame" requires explicit package name at /home/david/cpantesting/perl-5.8.9/.cpan/build/Net-Stomp-0.62-0/blib/lib/Net/Stomp.pm line 199.
Global symbol "$ret" requires explicit package name at /home/david/cpantesting/perl-5.8.9/.cpan/build/Net-Stomp-0.62-0/blib/lib/Net/Stomp.pm line 199.
Global symbol "$receipt_frame" requires explicit package name at /home/david/cpantesting/perl-5.8.9/.cpan/build/Net-Stomp-0.62-0/blib/lib/Net/Stomp.pm line 199.
Global symbol "$receipt_frame" requires explicit package name at /home/david/cpantesting/perl-5.8.9/.cpan/build/Net-Stomp-0.62-0/blib/lib/Net/Stomp.pm line 199.
Global symbol "$ret" requires explicit package name at /home/david/cpantesting/perl-5.8.9/.cpan/build/Net-Stomp-0.62-0/blib/lib/Net/Stomp.pm line 199.
Global symbol "$transaction_id" requires explicit package name at /home/david/cpantesting/perl-5.8.9/.cpan/build/Net-Stomp-0.62-0/blib/lib/Net/Stomp.pm line 199.
Global symbol "$frame_commit" requires explicit package name at /home/david/cpantesting/perl-5.8.9/.cpan/build/Net-Stomp-0.62-0/blib/lib/Net/Stomp.pm line 199.
Global symbol "$transaction_id" requires explicit package name at /home/david/cpantesting/perl-5.8.9/.cpan/build/Net-Stomp-0.62-0/blib/lib/Net/Stomp.pm line 199.
Global symbol "$frame_commit" requires explicit package name at /home/david/cpantesting/perl-5.8.9/.cpan/build/Net-Stomp-0.62-0/blib/lib/Net/Stomp.pm line 199.
Global symbol "$transaction_id" requires explicit package name at /home/david/cpantesting/perl-5.8.9/.cpan/build/Net-Stomp-0.62-0/blib/lib/Net/Stomp.pm line 199.
Global symbol "$frame_abort" requires explicit package name at /home/david/cpantesting/perl-5.8.9/.cpan/build/Net-Stomp-0.62-0/blib/lib/Net/Stomp.pm line 199.
Global symbol "$transaction_id" requires explicit package name at /home/david/cpantesting/perl-5.8.9/.cpan/build/Net-Stomp-0.62-0/blib/lib/Net/Stomp.pm line 199.
Global symbol "$frame_abort" requires explicit package name at /home/david/cpantesting/perl-5.8.9/.cpan/build/Net-Stomp-0.62-0/blib/lib/Net/Stomp.pm line 199.
Global symbol "$ret" requires explicit package name at /home/david/cpantesting/perl-5.8.9/.cpan/build/Net-Stomp-0.62-0/blib/lib/Net/Stomp.pm line 199.
Global symbol "$subs" requires explicit package name at /home/david/cpantesting/perl-5.8.9/.cpan/build/Net-Stomp-0.62-0/blib/lib/Net/Stomp.pm line 199.
Global symbol "$subs" requires explicit package name at /home/david/cpantesting/perl-5.8.9/.cpan/build/Net-Stomp-0.62-0/blib/lib/Net/Stomp.pm line 199.
Global symbol "$subs" requires explicit package name at /home/david/cpantesting/perl-5.8.9/.cpan/build/Net-Stomp-0.62-0/blib/lib/Net/Stomp.pm line 199.
Global symbol "$subs" requires explicit package name at /home/david/cpantesting/perl-5.8.9/.cpan/build/Net-Stomp-0.62-0/blib/lib/Net/Stomp.pm line 199.
Global symbol "$id" requires explicit package name at /home/david/cpantesting/perl-5.8.9/.cpan/build/Net-Stomp-0.62-0/blib/lib/Net/Stomp.pm line 199.
Global symbol "$id" requires explicit package name at /home/david/cpantesting/perl-5.8.9/.cpan/build/Net-Stomp-0.62-0/blib/lib/Net/Stomp.pm line 199.
Global symbol "$id" requires explicit package name at /home/david/cpantesting/perl-5.8.9/.cpan/build/Net-Stomp-0.62-0/blib/lib/Net/Stomp.pm line 199.
Global symbol "$id" requires explicit package name at /home/david/cpantesting/perl-5.8.9/.cpan/build/Net-Stomp-0.62-0/blib/lib/Net/Stomp.pm line 199.
Global symbol "$id" requires explicit package name at /home/david/cpantesting/perl-5.8.9/.cpan/build/Net-Stomp-0.62-0/blib/lib/Net/Stomp.pm line 199.
Global symbol "$id" requires explicit package name at /home/david/cpantesting/perl-5.8.9/.cpan/build/Net-Stomp-0.62-0/blib/lib/Net/Stomp.pm line 199.
Global symbol "$to_write" requires explicit package name at /home/david/cpantesting/perl-5.8.9/.cpan/build/Net-Stomp-0.62-0/blib/lib/Net/Stomp.pm line 199.
Global symbol "$frame_string" requires explicit package name at /home/david/cpantesting/perl-5.8.9/.cpan/build/Net-Stomp-0.62-0/blib/lib/Net/Stomp.pm line 199.
Global symbol "$written" requires explicit package name at /home/david/cpantesting/perl-5.8.9/.cpan/build/Net-Stomp-0.62-0/blib/lib/Net/Stomp.pm line 199.
Global symbol "$to_write" requires explicit package name at /home/david/cpantesting/perl-5.8.9/.cpan/build/Net-Stomp-0.62-0/blib/lib/Net/Stomp.pm line 199.
Global symbol "$written" requires explicit package name at /home/david/cpantesting/perl-5.8.9/.cpan/build/Net-Stomp-0.62-0/blib/lib/Net/Stomp.pm line 199.
Global symbol "$to_write" requires explicit package name at /home/david/cpantesting/perl-5.8.9/.cpan/build/Net-Stomp-0.62-0/blib/lib/Net/Stomp.pm line 199.
Global symbol "$written" requires explicit package name at /home/david/cpantesting/perl-5.8.9/.cpan/build/Net-Stomp-0.62-0/blib/lib/Net/Stomp.pm line 199.
Global symbol "$to_write" requires explicit package name at /home/david/cpantesting/perl-5.8.9/.cpan/build/Net-Stomp-0.62-0/blib/lib/Net/Stomp.pm line 199.
Global symbol "$written" requires explicit package name at /home/david/cpantesting/perl-5.8.9/.cpan/build/Net-Stomp-0.62-0/blib/lib/Net/Stomp.pm line 199.
Global symbol "$written" requires explicit package name at /home/david/cpantesting/perl-5.8.9/.cpan/build/Net-Stomp-0.62-0/blib/lib/Net/Stomp.pm line 199.
Global symbol "$frame_string" requires explicit package name at /home/david/cpantesting/perl-5.8.9/.cpan/build/Net-Stomp-0.62-0/blib/lib/Net/Stomp.pm line 199.
Global symbol "$written" requires explicit package name at /home/david/cpantesting/perl-5.8.9/.cpan/build/Net-Stomp-0.62-0/blib/lib/Net/Stomp.pm line 199.
Global symbol "$timeout" requires explicit package name at /home/david/cpantesting/perl-5.8.9/.cpan/build/Net-Stomp-0.62-0/blib/lib/Net/Stomp.pm line 199.
Global symbol "$timeout" requires explicit package name at /home/david/cpantesting/perl-5.8.9/.cpan/build/Net-Stomp-0.62-0/blib/lib/Net/Stomp.pm line 199.
Global symbol "$len" requires explicit package name at /home/david/cpantesting/perl-5.8.9/.cpan/build/Net-Stomp-0.62-0/blib/lib/Net/Stomp.pm line 199.
Global symbol "$len" requires explicit package name at /home/david/cpantesting/perl-5.8.9/.cpan/build/Net-Stomp-0.62-0/blib/lib/Net/Stomp.pm line 199.
Global symbol "$len" requires explicit package name at /home/david/cpantesting/perl-5.8.9/.cpan/build/Net-Stomp-0.62-0/blib/lib/Net/Stomp.pm line 199.
Global symbol "$len" requires explicit package name at /home/david/cpantesting/perl-5.8.9/.cpan/build/Net-Stomp-0.62-0/blib/lib/Net/Stomp.pm line 199.
Global symbol "$len" requires explicit package name at /home/david/cpantesting/perl-5.8.9/.cpan/build/Net-Stomp-0.62-0/blib/lib/Net/Stomp.pm line 199.
syntax error at /home/david/cpantesting/perl-5.8.9/.cpan/build/Net-Stomp-0.62-0/blib/lib/Net/Stomp.pm line 456, near "[^"
(Might be a runaway multi-line // string starting on line 199)
/home/david/cpantesting/perl-5.8.9/.cpan/build/Net-Stomp-0.62-0/blib/lib/Net/Stomp.pm has too many errors.
Compilation failed in require at t/lib/TestHelp.pm line 10.
BEGIN failed--compilation aborted at t/lib/TestHelp.pm line 10.
Compilation failed in require at t/sending-frames.t line 2.
BEGIN failed--compilation aborted at t/sending-frames.t line 2.
t/sending-frames.t ......
Dubious, test returned 9 (wstat 2304, 0x900)
No subtests run
Test Summary Report
-------------------
t/connect-disconnect.t (Wstat: 2304 (exited 9) Tests: 0 Failed: 0)
Non-zero exit status: 9
Parse errors: No plan found in TAP output
t/constructor.t (Wstat: 2304 (exited 9) Tests: 0 Failed: 0)
Non-zero exit status: 9
Parse errors: No plan found in TAP output
t/failover.t (Wstat: 2304 (exited 9) Tests: 0 Failed: 0)
Non-zero exit status: 9
Parse errors: No plan found in TAP output
t/frame-accessors.t (Wstat: 2304 (exited 9) Tests: 0 Failed: 0)
Non-zero exit status: 9
Parse errors: No plan found in TAP output
t/initial-connect.t (Wstat: 2304 (exited 9) Tests: 0 Failed: 0)
Non-zero exit status: 9
Parse errors: No plan found in TAP output
t/read-timeout.t (Wstat: 2304 (exited 9) Tests: 0 Failed: 0)
Non-zero exit status: 9
Parse errors: No plan found in TAP output
t/receiving-frames.t (Wstat: 2304 (exited 9) Tests: 0 Failed: 0)
Non-zero exit status: 9
Parse errors: No plan found in TAP output
t/reconnect.t (Wstat: 2304 (exited 9) Tests: 0 Failed: 0)
Non-zero exit status: 9
Parse errors: No plan found in TAP output
t/send-transactional.t (Wstat: 2304 (exited 9) Tests: 0 Failed: 0)
Non-zero exit status: 9
Parse errors: No plan found in TAP output
t/send-with-receipt.t (Wstat: 2304 (exited 9) Tests: 0 Failed: 0)
Non-zero exit status: 9
Parse errors: No plan found in TAP output
t/sending-frames.t (Wstat: 2304 (exited 9) Tests: 0 Failed: 0)
Non-zero exit status: 9
Parse errors: No plan found in TAP output
Files=13, Tests=3, 8 wallclock secs ( 0.11 usr 0.04 sys + 1.07 cusr 0.30 csys = 1.52 CPU)
Result: FAIL
Failed 11/13 test programs. 0/3 subtests failed.
------------------------------
PREREQUISITES
------------------------------
Prerequisite modules loaded:
requires:
Module Need Have
---------------------- -------- --------
Class::Accessor::Fast 0 0.51
IO::Select 0 1.51
IO::Socket::INET 0 1.51
Log::Any 1.707 1.717
build_requires:
Module Need Have
---------------------- -------- --------
Log::Any::Adapter::TAP 0.003003 0.003003
Test::Deep 0 1.130
Test::Fatal 0 0.017
Test::More 0 1.302198
Test::NiceDump v1.0.0 1.0.1
configure_requires:
Module Need Have
---------------------- -------- --------
Module::Build 0.42 0.4234
------------------------------
ENVIRONMENT AND OTHER CONTEXT
------------------------------
Environment variables:
AUTOMATED_TESTING = 1
LANG = en_GB.UTF-8
LANGUAGE = en_GB:en
LC_TERMINAL = iTerm2
LC_TERMINAL_VERSION = 3.4.23
NONINTERACTIVE_TESTING = 1
PATH = /home/david/.nvm/versions/node/v20.11.0/bin:/home/david/.cargo/bin:/home/david/perl5/perlbrew/bin:/home/david/perl5/perlbrew/perls/perl-5.30.2/bin:/home/david/bin:/usr/local/bin:/usr/bin:/bin:/usr/local/games:/usr/games
PERL = 5.8.9
PERL5LIB =
PERL5OPT =
PERL5_CPANPLUS_IS_RUNNING = 1435089
PERL5_CPAN_IS_RUNNING = 1435089
PERLBREW_HOME = /home/david/.perlbrew
PERLBREW_MANPATH = /home/david/perl5/perlbrew/perls/perl-5.30.2/man
PERLBREW_PATH = /home/david/perl5/perlbrew/bin:/home/david/perl5/perlbrew/perls/perl-5.30.2/bin
PERLBREW_PERL = perl-5.30.2
PERLBREW_ROOT = /home/david/perl5/perlbrew
PERLBREW_SHELLRC_VERSION = 0.98
PERLBREW_VERSION = 0.98
PERLVER = 5.8.9
PERL_INLINE_DIRECTORY = /home/david/.Inline-5.8.9
PERL_MM_USE_DEFAULT = 1
PERL_USE_UNSAFE_INC = 0
SHELL = /bin/bash
TERM = screen
Perl special variables (and OS-specific diagnostics, for MSWin32):
$^X = /home/david/cpantesting/perl-5.8.9/bin/perl
$UID/$EUID = 1000 / 1000
$GID = 1000 24 25 27 29 30 44 46 109 1000
$EGID = 1000 24 25 27 29 30 44 46 109 1000
Perl module toolchain versions installed:
Module Have
------------------- --------
CPAN 2.29
CPAN::Meta 2.150010
Cwd 3.75
ExtUtils::CBuilder 0.280236
ExtUtils::Command 7.70
ExtUtils::Install 2.22
ExtUtils::MakeMaker 7.70
ExtUtils::Manifest 1.75
ExtUtils::ParseXS 3.51
File::Spec 3.75
JSON 4.10
JSON::PP 4.16
Module::Build 0.4234
Module::Signature n/a
Parse::CPAN::Meta 2.150010
Test::Harness 3.48
Test::More 1.302198
YAML 1.30
YAML::Syck n/a
version 0.9930
--
Summary of my perl5 (revision 5 version 8 subversion 9) configuration:
Platform:
osname=linux, osvers=5.10.0-11-amd64, archname=x86_64-linux
uname='linux cpantesting-linux-utm 5.10.0-11-amd64 #1 smp debian 5.10.92-1 (2022-01-18) x86_64 gnulinux '
config_args='-de -Dprefix=/home/david/cpantesting/perl-5.8.9 -A ccflags=-fwrapv'
hint=recommended, useposix=true, d_sigaction=define
usethreads=undef use5005threads=undef useithreads=undef usemultiplicity=undef
useperlio=define d_sfio=undef uselargefiles=define usesocks=undef
use64bitint=define use64bitall=define uselongdouble=undef
usemymalloc=n, bincompat5005=undef
Compiler:
cc='cc', ccflags ='-fwrapv -fno-strict-aliasing -pipe -I/usr/local/include -D_LARGEFILE_SOURCE -D_FILE_OFFSET_BITS=64',
optimize='-O2',
cppflags='-fwrapv -fno-strict-aliasing -pipe -I/usr/local/include'
ccversion='', gccversion='10.2.1 20210110', gccosandvers=''
intsize=4, longsize=8, ptrsize=8, doublesize=8, byteorder=12345678
d_longlong=define, longlongsize=8, d_longdbl=define, longdblsize=16
ivtype='long', ivsize=8, nvtype='double', nvsize=8, Off_t='off_t', lseeksize=8
alignbytes=8, prototype=define
Linker and Libraries:
ld='cc', ldflags =' -L/usr/local/lib'
libpth=/usr/local/lib /lib/x86_64-linux-gnu /lib/../lib /usr/lib/x86_64-linux-gnu /usr/lib/../lib /lib /usr/lib /lib64 /usr/lib64
libs=-lnsl -ldl -lm -lcrypt -lutil -lc
perllibs=-lnsl -ldl -lm -lcrypt -lutil -lc
libc=libc-2.31.so, so=so, useshrplib=false, libperl=libperl.a
gnulibc_version='2.31'
Dynamic Linking:
dlsrc=dl_dlopen.xs, dlext=so, d_dlsymun=undef, ccdlflags='-Wl,-E'
cccdlflags='-fPIC', lddlflags='-shared -O2 -L/usr/local/lib'
Characteristics of this binary (from libperl):
Compile-time options: PERL_MALLOC_WRAP USE_64_BIT_ALL USE_64_BIT_INT
USE_FAST_STDIO USE_LARGE_FILES USE_PERLIO
Locally applied patches:
Devel::PatchPerl 2.08
Built under linux
Compiled at Feb 5 2022 22:16:28
%ENV:
PERL="5.8.9"
PERL5LIB=""
PERL5OPT=""
PERL5_CPANPLUS_IS_RUNNING="1435089"
PERL5_CPAN_IS_RUNNING="1435089"
PERLBREW_HOME="/home/david/.perlbrew"
PERLBREW_MANPATH="/home/david/perl5/perlbrew/perls/perl-5.30.2/man"
PERLBREW_PATH="/home/david/perl5/perlbrew/bin:/home/david/perl5/perlbrew/perls/perl-5.30.2/bin"
PERLBREW_PERL="perl-5.30.2"
PERLBREW_ROOT="/home/david/perl5/perlbrew"
PERLBREW_SHELLRC_VERSION="0.98"
PERLBREW_VERSION="0.98"
PERLVER="5.8.9"
PERL_INLINE_DIRECTORY="/home/david/.Inline-5.8.9"
PERL_MM_USE_DEFAULT="1"
PERL_USE_UNSAFE_INC="0"
@INC:
/home/david/cpantesting/perl-5.8.9/lib/5.8.9/x86_64-linux
/home/david/cpantesting/perl-5.8.9/lib/5.8.9
/home/david/cpantesting/perl-5.8.9/lib/site_perl/5.8.9/x86_64-linux
/home/david/cpantesting/perl-5.8.9/lib/site_perl/5.8.9
.