FFI-Platypus v2.01 Perl 5 v5.37.4 OpenBSD.amd64-openbsd
- Status
- Fail
- From
- Carlos Guevara
- Dist
-
FFI-Platypus v2.01
- Platform
- Perl 5 v5.37.4 OpenBSD.amd64-openbsd
- Date
- 2022-09-16 16:30:12
- ID
- d6a055fa-35dc-11ed-91a4-9017e8915852
This distribution has been tested as part of the CPAN Testers
project, supporting the Perl programming language. See
http://wiki.cpantesters.org/ for more information or email
questions to cpan-testers-discuss@perl.org
--
Dear Graham Ollis,
This is a computer-generated report for FFI-Platypus-2.01
on perl 5.37.4, created by CPAN-Reporter-1.2018.
Thank you for uploading your work to CPAN. However, there was a problem
testing your distribution.
If you think this report is invalid, please consult the CPAN Testers Wiki
for suggestions on how to avoid getting FAIL reports for missing library
or binary dependencies, unsupported operating systems, and so on:
http://wiki.cpantesters.org/wiki/CPANAuthorNotes
Sections of this report:
* Tester comments
* Program output
* Prerequisites
* Environment and other context
------------------------------
TESTER COMMENTS
------------------------------
Additional comments from tester:
this report is from an automated smoke testing program
and was not reviewed by a human for accuracy
------------------------------
PROGRAM OUTPUT
------------------------------
Output from '/usr/bin/make test':
"/home/cpan/bin/perl-blead/bin/perl5.37.4" -MExtUtils::Command::MM -e 'cp_nonempty' -- lib/FFI/Platypus.bs blib/arch/auto/FFI/Platypus/Platypus.bs 644
CC t/ffi/align.c
CC t/ffi/align_array.c
CC t/ffi/align_fixed.c
CC t/ffi/align_string.c
CC t/ffi/basic.c
CC t/ffi/closure.c
CC t/ffi/color.c
CC t/ffi/complex_double.c
CC t/ffi/complex_float.c
CC t/ffi/double.c
CC t/ffi/float.c
CC t/ffi/gh117.c
CC t/ffi/gh174.c
CC t/ffi/longdouble.c
CC t/ffi/memcmp4.c
CC t/ffi/meta.c
CC t/ffi/pointer.c
CC t/ffi/record.c
CC t/ffi/sint16.c
CC t/ffi/sint32.c
CC t/ffi/sint64.c
CC t/ffi/sint8.c
CC t/ffi/string.c
CC t/ffi/string_array.c
CC t/ffi/uint16.c
CC t/ffi/uint32.c
CC t/ffi/uint64.c
CC t/ffi/uint8.c
CC t/ffi/variadic.c
LD t/ffi/libtest.so
PERL_DL_NONLAZY=1 "/home/cpan/bin/perl-blead/bin/perl5.37.4" "-MExtUtils::Command::MM" "-MTest::Harness" "-e" "undef *Test::Harness::Switches; test_harness(0, 'blib/lib', 'blib/arch')" t/*.t
#
#
#
# HARNESS_ACTIVE=1
# HARNESS_VERSION=3.44
# LC_ALL=C
# PERL5LIB=/home/cpan/.cpan/build/FFI-Platypus-2.01-0/blib/lib:/home/cpan/.cpan/build/FFI-Platypus-2.01-0/blib/arch:
# PERL5OPT=
# PERL5_CPANPLUS_IS_RUNNING=11727
# PERL5_CPAN_IS_RUNNING=11727
# PERL_DL_NONLAZY=1
# PERL_MM_USE_DEFAULT=1
# PERL_USE_UNSAFE_INC=1
# PERL_VERSION=blead
# SHELL=/usr/local/bin/bash
#
#
#
# PERL5LIB path
# /home/cpan/.cpan/build/FFI-Platypus-2.01-0/blib/lib
# /home/cpan/.cpan/build/FFI-Platypus-2.01-0/blib/arch
#
#
#
# perl 5.037004 openbsd OpenBSD.amd64-openbsd
# Alien::Base 2.68
# Capture::Tiny 0.48
# Devel::Hide 0.0015
# ExtUtils::CBuilder 0.280237
# ExtUtils::MakeMaker 7.64
# ExtUtils::ParseXS 3.46
# FFI::CheckLib 0.29
# File::Spec::Functions 3.86
# IPC::Cmd 1.04
# JSON::PP 4.11
# List::Util 1.63
# Math::LongDouble 0.23
# PkgConfig -
# Test2::API 1.302191
# Test2::V0 0.000145
# autodie 2.34
# constant 1.33
# forks -
# parent 0.238
#
#
#
# mode : fallback
# Alien::FFI->VERSION = 0.25
# Alien::FFI->install_type = share
# Alien::FFI->cflags = -I/home/cpan/bin/perl-blead/lib/site_perl/5.37.4/OpenBSD.amd64-openbsd/auto/share/dist/Alien-FFI/include
# Alien::FFI->libs = -L/home/cpan/bin/perl-blead/lib/site_perl/5.37.4/OpenBSD.amd64-openbsd/auto/share/dist/Alien-FFI/lib -lffi /usr/lib/libpthread.a
# Alien::FFI->version = 3.3
# my_configure = %{configure} --disable-shared --enable-static --disable-builddir
#
#
#
# ffi.platypus.memory.strdup_impl =libc
# ffi.platypus.memory.strndup_impl=libc
#
#
#
# Types:
# double : double, float complex
# float : float
# longdouble : double complex, long double, long double complex
# sint16 : int16_t, short, signed short
# sint32 : blksize_t, dev_t, int, int32_t, senum, signed int, wchar_t, wint_t
# sint64 : blkcnt_t, int64_t, intmax_t, intptr_t, long, long long, off_t, ptrdiff_t, signed long, signed long long, ssize_t, time_t
# sint8 : char, int8_t, signed char
# uint16 : uint16_t, unsigned short, ushort
# uint32 : enum, gid_t, mode_t, nlink_t, uid_t, uint, uint32_t, unsigned int
# uint64 : ino_t, size_t, uint64_t, uintmax_t, uintptr_t, ulong, unsigned long, unsigned long long
# uint8 : bool, uchar, uint8_t, unsigned char
#
#
#
# ABIs:
# default_abi 2
# efi64 3
# gnuw64 4
# unix64 2
# win64 3
#
#
#
# Probes:
# bigendian64 0
# alloca 1
# strnlen 1
# variadic 1
# bigendian 0
# longdouble 1
# complex 1
# abi 1
# recordvalue 1
#
#
#
# [PLATFORM]
# osname : openbsd
# cc : cc
# cxx : c++
# cxxld : c++
# for : ---
# ld : cc
# ccflags : -DPIC -fPIC -fno-strict-aliasing -pipe -fstack-protector-strong -I/usr/local/include -O2 -I/home/cpan/.cpan/build/FFI-Platypus-2.01-0/blib/lib/auto/share/dist/FFI-Platypus/include
# ldflags : -shared -fPIC -L/usr/local/lib -fstack-protector-strong
# object suffix : .o
# library prefix : lib
# library suffix : .so
# cc mm works : -MM
#
#
#
t/00_diag.t .............................. ok
t/ffi_build.t ............................ ok
t/ffi_build_file_base.t .................. ok
t/ffi_build_file_c.t ..................... ok
t/ffi_build_file_cxx.t ................... ok
t/ffi_build_file_library.t ............... ok
t/ffi_build_file_object.t ................ ok
t/ffi_build_mm.t ......................... ok
t/ffi_build_platform.t ................... ok
t/ffi_build_plugin.t ..................... ok
t/ffi_build_plugindata.t ................. ok
unable to allocate memory for closure at /home/cpan/.cpan/build/FFI-Platypus-2.01-0/blib/lib/FFI/Platypus.pm line 393.
t/ffi_platypus.t .........................
All 10 subtests passed
t/ffi_platypus_api.t ..................... ok
t/ffi_platypus_buffer.t .................. ok
unable to allocate memory for closure at /home/cpan/.cpan/build/FFI-Platypus-2.01-0/blib/lib/FFI/Platypus.pm line 393.
t/ffi_platypus_bundle.t ..................
All 4 subtests passed
unable to allocate memory for closure at /home/cpan/.cpan/build/FFI-Platypus-2.01-0/blib/lib/FFI/Platypus/Function.pm line 14.
t/ffi_platypus_closure.t .................
All 4 subtests passed
unable to allocate memory for closure at /home/cpan/.cpan/build/FFI-Platypus-2.01-0/blib/lib/FFI/Platypus/Constant.pm line 40.
unable to allocate memory for closure at /home/cpan/.cpan/build/FFI-Platypus-2.01-0/blib/lib/FFI/Platypus/Constant.pm line 40.
unable to allocate memory for closure at /home/cpan/.cpan/build/FFI-Platypus-2.01-0/blib/lib/FFI/Platypus/Constant.pm line 40.
unable to allocate memory for closure at /home/cpan/.cpan/build/FFI-Platypus-2.01-0/blib/lib/FFI/Platypus/Constant.pm line 40.
unable to allocate memory for closure at /home/cpan/.cpan/build/FFI-Platypus-2.01-0/blib/lib/FFI/Platypus/Constant.pm line 40.
unable to allocate memory for closure at /home/cpan/.cpan/build/FFI-Platypus-2.01-0/blib/lib/FFI/Platypus/Constant.pm line 40.
unable to allocate memory for closure at /home/cpan/.cpan/build/FFI-Platypus-2.01-0/blib/lib/FFI/Platypus/Constant.pm line 40.
unable to allocate memory for closure at /home/cpan/.cpan/build/FFI-Platypus-2.01-0/blib/lib/FFI/Platypus/Constant.pm line 40.
t/ffi_platypus_constant.t ................
All 1 subtests passed
t/ffi_platypus_dl.t ...................... ok
t/ffi_platypus_function.t ................ ok
t/ffi_platypus_function_wrapper.t ........ ok
t/ffi_platypus_internal.t ................ ok
t/ffi_platypus_lang.t .................... ok
t/ffi_platypus_lang_asm.t ................ ok
t/ffi_platypus_lang_c.t .................. ok
t/ffi_platypus_lang_win32.t .............. skipped: Unable to detect wide string details: This type plugin needs wcsnlen from libc, and cannot find it
t/ffi_platypus_legacy.t .................. ok
t/ffi_platypus_memory.t .................. ok
t/ffi_platypus_record.t .................. ok
t/ffi_platypus_record_meta.t ............. ok
t/ffi_platypus_record_tiearray.t ......... ok
t/ffi_platypus_shareconfig.t ............. ok
t/ffi_platypus_type.t .................... ok
t/ffi_platypus_type_pointersizebuffer.t .. ok
t/ffi_platypus_type_stringarray.t ........ ok
t/ffi_platypus_type_stringpointer.t ...... ok
t/ffi_platypus_type_widestring.t ......... skipped: Unable to detect wide string details: This type plugin needs wcsnlen from libc, and cannot find it
t/ffi_platypus_typeparser.t .............. ok
t/ffi_platypus_typeparser_version0.t ..... ok
t/ffi_platypus_typeparser_version1.t ..... ok
t/ffi_platypus_typeparser_version2.t ..... ok
t/ffi_probe.t ............................ ok
t/ffi_probe_runner.t ..................... ok
t/ffi_probe_runner_builder.t ............. ok
t/ffi_probe_runner_result.t .............. ok
t/ffi_temp.t ............................. ok
t/forks.t ................................ skipped: Test requires forks
t/gh117.t ................................ ok
t/gh129.t ................................ ok
t/gh323.t ................................ ok
t/memory.t ............................... skipped: tested only in CI
t/threads.t .............................. skipped: Test requires a threading Perl
t/type_complex_double.t .................. ok
t/type_complex_float.t ................... ok
t/type_custom.t .......................... ok
unable to allocate memory for closure at t/type_double.t line 89.
t/type_double.t ..........................
No subtests run
unable to allocate memory for closure at t/type_float.t line 84.
t/type_float.t ...........................
No subtests run
t/type_longdouble.t ...................... ok
t/type_longdouble__array.t ............... ok
t/type_longdouble__hide.t ................ ok
t/type_longdouble__ptr.t ................. ok
unable to allocate memory for closure at t/type_opaque.t line 131.
t/type_opaque.t ..........................
No subtests run
unable to allocate memory for closure at /home/cpan/.cpan/build/FFI-Platypus-2.01-0/blib/lib/FFI/Platypus/Function.pm line 14.
t/type_record.t ..........................
All 3 subtests passed
unable to allocate memory for closure at /home/cpan/.cpan/build/FFI-Platypus-2.01-0/blib/lib/FFI/Platypus/Function.pm line 14.
t/type_record_value.t ....................
All 1 subtests passed
unable to allocate memory for closure at t/type_sint16.t line 90.
t/type_sint16.t ..........................
No subtests run
unable to allocate memory for closure at t/type_sint32.t line 90.
t/type_sint32.t ..........................
No subtests run
unable to allocate memory for closure at t/type_sint64.t line 90.
t/type_sint64.t ..........................
No subtests run
unable to allocate memory for closure at t/type_sint8.t line 85.
t/type_sint8.t ...........................
No subtests run
unable to allocate memory for closure at t/type_string.t line 45.
t/type_string.t ..........................
No subtests run
unable to allocate memory for closure at t/type_uint16.t line 90.
t/type_uint16.t ..........................
No subtests run
unable to allocate memory for closure at t/type_uint32.t line 90.
t/type_uint32.t ..........................
No subtests run
unable to allocate memory for closure at t/type_uint64.t line 90.
t/type_uint64.t ..........................
No subtests run
unable to allocate memory for closure at t/type_uint8.t line 85.
t/type_uint8.t ...........................
No subtests run
Test Summary Report
-------------------
t/ffi_platypus.t (Wstat: 139 (Signal: SEGV, dumped core) Tests: 10 Failed: 0)
Non-zero wait status: 139
Parse errors: No plan found in TAP output
t/ffi_platypus_bundle.t (Wstat: 139 (Signal: SEGV, dumped core) Tests: 4 Failed: 0)
Non-zero wait status: 139
Parse errors: No plan found in TAP output
t/ffi_platypus_closure.t (Wstat: 139 (Signal: SEGV, dumped core) Tests: 4 Failed: 0)
Non-zero wait status: 139
Parse errors: No plan found in TAP output
t/ffi_platypus_constant.t (Wstat: 139 (Signal: SEGV, dumped core) Tests: 1 Failed: 0)
Non-zero wait status: 139
Parse errors: No plan found in TAP output
t/type_double.t (Wstat: 139 (Signal: SEGV, dumped core) Tests: 0 Failed: 0)
Non-zero wait status: 139
Parse errors: No plan found in TAP output
t/type_float.t (Wstat: 139 (Signal: SEGV, dumped core) Tests: 0 Failed: 0)
Non-zero wait status: 139
Parse errors: No plan found in TAP output
t/type_opaque.t (Wstat: 139 (Signal: SEGV, dumped core) Tests: 0 Failed: 0)
Non-zero wait status: 139
Parse errors: No plan found in TAP output
t/type_record.t (Wstat: 139 (Signal: SEGV, dumped core) Tests: 3 Failed: 0)
Non-zero wait status: 139
Parse errors: No plan found in TAP output
t/type_record_value.t (Wstat: 139 (Signal: SEGV, dumped core) Tests: 1 Failed: 0)
Non-zero wait status: 139
Parse errors: No plan found in TAP output
t/type_sint16.t (Wstat: 139 (Signal: SEGV, dumped core) Tests: 0 Failed: 0)
Non-zero wait status: 139
Parse errors: No plan found in TAP output
t/type_sint32.t (Wstat: 139 (Signal: SEGV, dumped core) Tests: 0 Failed: 0)
Non-zero wait status: 139
Parse errors: No plan found in TAP output
t/type_sint64.t (Wstat: 139 (Signal: SEGV, dumped core) Tests: 0 Failed: 0)
Non-zero wait status: 139
Parse errors: No plan found in TAP output
t/type_sint8.t (Wstat: 139 (Signal: SEGV, dumped core) Tests: 0 Failed: 0)
Non-zero wait status: 139
Parse errors: No plan found in TAP output
t/type_string.t (Wstat: 139 (Signal: SEGV, dumped core) Tests: 0 Failed: 0)
Non-zero wait status: 139
Parse errors: No plan found in TAP output
t/type_uint16.t (Wstat: 139 (Signal: SEGV, dumped core) Tests: 0 Failed: 0)
Non-zero wait status: 139
Parse errors: No plan found in TAP output
t/type_uint32.t (Wstat: 139 (Signal: SEGV, dumped core) Tests: 0 Failed: 0)
Non-zero wait status: 139
Parse errors: No plan found in TAP output
t/type_uint64.t (Wstat: 139 (Signal: SEGV, dumped core) Tests: 0 Failed: 0)
Non-zero wait status: 139
Parse errors: No plan found in TAP output
t/type_uint8.t (Wstat: 139 (Signal: SEGV, dumped core) Tests: 0 Failed: 0)
Non-zero wait status: 139
Parse errors: No plan found in TAP output
Files=72, Tests=231, 44 wallclock secs ( 0.80 usr 0.37 sys + 26.88 cusr 12.35 csys = 40.40 CPU)
Result: FAIL
Failed 18/72 test programs. 0/231 subtests failed.
*** Error 255 in /home/cpan/.cpan/build/FFI-Platypus-2.01-0 (Makefile:1145 'test_dynamic')
------------------------------
PREREQUISITES
------------------------------
Prerequisite modules loaded:
requires:
Module Need Have
--------------------- -------- --------
autodie 0 2.34
Capture::Tiny 0 0.48
constant 1.32 1.33
ExtUtils::MakeMaker 7.12 7.64
FFI::CheckLib 0.05 0.29
File::Spec::Functions 0 3.86
IPC::Cmd 0 1.04
JSON::PP 0 4.11
List::Util 1.45 1.63
parent 0 0.238
perl 5.008004 5.037004
build_requires:
Module Need Have
--------------------- -------- --------
Alien::FFI 0.20 0.25
Capture::Tiny 0 0.48
ExtUtils::CBuilder 0 0.280237
Test2::API 1.302015 1.302191
Test2::V0 0.000121 0.000145
configure_requires:
Module Need Have
--------------------- -------- --------
Capture::Tiny 0 0.48
ExtUtils::MakeMaker 7.12 7.64
ExtUtils::ParseXS 3.30 3.46
IPC::Cmd 0 1.04
JSON::PP 0 4.11
parent 0 0.238
perl 5.006 5.037004
------------------------------
ENVIRONMENT AND OTHER CONTEXT
------------------------------
Environment variables:
AUTOMATED_TESTING = 1
DATE_MANIP_TEST_DM5 = 1
LC_ALL = C
NONINTERACTIVE_TESTING = 1
PATH = /home/cpan/bin/perl-blead/bin:/home/cpan/bin:/home/cpan/bin:/bin:/sbin:/usr/bin:/usr/sbin:/usr/X11R6/bin:/usr/local/bin:/usr/local/sbin:/usr/games
PERL5LIB =
PERL5OPT =
PERL5_CPANPLUS_IS_RUNNING = 11727
PERL5_CPAN_IS_RUNNING = 11727
PERL_MM_USE_DEFAULT = 1
PERL_USE_UNSAFE_INC = 1
PERL_VERSION = blead
SHELL = /usr/local/bin/bash
TERM = screen
TMPDIR = /home/cpan/tmp
Perl special variables (and OS-specific diagnostics, for MSWin32):
$^X = /home/cpan/bin/perl-blead/bin/perl5.37.4
$UID/$EUID = 1001 / 1001
$GID = 1001 1001
$EGID = 1001 1001
Perl module toolchain versions installed:
Module Have
------------------- --------
CPAN 2.34
CPAN::Meta 2.150010
Cwd 3.86
ExtUtils::CBuilder 0.280237
ExtUtils::Command 7.64
ExtUtils::Install 2.20
ExtUtils::MakeMaker 7.64
ExtUtils::Manifest 1.73
ExtUtils::ParseXS 3.46
File::Spec 3.87
JSON 4.09
JSON::PP 4.11
Module::Build 0.4231
Module::Signature n/a
Parse::CPAN::Meta 2.150010
Test::Harness 3.44
Test::More 1.302191
YAML 1.30
YAML::Syck 1.34
version 0.9929
--
Summary of my perl5 (revision 5 version 37 subversion 4) configuration:
Commit id: e69d7f8b2b933533e7d4b0f258a09d331a524e53
Platform:
osname=openbsd
osvers=7.1
archname=OpenBSD.amd64-openbsd
uname='openbsd cjg-openbsd7 7.1 generic#3 amd64 '
config_args='-des -Dprefix=~/bin/perl-blead -Dscriptdir=~/bin/perl-blead/bin -Dusedevel -Duse64bitall'
hint=recommended
useposix=true
d_sigaction=define
useithreads=undef
usemultiplicity=undef
use64bitint=define
use64bitall=define
uselongdouble=undef
usemymalloc=n
default_inc_excludes_dot=define
Compiler:
cc='cc'
ccflags ='-fno-strict-aliasing -pipe -fstack-protector-strong -I/usr/local/include'
optimize='-O2'
cppflags='-fno-strict-aliasing -pipe -fstack-protector-strong -I/usr/local/include'
ccversion=''
gccversion='OpenBSD Clang 13.0.0'
gccosandvers=''
intsize=4
longsize=8
ptrsize=8
doublesize=8
byteorder=12345678
doublekind=3
d_longlong=define
longlongsize=8
d_longdbl=define
longdblsize=16
longdblkind=3
ivtype='long'
ivsize=8
nvtype='double'
nvsize=8
Off_t='off_t'
lseeksize=8
alignbytes=8
prototype=define
Linker and Libraries:
ld='cc'
ldflags ='-Wl,-E -fstack-protector-strong -L/usr/local/lib'
libpth=/usr/lib/clang/13.0.0/lib /usr/lib /usr/local/lib
libs=-lpthread -lm -lutil -lc
perllibs=-lpthread -lm -lutil -lc
libc=/usr/lib/libc.so.96.1
so=so
useshrplib=false
libperl=libperl.a
gnulibc_version=''
Dynamic Linking:
dlsrc=dl_dlopen.xs
dlext=so
d_dlsymun=undef
ccdlflags=' '
cccdlflags='-DPIC -fPIC '
lddlflags='-shared -fPIC -L/usr/local/lib -fstack-protector-strong'
Characteristics of this binary (from libperl):
Compile-time options:
HAS_TIMES
PERLIO_LAYERS
PERL_COPY_ON_WRITE
PERL_DONT_CREATE_GVSV
PERL_HASH_FUNC_SIPHASH13
PERL_HASH_USE_SBOX32
PERL_MALLOC_WRAP
PERL_OP_PARENT
PERL_PRESERVE_IVUV
PERL_USE_DEVEL
PERL_USE_SAFE_PUTENV
USE_64_BIT_ALL
USE_64_BIT_INT
USE_LARGE_FILES
USE_LOCALE
USE_LOCALE_COLLATE
USE_LOCALE_CTYPE
USE_LOCALE_NUMERIC
USE_LOCALE_TIME
USE_PERLIO
USE_PERL_ATOF
Built under openbsd
Compiled at Sep 15 2022 20:18:04
%ENV:
PERL5LIB=""
PERL5OPT=""
PERL5_CPANPLUS_IS_RUNNING="11727"
PERL5_CPAN_IS_RUNNING="11727"
PERL_MM_USE_DEFAULT="1"
PERL_USE_UNSAFE_INC="1"
PERL_VERSION="blead"
@INC:
/home/cpan/bin/perl-blead/lib/site_perl/5.37.4/OpenBSD.amd64-openbsd
/home/cpan/bin/perl-blead/lib/site_perl/5.37.4
/home/cpan/bin/perl-blead/lib/5.37.4/OpenBSD.amd64-openbsd
/home/cpan/bin/perl-blead/lib/5.37.4
.