Statocles v0.097 Perl 5 v5.24.4 x86_64-linux-thread-multi
- Status
- Fail
- From
- David Cantrell (DCANTRELL)
- Dist
-
Statocles v0.097
- Platform
- Perl 5 v5.24.4 x86_64-linux-thread-multi
- Date
- 2020-12-06 18:06:58
- ID
- d52cacf8-37ed-11eb-b7f4-7fb32ce25bbc
This distribution has been tested as part of the CPAN Testers
project, supporting the Perl programming language. See
http://wiki.cpantesters.org/ for more information or email
questions to cpan-testers-discuss@perl.org
--
Dear Doug Bell,
This is a computer-generated report for Statocles-0.097
on perl 5.24.4, created by CPAN-Reporter-1.2018.
Thank you for uploading your work to CPAN. However, there was a problem
testing your distribution.
If you think this report is invalid, please consult the CPAN Testers Wiki
for suggestions on how to avoid getting FAIL reports for missing library
or binary dependencies, unsupported operating systems, and so on:
http://wiki.cpantesters.org/wiki/CPANAuthorNotes
Sections of this report:
* Tester comments
* Program output
* Prerequisites
* Environment and other context
------------------------------
TESTER COMMENTS
------------------------------
Additional comments from tester:
this report is from an automated smoke testing program
and was not reviewed by a human for accuracy
------------------------------
PROGRAM OUTPUT
------------------------------
Output from '/usr/bin/make test':
Skip blib/lib/auto/share/dist/Statocles/theme/bootstrap/plugin/highlight/solarized-light.css (unchanged)
Skip blib/lib/auto/share/dist/Statocles/theme/bootstrap/plugin/highlight/solarized-dark.css (unchanged)
Skip blib/lib/auto/share/dist/Statocles/theme/bootstrap/site/head_after.html.ep (unchanged)
Skip blib/lib/auto/share/dist/Statocles/create/blog/post.markdown (unchanged)
Skip blib/lib/auto/share/dist/Statocles/theme/bootstrap/site/header_after.html.ep (unchanged)
Skip blib/lib/auto/share/dist/Statocles/theme/bootstrap/blog/index.atom.ep (unchanged)
Skip blib/lib/auto/share/dist/Statocles/theme/bootstrap/perldoc/source.html.ep (unchanged)
Skip blib/lib/auto/share/dist/Statocles/theme/bootstrap/site/navbar_extra.html.ep (unchanged)
Skip blib/lib/auto/share/dist/Statocles/theme/bootstrap/css/statocles-bootstrap.css (unchanged)
Skip blib/lib/auto/share/dist/Statocles/theme/bootstrap/site/footer.html.ep (unchanged)
Skip blib/lib/auto/share/dist/Statocles/theme/bootstrap/plugin/highlight/default.css (unchanged)
Skip blib/lib/auto/share/dist/Statocles/theme/bootstrap/layout/full-width.html.ep (unchanged)
Skip blib/lib/auto/share/dist/Statocles/theme/bootstrap/layout/blank.html.ep (unchanged)
Skip blib/lib/auto/share/dist/Statocles/theme/bootstrap/blog/post.html.ep (unchanged)
Skip blib/lib/auto/share/dist/Statocles/theme/bootstrap/blog/index.html.ep (unchanged)
Skip blib/lib/auto/share/dist/Statocles/theme/bootstrap/layout/default.html.ep (unchanged)
Skip blib/lib/auto/share/dist/Statocles/theme/bootstrap/blog/index.rss.ep (unchanged)
Skip blib/lib/auto/share/dist/Statocles/create/script.yml (unchanged)
Skip blib/lib/auto/share/dist/Statocles/create/page/index.markdown (unchanged)
Skip blib/lib/auto/share/dist/Statocles/theme/bootstrap/perldoc/pod.html.ep (unchanged)
Skip blib/lib/auto/share/dist/Statocles/create/site.yml (unchanged)
Skip blib/lib/auto/share/dist/Statocles/theme/default/site/footer.html.ep (unchanged)
Skip blib/lib/auto/share/dist/Statocles/theme/default/plugin/highlight/default.css (unchanged)
Skip blib/lib/auto/share/dist/Statocles/theme/default/perldoc/source.html.ep (unchanged)
Skip blib/lib/auto/share/dist/Statocles/theme/default/perldoc/pod.html.ep (unchanged)
Skip blib/lib/auto/share/dist/Statocles/theme/default/css/normalize.css (unchanged)
Skip blib/lib/auto/share/dist/Statocles/theme/default/layout/full-width.html.ep (unchanged)
Skip blib/lib/auto/share/dist/Statocles/theme/default/css/statocles-default.css (unchanged)
Skip blib/lib/auto/share/dist/Statocles/theme/bootstrap/site/style.html (unchanged)
Skip blib/lib/auto/share/dist/Statocles/theme/default/site/head_after.html.ep (unchanged)
Skip blib/lib/auto/share/dist/Statocles/theme/bootstrap/site/sitemap.xml.ep (unchanged)
Skip blib/lib/auto/share/dist/Statocles/theme/default/plugin/highlight/solarized-dark.css (unchanged)
Skip blib/lib/auto/share/dist/Statocles/theme/default/css/skeleton.css (unchanged)
Skip blib/lib/auto/share/dist/Statocles/theme/default/blog/index.atom.ep (unchanged)
Skip blib/lib/auto/share/dist/Statocles/theme/default/blog/index.html.ep (unchanged)
Skip blib/lib/auto/share/dist/Statocles/theme/default/layout/blank.html.ep (unchanged)
Skip blib/lib/auto/share/dist/Statocles/theme/bootstrap/site/sidebar_before.html.ep (unchanged)
Skip blib/lib/auto/share/dist/Statocles/theme/default/layout/default.html.ep (unchanged)
Skip blib/lib/auto/share/dist/Statocles/theme/default/blog/index.rss.ep (unchanged)
Skip blib/lib/auto/share/dist/Statocles/theme/default/blog/post.html.ep (unchanged)
Skip blib/lib/auto/share/dist/Statocles/theme/bootstrap/site/robots.txt.ep (unchanged)
Skip blib/lib/auto/share/dist/Statocles/theme/default/plugin/highlight/solarized-light.css (unchanged)
Skip blib/lib/auto/share/dist/Statocles/theme/default/site/navbar_extra.html.ep (unchanged)
Skip blib/lib/auto/share/dist/Statocles/theme/default/site/header_after.html.ep (unchanged)
Skip blib/lib/auto/share/dist/Statocles/theme/default/site/sidebar_before.html.ep (unchanged)
Skip blib/lib/auto/share/dist/Statocles/theme/default/site/style.html (unchanged)
Skip blib/lib/auto/share/dist/Statocles/theme/default/site/robots.txt.ep (unchanged)
Skip blib/lib/auto/share/dist/Statocles/theme/default/site/sitemap.xml.ep (unchanged)
Skip blib/lib/auto/share/dist/Statocles/zsh/_statocles (unchanged)
PERL_DL_NONLAZY=1 "/home/david/cpantesting/perl-5.24.4/bin/perl" "-MExtUtils::Command::MM" "-MTest::Harness" "-e" "undef *Test::Harness::Switches; test_harness(0, 'blib/lib', 'blib/arch')" t/*.t t/app/*.t t/app/basic/*.t t/app/blog/*.t t/app/perldoc/*.t t/app/role/*.t t/command/*.t t/deploy/*.t t/link/*.t t/page/*.t t/plugin/*.t t/template/*.t t/theme/*.t
t/00-compile.t ................ ok
#
# Versions for all modules listed in MYMETA.json (including optional ones):
#
# === Configure Requires ===
#
# Module Want Have
# ----------------------- ---- ----
# ExtUtils::MakeMaker any 7.56
# File::ShareDir::Install 0.06 0.13
#
# === Build Requires ===
#
# Module Want Have
# ------------------- ---- ----
# ExtUtils::MakeMaker any 7.56
#
# === Test Requires ===
#
# Module Want Have
# ------------------- -------- --------
# Capture::Tiny any 0.48
# Dir::Self any 0.11
# ExtUtils::MakeMaker any 7.56
# File::Spec any 3.63_01
# IO::Handle any 1.36
# IPC::Open3 any 1.20
# Storable any 2.56_01
# Test::Deep any 1.128
# Test::Differences 0.64 0.67
# Test::Exception 0.42 0.43
# Test::Lib any 0.002
# Test::More 1.001005 1.302183
#
# === Test Recommends ===
#
# Module Want Have
# ---------- -------- --------
# CPAN::Meta 2.120900 2.150005
#
# === Runtime Requires ===
#
# Module Want Have
# ------------------ -------- ----------
# Beam::Emitter 0.007 1.007
# Beam::Wire 1.018 1.023
# DateTime::Moonpig any 1.03
# Encode any 3.08
# Encode::Locale any 1.05
# File::Share any 0.25
# Git::Repository any 1.324
# I18N::Langinfo any 0.13
# IPC::Open3 any 1.20
# Import::Base 0.012 1.004
# JSON::PP any 2.27300_01
# List::UtilsBy 0.09 0.11
# Mojolicious 6.54 8.67
# Moo 2.000001 2.004004
# Path::Tiny 0.084 0.108
# Pod::Simple 3.31 3.32
# Pod::Usage::Return any 0.003
# Role::Tiny 2.000008 2.001004
# Text::Markdown any 1.000031
# Text::Unidecode any 1.30
# Type::Tiny any 1.012000
# Types::Path::Tiny any 0.006
# YAML any 1.30
# strict any 1.11
# warnings any 1.36
#
# === Runtime Recommends ===
#
# Module Want Have
# ------------------------------- ----- -------
# HTML::Lint::Pluggable 0.06 missing
# PPI any missing
# Pod::Elemental any missing
# Pod::Weaver 4.015 missing
# Syntax::Highlight::Engine::Kate any missing
#
t/00-report-prereqs.t ......... ok
t/app/basic/command.t ......... ok
t/app/basic/constructor.t ..... ok
t/app/basic/pages.t ........... ok
t/app/blog/command.t .......... ok
t/app/blog/constructor.t ...... ok
# Current LC_TIME locale: en_GB.UTF-8
# Could not set locale to ru_RU. Still
t/app/blog/pages.t ............ ok
t/app/blog/post_date.t ........ ok
t/app/blog/recent_posts.t ..... ok
t/app/blog/slugs.t ............ ok
t/app/events.t ................ ok
t/app/perldoc/constructor.t ... ok
t/app/perldoc/highlight.t ..... skipped: Syntax::Highlight::Engine::Kate needed
t/app/perldoc/pages.t ......... ok
t/app/role/store.t ............ ok
t/app/template.t .............. ok
t/app/url.t ................... ok
# Failed test 'nothing on stderr'
# at t/command/apps.t line 16.
# STDERR: ERROR: Could not create site object "site" in config file "/tmp/aLHRSt9RTz/site.yml": Reference ["/tmp/aLHRSt9RTz/theme","/tmp/aLHRSt9RTz/theme"] did not pass type constraint "StoreType" (not isa Statocles::Store) (in $args->{"store"}) at /home/david/cpantesting/perl-5.24.4/lib/site_perl/5.24.4/Beam/Wire.pm line 552
# Not a blessed reference
#
# Failed test at t/command/apps.t line 17.
# got: '1'
# expected: '0'
# Failed test 'contains app name, url root, and app class'
# at t/command/apps.t line 18.
# ''
# doesn't match '(?^:blog \(/blog -- Statocles::App::Blog\)\n)'
# Looks like you failed 3 tests of 3.
# Failed test 'get the app list'
# at t/command/apps.t line 20.
# Failed test 'nothing on stderr'
# at t/command/apps.t line 37.
# STDERR: (in cleanup) Error resolving realpath on '/tmp/lLhzDSz1HJ/blog/tmp/lLhzDSz1HJ/blog': No such file or directory at /home/david/cpantesting/perl-5.24.4/.cpan/build/Statocles-0.097-bat8yX/blib/lib/Statocles/Store.pm line 54.
# ERROR: Could not create site object "site" in config file "/tmp/lLhzDSz1HJ/site.yml": Error resolving realpath on '/tmp/lLhzDSz1HJ/blog/tmp/lLhzDSz1HJ/blog': No such file or directory at /home/david/cpantesting/perl-5.24.4/.cpan/build/Statocles-0.097-bat8yX/blib/lib/Statocles/Store.pm line 54.
#
# Failed test at t/command/apps.t line 38.
# got: '1'
# expected: '0'
# Failed test 'contains new post'
# at t/command/apps.t line 39.
# ''
# doesn't match '(?^:New\ post\ at\:)'
# Failed test 'correct post file exists'
# at t/command/apps.t line 41.
# Looks like you failed 4 tests of 4.
# Failed test 'delegate to app command'
# at t/command/apps.t line 42.
# Failed test 'good error message'
# at t/command/apps.t line 64.
# ' (in cleanup) Error resolving realpath on '/tmp/QXHk0Q3CzM/blog/tmp/QXHk0Q3CzM/blog': No such file or directory at /home/david/cpantesting/perl-5.24.4/.cpan/build/Statocles-0.097-bat8yX/blib/lib/Statocles/Store.pm line 54.
# ERROR: Could not create site object "site" in config file "/tmp/QXHk0Q3CzM/site.yml": Error resolving realpath on '/tmp/QXHk0Q3CzM/blog/tmp/QXHk0Q3CzM/blog': No such file or directory at /home/david/cpantesting/perl-5.24.4/.cpan/build/Statocles-0.097-bat8yX/blib/lib/Statocles/Store.pm line 54.
#
# '
# doesn't match '(?^:^ERROR: Application "test" has no commands)'
# STDERR: (in cleanup) Error resolving realpath on '/tmp/QXHk0Q3CzM/blog/tmp/QXHk0Q3CzM/blog': No such file or directory at /home/david/cpantesting/perl-5.24.4/.cpan/build/Statocles-0.097-bat8yX/blib/lib/Statocles/Store.pm line 54.
# ERROR: Could not create site object "site" in config file "/tmp/QXHk0Q3CzM/site.yml": Error resolving realpath on '/tmp/QXHk0Q3CzM/blog/tmp/QXHk0Q3CzM/blog': No such file or directory at /home/david/cpantesting/perl-5.24.4/.cpan/build/Statocles-0.097-bat8yX/blib/lib/Statocles/Store.pm line 54.
#
# Looks like you failed 1 test of 3.
# Failed test 'app without command'
# at t/command/apps.t line 68.
# Looks like you failed 1 test of 1.
# Failed test 'errors'
# at t/command/apps.t line 69.
# Looks like you failed 3 tests of 3.
t/command/apps.t ..............
Dubious, test returned 3 (wstat 768, 0x300)
Failed 3/3 subtests
t/command/build.t ............. ok
# Failed test at t/command/bundle.t line 23.
# got: '1'
# expected: '0'
# Failed test 'nothing on stderr'
# at t/command/bundle.t line 24.
# STDERR: (in cleanup) Error resolving realpath on '/tmp/l5NBIZR_o9/blog/tmp/l5NBIZR_o9/blog': No such file or directory at /home/david/cpantesting/perl-5.24.4/.cpan/build/Statocles-0.097-bat8yX/blib/lib/Statocles/Store.pm line 54.
# ERROR: Could not create site object "site" in config file "/tmp/l5NBIZR_o9/site.yml": Error resolving realpath on '/tmp/l5NBIZR_o9/blog/tmp/l5NBIZR_o9/blog': No such file or directory at /home/david/cpantesting/perl-5.24.4/.cpan/build/Statocles-0.097-bat8yX/blib/lib/Statocles/Store.pm line 54.
#
# Failed test at t/command/bundle.t line 25.
# ''
# doesn't match '(?^:Theme "default" written to "/tmp/l5NBIZR_o9/theme")'
# Looks like you failed 3 tests of 3.
# Failed test 'first time creates directories'
# at t/command/bundle.t line 29.
# Looks like you failed 1 test of 1.
# Failed test 'theme'
# at t/command/bundle.t line 89.
Error open (<:unix:utf8_strict) on '/tmp/l5NBIZR_o9/theme/layout/default.html.ep': No such file or directory at t/command/bundle.t line 26.
# Tests were run but no plan was declared and done_testing() was not seen.
# Looks like your test exited with 255 just after 1.
t/command/bundle.t ............
Dubious, test returned 255 (wstat 65280, 0xff00)
Failed 1/1 subtests
Can't exec "git": No such file or directory at /home/david/cpantesting/perl-5.24.4/.cpan/build/Statocles-0.097-bat8yX/blib/lib/Statocles/Deploy/Git.pm line 197.
Use of uninitialized value $output in pattern match (m//) at /home/david/cpantesting/perl-5.24.4/.cpan/build/Statocles-0.097-bat8yX/blib/lib/Statocles/Deploy/Git.pm line 198.
Use of uninitialized value $git_version in concatenation (.) or string at t/command/create.t line 257.
# Git version:
Use of uninitialized value $git_version in numeric lt (<) at t/command/create.t line 258.
t/command/create.t ............ ok
t/command/daemon.t ............ ok
t/command/deploy.t ............ ok
# Failed test at t/command/error.t line 33.
# 'ERROR: Could not create site object "site" in config file "site.yml": Reference ["/tmp/G1Y8wEMA67/theme","/tmp/G1Y8wEMA67/theme"] did not pass type constraint "StoreType" (not isa Statocles::Store) (in $args->{"store"}) at /home/david/cpantesting/perl-5.24.4/lib/site_perl/5.24.4/Beam/Wire.pm line 552
# Not a blessed reference
#
# '
# doesn't match '(?^:ERROR: Unknown command or app 'daemin')'
# Failed test 'reports pod from bin/statocles, not Statocles'
# at t/command/error.t line 34.
# 'ERROR: Could not create site object "site" in config file "site.yml": Reference ["/tmp/G1Y8wEMA67/theme","/tmp/G1Y8wEMA67/theme"] did not pass type constraint "StoreType" (not isa Statocles::Store) (in $args->{"store"}) at /home/david/cpantesting/perl-5.24.4/lib/site_perl/5.24.4/Beam/Wire.pm line 552
# Not a blessed reference
#
# '
# doesn't match '(?^:statocles -h)'
# Looks like you failed 2 tests of 4.
# Failed test 'unknown command specified'
# at t/command/error.t line 39.
# Looks like you failed 1 test of 5.
t/command/error.t .............
Dubious, test returned 1 (wstat 256, 0x100)
Failed 1/5 subtests
# Failed test at t/command/help_and_version.t line 42.
# got: 'Statocles version 1.00 (Perl v5.24.4)
# Locale: en_GB.UTF-8
# '
# expected: 'Statocles version 1.00 (Perl v5.24.4)
# Locale: en_US.UTF-8
# '
# Failed test at t/command/help_and_version.t line 48.
# got: 'Statocles version 1.00 (Perl v5.24.4)
# Locale: en_GB.UTF-8
# '
# expected: 'Statocles version 1.00 (Perl v5.24.4)
# Locale: en_US.UTF-8
# '
# Looks like you failed 1 test of 3.
# Failed test '-v (verbose) and no args shows version'
# at t/command/help_and_version.t line 49.
# Looks like you failed 2 tests of 4.
# Failed test 'get version'
# at t/command/help_and_version.t line 50.
# Looks like you failed 1 test of 2.
t/command/help_and_version.t ..
Dubious, test returned 1 (wstat 256, 0x100)
Failed 1/2 subtests
t/command/mojo_app.t .......... ok
t/deploy/file.t ............... ok
Can't exec "git": No such file or directory at /home/david/cpantesting/perl-5.24.4/.cpan/build/Statocles-0.097-bat8yX/blib/lib/Statocles/Deploy/Git.pm line 197.
Use of uninitialized value $output in pattern match (m//) at /home/david/cpantesting/perl-5.24.4/.cpan/build/Statocles-0.097-bat8yX/blib/lib/Statocles/Deploy/Git.pm line 198.
t/deploy/git.t ................ skipped: Git not installed
t/deprecated.t ................ ok
t/document.t .................. ok
t/image.t ..................... ok
t/link.t ...................... ok
t/link/tree.t ................. ok
t/page/basename.t ............. ok
t/page/content_sections.t ..... ok
Invalid data attribute in document "/required.markdown". Data attributes that are not hashes are deprecated and will be removed in v2.0. Please use a hash instead. See Statocles::Help::Upgrading
Invalid data attribute in document "/links/alternate_single.markdown". Data attributes that are not hashes are deprecated and will be removed in v2.0. Please use a hash instead. See Statocles::Help::Upgrading
t/page/document.t ............. ok
t/page/file.t ................. ok
t/page/images.t ............... ok
t/page/links.t ................ ok
t/page/list.t ................. ok
t/page/list_item.t ............ ok
[2020-12-06 18:03:17.71948] [8180] [debug] Render page: /path/to/page.html
t/page/plain.t ................ ok
t/page/type.t ................. ok
t/person.t .................... ok
t/plugin.t .................... ok
t/plugin/highlight.t .......... skipped: Syntax::Highlight::Engine::Kate needed
t/plugin/html_lint.t .......... skipped: HTML::Lint::Pluggable v0.06 or higher needed
t/plugin/link_check.t ......... ok
t/plugin/mermaid.t ............ ok
t/site.t ...................... ok
# Current locale: en_GB.UTF-8
# Failed test 'contains blog post document path'
# at t/statocles.t line 73.
# 'perl: warning: Setting locale failed.
# perl: warning: Please check that your locale settings:
# LANGUAGE = "en_GB:en",
# LC_ALL = "en_US.UTF-8",
# LC_TERMINAL_VERSION = "3.4.2",
# LC_TERMINAL = "iTerm2",
# LC_CTYPE = "en_US.UTF-8",
# LANG = "en_US.UTF-8"
# are supported and installed on your system.
# perl: warning: Falling back to the standard locale ("C").
# ERROR: Could not create site object "site" in config file "/tmp/ffWCYaWDoX/site.yml": Reference ["/tmp/ffWCYaWDoX/theme","/tmp/ffWCYaWDoX/theme"] did not pass type constraint "StoreType" (not isa Statocles::Store) (in $args->{"store"}) at /home/david/cpantesting/perl-5.24.4/lib/site_perl/5.24.4/Beam/Wire.pm line 552
# Not a blessed reference
#
# '
# doesn't match '(?^:New post at: \/tmp\/ffWCYaWDoX\/blog\/2020\/12\/06\/test\-a\-a\-ay\/index\.markdown)'
# Looks like you failed 1 test of 3.
# Failed test 'run the command'
# at t/statocles.t line 75.
# No tests run!
# Failed test 'No tests run for subtest "check the generated document"'
# at t/statocles.t line 94.
# Looks like you failed 2 tests of 2.
# Failed test 'handle locales on ARGV and STDIN'
# at t/statocles.t line 95.
Error open (<:unix:utf8_strict) on '/tmp/ffWCYaWDoX/blog/2020/12/06/test-a-a-ay/index.markdown': No such file or directory at t/statocles.t line 79.
# Tests were run but no plan was declared and done_testing() was not seen.
# Looks like your test exited with 255 just after 2.
t/statocles.t .................
Dubious, test returned 255 (wstat 65280, 0xff00)
Failed 1/2 subtests
t/store.t ..................... ok
t/template/basic.t ............ ok
t/template/content.t .......... ok
t/template/include.t .......... ok
t/template/markdown.t ......... ok
Odd number of elements in hash assignment at /home/david/cpantesting/perl-5.24.4/lib/site_perl/5.24.4/Mojo/DOM/CSS.pm line 82.
Odd number of elements in hash assignment at /home/david/cpantesting/perl-5.24.4/lib/site_perl/5.24.4/Mojo/DOM/CSS.pm line 82.
Odd number of elements in hash assignment at /home/david/cpantesting/perl-5.24.4/lib/site_perl/5.24.4/Mojo/DOM/CSS.pm line 82.
Odd number of elements in hash assignment at /home/david/cpantesting/perl-5.24.4/lib/site_perl/5.24.4/Mojo/DOM/CSS.pm line 82.
Odd number of elements in hash assignment at /home/david/cpantesting/perl-5.24.4/lib/site_perl/5.24.4/Mojo/DOM/CSS.pm line 82.
Odd number of elements in hash assignment at /home/david/cpantesting/perl-5.24.4/lib/site_perl/5.24.4/Mojo/DOM/CSS.pm line 82.
Odd number of elements in hash assignment at /home/david/cpantesting/perl-5.24.4/lib/site_perl/5.24.4/Mojo/DOM/CSS.pm line 82.
Odd number of elements in hash assignment at /home/david/cpantesting/perl-5.24.4/lib/site_perl/5.24.4/Mojo/DOM/CSS.pm line 82.
Odd number of elements in hash assignment at /home/david/cpantesting/perl-5.24.4/lib/site_perl/5.24.4/Mojo/DOM/CSS.pm line 82.
Odd number of elements in hash assignment at /home/david/cpantesting/perl-5.24.4/lib/site_perl/5.24.4/Mojo/DOM/CSS.pm line 82.
Odd number of elements in hash assignment at /home/david/cpantesting/perl-5.24.4/lib/site_perl/5.24.4/Mojo/DOM/CSS.pm line 82.
Odd number of elements in hash assignment at /home/david/cpantesting/perl-5.24.4/lib/site_perl/5.24.4/Mojo/DOM/CSS.pm line 82.
Odd number of elements in hash assignment at /home/david/cpantesting/perl-5.24.4/lib/site_perl/5.24.4/Mojo/DOM/CSS.pm line 82.
Odd number of elements in hash assignment at /home/david/cpantesting/perl-5.24.4/lib/site_perl/5.24.4/Mojo/DOM/CSS.pm line 82.
Odd number of elements in hash assignment at /home/david/cpantesting/perl-5.24.4/lib/site_perl/5.24.4/Mojo/DOM/CSS.pm line 82.
Odd number of elements in hash assignment at /home/david/cpantesting/perl-5.24.4/lib/site_perl/5.24.4/Mojo/DOM/CSS.pm line 82.
Odd number of elements in hash assignment at /home/david/cpantesting/perl-5.24.4/lib/site_perl/5.24.4/Mojo/DOM/CSS.pm line 82.
Odd number of elements in hash assignment at /home/david/cpantesting/perl-5.24.4/lib/site_perl/5.24.4/Mojo/DOM/CSS.pm line 82.
Odd number of elements in hash assignment at /home/david/cpantesting/perl-5.24.4/lib/site_perl/5.24.4/Mojo/DOM/CSS.pm line 82.
Odd number of elements in hash assignment at /home/david/cpantesting/perl-5.24.4/lib/site_perl/5.24.4/Mojo/DOM/CSS.pm line 82.
Odd number of elements in hash assignment at /home/david/cpantesting/perl-5.24.4/lib/site_perl/5.24.4/Mojo/DOM/CSS.pm line 82.
Odd number of elements in hash assignment at /home/david/cpantesting/perl-5.24.4/lib/site_perl/5.24.4/Mojo/DOM/CSS.pm line 82.
Odd number of elements in hash assignment at /home/david/cpantesting/perl-5.24.4/lib/site_perl/5.24.4/Mojo/DOM/CSS.pm line 82.
Odd number of elements in hash assignment at /home/david/cpantesting/perl-5.24.4/lib/site_perl/5.24.4/Mojo/DOM/CSS.pm line 82.
Odd number of elements in hash assignment at /home/david/cpantesting/perl-5.24.4/lib/site_perl/5.24.4/Mojo/DOM/CSS.pm line 82.
Odd number of elements in hash assignment at /home/david/cpantesting/perl-5.24.4/lib/site_perl/5.24.4/Mojo/DOM/CSS.pm line 82.
Odd number of elements in hash assignment at /home/david/cpantesting/perl-5.24.4/lib/site_perl/5.24.4/Mojo/DOM/CSS.pm line 82.
Odd number of elements in hash assignment at /home/david/cpantesting/perl-5.24.4/lib/site_perl/5.24.4/Mojo/DOM/CSS.pm line 82.
Odd number of elements in hash assignment at /home/david/cpantesting/perl-5.24.4/lib/site_perl/5.24.4/Mojo/DOM/CSS.pm line 82.
Odd number of elements in hash assignment at /home/david/cpantesting/perl-5.24.4/lib/site_perl/5.24.4/Mojo/DOM/CSS.pm line 82.
Odd number of elements in hash assignment at /home/david/cpantesting/perl-5.24.4/lib/site_perl/5.24.4/Mojo/DOM/CSS.pm line 82.
Odd number of elements in hash assignment at /home/david/cpantesting/perl-5.24.4/lib/site_perl/5.24.4/Mojo/DOM/CSS.pm line 82.
Odd number of elements in hash assignment at /home/david/cpantesting/perl-5.24.4/lib/site_perl/5.24.4/Mojo/DOM/CSS.pm line 82.
Odd number of elements in hash assignment at /home/david/cpantesting/perl-5.24.4/lib/site_perl/5.24.4/Mojo/DOM/CSS.pm line 82.
Odd number of elements in hash assignment at /home/david/cpantesting/perl-5.24.4/lib/site_perl/5.24.4/Mojo/DOM/CSS.pm line 82.
Odd number of elements in hash assignment at /home/david/cpantesting/perl-5.24.4/lib/site_perl/5.24.4/Mojo/DOM/CSS.pm line 82.
Odd number of elements in hash assignment at /home/david/cpantesting/perl-5.24.4/lib/site_perl/5.24.4/Mojo/DOM/CSS.pm line 82.
Odd number of elements in hash assignment at /home/david/cpantesting/perl-5.24.4/lib/site_perl/5.24.4/Mojo/DOM/CSS.pm line 82.
Odd number of elements in hash assignment at /home/david/cpantesting/perl-5.24.4/lib/site_perl/5.24.4/Mojo/DOM/CSS.pm line 82.
Odd number of elements in hash assignment at /home/david/cpantesting/perl-5.24.4/lib/site_perl/5.24.4/Mojo/DOM/CSS.pm line 82.
Odd number of elements in hash assignment at /home/david/cpantesting/perl-5.24.4/lib/site_perl/5.24.4/Mojo/DOM/CSS.pm line 82.
Odd number of elements in hash assignment at /home/david/cpantesting/perl-5.24.4/lib/site_perl/5.24.4/Mojo/DOM/CSS.pm line 82.
Odd number of elements in hash assignment at /home/david/cpantesting/perl-5.24.4/lib/site_perl/5.24.4/Mojo/DOM/CSS.pm line 82.
Odd number of elements in hash assignment at /home/david/cpantesting/perl-5.24.4/lib/site_perl/5.24.4/Mojo/DOM/CSS.pm line 82.
Odd number of elements in hash assignment at /home/david/cpantesting/perl-5.24.4/lib/site_perl/5.24.4/Mojo/DOM/CSS.pm line 82.
Odd number of elements in hash assignment at /home/david/cpantesting/perl-5.24.4/lib/site_perl/5.24.4/Mojo/DOM/CSS.pm line 82.
Odd number of elements in hash assignment at /home/david/cpantesting/perl-5.24.4/lib/site_perl/5.24.4/Mojo/DOM/CSS.pm line 82.
Odd number of elements in hash assignment at /home/david/cpantesting/perl-5.24.4/lib/site_perl/5.24.4/Mojo/DOM/CSS.pm line 82.
Odd number of elements in hash assignment at /home/david/cpantesting/perl-5.24.4/lib/site_perl/5.24.4/Mojo/DOM/CSS.pm line 82.
Odd number of elements in hash assignment at /home/david/cpantesting/perl-5.24.4/lib/site_perl/5.24.4/Mojo/DOM/CSS.pm line 82.
Odd number of elements in hash assignment at /home/david/cpantesting/perl-5.24.4/lib/site_perl/5.24.4/Mojo/DOM/CSS.pm line 82.
Odd number of elements in hash assignment at /home/david/cpantesting/perl-5.24.4/lib/site_perl/5.24.4/Mojo/DOM/CSS.pm line 82.
Odd number of elements in hash assignment at /home/david/cpantesting/perl-5.24.4/lib/site_perl/5.24.4/Mojo/DOM/CSS.pm line 82.
Odd number of elements in hash assignment at /home/david/cpantesting/perl-5.24.4/lib/site_perl/5.24.4/Mojo/DOM/CSS.pm line 82.
Odd number of elements in hash assignment at /home/david/cpantesting/perl-5.24.4/lib/site_perl/5.24.4/Mojo/DOM/CSS.pm line 82.
Odd number of elements in hash assignment at /home/david/cpantesting/perl-5.24.4/lib/site_perl/5.24.4/Mojo/DOM/CSS.pm line 82.
Odd number of elements in hash assignment at /home/david/cpantesting/perl-5.24.4/lib/site_perl/5.24.4/Mojo/DOM/CSS.pm line 82.
Odd number of elements in hash assignment at /home/david/cpantesting/perl-5.24.4/lib/site_perl/5.24.4/Mojo/DOM/CSS.pm line 82.
Odd number of elements in hash assignment at /home/david/cpantesting/perl-5.24.4/lib/site_perl/5.24.4/Mojo/DOM/CSS.pm line 82.
Odd number of elements in hash assignment at /home/david/cpantesting/perl-5.24.4/lib/site_perl/5.24.4/Mojo/DOM/CSS.pm line 82.
Odd number of elements in hash assignment at /home/david/cpantesting/perl-5.24.4/lib/site_perl/5.24.4/Mojo/DOM/CSS.pm line 82.
Odd number of elements in hash assignment at /home/david/cpantesting/perl-5.24.4/lib/site_perl/5.24.4/Mojo/DOM/CSS.pm line 82.
Odd number of elements in hash assignment at /home/david/cpantesting/perl-5.24.4/lib/site_perl/5.24.4/Mojo/DOM/CSS.pm line 82.
Odd number of elements in hash assignment at /home/david/cpantesting/perl-5.24.4/lib/site_perl/5.24.4/Mojo/DOM/CSS.pm line 82.
Odd number of elements in hash assignment at /home/david/cpantesting/perl-5.24.4/lib/site_perl/5.24.4/Mojo/DOM/CSS.pm line 82.
Odd number of elements in hash assignment at /home/david/cpantesting/perl-5.24.4/lib/site_perl/5.24.4/Mojo/DOM/CSS.pm line 82.
Odd number of elements in hash assignment at /home/david/cpantesting/perl-5.24.4/lib/site_perl/5.24.4/Mojo/DOM/CSS.pm line 82.
Odd number of elements in hash assignment at /home/david/cpantesting/perl-5.24.4/lib/site_perl/5.24.4/Mojo/DOM/CSS.pm line 82.
Odd number of elements in hash assignment at /home/david/cpantesting/perl-5.24.4/lib/site_perl/5.24.4/Mojo/DOM/CSS.pm line 82.
Odd number of elements in hash assignment at /home/david/cpantesting/perl-5.24.4/lib/site_perl/5.24.4/Mojo/DOM/CSS.pm line 82.
Odd number of elements in hash assignment at /home/david/cpantesting/perl-5.24.4/lib/site_perl/5.24.4/Mojo/DOM/CSS.pm line 82.
Odd number of elements in hash assignment at /home/david/cpantesting/perl-5.24.4/lib/site_perl/5.24.4/Mojo/DOM/CSS.pm line 82.
Odd number of elements in hash assignment at /home/david/cpantesting/perl-5.24.4/lib/site_perl/5.24.4/Mojo/DOM/CSS.pm line 82.
Odd number of elements in hash assignment at /home/david/cpantesting/perl-5.24.4/lib/site_perl/5.24.4/Mojo/DOM/CSS.pm line 82.
Odd number of elements in hash assignment at /home/david/cpantesting/perl-5.24.4/lib/site_perl/5.24.4/Mojo/DOM/CSS.pm line 82.
Odd number of elements in hash assignment at /home/david/cpantesting/perl-5.24.4/lib/site_perl/5.24.4/Mojo/DOM/CSS.pm line 82.
Odd number of elements in hash assignment at /home/david/cpantesting/perl-5.24.4/lib/site_perl/5.24.4/Mojo/DOM/CSS.pm line 82.
Odd number of elements in hash assignment at /home/david/cpantesting/perl-5.24.4/lib/site_perl/5.24.4/Mojo/DOM/CSS.pm line 82.
Odd number of elements in hash assignment at /home/david/cpantesting/perl-5.24.4/lib/site_perl/5.24.4/Mojo/DOM/CSS.pm line 82.
Odd number of elements in hash assignment at /home/david/cpantesting/perl-5.24.4/lib/site_perl/5.24.4/Mojo/DOM/CSS.pm line 82.
Odd number of elements in hash assignment at /home/david/cpantesting/perl-5.24.4/lib/site_perl/5.24.4/Mojo/DOM/CSS.pm line 82.
Odd number of elements in hash assignment at /home/david/cpantesting/perl-5.24.4/lib/site_perl/5.24.4/Mojo/DOM/CSS.pm line 82.
Odd number of elements in hash assignment at /home/david/cpantesting/perl-5.24.4/lib/site_perl/5.24.4/Mojo/DOM/CSS.pm line 82.
Odd number of elements in hash assignment at /home/david/cpantesting/perl-5.24.4/lib/site_perl/5.24.4/Mojo/DOM/CSS.pm line 82.
Odd number of elements in hash assignment at /home/david/cpantesting/perl-5.24.4/lib/site_perl/5.24.4/Mojo/DOM/CSS.pm line 82.
Odd number of elements in hash assignment at /home/david/cpantesting/perl-5.24.4/lib/site_perl/5.24.4/Mojo/DOM/CSS.pm line 82.
Odd number of elements in hash assignment at /home/david/cpantesting/perl-5.24.4/lib/site_perl/5.24.4/Mojo/DOM/CSS.pm line 82.
Odd number of elements in hash assignment at /home/david/cpantesting/perl-5.24.4/lib/site_perl/5.24.4/Mojo/DOM/CSS.pm line 82.
Odd number of elements in hash assignment at /home/david/cpantesting/perl-5.24.4/lib/site_perl/5.24.4/Mojo/DOM/CSS.pm line 82.
Odd number of elements in hash assignment at /home/david/cpantesting/perl-5.24.4/lib/site_perl/5.24.4/Mojo/DOM/CSS.pm line 82.
t/theme/check.t ............... ok
t/theme/helper.t .............. ok
t/theme/pages.t ............... ok
t/theme/template.t ............ ok
t/types.t ..................... ok
sh: 1: HOPEFULLY_DOES_NOT_EXIST: not found
Terminated
t/util.t ...................... ok
Test Summary Report
-------------------
t/command/apps.t (Wstat: 768 Tests: 3 Failed: 3)
Failed tests: 1-3
Non-zero exit status: 3
t/command/bundle.t (Wstat: 65280 Tests: 1 Failed: 1)
Failed test: 1
Non-zero exit status: 255
Parse errors: No plan found in TAP output
t/command/error.t (Wstat: 256 Tests: 5 Failed: 1)
Failed test: 2
Non-zero exit status: 1
t/command/help_and_version.t (Wstat: 256 Tests: 2 Failed: 1)
Failed test: 2
Non-zero exit status: 1
t/statocles.t (Wstat: 65280 Tests: 2 Failed: 1)
Failed test: 2
Non-zero exit status: 255
Parse errors: No plan found in TAP output
Files=63, Tests=305, 869 wallclock secs ( 1.15 usr 0.19 sys + 213.27 cusr 13.14 csys = 227.75 CPU)
Result: FAIL
Failed 5/63 test programs. 7/305 subtests failed.
make: *** [Makefile:1168: test_dynamic] Error 255
------------------------------
PREREQUISITES
------------------------------
Prerequisite modules loaded:
requires:
Module Need Have
----------------------- -------- ----------
Beam::Emitter 0.007 1.007
Beam::Wire 1.018 1.023
DateTime::Moonpig 0 1.03
Encode 0 3.08
Encode::Locale 0 1.05
File::Share 0 0.25
Git::Repository 0 1.324
I18N::Langinfo 0 0.13
Import::Base 0.012 1.004
IPC::Open3 0 1.20
JSON::PP 0 2.27300_01
List::UtilsBy 0.09 0.11
Mojolicious 6.54 8.67
Moo 2.000001 2.004004
Path::Tiny 0.084 0.108
perl 5.014 5.024004
Pod::Simple 3.31 3.32
Pod::Usage::Return 0 0.003
Role::Tiny 2.000008 2.001004
strict 0 1.11
Text::Markdown 0 1.000031
Text::Unidecode 0 1.30
Type::Tiny 0 1.012000
Types::Path::Tiny 0 0.006
warnings 0 1.36
YAML 0 1.30
build_requires:
Module Need Have
----------------------- -------- ----------
Capture::Tiny 0 0.48
Dir::Self 0 0.11
ExtUtils::MakeMaker 0 7.56
File::Spec 0 3.63_01
IO::Handle 0 1.36
IPC::Open3 0 1.20
Storable 0 2.56_01
Test::Deep 0 1.128
Test::Differences 0.64 0.67
Test::Exception 0.42 0.43
Test::Lib 0 0.002
Test::More 1.001005 1.302183
configure_requires:
Module Need Have
----------------------- -------- ----------
ExtUtils::MakeMaker 0 7.56
File::ShareDir::Install 0.06 0.13
------------------------------
ENVIRONMENT AND OTHER CONTEXT
------------------------------
Environment variables:
AUTOMATED_TESTING = 1
LANG = en_GB.UTF-8
LANGUAGE = en_GB:en
LC_TERMINAL = iTerm2
LC_TERMINAL_VERSION = 3.4.2
NONINTERACTIVE_TESTING = 1
PATH = /usr/local/bin:/usr/bin:/bin:/usr/local/games:/usr/games
PERL = 5.24.4
PERL5LIB =
PERL5OPT =
PERL5_CPANPLUS_IS_RUNNING = 10680
PERL5_CPAN_IS_RUNNING = 10680
PERLVER = 5.24.4
PERL_INLINE_DIRECTORY = /home/david/.Inline-5.24.4
PERL_MM_USE_DEFAULT = 1
PERL_USE_UNSAFE_INC = 0
SHELL = /bin/bash
TERM = screen
Perl special variables (and OS-specific diagnostics, for MSWin32):
$^X = /home/david/cpantesting/perl-5.24.4/bin/perl
$UID/$EUID = 1000 / 1000
$GID = 1000 24 25 27 29 30 44 46 109 1000
$EGID = 1000 24 25 27 29 30 44 46 109 1000
Perl module toolchain versions installed:
Module Have
------------------- ----------
CPAN 2.11_01
CPAN::Meta 2.150005
Cwd 3.63_01
ExtUtils::CBuilder 0.280225
ExtUtils::Command 7.56
ExtUtils::Install 2.06
ExtUtils::MakeMaker 7.56
ExtUtils::Manifest 1.70
ExtUtils::ParseXS 3.31
File::Spec 3.63_01
JSON n/a
JSON::PP 2.27300_01
Module::Build 0.4231
Module::Signature n/a
Parse::CPAN::Meta 1.4417_001
Test::Harness 3.36_01
Test::More 1.302183
YAML 1.30
YAML::Syck n/a
version 0.9916
--
Summary of my perl5 (revision 5 version 24 subversion 4) configuration:
Platform:
osname=linux, osvers=4.9.0-8-amd64, archname=x86_64-linux-thread-multi
uname='linux pigsty 4.9.0-8-amd64 #1 smp debian 4.9.144-3 (2019-02-02) x86_64 gnulinux '
config_args='-de -Duse64bitall -Dusethreads -Dprefix=/home/david/cpantesting/perl-5.24.4'
hint=recommended, useposix=true, d_sigaction=define
useithreads=define, usemultiplicity=define
use64bitint=define, use64bitall=define, uselongdouble=undef
usemymalloc=n, bincompat5005=undef
Compiler:
cc='cc', ccflags ='-D_REENTRANT -D_GNU_SOURCE -fwrapv -fno-strict-aliasing -pipe -fstack-protector-strong -I/usr/local/include -D_LARGEFILE_SOURCE -D_FILE_OFFSET_BITS=64 -D_FORTIFY_SOURCE=2',
optimize='-O2',
cppflags='-D_REENTRANT -D_GNU_SOURCE -fwrapv -fno-strict-aliasing -pipe -fstack-protector-strong -I/usr/local/include'
ccversion='', gccversion='6.3.0 20170516', gccosandvers=''
intsize=4, longsize=8, ptrsize=8, doublesize=8, byteorder=12345678, doublekind=3
d_longlong=define, longlongsize=8, d_longdbl=define, longdblsize=16, longdblkind=3
ivtype='long', ivsize=8, nvtype='double', nvsize=8, Off_t='off_t', lseeksize=8
alignbytes=8, prototype=define
Linker and Libraries:
ld='cc', ldflags =' -fstack-protector-strong -L/usr/local/lib'
libpth=/usr/local/lib /usr/lib/gcc/x86_64-linux-gnu/6/include-fixed /usr/include/x86_64-linux-gnu /usr/lib /lib/x86_64-linux-gnu /lib/../lib /usr/lib/x86_64-linux-gnu /usr/lib/../lib /lib
libs=-lpthread -lnsl -ldb -ldl -lm -lcrypt -lutil -lc
perllibs=-lpthread -lnsl -ldl -lm -lcrypt -lutil -lc
libc=libc-2.24.so, so=so, useshrplib=false, libperl=libperl.a
gnulibc_version='2.24'
Dynamic Linking:
dlsrc=dl_dlopen.xs, dlext=so, d_dlsymun=undef, ccdlflags='-Wl,-E'
cccdlflags='-fPIC', lddlflags='-shared -O2 -L/usr/local/lib -fstack-protector-strong'
Characteristics of this binary (from libperl):
Compile-time options: HAS_TIMES MULTIPLICITY PERLIO_LAYERS
PERL_COPY_ON_WRITE PERL_DONT_CREATE_GVSV
PERL_HASH_FUNC_ONE_AT_A_TIME_HARD
PERL_IMPLICIT_CONTEXT PERL_MALLOC_WRAP
PERL_PRESERVE_IVUV USE_64_BIT_ALL USE_64_BIT_INT
USE_ITHREADS USE_LARGE_FILES USE_LOCALE
USE_LOCALE_COLLATE USE_LOCALE_CTYPE
USE_LOCALE_NUMERIC USE_LOCALE_TIME USE_PERLIO
USE_PERL_ATOF USE_REENTRANT_API
Built under linux
Compiled at Apr 25 2019 01:35:31
%ENV:
PERL="5.24.4"
PERL5LIB=""
PERL5OPT=""
PERL5_CPANPLUS_IS_RUNNING="10680"
PERL5_CPAN_IS_RUNNING="10680"
PERLVER="5.24.4"
PERL_INLINE_DIRECTORY="/home/david/.Inline-5.24.4"
PERL_MM_USE_DEFAULT="1"
PERL_USE_UNSAFE_INC="0"
@INC:
/home/david/cpantesting/perl-5.24.4/lib/site_perl/5.24.4/x86_64-linux-thread-multi
/home/david/cpantesting/perl-5.24.4/lib/site_perl/5.24.4
/home/david/cpantesting/perl-5.24.4/lib/5.24.4/x86_64-linux-thread-multi
/home/david/cpantesting/perl-5.24.4/lib/5.24.4
.