Dist-Zilla-PluginBundle-GitLab v1.0002 Perl 5 v5.10.1 amd64-freebsd

Status
Fail
From
Slaven Rezić
Dist
Dist-Zilla-PluginBundle-GitLab v1.0002
Platform
Perl 5 v5.10.1 amd64-freebsd
Date
2022-01-09 18:20:29
ID
d2f5940c-7178-11ec-ab8e-c22a1f24ea8f
This distribution has been tested as part of the CPAN Testers
project, supporting the Perl programming language.  See
http://wiki.cpantesters.org/ for more information or email
questions to cpan-testers-discuss@perl.org


--
Dear D Ruth Holloway,

This is a computer-generated report for Dist-Zilla-PluginBundle-GitLab-1.0002
on perl 5.10.1, created by CPAN-Reporter-1.2018.

Thank you for uploading your work to CPAN.  However, there was a problem
testing your distribution.

If you think this report is invalid, please consult the CPAN Testers Wiki
for suggestions on how to avoid getting FAIL reports for missing library
or binary dependencies, unsupported operating systems, and so on:

http://wiki.cpantesters.org/wiki/CPANAuthorNotes

Sections of this report:

    * Tester comments
    * Program output
    * Prerequisites
    * Environment and other context

------------------------------
TESTER COMMENTS
------------------------------

Additional comments from tester:

none provided

------------------------------
PROGRAM OUTPUT
------------------------------

Output from '/usr/bin/make test':

PERL_DL_NONLAZY=1 "/usr/perl5.10.1/bin/perl5.10.1" "-MExtUtils::Command::MM" "-MTest::Harness" "-e" "undef *Test::Harness::Switches; test_harness(0, 'blib/lib', 'blib/arch')" t/*.t t/tests/dist/zilla/app/command/*.t t/tests/dist/zilla/plugin/gitlab/*.t t/tests/dist/zilla/pluginbundle/*.t

#   Failed test 'Dist/Zilla/App/Command/gl.pm loaded ok'
#   at t/00-compile.t line 48.
#          got: '2304'
#     expected: '0'
syntax error at /usr/home/cpansand/.cpan/build/2022010917/Dist-Zilla-PluginBundle-GitLab-1.0002-4/blib/lib/Dist/Zilla/App/Command/gl.pm line 1, near "package Dist::Zilla::App::Command::gl 1.0002"
Compilation failed in require at -e line 1.

#   Failed test 'Dist/Zilla/Plugin/GitLab.pm loaded ok'
#   at t/00-compile.t line 48.
#          got: '2304'
#     expected: '0'
syntax error at /usr/home/cpansand/.cpan/build/2022010917/Dist-Zilla-PluginBundle-GitLab-1.0002-4/blib/lib/Dist/Zilla/Plugin/GitLab.pm line 1, near "package Dist::Zilla::Plugin::GitLab 1.0002"
Compilation failed in require at -e line 1.

#   Failed test 'Dist/Zilla/Plugin/GitLab/Create.pm loaded ok'
#   at t/00-compile.t line 48.
#          got: '2304'
#     expected: '0'
syntax error at /usr/home/cpansand/.cpan/build/2022010917/Dist-Zilla-PluginBundle-GitLab-1.0002-4/blib/lib/Dist/Zilla/Plugin/GitLab/Create.pm line 1, near "package Dist::Zilla::Plugin::GitLab::Create 1.0002"
Compilation failed in require at -e line 1.

#   Failed test 'Dist/Zilla/Plugin/GitLab/Meta.pm loaded ok'
#   at t/00-compile.t line 48.
#          got: '2304'
#     expected: '0'
syntax error at /usr/home/cpansand/.cpan/build/2022010917/Dist-Zilla-PluginBundle-GitLab-1.0002-4/blib/lib/Dist/Zilla/Plugin/GitLab/Meta.pm line 1, near "package Dist::Zilla::Plugin::GitLab::Meta 1.0002"
Compilation failed in require at -e line 1.

#   Failed test 'Dist/Zilla/Plugin/GitLab/Update.pm loaded ok'
#   at t/00-compile.t line 48.
#          got: '2304'
#     expected: '0'
syntax error at /usr/home/cpansand/.cpan/build/2022010917/Dist-Zilla-PluginBundle-GitLab-1.0002-4/blib/lib/Dist/Zilla/Plugin/GitLab/Update.pm line 1, near "package Dist::Zilla::Plugin::GitLab::Update 1.0002"
Compilation failed in require at -e line 1.

#   Failed test 'Dist/Zilla/PluginBundle/GitLab.pm loaded ok'
#   at t/00-compile.t line 48.
#          got: '2304'
#     expected: '0'
syntax error at /usr/home/cpansand/.cpan/build/2022010917/Dist-Zilla-PluginBundle-GitLab-1.0002-4/blib/lib/Dist/Zilla/PluginBundle/GitLab.pm line 1, near "package Dist::Zilla::PluginBundle::GitLab 1.0002"
Compilation failed in require at -e line 1.
# Looks like you failed 6 tests of 6.
t/00-compile.t ............................. 
Dubious, test returned 6 (wstat 1536, 0x600)
Failed 6/6 subtests 
# 
# Versions for all modules listed in MYMETA.json (including optional ones):
# 
# === Configure Requires ===
# 
#     Module              Want Have
#     ------------------- ---- ----
#     ExtUtils::MakeMaker  any 7.64
# 
# === Build Requires ===
# 
#     Module              Want Have
#     ------------------- ---- ----
#     ExtUtils::MakeMaker  any 7.64
# 
# === Test Requires ===
# 
#     Module                Want     Have
#     --------------------- ---- --------
#     ExtUtils::MakeMaker    any     7.64
#     File::Spec             any     3.75
#     FindBin                any     1.50
#     IO::Handle             any     1.45
#     IPC::Open3             any     1.04
#     Path::Tiny             any    0.120
#     Test2::Tools::Compare  any 0.000142
#     Test2::Tools::Explain  any     0.02
#     Test2::Tools::JSON     any     0.04
#     Test2::V0              any 0.000142
#     Test::DZil             any    5.048
#     Test::More             any 1.302188
#     lib                    any     0.62
#     strict                 any     1.04
#     warnings               any     1.06
# 
# === Test Recommends ===
# 
#     Module         Want     Have
#     ---------- -------- --------
#     CPAN::Meta 2.120900 2.150010
# 
# === Runtime Requires ===
# 
#     Module                                Want       Have
#     ------------------------------------- ---- ----------
#     Carp                                   any       1.50
#     Class::Load                            any       0.25
#     Cwd                                    any       3.75
#     Data::Dumper                           any      2.181
#     Dist::Zilla::App                       any      5.048
#     Dist::Zilla::Dist::Minter              any      5.048
#     Dist::Zilla::Role::AfterMint           any      5.048
#     Dist::Zilla::Role::AfterRelease        any      5.048
#     Dist::Zilla::Role::MetaProvider        any      5.048
#     Dist::Zilla::Role::PluginBundle::Easy  any      5.048
#     Dist::Zilla::Role::TextTemplate        any      5.048
#     File::Basename                         any       2.77
#     Git::Wrapper                           any      0.046
#     HTTP::Tiny                             any      0.076
#     JSON::MaybeXS                          any   1.004003
#     List::Util                             any       1.56
#     Modern::Perl                           any 1.20200211
#     Moose                                  any     2.2201
#     Try::Tiny                              any       0.31
#     URL::Encode                            any       0.03
# 
t/00-report-prereqs.t ...................... ok
t/tests/dist/zilla/app/command/gl.t ........ skipped: Tests for dzil gl commands not yet written.
t/tests/dist/zilla/plugin/gitlab/create.t .. skipped: Tests not yet written.
t/tests/dist/zilla/plugin/gitlab/meta.t .... skipped: Tests not yet written.
syntax error at /usr/home/cpansand/.cpan/build/2022010917/Dist-Zilla-PluginBundle-GitLab-1.0002-4/blib/lib/Dist/Zilla/Plugin/GitLab.pm line 1, near "package Dist::Zilla::Plugin::GitLab 1.0002"
Compilation failed in require at t/tests/dist/zilla/plugin/gitlab/update.t line 11.
BEGIN failed--compilation aborted at t/tests/dist/zilla/plugin/gitlab/update.t line 11.
t/tests/dist/zilla/plugin/gitlab/update.t .. 
Dubious, test returned 9 (wstat 2304, 0x900)
No subtests run 
t/tests/dist/zilla/pluginbundle/gitlab.t ... skipped: Tests not yet written.

Test Summary Report
-------------------
t/00-compile.t                           (Wstat: 1536 Tests: 6 Failed: 6)
  Failed tests:  1-6
  Non-zero exit status: 6
t/tests/dist/zilla/plugin/gitlab/update.t (Wstat: 2304 Tests: 0 Failed: 0)
  Non-zero exit status: 9
  Parse errors: No plan found in TAP output
Files=7, Tests=7,  3 wallclock secs ( 0.02 usr  0.03 sys +  0.95 cusr  0.16 csys =  1.16 CPU)
Result: FAIL
Failed 2/7 test programs. 6/7 subtests failed.
*** [test_dynamic] Error code 255

Stop in /usr/home/cpansand/.cpan/build/2022010917/Dist-Zilla-PluginBundle-GitLab-1.0002-4.

------------------------------
PREREQUISITES
------------------------------

Prerequisite modules loaded:

requires:

    Module                                Need     Have      
    ------------------------------------- -------- ----------
    Carp                                  0        1.50      
    Class::Load                           0        0.25      
    Cwd                                   0        3.75      
    Data::Dumper                          0        2.181     
    Dist::Zilla::App                      0        5.048     
    Dist::Zilla::Dist::Minter             0        5.048     
    Dist::Zilla::Role::AfterMint          0        5.048     
    Dist::Zilla::Role::AfterRelease       0        5.048     
    Dist::Zilla::Role::MetaProvider       0        5.048     
    Dist::Zilla::Role::PluginBundle::Easy 0        5.048     
    Dist::Zilla::Role::TextTemplate       0        5.048     
    File::Basename                        0        2.77      
    Git::Wrapper                          0        0.046     
    HTTP::Tiny                            0        0.076     
    JSON::MaybeXS                         0        1.004003  
    List::Util                            0        1.56      
    Modern::Perl                          0        1.20200211
    Moose                                 0        2.2201    
    perl                                  5.008    5.010001  
    Try::Tiny                             0        0.31      
    URL::Encode                           0        0.03      

build_requires:

    Module                                Need     Have      
    ------------------------------------- -------- ----------
    ExtUtils::MakeMaker                   0        7.64      
    File::Spec                            0        3.75      
    FindBin                               0        1.50      
    IO::Handle                            0        1.45      
    IPC::Open3                            0        1.04      
    lib                                   0        0.62      
    Path::Tiny                            0        0.120     
    strict                                0        1.04      
    Test2::Tools::Compare                 0        0.000142  
    Test2::Tools::Explain                 0        0.02      
    Test2::Tools::JSON                    0        0.04      
    Test2::V0                             0        0.000142  
    Test::DZil                            0        5.048     
    Test::More                            0        1.302188  
    warnings                              0        1.06      

configure_requires:

    Module                                Need     Have      
    ------------------------------------- -------- ----------
    ExtUtils::MakeMaker                   0        7.64      

opt_build_requires:

    Module                                Need     Have      
    ------------------------------------- -------- ----------
    CPAN::Meta                            2.120900 2.150010  


------------------------------
ENVIRONMENT AND OTHER CONTEXT
------------------------------

Environment variables:

    LC_ALL = de_DE.ISO8859-1
    PATH = /usr/local/bin:/usr/bin:/bin:/usr/local/sbin:/usr/sbin:/sbin:/home/cpansand/bin/freebsd9.3:/home/cpansand/bin/sh:/home/cpansand/bin:/usr/games:/home/cpansand/devel:/usr/home/eserte/src/srezic-misc/scripts
    PERL5LIB = 
    PERL5OPT = 
    PERL5_CPANPLUS_IS_RUNNING = 43898
    PERL5_CPAN_IS_RUNNING = 43898
    PERL5_CPAN_IS_RUNNING_IN_RECURSION = 42959,43898
    PERLDOC = -MPod::Perldoc::ToTextOverstrike
    PERL_BATCH = yes
    PERL_CANARY_STABILITY_NOPROMPT = 1
    PERL_CPAN_REPORTER_CONFIG = /var/tmp/cpansmoker-1023/2022010917/cpanreporter_000_config.ini
    PERL_EXTUTILS_AUTOINSTALL = --defaultdeps
    PERL_USE_UNSAFE_INC = 1
    SHELL = /usr/local/bin/zsh
    TERM = screen
    TMPDIR = /var/tmp/cpansmoker-1023/2022010917

Perl special variables (and OS-specific diagnostics, for MSWin32):

    $^X = /usr/perl5.10.1/bin/perl5.10.1
    $UID/$EUID = 1023 / 1023
    $GID = 1023 1023
    $EGID = 1023 1023

Perl module toolchain versions installed:

    Module              Have    
    ------------------- --------
    CPAN                2.27    
    CPAN::Meta          2.150010
    Cwd                 3.75    
    ExtUtils::CBuilder  0.280231
    ExtUtils::Command   7.64    
    ExtUtils::Install   2.20    
    ExtUtils::MakeMaker 7.64    
    ExtUtils::Manifest  1.73    
    ExtUtils::ParseXS   3.35    
    File::Spec          3.75    
    JSON                4.04    
    JSON::PP            4.05    
    Module::Build       0.4231  
    Module::Signature   0.88    
    Parse::CPAN::Meta   2.150010
    Test::Harness       3.42    
    Test::More          1.302188
    YAML                1.30    
    YAML::Syck          1.33    
    version             0.9929  


--

Summary of my perl5 (revision 5 version 10 subversion 1) configuration:
   
  Platform:
    osname=freebsd, osvers=9.2-release-p4, archname=amd64-freebsd
    uname='freebsd cvrsnica-freebsd-92 9.2-release-p4 freebsd 9.2-release-p4 #0: tue apr 8 18:08:22 utc 2014 root@amd64-builder.daemonology.net:usrobjusrsrcsysgeneric amd64 '
    config_args='-ds -e -Dprefix=/usr/perl5.10.1'
    hint=recommended, useposix=true, d_sigaction=define
    useithreads=undef, usemultiplicity=undef
    useperlio=define, d_sfio=undef, uselargefiles=define, usesocks=undef
    use64bitint=define, use64bitall=define, uselongdouble=undef
    usemymalloc=n, bincompat5005=undef
  Compiler:
    cc='cc', ccflags ='-DHAS_FPSETMASK -DHAS_FLOATINGPOINT_H -fno-strict-aliasing -pipe -fstack-protector -I/usr/local/include',
    optimize='-O',
    cppflags='-DHAS_FPSETMASK -DHAS_FLOATINGPOINT_H -fno-strict-aliasing -pipe -fstack-protector -I/usr/local/include'
    ccversion='', gccversion='4.2.1 20070831 patched [FreeBSD]', gccosandvers=''
    intsize=4, longsize=8, ptrsize=8, doublesize=8, byteorder=12345678
    d_longlong=define, longlongsize=8, d_longdbl=define, longdblsize=16
    ivtype='long', ivsize=8, nvtype='double', nvsize=8, Off_t='off_t', lseeksize=8
    alignbytes=8, prototype=define
  Linker and Libraries:
    ld='cc', ldflags ='-Wl,-E  -fstack-protector -L/usr/local/lib'
    libpth=/usr/lib /usr/local/lib
    libs=-lgdbm -lm -lcrypt -lutil -lc
    perllibs=-lm -lcrypt -lutil -lc
    libc=, so=so, useshrplib=false, libperl=libperl.a
    gnulibc_version=''
  Dynamic Linking:
    dlsrc=dl_dlopen.xs, dlext=so, d_dlsymun=undef, ccdlflags=' '
    cccdlflags='-DPIC -fPIC', lddlflags='-shared  -L/usr/local/lib -fstack-protector'


Characteristics of this binary (from libperl): 
  Compile-time options: PERL_DONT_CREATE_GVSV PERL_MALLOC_WRAP USE_64_BIT_ALL
                        USE_64_BIT_INT USE_LARGE_FILES USE_PERLIO
  Built under freebsd
  Compiled at May 15 2014 23:30:26
  %ENV:
    PERL5LIB=""
    PERL5OPT=""
    PERL5_CPANPLUS_IS_RUNNING="43898"
    PERL5_CPAN_IS_RUNNING="43898"
    PERL5_CPAN_IS_RUNNING_IN_RECURSION="42959,43898"
    PERLDOC="-MPod::Perldoc::ToTextOverstrike"
    PERL_BATCH="yes"
    PERL_CANARY_STABILITY_NOPROMPT="1"
    PERL_CPAN_REPORTER_CONFIG="/var/tmp/cpansmoker-1023/2022010917/cpanreporter_000_config.ini"
    PERL_EXTUTILS_AUTOINSTALL="--defaultdeps"
    PERL_USE_UNSAFE_INC="1"
  @INC:
    /usr/perl5.10.1/lib/5.10.1/amd64-freebsd
    /usr/perl5.10.1/lib/5.10.1
    /usr/perl5.10.1/lib/site_perl/5.10.1/amd64-freebsd
    /usr/perl5.10.1/lib/site_perl/5.10.1
    .