Statocles v0.089 Perl 5 v5.22.4 x86_64-linux-thread-multi

Status
Fail
From
David Cantrell (DCANTRELL)
Dist
Statocles v0.089
Platform
Perl 5 v5.22.4 x86_64-linux-thread-multi
Date
2018-03-28 20:08:45
ID
d1e9c9a4-32c3-11e8-89f1-a4017347484a
This distribution has been tested as part of the CPAN Testers
project, supporting the Perl programming language.  See
http://wiki.cpantesters.org/ for more information or email
questions to cpan-testers-discuss@perl.org


--
Dear Doug Bell,

This is a computer-generated report for Statocles-0.089
on perl 5.22.4, created by CPAN-Reporter-1.2018.

Thank you for uploading your work to CPAN.  However, there was a problem
testing your distribution.

If you think this report is invalid, please consult the CPAN Testers Wiki
for suggestions on how to avoid getting FAIL reports for missing library
or binary dependencies, unsupported operating systems, and so on:

http://wiki.cpantesters.org/wiki/CPANAuthorNotes

Sections of this report:

    * Tester comments
    * Program output
    * Prerequisites
    * Environment and other context

------------------------------
TESTER COMMENTS
------------------------------

Additional comments from tester:

this report is from an automated smoke testing program
and was not reviewed by a human for accuracy

------------------------------
PROGRAM OUTPUT
------------------------------

Output from '/usr/bin/make test':

Skip blib/lib/auto/share/dist/Statocles/theme/default/site/style.html (unchanged)
Skip blib/lib/auto/share/dist/Statocles/theme/bootstrap/css/statocles-bootstrap.css (unchanged)
Skip blib/lib/auto/share/dist/Statocles/theme/bootstrap/plugin/highlight/solarized-light.css (unchanged)
Skip blib/lib/auto/share/dist/Statocles/theme/default/blog/index.atom.ep (unchanged)
Skip blib/lib/auto/share/dist/Statocles/theme/default/site/robots.txt.ep (unchanged)
Skip blib/lib/auto/share/dist/Statocles/create/script.yml (unchanged)
Skip blib/lib/auto/share/dist/Statocles/theme/bootstrap/blog/index.atom.ep (unchanged)
Skip blib/lib/auto/share/dist/Statocles/theme/default/site/head_after.html.ep (unchanged)
Skip blib/lib/auto/share/dist/Statocles/theme/bootstrap/blog/index.rss.ep (unchanged)
Skip blib/lib/auto/share/dist/Statocles/theme/default/css/skeleton.css (unchanged)
Skip blib/lib/auto/share/dist/Statocles/theme/bootstrap/blog/post.html.ep (unchanged)
Skip blib/lib/auto/share/dist/Statocles/theme/default/plugin/highlight/solarized-light.css (unchanged)
Skip blib/lib/auto/share/dist/Statocles/theme/bootstrap/layout/default.html.ep (unchanged)
Skip blib/lib/auto/share/dist/Statocles/theme/default/layout/full-width.html.ep (unchanged)
Skip blib/lib/auto/share/dist/Statocles/theme/default/blog/post.html.ep (unchanged)
Skip blib/lib/auto/share/dist/Statocles/theme/default/css/statocles-default.css (unchanged)
Skip blib/lib/auto/share/dist/Statocles/theme/bootstrap/layout/full-width.html.ep (unchanged)
Skip blib/lib/auto/share/dist/Statocles/theme/default/site/footer.html.ep (unchanged)
Skip blib/lib/auto/share/dist/Statocles/theme/default/site/navbar_extra.html.ep (unchanged)
Skip blib/lib/auto/share/dist/Statocles/theme/default/site/sitemap.xml.ep (unchanged)
Skip blib/lib/auto/share/dist/Statocles/theme/bootstrap/perldoc/source.html.ep (unchanged)
Skip blib/lib/auto/share/dist/Statocles/theme/default/perldoc/pod.html.ep (unchanged)
Skip blib/lib/auto/share/dist/Statocles/theme/default/plugin/highlight/default.css (unchanged)
Skip blib/lib/auto/share/dist/Statocles/theme/default/perldoc/source.html.ep (unchanged)
Skip blib/lib/auto/share/dist/Statocles/theme/bootstrap/site/head_after.html.ep (unchanged)
Skip blib/lib/auto/share/dist/Statocles/theme/default/layout/blank.html.ep (unchanged)
Skip blib/lib/auto/share/dist/Statocles/theme/bootstrap/site/header_after.html.ep (unchanged)
Skip blib/lib/auto/share/dist/Statocles/theme/bootstrap/site/navbar_extra.html.ep (unchanged)
Skip blib/lib/auto/share/dist/Statocles/zsh/_statocles (unchanged)
Skip blib/lib/auto/share/dist/Statocles/theme/bootstrap/site/footer.html.ep (unchanged)
Skip blib/lib/auto/share/dist/Statocles/theme/default/blog/index.html.ep (unchanged)
Skip blib/lib/auto/share/dist/Statocles/create/page/index.markdown (unchanged)
Skip blib/lib/auto/share/dist/Statocles/theme/bootstrap/plugin/highlight/solarized-dark.css (unchanged)
Skip blib/lib/auto/share/dist/Statocles/theme/bootstrap/site/style.html (unchanged)
Skip blib/lib/auto/share/dist/Statocles/theme/default/site/sidebar_before.html.ep (unchanged)
Skip blib/lib/auto/share/dist/Statocles/theme/bootstrap/blog/index.html.ep (unchanged)
Skip blib/lib/auto/share/dist/Statocles/create/site.yml (unchanged)
Skip blib/lib/auto/share/dist/Statocles/theme/bootstrap/layout/blank.html.ep (unchanged)
Skip blib/lib/auto/share/dist/Statocles/theme/bootstrap/site/robots.txt.ep (unchanged)
Skip blib/lib/auto/share/dist/Statocles/theme/bootstrap/site/sidebar_before.html.ep (unchanged)
Skip blib/lib/auto/share/dist/Statocles/theme/default/blog/index.rss.ep (unchanged)
Skip blib/lib/auto/share/dist/Statocles/theme/default/css/normalize.css (unchanged)
Skip blib/lib/auto/share/dist/Statocles/theme/bootstrap/site/sitemap.xml.ep (unchanged)
Skip blib/lib/auto/share/dist/Statocles/theme/bootstrap/perldoc/pod.html.ep (unchanged)
Skip blib/lib/auto/share/dist/Statocles/create/blog/post.markdown (unchanged)
Skip blib/lib/auto/share/dist/Statocles/theme/bootstrap/plugin/highlight/default.css (unchanged)
Skip blib/lib/auto/share/dist/Statocles/theme/default/site/header_after.html.ep (unchanged)
Skip blib/lib/auto/share/dist/Statocles/theme/default/plugin/highlight/solarized-dark.css (unchanged)
Skip blib/lib/auto/share/dist/Statocles/theme/default/layout/default.html.ep (unchanged)
PERL_DL_NONLAZY=1 "/home/david/cpantesting/perl-5.22.4/bin/perl" "-MExtUtils::Command::MM" "-MTest::Harness" "-e" "undef *Test::Harness::Switches; test_harness(0, 'blib/lib', 'blib/arch')" t/*.t t/app/*.t t/app/basic/*.t t/app/blog/*.t t/app/perldoc/*.t t/app/role/*.t t/bin/*.t t/command/*.t t/deploy/*.t t/link/*.t t/page/*.t t/plugin/*.t t/site/*.t t/template/*.t t/theme/*.t
t/00-compile.t ................ ok
# 
# Versions for all modules listed in MYMETA.json (including optional ones):
# 
# === Configure Requires ===
# 
#     Module                  Want    Have
#     ----------------------- ---- -------
#     ExtUtils::MakeMaker      any 7.04_02
#     File::ShareDir::Install 0.06    0.11
# 
# === Build Requires ===
# 
#     Module              Want    Have
#     ------------------- ---- -------
#     ExtUtils::MakeMaker  any 7.04_02
# 
# === Test Requires ===
# 
#     Module                  Want     Have
#     ------------------- -------- --------
#     Capture::Tiny            any     0.46
#     Dir::Self                any     0.11
#     ExtUtils::MakeMaker      any  7.04_02
#     File::Spec               any  3.56_02
#     IO::Handle               any     1.35
#     IPC::Open3               any     1.18
#     Storable                 any  2.53_02
#     Test::Deep               any    1.127
#     Test::Differences       0.64     0.64
#     Test::Exception          any     0.43
#     Test::Lib                any    0.002
#     Test::More          1.001005 1.302133
# 
# === Test Recommends ===
# 
#     Module         Want     Have
#     ---------- -------- --------
#     CPAN::Meta 2.120900 2.150001
# 
# === Runtime Requires ===
# 
#     Module                 Want       Have
#     ------------------ -------- ----------
#     Beam::Emitter         0.007      1.007
#     Beam::Wire            1.018      1.021
#     DateTime::Moonpig       any       1.03
#     Encode                  any       2.97
#     File::Share             any       0.25
#     Git::Repository         any      1.321
#     Import::Base          0.012      1.004
#     JSON::PP                any 2.27300_01
#     List::UtilsBy          0.09       0.11
#     Mojolicious            6.54       7.71
#     Moo                2.000001   2.003004
#     Path::Tiny            0.084      0.104
#     Pod::Simple            3.31       3.35
#     Pod::Usage::Return      any      0.003
#     Text::Markdown          any   1.000031
#     Text::Unidecode         any       1.30
#     Type::Tiny              any   1.002001
#     Types::Path::Tiny       any      0.005
#     YAML                    any       1.24
#     strict                  any       1.09
#     warnings                any       1.34
# 
# === Runtime Recommends ===
# 
#     Module                           Want    Have
#     ------------------------------- ----- -------
#     HTML::Lint::Pluggable            0.06 missing
#     PPI                               any   1.236
#     Pod::Elemental                    any missing
#     Pod::Weaver                     4.015 missing
#     Syntax::Highlight::Engine::Kate   any missing
# 
t/00-report-prereqs.t ......... ok
                    # Before test: STDIN is interactive
                    # After test: STDIN is interactive
                    # Before test: STDIN is interactive
                    # After test: STDIN is interactive
t/app/basic/command.t ......... ok
t/app/basic/constructor.t ..... ok
t/app/basic/pages.t ........... ok
                    # Before test: STDIN is interactive
                    # After test: STDIN is interactive
                    # Before test: STDIN is interactive
                    # After test: STDIN is interactive
                    # Before test: STDIN is interactive
                    # After test: STDIN is interactive
t/app/blog/command.t .......... ok
t/app/blog/constructor.t ...... ok
    # Current LC_TIME locale: C
    # Could not set locale to ru_RU. Still 
t/app/blog/pages.t ............ ok
t/app/blog/post_date.t ........ ok
t/app/blog/recent_posts.t ..... ok
t/app/blog/slugs.t ............ ok
t/app/events.t ................ ok
t/app/perldoc/constructor.t ... ok
t/app/perldoc/highlight.t ..... skipped: Syntax::Highlight::Engine::Kate needed
t/app/perldoc/pages.t ......... ok
Can't locate TestSTore.pm in @INC (you may need to install the TestSTore module) (@INC contains: /home/david/cpantesting/perl-5.22.4/.cpan/build/Statocles-0.089-UmtmDY/t/app/role/../../lib /home/david/cpantesting/perl-5.22.4/.cpan/build/Statocles-0.089-UmtmDY/blib/lib /home/david/cpantesting/perl-5.22.4/.cpan/build/Statocles-0.089-UmtmDY/blib/arch /home/david/cpantesting/perl-5.22.4/lib/site_perl/5.22.4/x86_64-linux-thread-multi /home/david/cpantesting/perl-5.22.4/lib/site_perl/5.22.4 /home/david/cpantesting/perl-5.22.4/lib/5.22.4/x86_64-linux-thread-multi /home/david/cpantesting/perl-5.22.4/lib/5.22.4 .) at t/app/role/store.t line 4.
BEGIN failed--compilation aborted at t/app/role/store.t line 4.
t/app/role/store.t ............ 
Dubious, test returned 2 (wstat 512, 0x200)
No subtests run 
t/app/template.t .............. ok
t/app/url.t ................... ok
t/bin/statocles.t ............. ok
t/command/apps.t .............. ok
        # Git version: 2.001004
t/command/build_and_deploy.t .. ok
t/command/bundle.t ............ ok
    # Git version: 2.001004
t/command/create.t ............ ok
t/command/daemon.t ............ ok
t/command/error.t ............. ok
t/command/help_and_version.t .. ok
t/command/mojo_app.t .......... ok
t/deploy/file.t ............... ok
# Git version: 2.001004
[Wed Mar 28 20:06:26 2018] [warn] No files changed
[Wed Mar 28 20:06:28 2018] [warn] No files changed
[Wed Mar 28 20:06:59 2018] [warn] Git remote "origin" does not exist. Not pushing.
[Wed Mar 28 20:07:03 2018] [warn] Git remote "nondefault" does not exist. Not pushing.
t/deploy/git.t ................ ok
t/deprecated.t ................ ok
t/document.t .................. ok
t/image.t ..................... ok
t/link.t ...................... ok
t/link/tree.t ................. ok
t/page/basename.t ............. ok
t/page/content_sections.t ..... ok
Invalid data attribute in document "/required.markdown". Data attributes that are not hashes are deprecated and will be removed in v2.0. Please use a hash instead. See Statocles::Help::Upgrading
Invalid data attribute in document "/links/alternate_single.markdown". Data attributes that are not hashes are deprecated and will be removed in v2.0. Please use a hash instead. See Statocles::Help::Upgrading
t/page/document.t ............. ok
t/page/file.t ................. ok
t/page/images.t ............... ok
t/page/links.t ................ ok
t/page/list.t ................. ok
t/page/list_item.t ............ ok
[Wed Mar 28 20:07:38 2018] [debug] Render page: /path/to/page.html
t/page/plain.t ................ ok
t/page/type.t ................. ok
t/person.t .................... ok
t/plugin/highlight.t .......... skipped: Syntax::Highlight::Engine::Kate needed
t/plugin/html_lint.t .......... skipped: HTML::Lint::Pluggable v0.06 or higher needed
t/plugin/link_check.t ......... ok
t/plugin/mermaid.t ............ ok
t/site/build_and_deploy.t ..... ok
t/site/constructor.t .......... ok
t/site/data.t ................. ok
t/site/events.t ............... ok
t/site/index.t ................ ok
t/site/nav.t .................. ok
t/site/plugin.t ............... ok
t/site/sitemap_and_robots.t ... ok
t/site/template.t ............. ok
t/site/url.t .................. ok
t/site/warnings.t ............. ok
[Wed Mar 28 20:08:23 2018] [warn] Store path "/home/david/cpantesting/perl-5.22.4/.cpan/build/Statocles-0.089-UmtmDY/t/share/DOES_NOT_EXIST" does not exist
t/store.t ..................... ok
t/template/basic.t ............ ok
t/template/content.t .......... ok
t/template/include.t .......... ok
t/template/markdown.t ......... ok
t/theme/check.t ............... ok
t/theme/helper.t .............. ok
t/theme/pages.t ............... ok
t/theme/template.t ............ ok
t/types.t ..................... ok
sh: 1: HOPEFULLY_DOES_NOT_EXIST: not found
Terminated
t/util.t ...................... ok

Test Summary Report
-------------------
t/app/role/store.t          (Wstat: 512 Tests: 0 Failed: 0)
  Non-zero exit status: 2
  Parse errors: No plan found in TAP output
Files=71, Tests=304, 263 wallclock secs ( 0.42 usr  0.29 sys + 70.83 cusr 25.01 csys = 96.55 CPU)
Result: FAIL
Failed 1/71 test programs. 0/304 subtests failed.
Makefile:1218: recipe for target 'test_dynamic' failed
make: *** [test_dynamic] Error 255

------------------------------
PREREQUISITES
------------------------------

Prerequisite modules loaded:

requires:

    Module                  Need     Have      
    ----------------------- -------- ----------
    Beam::Emitter           0.007    1.007     
    Beam::Wire              1.018    1.021     
    DateTime::Moonpig       0        1.03      
    Encode                  0        2.97      
    File::Share             0        0.25      
    Git::Repository         0        1.321     
    Import::Base            0.012    1.004     
    JSON::PP                0        2.27300_01
    List::UtilsBy           0.09     0.11      
    Mojolicious             6.54     7.71      
    Moo                     2.000001 2.003004  
    Path::Tiny              0.084    0.104     
    perl                    5.010    5.022004  
    Pod::Simple             3.31     3.35      
    Pod::Usage::Return      0        0.003     
    strict                  0        1.09      
    Text::Markdown          0        1.000031  
    Text::Unidecode         0        1.30      
    Type::Tiny              0        1.002001  
    Types::Path::Tiny       0        0.005     
    warnings                0        1.34      
    YAML                    0        1.24      

build_requires:

    Module                  Need     Have      
    ----------------------- -------- ----------
    Capture::Tiny           0        0.46      
    Dir::Self               0        0.11      
    ExtUtils::MakeMaker     0        7.04_02   
    File::Spec              0        3.56_02   
    IO::Handle              0        1.35      
    IPC::Open3              0        1.18      
    Storable                0        2.53_02   
    Test::Deep              0        1.127     
    Test::Differences       0.64     0.64      
    Test::Exception         0        0.43      
    Test::Lib               0        0.002     
    Test::More              1.001005 1.302133  

configure_requires:

    Module                  Need     Have      
    ----------------------- -------- ----------
    ExtUtils::MakeMaker     0        7.04_02   
    File::ShareDir::Install 0.06     0.11      


------------------------------
ENVIRONMENT AND OTHER CONTEXT
------------------------------

Environment variables:

    AUTOMATED_TESTING = 1
    NONINTERACTIVE_TESTING = 1
    PATH = /usr/local/bin:/usr/bin:/bin:/usr/local/games:/usr/games
    PERL = 5.22.4
    PERL5LIB = 
    PERL5OPT = 
    PERL5_CPANPLUS_IS_RUNNING = 17367
    PERL5_CPAN_IS_RUNNING = 17367
    PERLVER = 5.22.4
    PERL_INLINE_DIRECTORY = /home/david/.Inline-5.22.4
    PERL_MM_USE_DEFAULT = 1
    PERL_USE_UNSAFE_INC = 0
    SHELL = /bin/bash
    TERM = screen

Perl special variables (and OS-specific diagnostics, for MSWin32):

    $^X = /home/david/cpantesting/perl-5.22.4/bin/perl
    $UID/$EUID = 1000 / 1000
    $GID = 1000 1000
    $EGID = 1000 1000

Perl module toolchain versions installed:

    Module              Have      
    ------------------- ----------
    CPAN                2.11_01   
    CPAN::Meta          2.150001  
    Cwd                 3.56_02   
    ExtUtils::CBuilder  0.280221  
    ExtUtils::Command   1.20_01   
    ExtUtils::Install   2.04      
    ExtUtils::MakeMaker 7.04_02   
    ExtUtils::Manifest  1.70      
    ExtUtils::ParseXS   3.28      
    File::Spec          3.56_02   
    JSON                2.97001   
    JSON::PP            2.27300_01
    Module::Build       0.4224    
    Module::Signature   n/a       
    Parse::CPAN::Meta   1.4414_001
    Test::Harness       3.35_01   
    Test::More          1.302133  
    YAML                1.24      
    YAML::Syck          n/a       
    version             0.9918    


--

Summary of my perl5 (revision 5 version 22 subversion 4) configuration:
   
  Platform:
    osname=linux, osvers=3.16.0-4-amd64, archname=x86_64-linux-thread-multi
    uname='linux pigsty.barnyard.co.uk 3.16.0-4-amd64 #1 smp debian 3.16.36-1+deb8u1 (2016-09-03) x86_64 gnulinux '
    config_args='-de -Duse64bitall -Dusethreads -Dprefix=/home/david/cpantesting/perl-5.22.4'
    hint=recommended, useposix=true, d_sigaction=define
    useithreads=define, usemultiplicity=define
    use64bitint=define, use64bitall=define, uselongdouble=undef
    usemymalloc=n, bincompat5005=undef
  Compiler:
    cc='cc', ccflags ='-D_REENTRANT -D_GNU_SOURCE -fwrapv -fno-strict-aliasing -pipe -fstack-protector-strong -I/usr/local/include -D_LARGEFILE_SOURCE -D_FILE_OFFSET_BITS=64 -D_FORTIFY_SOURCE=2',
    optimize='-O2',
    cppflags='-D_REENTRANT -D_GNU_SOURCE -fwrapv -fno-strict-aliasing -pipe -fstack-protector-strong -I/usr/local/include'
    ccversion='', gccversion='4.9.2', gccosandvers=''
    intsize=4, longsize=8, ptrsize=8, doublesize=8, byteorder=12345678, doublekind=3
    d_longlong=define, longlongsize=8, d_longdbl=define, longdblsize=16, longdblkind=3
    ivtype='long', ivsize=8, nvtype='double', nvsize=8, Off_t='off_t', lseeksize=8
    alignbytes=8, prototype=define
  Linker and Libraries:
    ld='cc', ldflags =' -fstack-protector-strong -L/usr/local/lib'
    libpth=/usr/local/lib /usr/lib/gcc/x86_64-linux-gnu/4.9/include-fixed /usr/include/x86_64-linux-gnu /usr/lib /lib/x86_64-linux-gnu /lib/../lib /usr/lib/x86_64-linux-gnu /usr/lib/../lib /lib
    libs=-lpthread -lnsl -ldb -ldl -lm -lcrypt -lutil -lc
    perllibs=-lpthread -lnsl -ldl -lm -lcrypt -lutil -lc
    libc=libc-2.19.so, so=so, useshrplib=false, libperl=libperl.a
    gnulibc_version='2.19'
  Dynamic Linking:
    dlsrc=dl_dlopen.xs, dlext=so, d_dlsymun=undef, ccdlflags='-Wl,-E'
    cccdlflags='-fPIC', lddlflags='-shared -O2 -L/usr/local/lib -fstack-protector-strong'


Characteristics of this binary (from libperl): 
  Compile-time options: HAS_TIMES MULTIPLICITY PERLIO_LAYERS
                        PERL_DONT_CREATE_GVSV
                        PERL_HASH_FUNC_ONE_AT_A_TIME_HARD
                        PERL_IMPLICIT_CONTEXT PERL_MALLOC_WRAP
                        PERL_NEW_COPY_ON_WRITE PERL_PRESERVE_IVUV
                        USE_64_BIT_ALL USE_64_BIT_INT USE_ITHREADS
                        USE_LARGE_FILES USE_LOCALE USE_LOCALE_COLLATE
                        USE_LOCALE_CTYPE USE_LOCALE_NUMERIC USE_LOCALE_TIME
                        USE_PERLIO USE_PERL_ATOF USE_REENTRANT_API
  Built under linux
  Compiled at Jul 18 2017 10:39:58
  %ENV:
    PERL="5.22.4"
    PERL5LIB=""
    PERL5OPT=""
    PERL5_CPANPLUS_IS_RUNNING="17367"
    PERL5_CPAN_IS_RUNNING="17367"
    PERLVER="5.22.4"
    PERL_INLINE_DIRECTORY="/home/david/.Inline-5.22.4"
    PERL_MM_USE_DEFAULT="1"
    PERL_USE_UNSAFE_INC="0"
  @INC:
    /home/david/cpantesting/perl-5.22.4/lib/site_perl/5.22.4/x86_64-linux-thread-multi
    /home/david/cpantesting/perl-5.22.4/lib/site_perl/5.22.4
    /home/david/cpantesting/perl-5.22.4/lib/5.22.4/x86_64-linux-thread-multi
    /home/david/cpantesting/perl-5.22.4/lib/5.22.4
    .