FFI-Platypus v2.08 Perl 5 v5.10.0 i386-freebsd-64int

Status
Fail
From
Chris Williams (BINGOS)
Dist
FFI-Platypus v2.08
Platform
Perl 5 v5.10.0 i386-freebsd-64int
Date
2023-09-26 14:34:34
ID
cfd2fa38-5c79-11ee-98b0-b3c3213a625c
This distribution has been tested as part of the CPAN Testers
project, supporting the Perl programming language.  See
http://wiki.cpantesters.org/ for more information or email
questions to cpan-testers-discuss@perl.org


--

Dear Graham Ollis,

This is a computer-generated error report created automatically by
CPANPLUS, version 0.9914. Testers personal comments may appear
at the end of this report.


Thank you for uploading your work to CPAN.  However, it appears that
there were some problems testing your distribution.

TEST RESULTS:

Below is the error stack from stage 'make test':

"/usr/home/cpan/pit/64bit/perl-5.10.0/bin/perl" -MExtUtils::Command::MM -e 'cp_nonempty' -- lib/FFI/Platypus.bs blib/arch/auto/FFI/Platypus/Platypus.bs 644
CC t/ffi/align.c
CC t/ffi/align_array.c
CC t/ffi/align_fixed.c
CC t/ffi/align_string.c
CC t/ffi/basic.c
CC t/ffi/closure.c
CC t/ffi/color.c
CC t/ffi/complex_double.c
CC t/ffi/complex_float.c
CC t/ffi/double.c
CC t/ffi/float.c
CC t/ffi/gh117.c
CC t/ffi/gh174.c
CC t/ffi/longdouble.c
CC t/ffi/memcmp4.c
CC t/ffi/meta.c
CC t/ffi/pointer.c
CC t/ffi/record.c
CC t/ffi/sint16.c
CC t/ffi/sint32.c
CC t/ffi/sint64.c
CC t/ffi/sint8.c
CC t/ffi/string.c
CC t/ffi/string_array.c
CC t/ffi/uint16.c
CC t/ffi/uint32.c
CC t/ffi/uint64.c
CC t/ffi/uint8.c
CC t/ffi/variadic.c
LD t/ffi/libtest.so
PERL_DL_NONLAZY=1 "/usr/home/cpan/pit/64bit/perl-5.10.0/bin/perl" "-MExtUtils::Command::MM" "-MTest::Harness" "-e" "undef *Test::Harness::Switches; test_harness(0, 'blib/lib', 'blib/arch')" t/*.t
t/00_diag.t .............................. ok
# 
# 
# 
# HARNESS_ACTIVE=1
# HARNESS_VERSION=3.44
# PERL5LIB=/usr/home/cpan/pit/64bit/conf/perl-5.10.0/.cpanplus/5.10.0/build/rlw_TC_FZt/FFI-Platypus-2.08/blib/lib:/usr/home/cpan/pit/64bit/conf/perl-5.10.0/.cpanplus/5.10.0/build/rlw_TC_FZt/FFI-Platypus-2.08/blib/arch:/usr/home/cpan/pit/jail/Amaui0avNd/lib/perl5/5.10.0/i386-freebsd-64int:/usr/home/cpan/pit/jail/Amaui0avNd/lib/perl5/5.10.0:/usr/home/cpan/pit/jail/Amaui0avNd/lib/perl5/i386-freebsd-64int:/usr/home/cpan/pit/jail/Amaui0avNd/lib/perl5:/usr/home/cpan/pit/jail/Amaui0avNd/lib/perl5:/usr/home/cpan/pit/64bit/conf/perl-5.10.0/.cpanplus/5.10.0/build/rlw_TC_FZt/FFI-Platypus-2.08/blib/lib:/usr/home/cpan/pit/64bit/conf/perl-5.10.0/.cpanplus/5.10.0/build/rlw_TC_FZt/FFI-Platypus-2.08/blib/arch
# PERL5_CPANPLUS_IS_RUNNING=72264
# PERL5_CPANPLUS_IS_VERSION=0.9914
# PERL5_MINISMOKEBOX=0.68
# PERL5_YACSMOKE_BASE=/usr/home/cpan/pit/64bit/conf/perl-5.10.0
# PERL_DL_NONLAZY=1
# PERL_EXTUTILS_AUTOINSTALL=--defaultdeps
# PERL_LOCAL_LIB_ROOT=/usr/home/cpan/pit/jail/Amaui0avNd
# PERL_MB_OPT=--install_base "/usr/home/cpan/pit/jail/Amaui0avNd"
# PERL_MM_OPT=INSTALL_BASE=/usr/home/cpan/pit/jail/Amaui0avNd
# PERL_MM_USE_DEFAULT=1
# PERL_USE_UNSAFE_INC=1
# SHELL=/usr/local/bin/bash
# 
# 
# 
# PERL5LIB path
# /usr/home/cpan/pit/64bit/conf/perl-5.10.0/.cpanplus/5.10.0/build/rlw_TC_FZt/FFI-Platypus-2.08/blib/lib
# /usr/home/cpan/pit/64bit/conf/perl-5.10.0/.cpanplus/5.10.0/build/rlw_TC_FZt/FFI-Platypus-2.08/blib/arch
# /usr/home/cpan/pit/jail/Amaui0avNd/lib/perl5/5.10.0/i386-freebsd-64int
# /usr/home/cpan/pit/jail/Amaui0avNd/lib/perl5/5.10.0
# /usr/home/cpan/pit/jail/Amaui0avNd/lib/perl5/i386-freebsd-64int
# /usr/home/cpan/pit/jail/Amaui0avNd/lib/perl5
# /usr/home/cpan/pit/jail/Amaui0avNd/lib/perl5
# /usr/home/cpan/pit/64bit/conf/perl-5.10.0/.cpanplus/5.10.0/build/rlw_TC_FZt/FFI-Platypus-2.08/blib/lib
# /usr/home/cpan/pit/64bit/conf/perl-5.10.0/.cpanplus/5.10.0/build/rlw_TC_FZt/FFI-Platypus-2.08/blib/arch
# 
# 
# 
# perl                  5.010000 freebsd i386-freebsd-64int
# Alien::Base           2.80
# Alien::FFI            -
# Capture::Tiny         0.48
# Devel::Hide           -
# ExtUtils::CBuilder    0.280236
# ExtUtils::MakeMaker   7.70
# ExtUtils::ParseXS     3.44
# FFI::CheckLib         0.31
# File::Spec::Functions 3.75
# IPC::Cmd              1.04
# JSON::PP              4.16
# List::Util            1.63
# Math::LongDouble      -
# PkgConfig             -
# Test2::API            1.302195
# Test2::V0             0.000156
# autodie               2.36
# constant              1.33
# forks                 -
# parent                0.241
# 
# 
# 
# mode : system
# Alien::FFI::pkgconfig->VERSION      = 
# Alien::FFI::pkgconfig->install_type = system
# Alien::FFI::pkgconfig->cflags       = -I/usr/local/include 
# Alien::FFI::pkgconfig->libs         = -L/usr/local/lib -lffi 
# Alien::FFI::pkgconfig->version      = 3.4.4
# 
# 
# 
# ffi.platypus.memory.strdup_impl =libc
# ffi.platypus.memory.strndup_impl=libc
# 
# 
# 
# Types:
#   double   : double, float complex
#   float    : float
#   longdouble : double complex, long double, long double complex
#   sint16   : int16_t, short, signed short
#   sint32   : blksize_t, int, int32_t, intptr_t, long, ptrdiff_t, senum, signed int, signed long, ssize_t, time_t, wchar_t, wint_t
#   sint64   : blkcnt_t, int64_t, intmax_t, long long, off_t, signed long long
#   sint8    : char, int8_t, signed char
#   uint16   : mode_t, uint16_t, unsigned short, ushort
#   uint32   : enum, gid_t, size_t, uid_t, uint, uint32_t, uintptr_t, ulong, unsigned int, unsigned long
#   uint64   : dev_t, ino_t, nlink_t, uint64_t, uintmax_t, unsigned long long
#   uint8    : bool, uchar, uint8_t, unsigned char
# 
# 
# 
# ABIs:
#   default_abi          1
#   fastcall             4
#   ms_cdecl             8
#   pascal               6
#   register             7
#   stdcall              5
#   sysv                 1
#   thiscall             3
# 
# 
# 
# Probes:
#   bigendian64          0
#   recordvalue          1
#   longdouble           1
#   complex              1
#   abi                  1
#   bigendian            0
#   alloca               1
#   variadic             1
#   strnlen              1
# 
# 
# 
# [PLATFORM]
# osname            : freebsd
# cc                : cc
# cxx               : c++
# cxxld             : c++
# for               : ---
# ld                : cc
# ccflags           : -DPIC -fPIC -DHAS_FPSETMASK -DHAS_FLOATINGPOINT_H -fno-strict-aliasing -pipe -I/usr/local/include -O2 -I/usr/home/cpan/pit/64bit/conf/perl-5.10.0/.cpanplus/5.10.0/build/rlw_TC_FZt/FFI-Platypus-2.08/blib/lib/auto/share/dist/FFI-Platypus/include
# ldflags           : -shared -L/usr/local/lib
# object suffix     : .o
# library prefix    : lib
# library suffix    : .so
# cc mm works       : -MM
# 
# 
# 
t/ffi_build.t ............................ ok
t/ffi_build_file_base.t .................. ok
t/ffi_build_file_c.t ..................... ok
t/ffi_build_file_cxx.t ................... ok
t/ffi_build_file_library.t ............... ok
t/ffi_build_file_object.t ................ ok
t/ffi_build_mm.t ......................... ok
t/ffi_build_platform.t ................... ok
t/ffi_build_plugin.t ..................... ok
t/ffi_build_plugindata.t ................. ok
t/ffi_platypus.t ......................... ok
t/ffi_platypus_api.t ..................... ok
t/ffi_platypus_buffer.t .................. ok
t/ffi_platypus_bundle.t .................. ok
t/ffi_platypus_closure.t ................. ok
t/ffi_platypus_constant.t ................ ok
t/ffi_platypus_dl.t ...................... ok
t/ffi_platypus_function.t ................ ok
t/ffi_platypus_function_wrapper.t ........ ok
t/ffi_platypus_internal.t ................ ok
t/ffi_platypus_lang.t .................... ok
t/ffi_platypus_lang_asm.t ................ ok
t/ffi_platypus_lang_c.t .................. ok
t/ffi_platypus_lang_win32.t .............. ok
t/ffi_platypus_legacy.t .................. ok
t/ffi_platypus_memory.t .................. ok
t/ffi_platypus_record.t .................. ok
t/ffi_platypus_record_meta.t ............. ok
t/ffi_platypus_record_tiearray.t ......... ok
t/ffi_platypus_shareconfig.t ............. ok
t/ffi_platypus_type.t .................... ok
t/ffi_platypus_type_pointersizebuffer.t .. ok
t/ffi_platypus_type_stringarray.t ........ ok
t/ffi_platypus_type_stringpointer.t ...... ok
t/ffi_platypus_type_widestring.t ......... ok
t/ffi_platypus_typeparser.t .............. ok
t/ffi_platypus_typeparser_version0.t ..... ok
t/ffi_platypus_typeparser_version1.t ..... ok
t/ffi_platypus_typeparser_version2.t ..... ok
t/ffi_probe.t ............................ ok
t/ffi_probe_runner.t ..................... ok
t/ffi_probe_runner_builder.t ............. ok
t/ffi_probe_runner_result.t .............. ok
t/ffi_temp.t ............................. ok
t/forks.t ................................ skipped: Test requires forks
t/gh117.t ................................ ok
t/gh129.t ................................ ok
t/gh323.t ................................ ok
t/memory.t ............................... skipped: tested only in CI
t/threads.t .............................. skipped: Test requires a threading Perl
t/type_complex_double.t .................. ok
t/type_complex_float.t ................... ok
t/type_custom.t .......................... ok
t/type_double.t .......................... ok
t/type_float.t ........................... ok
t/type_longdouble.t ...................... ok
t/type_longdouble__array.t ............... ok
t/type_longdouble__hide.t ................ skipped: test requires Devel::Hide 0.0010
t/type_longdouble__ptr.t ................. ok
t/type_opaque.t .......................... ok
t/type_record.t .......................... ok
t/type_record_value.t .................... 
All 2 subtests passed 
t/type_sint16.t .......................... ok
t/type_sint32.t .......................... ok
t/type_sint64.t .......................... ok
t/type_sint8.t ........................... ok
t/type_string.t .......................... ok
t/type_uint16.t .......................... ok
t/type_uint32.t .......................... ok
t/type_uint64.t .......................... ok
t/type_uint8.t ........................... ok

Test Summary Report
-------------------
t/type_record_value.t                  (Wstat: 139 (Signal: SEGV, dumped core) Tests: 2 Failed: 0)
  Non-zero wait status: 139
  Parse errors: No plan found in TAP output
Files=72, Tests=316, 33 wallclock secs ( 0.37 usr  0.84 sys + 18.05 cusr 10.75 csys = 30.00 CPU)
Result: FAIL
Failed 1/72 test programs. 0/316 subtests failed.
*** Error code 255

Stop.
make: stopped in /usr/home/cpan/pit/64bit/conf/perl-5.10.0/.cpanplus/5.10.0/build/rlw_TC_FZt/FFI-Platypus-2.08


PREREQUISITES:

Here is a list of prerequisites you specified and versions we
managed to load:

	  Module Name                        Have     Want
	  Capture::Tiny                      0.48        0
	  ExtUtils::CBuilder             0.280236        0
	  ExtUtils::MakeMaker                7.70     7.12
	  FFI::CheckLib                      0.31     0.05
	  File::Spec::Functions              3.75        0
	  IPC::Cmd                           1.04        0
	  JSON::PP                           4.16        0
	  List::Util                         1.63     1.45
	  Test2::API                     1.302195 1.302015
	  Test2::V0                      0.000156 0.000121
	  autodie                            2.36        0
	  constant                           1.33     1.32
	  parent                            0.241        0

Perl module toolchain versions installed:
	Module Name                        Have
	CPANPLUS                         0.9914
	CPANPLUS::Dist::Build              0.90
	Cwd                                3.75
	ExtUtils::CBuilder             0.280236
	ExtUtils::Command                  7.70
	ExtUtils::Install                  2.22
	ExtUtils::MakeMaker                7.70
	ExtUtils::Manifest                 1.75
	ExtUtils::ParseXS                  3.44
	File::Spec                         3.75
	Module::Build                    0.4234
	Pod::Parser                        1.35
	Pod::Simple                        3.05
	Test2                          1.302195
	Test::Harness                      3.44
	Test::More                     1.302195
	version                          0.9929

******************************** NOTE ********************************
The comments above are created mechanically, possibly without manual
checking by the sender.  As there are many people performing automatic
tests on each upload to CPAN, it is likely that you will receive
identical messages about the same problem.

If you believe that the message is mistaken, please reply to the first
one with correction and/or additional informations, and do not take
it personally.  We appreciate your patience. :)
**********************************************************************

Additional comments:


This report was machine-generated by CPANPLUS::Dist::YACSmoke 1.08.
Powered by minismokebox version 0.68

CPANPLUS is prefering Build.PL

------------------------------
ENVIRONMENT AND OTHER CONTEXT
------------------------------

Environment variables:

    AUTOMATED_TESTING = 1
    NONINTERACTIVE_TESTING = 1
    PATH = /sbin:/bin:/usr/sbin:/usr/bin:/usr/local/sbin:/usr/local/bin:/home/cpan/bin
    PERL5LIB = /usr/home/cpan/pit/jail/Amaui0avNd/lib/perl5:/usr/home/cpan/pit/64bit/conf/perl-5.10.0/.cpanplus/5.10.0/build/rlw_TC_FZt/FFI-Platypus-2.08/blib/lib:/usr/home/cpan/pit/64bit/conf/perl-5.10.0/.cpanplus/5.10.0/build/rlw_TC_FZt/FFI-Platypus-2.08/blib/arch
    PERL5_CPANPLUS_IS_RUNNING = 72264
    PERL5_CPANPLUS_IS_VERSION = 0.9914
    PERL5_MINISMOKEBOX = 0.68
    PERL5_YACSMOKE_BASE = /usr/home/cpan/pit/64bit/conf/perl-5.10.0
    PERL_EXTUTILS_AUTOINSTALL = --defaultdeps
    PERL_LOCAL_LIB_ROOT = /usr/home/cpan/pit/jail/Amaui0avNd
    PERL_MB_OPT = --install_base "/usr/home/cpan/pit/jail/Amaui0avNd"
    PERL_MM_OPT = INSTALL_BASE=/usr/home/cpan/pit/jail/Amaui0avNd
    PERL_MM_USE_DEFAULT = 1
    PERL_USE_UNSAFE_INC = 1
    SHELL = /usr/local/bin/bash
    TERM = screen

Perl special variables (and OS-specific diagnostics, for MSWin32):

    Perl: $^X = /usr/home/cpan/pit/64bit/perl-5.10.0/bin/perl
    UID:  $<  = 1002
    EUID: $>  = 1002
    GID:  $(  = 1002 1002
    EGID: $)  = 1002 1002


-------------------------------


--

Summary of my perl5 (revision 5 version 10 subversion 0) configuration:
  Platform:
    osname=freebsd, osvers=12.4-release, archname=i386-freebsd-64int
    uname='freebsd ffyrc 12.4-release freebsd 12.4-release r372781 generic i386 '
    config_args='-des -Dprefix=/usr/home/cpan/pit/64bit/perl-5.10.0 -Duse64bitint'
    hint=recommended, useposix=true, d_sigaction=define
    useithreads=undef, usemultiplicity=undef
    useperlio=define, d_sfio=undef, uselargefiles=define, usesocks=undef
    use64bitint=define, use64bitall=undef, uselongdouble=undef
    usemymalloc=n, bincompat5005=undef
  Compiler:
    cc='cc', ccflags ='-DHAS_FPSETMASK -DHAS_FLOATINGPOINT_H -fno-strict-aliasing -pipe -I/usr/local/include',
    optimize='-O2',
    cppflags='-DHAS_FPSETMASK -DHAS_FLOATINGPOINT_H -fno-strict-aliasing -pipe -I/usr/local/include'
    ccversion='', gccversion='FreeBSD Clang 13.0.0 (git@github.com:llvm/llvm-project.git llvmorg-13.0.0-0-gd7b669b3a303)', gccosandvers=''
    intsize=4, longsize=4, ptrsize=4, doublesize=8, byteorder=12345678
    d_longlong=define, longlongsize=8, d_longdbl=define, longdblsize=12
    ivtype='long long', ivsize=8, nvtype='double', nvsize=8, Off_t='off_t', lseeksize=8
    alignbytes=4, prototype=define
  Linker and Libraries:
    ld='cc', ldflags ='-Wl,-E  -L/usr/local/lib'
    libpth=/usr/lib /usr/local/lib
    libs=-lgdbm -ldl -lm -lcrypt -lutil -lc
    perllibs=-ldl -lm -lcrypt -lutil -lc
    libc=, so=so, useshrplib=false, libperl=libperl.a
    gnulibc_version=''
  Dynamic Linking:
    dlsrc=dl_dlopen.xs, dlext=so, d_dlsymun=undef, ccdlflags=' '
    cccdlflags='-DPIC -fPIC', lddlflags='-shared  -L/usr/local/lib'


Characteristics of this binary (from libperl): 
  Compile-time options: PERL_DONT_CREATE_GVSV PERL_MALLOC_WRAP USE_64_BIT_INT
                        USE_LARGE_FILES USE_PERLIO
  Locally applied patches:
	Devel::PatchPerl 2.08
  Built under freebsd
  Compiled at Apr  6 2023 06:15:33
  %ENV:
    PERL5LIB="/usr/home/cpan/pit/jail/Amaui0avNd/lib/perl5:/usr/home/cpan/pit/64bit/conf/perl-5.10.0/.cpanplus/5.10.0/build/rlw_TC_FZt/FFI-Platypus-2.08/blib/lib:/usr/home/cpan/pit/64bit/conf/perl-5.10.0/.cpanplus/5.10.0/build/rlw_TC_FZt/FFI-Platypus-2.08/blib/arch"
    PERL5_CPANPLUS_IS_RUNNING="72264"
    PERL5_CPANPLUS_IS_VERSION="0.9914"
    PERL5_MINISMOKEBOX="0.68"
    PERL5_YACSMOKE_BASE="/usr/home/cpan/pit/64bit/conf/perl-5.10.0"
    PERL_EXTUTILS_AUTOINSTALL="--defaultdeps"
    PERL_LOCAL_LIB_ROOT="/usr/home/cpan/pit/jail/Amaui0avNd"
    PERL_MB_OPT="--install_base "/usr/home/cpan/pit/jail/Amaui0avNd""
    PERL_MM_OPT="INSTALL_BASE=/usr/home/cpan/pit/jail/Amaui0avNd"
    PERL_MM_USE_DEFAULT="1"
    PERL_USE_UNSAFE_INC="1"
  @INC:
    /usr/home/cpan/pit/jail/Amaui0avNd/lib/perl5/5.10.0/i386-freebsd-64int
    /usr/home/cpan/pit/jail/Amaui0avNd/lib/perl5/5.10.0
    /usr/home/cpan/pit/jail/Amaui0avNd/lib/perl5/i386-freebsd-64int
    /usr/home/cpan/pit/jail/Amaui0avNd/lib/perl5
    /usr/home/cpan/pit/64bit/conf/perl-5.10.0/.cpanplus/5.10.0/build/rlw_TC_FZt/FFI-Platypus-2.08/blib/lib
    /usr/home/cpan/pit/64bit/conf/perl-5.10.0/.cpanplus/5.10.0/build/rlw_TC_FZt/FFI-Platypus-2.08/blib/arch
    /usr/home/cpan/pit/64bit/perl-5.10.0/lib/5.10.0/i386-freebsd-64int
    /usr/home/cpan/pit/64bit/perl-5.10.0/lib/5.10.0
    /usr/home/cpan/pit/64bit/perl-5.10.0/lib/site_perl/5.10.0/i386-freebsd-64int
    /usr/home/cpan/pit/64bit/perl-5.10.0/lib/site_perl/5.10.0
    .