App-perlimports v0.000020 Perl 5 v5.24.0 MSWin32-x86-multi-thread
- Status
- Fail
- From
- Alexandr Ciornii (CHORNY)
- Dist
-
App-perlimports v0.000020
- Platform
- Perl 5 v5.24.0 MSWin32-x86-multi-thread
- Date
- 2021-09-24 14:19:26
- ID
- cd7793ba-6bf5-1014-b64c-8eecce21c0ec
This distribution has been tested as part of the CPAN Testers
project, supporting the Perl programming language. See
http://wiki.cpantesters.org/ for more information or email
questions to cpan-testers-discuss@perl.org
--
Dear Olaf Alders,
This is a computer-generated report for App-perlimports-0.000020
on perl 5.24.0, created by CPAN-Reporter-1.2018.
Thank you for uploading your work to CPAN. However, there was a problem
testing your distribution.
If you think this report is invalid, please consult the CPAN Testers Wiki
for suggestions on how to avoid getting FAIL reports for missing library
or binary dependencies, unsupported operating systems, and so on:
http://wiki.cpantesters.org/wiki/CPANAuthorNotes
Sections of this report:
* Tester comments
* Program output
* Prerequisites
* Environment and other context
------------------------------
TESTER COMMENTS
------------------------------
Additional comments from tester:
this report is from an automated smoke testing program
and was not reviewed by a human for accuracy
------------------------------
PROGRAM OUTPUT
------------------------------
Output from 'C:\STRAWB~1\c\bin\dmake.exe test':
"C:\Strawberry240\perl\bin\perl.exe" "-MExtUtils::Command::MM" "-MTest::Harness" "-e" "undef *Test::Harness::Switches; test_harness(0, 'blib\lib', 'blib\arch')" t/*.t t/ExportInspector/*.t t/cpan-modules/*.t
#
# Versions for all modules listed in MYMETA.json (including optional ones):
#
# === Configure Requires ===
#
# Module Want Have
# ------------------- ---- ----
# ExtUtils::MakeMaker any 7.24
#
# === Build Requires ===
#
# Module Want Have
# ------------------- ---- ----
# ExtUtils::MakeMaker any 7.24
#
# === Test Requires ===
#
# Module Want Have
# ---------------------- ---- --------
# ExtUtils::MakeMaker any 7.24
# File::Spec any 3.63
# Log::Dispatch::Array any 1.003
# Sub::Exporter any 0.987
# Test::Differences any 0.64
# Test::More any 1.302187
# Test::Needs any 0.002005
# Test::RequiresInternet any 0.05
# Test::Script 1.27 1.29
# Test::Warnings any 0.026
# lib any 0.63
#
# === Test Recommends ===
#
# Module Want Have
# ---------- -------- --------
# CPAN::Meta 2.120900 2.150010
#
# === Runtime Requires ===
#
# Module Want Have
# ---------------------------- -------- --------
# Capture::Tiny any 0.44
# Class::Inspector 1.36 1.36
# Data::Dumper any 2.161
# File::Basename any 2.85
# Getopt::Long::Descriptive any 0.100
# List::Util any 1.59
# Log::Dispatch any 2.58
# Memoize any 1.03
# Module::Runtime any 0.014
# Moo any 2.003000
# Moo::Role any 2.003000
# MooX::StrictConstructor any 0.008
# PPIx::Utils::Classification any 0.003
# Path::Tiny any 0.098
# Perl::Tidy 20210402 20210717
# Pod::Usage any 1.69
# Ref::Util any 0.111
# Sereal::Decoder any 3.015
# Sereal::Encoder any 3.015
# Sub::HandlesVia any 0.016
# Symbol::Get 0.10 0.10
# Text::SimpleTable::AutoWidth any 0.09
# Try::Tiny any 0.27
# Types::Standard any 1.012004
# strict any 1.11
# utf8 any 1.19
# warnings any 1.36
#
t/00-report-prereqs.t ............ ok
t/after.t ........................ ok
t/annotations.t .................. ok
t/args-in-import.t ............... ok
t/carp.t ......................... ok
t/cast-in-regex.t ................ ok
t/cast.t ......................... ok
# No tests run!
# Failed test 'No tests run for subtest "--log-filename"'
# at t/cli.t line 59.
The 'filename' parameter ("C:/DOCUME~1/a/LOCALS~1/Temp/2n0MGvsR7f") to Log::Dispatch::File::_basic_init was an 'arrayref object', which is not one of the allowed types: scalar
at C:/Strawberry240/perl/site/lib/Params/Validate/XS.pm line 11.
Params::Validate::XS::__ANON__("The 'filename' parameter (\"C:/DOCUME~1/a/LOCALS~1/Temp/2n0MGv"...) called at C:/Strawberry240/perl/site/lib/Log/Dispatch/File.pm line 41
Log::Dispatch::File::_basic_init(undef, "min_level", "info", "mode", ">>", "binmode", ":encoding(UTF-8)", "newline", ...) called at C:/Strawberry240/perl/site/lib/Log/Dispatch/File.pm line 30
Log::Dispatch::File::new("Log::Dispatch::File", "binmode", ":encoding(UTF-8)", "filename", Path::Tiny=ARRAY(0x23fe3fc), "min_level", "info", "mode", ...) called at C:/Strawberry240/perl/site/lib/Log/Dispatch.pm line 102
Log::Dispatch::_add_output(Log::Dispatch=HASH(0x23077fc), "File", "binmode", ":encoding(UTF-8)", "filename", Path::Tiny=ARRAY(0x23fe3fc), "min_level", "info", ...) called at C:/Strawberry240/perl/site/lib/Log/Dispatch.pm line 72
Log::Dispatch::new(undef, "outputs", ARRAY(0x23fe63c)) called at C:\STRAWB~1\cpan\build\App-perlimports-0.000020-0\blib\lib/App/perlimports/CLI.pm line 233
App::perlimports::CLI::run(App::perlimports::CLI=HASH(0x2175114)) called at t/cli.t line 54
main::__ANON__() called at C:/Strawberry240/perl/vendor/lib/Capture/Tiny.pm line 382
eval {...} called at C:/Strawberry240/perl/vendor/lib/Capture/Tiny.pm line 382
Capture::Tiny::_capture_tee(1, 1, 0, 0, CODE(0x2165eac)) called at t/cli.t line 55
main::__ANON__() called at C:\STRAWB~1\cpan\build\Test-Simple-1.302187-0/blib/lib/Test/Builder.pm line 374
eval {...} called at C:\STRAWB~1\cpan\build\Test-Simple-1.302187-0/blib/lib/Test/Builder.pm line 374
Test::Builder::subtest(Test::Builder=HASH(0x1c32b14), "--log-filename", CODE(0x1f93704)) called at C:\STRAWB~1\cpan\build\Test-Simple-1.302187-0/blib/lib/Test/More.pm line 809
Test::More::subtest("--log-filename", CODE(0x1f93704)) called at t/cli.t line 59
# Tests were run but no plan was declared and done_testing() was not seen.
# Looks like your test exited with 255 just after 2.
t/cli.t ..........................
Dubious, test returned 255 (wstat 65280, 0xff00)
Failed 1/2 subtests
t/cpan-modules/pithub.t .......... skipped: Need Pithub
t/cpan-modules/test2-v0.t ........ ok
t/datetime.t ..................... ok
t/do-block.t ..................... ok
t/Document.t ..................... ok
t/dump-perl-exports.t ............ ok
t/dupes.t ........................ ok
t/english.t ...................... ok
t/explodes.t ..................... ok
t/export-tags.t .................. skipped: Need HTTP::Status 6.28 (have 6.11)
t/exported-variables.t ........... ok
t/ExportInspector/load.t ......... ok
t/ExportInspector/SubExporter.t .. skipped: Need MetaCPAN::Moose
t/find-bin.t ..................... ok
t/fully-qualified.t .............. ok
t/func-in-use.t .................. ok
t/func-in-var.t .................. ok
t/geo-ip.t ....................... ok
t/hash-in-regex.t ................ ok
t/hash-key.t ..................... ok
t/heredoc.t ...................... ok
t/ignored-modules.t .............. ok
t/import-error.t ................. ok
t/interpolation.t ................ ok
t/is-ignored.t ................... ok
t/lookalike-words.t .............. ok
t/meta.t ......................... ok
t/method.t ....................... ok
t/module-with-inner-packages.t ... ok
t/moo.t .......................... ok
t/moose-types.t .................. ok
t/moose.t ........................ ok
t/moosex-types-moose.t ........... ok
t/nested-quotes.t ................ ok
t/never-exports.t ................ ok
t/padding.t ...................... ok
t/perl-imports.t ................. ok
t/perl.t ......................... ok
t/pragma.t ....................... ok
t/preserve-spaces.t .............. ok
t/qualified-bareword.t ........... ok
t/quoted-var.t ................... ok
t/re-export-via-sub-exporter.t ... ok
t/regex-replacement.t ............ skipped: Need IP::Random 1.200230
t/require.t ...................... ok
t/script-with-inner-packages.t ... ok
t/skip-all.t ..................... ok
t/socket.t ....................... ok
t/switches-in-import.t ........... ok
t/symbol-as-method-call.t ........ skipped: Need Object::Tap
t/symbol-in-export.t ............. ok
t/test-most.t .................... ok
t/typeglob.t ..................... ok
t/use-and-require.t .............. ok
t/var-in-regex.t ................. ok
t/variable.t ..................... ok
t/with-version.t ................. ok
Test Summary Report
-------------------
t/cli.t (Wstat: 65280 Tests: 2 Failed: 1)
Failed test: 2
Non-zero exit status: 255
Parse errors: No plan found in TAP output
Files=65, Tests=127, 157 wallclock secs ( 0.31 usr + 0.45 sys = 0.76 CPU)
Result: FAIL
Failed 1/65 test programs. 1/127 subtests failed.
dmake.exe: Error code 255, while making 'test_dynamic'
------------------------------
PREREQUISITES
------------------------------
Prerequisite modules loaded:
requires:
Module Need Have
---------------------------- -------- --------
Capture::Tiny 0 0.44
Class::Inspector 1.36 1.36
Data::Dumper 0 2.161
File::Basename 0 2.85
Getopt::Long::Descriptive 0 0.100
List::Util 0 1.59
Log::Dispatch 0 2.58
Memoize 0 1.03
Module::Runtime 0 0.014
Moo 0 2.003000
Moo::Role 0 2.003000
MooX::StrictConstructor 0 0.008
Path::Tiny 0 0.098
perl 5.008 5.024000
Perl::Tidy 20210402 20210717
Pod::Usage 0 1.69
PPIx::Utils::Classification 0 0.003
Ref::Util 0 0.111
Sereal::Decoder 0 3.015
Sereal::Encoder 0 3.015
strict 0 1.11
Sub::HandlesVia 0 0.016
Symbol::Get 0.10 0.10
Text::SimpleTable::AutoWidth 0 0.09
Try::Tiny 0 0.27
Types::Standard 0 1.012004
utf8 0 1.19
warnings 0 1.36
build_requires:
Module Need Have
---------------------------- -------- --------
ExtUtils::MakeMaker 0 7.24
File::Spec 0 3.63
lib 0 0.63
Log::Dispatch::Array 0 1.003
Sub::Exporter 0 0.987
Test::Differences 0 0.64
Test::More 0 1.302187
Test::Needs 0 0.002005
Test::RequiresInternet 0 0.05
Test::Script 1.27 1.29
Test::Warnings 0 0.026
configure_requires:
Module Need Have
---------------------------- -------- --------
ExtUtils::MakeMaker 0 7.24
perl 5.008 5.024000
------------------------------
ENVIRONMENT AND OTHER CONTEXT
------------------------------
Environment variables:
AUTOMATED_TESTING = 1
COMSPEC = C:\WINDOWS\system32\cmd.exe
NUMBER_OF_PROCESSORS = 1
PATH = C:\WINDOWS\system32;C:\WINDOWS;C:\WINDOWS\System32\Wbem;C:\Git\cmd;C:\Strawberry240\c\bin;C:\Strawberry240\perl\site\bin;C:\Strawberry240\perl\bin
PERL5LIB = C:\STRAWB~1\cpan\build\Test-Script-1.29-0/blib/arch;C:\STRAWB~1\cpan\build\Test-Script-1.29-0/blib/lib;C:\STRAWB~1\cpan\build\Test2-Suite-0.000141-0/blib/arch;C:\STRAWB~1\cpan\build\Test2-Suite-0.000141-0/blib/lib;C:\STRAWB~1\cpan\build\Term-Table-0.015-0/blib/arch;C:\STRAWB~1\cpan\build\Term-Table-0.015-0/blib/lib;C:\STRAWB~1\cpan\build\Test-Simple-1.302187-0/blib/arch;C:\STRAWB~1\cpan\build\Test-Simple-1.302187-0/blib/lib;C:\STRAWB~1\cpan\build\Sub-Info-0.002-0/blib/arch;C:\STRAWB~1\cpan\build\Sub-Info-0.002-0/blib/lib;C:\STRAWB~1\cpan\build\Symbol-Get-0.10-0/blib/arch;C:\STRAWB~1\cpan\build\Symbol-Get-0.10-0/blib/lib;C:\STRAWB~1\cpan\build\Call-Context-0.03-0/blib/arch;C:\STRAWB~1\cpan\build\Call-Context-0.03-0/blib/lib;C:\STRAWB~1\cpan\build\Sub-HandlesVia-0.016-0/blib/arch;C:\STRAWB~1\cpan\build\Sub-HandlesVia-0.016-0/blib/lib;C:\STRAWB~1\cpan\build\Type-Tiny-1.012004-0/blib/arch;C:\STRAWB~1\cpan\build\Type-Tiny-1.012004-0/blib/lib;C:\STRAWB~1\cpan\build\Exporter-Tiny-1.002002-0/blib/arch;C:\STRAWB~1\cpan\build\Exporter-Tiny-1.002002-0/blib/lib;C:\STRAWB~1\cpan\build\Scalar-List-Utils-1.59-0/blib/arch;C:\STRAWB~1\cpan\build\Scalar-List-Utils-1.59-0/blib/lib;C:\STRAWB~1\cpan\build\Perl-Tidy-20210717-0/blib/arch;C:\STRAWB~1\cpan\build\Perl-Tidy-20210717-0/blib/lib;C:\STRAWB~1\cpan\build\PPIx-Utils-0.003-0/blib/arch;C:\STRAWB~1\cpan\build\PPIx-Utils-0.003-0/blib/lib;C:\STRAWB~1\cpan\build\PPI-1.270-0/blib/arch;C:\STRAWB~1\cpan\build\PPI-1.270-0/blib/lib;C:\STRAWB~1\cpan\build\Class-Inspector-1.36-0/blib/arch;C:\STRAWB~1\cpan\build\Class-Inspector-1.36-0/blib/lib
PERL5OPT =
PERL5_CPANPLUS_IS_RUNNING = 992
PERL5_CPAN_IS_RUNNING = 992
PERL5_CPAN_IS_RUNNING_IN_RECURSION = 1520,992
PERL_CR_SMOKER_CURRENT = App-perlimports-0.000020
PERL_CR_SMOKER_RUNONCE = 1
PERL_EXTUTILS_AUTOINSTALL = --defaultdeps
PERL_HASH_SEED = 0x11111111
PERL_MM_USE_DEFAULT = 1
PROCESSOR_IDENTIFIER = x86 Family 16 Model 5 Stepping 3, AuthenticAMD
TEMP = C:\DOCUME~1\a\LOCALS~1\Temp
Perl special variables (and OS-specific diagnostics, for MSWin32):
$^X = C:\Strawberry240\perl\bin\perl.exe
$UID/$EUID = 0 / 0
$GID = 0
$EGID = 0
Win32::GetOSName = WinXP/.Net
Win32::GetOSVersion = Service Pack 3, 5, 1, 2600, 2, 3, 0, 256, 1
Win32::FsType = NTFS
Win32::IsAdminUser = 1
Perl module toolchain versions installed:
Module Have
------------------- --------
CPAN 2.14
CPAN::Meta 2.150010
Cwd 3.63
ExtUtils::CBuilder 0.280225
ExtUtils::Command 7.24
ExtUtils::Install 2.04
ExtUtils::MakeMaker 7.24
ExtUtils::Manifest 1.70
ExtUtils::ParseXS 3.31
File::Spec 3.63
JSON 2.90
JSON::PP 2.27400
Module::Build 0.4220
Module::Signature 0.81
Parse::CPAN::Meta 2.150010
Test::Harness 3.36
Test::More 1.302187
YAML 1.21
YAML::Syck 1.29
version 0.9917
--
Summary of my perl5 (revision 5 version 24 subversion 0) configuration:
Platform:
osname=MSWin32, osvers=4.0, archname=MSWin32-x86-multi-thread
uname='Win32 strawberry-perl 5.24.0.1-beta1 #1 Thu Dec 29 16:46:05 2016 i386'
config_args='undef'
hint=recommended, useposix=true, d_sigaction=undef
useithreads=define, usemultiplicity=define
use64bitint=undef, use64bitall=undef, uselongdouble=undef
usemymalloc=n, bincompat5005=undef
Compiler:
cc='gcc', ccflags =' -s -O2 -DWIN32 -DPERL_TEXTMODE_SCRIPTS -DPERL_IMPLICIT_CONTEXT -DPERL_IMPLICIT_SYS -fwrapv -fno-strict-aliasing -mms-bitfields',
optimize='-s -O2',
cppflags='-DWIN32'
ccversion='', gccversion='4.9.2', gccosandvers=''
intsize=4, longsize=4, ptrsize=4, doublesize=8, byteorder=1234, doublekind=3
d_longlong=define, longlongsize=8, d_longdbl=define, longdblsize=12, longdblkind=3
ivtype='long', ivsize=4, nvtype='double', nvsize=8, Off_t='long long', lseeksize=8
alignbytes=8, prototype=define
Linker and Libraries:
ld='g++', ldflags ='-s -L"C:\STRAWB~1\perl\lib\CORE" -L"C:\STRAWB~1\c\lib"'
libpth=C:\STRAWB~1\c\lib C:\STRAWB~1\c\i686-w64-mingw32\lib C:\STRAWB~1\c\lib\gcc\i686-w64-mingw32\4.9.2
libs=-lmoldname -lkernel32 -luser32 -lgdi32 -lwinspool -lcomdlg32 -ladvapi32 -lshell32 -lole32 -loleaut32 -lnetapi32 -luuid -lws2_32 -lmpr -lwinmm -lversion -lodbc32 -lodbccp32 -lcomctl32
perllibs=-lmoldname -lkernel32 -luser32 -lgdi32 -lwinspool -lcomdlg32 -ladvapi32 -lshell32 -lole32 -loleaut32 -lnetapi32 -luuid -lws2_32 -lmpr -lwinmm -lversion -lodbc32 -lodbccp32 -lcomctl32
libc=, so=dll, useshrplib=true, libperl=libperl524.a
gnulibc_version=''
Dynamic Linking:
dlsrc=dl_win32.xs, dlext=xs.dll, d_dlsymun=undef, ccdlflags=' '
cccdlflags=' ', lddlflags='-mdll -s -L"C:\STRAWB~1\perl\lib\CORE" -L"C:\STRAWB~1\c\lib"'
Characteristics of this binary (from libperl):
Compile-time options: HAS_TIMES HAVE_INTERP_INTERN MULTIPLICITY
PERLIO_LAYERS PERL_COPY_ON_WRITE
PERL_DONT_CREATE_GVSV
PERL_HASH_FUNC_ONE_AT_A_TIME_HARD
PERL_IMPLICIT_CONTEXT PERL_IMPLICIT_SYS
PERL_MALLOC_WRAP PERL_PRESERVE_IVUV USE_ITHREADS
USE_LARGE_FILES USE_LOCALE USE_LOCALE_COLLATE
USE_LOCALE_CTYPE USE_LOCALE_NUMERIC USE_LOCALE_TIME
USE_PERLIO USE_PERL_ATOF
Built under MSWin32
Compiled at Dec 29 2016 16:55:33
%ENV:
PERL5LIB="C:\STRAWB~1\cpan\build\Test-Script-1.29-0/blib/arch;C:\STRAWB~1\cpan\build\Test-Script-1.29-0/blib/lib;C:\STRAWB~1\cpan\build\Test2-Suite-0.000141-0/blib/arch;C:\STRAWB~1\cpan\build\Test2-Suite-0.000141-0/blib/lib;C:\STRAWB~1\cpan\build\Term-Table-0.015-0/blib/arch;C:\STRAWB~1\cpan\build\Term-Table-0.015-0/blib/lib;C:\STRAWB~1\cpan\build\Test-Simple-1.302187-0/blib/arch;C:\STRAWB~1\cpan\build\Test-Simple-1.302187-0/blib/lib;C:\STRAWB~1\cpan\build\Sub-Info-0.002-0/blib/arch;C:\STRAWB~1\cpan\build\Sub-Info-0.002-0/blib/lib;C:\STRAWB~1\cpan\build\Symbol-Get-0.10-0/blib/arch;C:\STRAWB~1\cpan\build\Symbol-Get-0.10-0/blib/lib;C:\STRAWB~1\cpan\build\Call-Context-0.03-0/blib/arch;C:\STRAWB~1\cpan\build\Call-Context-0.03-0/blib/lib;C:\STRAWB~1\cpan\build\Sub-HandlesVia-0.016-0/blib/arch;C:\STRAWB~1\cpan\build\Sub-HandlesVia-0.016-0/blib/lib;C:\STRAWB~1\cpan\build\Type-Tiny-1.012004-0/blib/arch;C:\STRAWB~1\cpan\build\Type-Tiny-1.012004-0/blib/lib;C:\STRAWB~1\cpan\build\Exporter-Tiny-1.002002-0/blib/arch;C:\STRAWB~1\cpan\build\Exporter-Tiny-1.002002-0/blib/lib;C:\STRAWB~1\cpan\build\Scalar-List-Utils-1.59-0/blib/arch;C:\STRAWB~1\cpan\build\Scalar-List-Utils-1.59-0/blib/lib;C:\STRAWB~1\cpan\build\Perl-Tidy-20210717-0/blib/arch;C:\STRAWB~1\cpan\build\Perl-Tidy-20210717-0/blib/lib;C:\STRAWB~1\cpan\build\PPIx-Utils-0.003-0/blib/arch;C:\STRAWB~1\cpan\build\PPIx-Utils-0.003-0/blib/lib;C:\STRAWB~1\cpan\build\PPI-1.270-0/blib/arch;C:\STRAWB~1\cpan\build\PPI-1.270-0/blib/lib;C:\STRAWB~1\cpan\build\Class-Inspector-1.36-0/blib/arch;C:\STRAWB~1\cpan\build\Class-Inspector-1.36-0/blib/lib"
PERL5_CPANPLUS_IS_RUNNING="992"
PERL5_CPAN_IS_RUNNING="992"
PERL5_CPAN_IS_RUNNING_IN_RECURSION="1520,992"
PERL_CR_SMOKER_CURRENT="App-perlimports-0.000020"
PERL_CR_SMOKER_RUNONCE="1"
PERL_EXTUTILS_AUTOINSTALL="--defaultdeps"
PERL_HASH_SEED="0x11111111"
PERL_MM_USE_DEFAULT="1"
@INC:
C:\STRAWB~1\cpan\build\Test-Script-1.29-0/blib/arch
C:\STRAWB~1\cpan\build\Test-Script-1.29-0/blib/lib
C:\STRAWB~1\cpan\build\Test2-Suite-0.000141-0/blib/arch
C:\STRAWB~1\cpan\build\Test2-Suite-0.000141-0/blib/lib
C:\STRAWB~1\cpan\build\Term-Table-0.015-0/blib/arch
C:\STRAWB~1\cpan\build\Term-Table-0.015-0/blib/lib
C:\STRAWB~1\cpan\build\Test-Simple-1.302187-0/blib/arch
C:\STRAWB~1\cpan\build\Test-Simple-1.302187-0/blib/lib
C:\STRAWB~1\cpan\build\Sub-Info-0.002-0/blib/arch
C:\STRAWB~1\cpan\build\Sub-Info-0.002-0/blib/lib
C:\STRAWB~1\cpan\build\Symbol-Get-0.10-0/blib/arch
C:\STRAWB~1\cpan\build\Symbol-Get-0.10-0/blib/lib
C:\STRAWB~1\cpan\build\Call-Context-0.03-0/blib/arch
C:\STRAWB~1\cpan\build\Call-Context-0.03-0/blib/lib
C:\STRAWB~1\cpan\build\Sub-HandlesVia-0.016-0/blib/arch
C:\STRAWB~1\cpan\build\Sub-HandlesVia-0.016-0/blib/lib
C:\STRAWB~1\cpan\build\Type-Tiny-1.012004-0/blib/arch
C:\STRAWB~1\cpan\build\Type-Tiny-1.012004-0/blib/lib
C:\STRAWB~1\cpan\build\Exporter-Tiny-1.002002-0/blib/arch
C:\STRAWB~1\cpan\build\Exporter-Tiny-1.002002-0/blib/lib
C:\STRAWB~1\cpan\build\Scalar-List-Utils-1.59-0/blib/arch
C:\STRAWB~1\cpan\build\Scalar-List-Utils-1.59-0/blib/lib
C:\STRAWB~1\cpan\build\Perl-Tidy-20210717-0/blib/arch
C:\STRAWB~1\cpan\build\Perl-Tidy-20210717-0/blib/lib
C:\STRAWB~1\cpan\build\PPIx-Utils-0.003-0/blib/arch
C:\STRAWB~1\cpan\build\PPIx-Utils-0.003-0/blib/lib
C:\STRAWB~1\cpan\build\PPI-1.270-0/blib/arch
C:\STRAWB~1\cpan\build\PPI-1.270-0/blib/lib
C:\STRAWB~1\cpan\build\Class-Inspector-1.36-0/blib/arch
C:\STRAWB~1\cpan\build\Class-Inspector-1.36-0/blib/lib
C:/Strawberry240/perl/site/lib
C:/Strawberry240/perl/vendor/lib
C:/Strawberry240/perl/lib
.