Netstack v0.021 Perl 5 v5.18.4 amd64-freebsd

Status
Fail
From
Slaven Rezić
Dist
Netstack v0.021
Platform
Perl 5 v5.18.4 amd64-freebsd
Date
2021-11-18 06:43:12
ID
ccef16bc-483a-11ec-a3f6-93801f24ea8f
This distribution has been tested as part of the CPAN Testers
project, supporting the Perl programming language.  See
http://wiki.cpantesters.org/ for more information or email
questions to cpan-testers-discuss@perl.org


--
Dear YAN WENWU,

This is a computer-generated report for Netstack-0.021
on perl 5.18.4, created by CPAN-Reporter-1.2018.

Thank you for uploading your work to CPAN.  However, there was a problem
testing your distribution.

If you think this report is invalid, please consult the CPAN Testers Wiki
for suggestions on how to avoid getting FAIL reports for missing library
or binary dependencies, unsupported operating systems, and so on:

http://wiki.cpantesters.org/wiki/CPANAuthorNotes

Sections of this report:

    * Tester comments
    * Program output
    * Prerequisites
    * Environment and other context

------------------------------
TESTER COMMENTS
------------------------------

Additional comments from tester:

none provided

------------------------------
PROGRAM OUTPUT
------------------------------

Output from '/usr/bin/make test':

PERL_DL_NONLAZY=1 "/usr/perl5.18.4p/bin/perl" "-MExtUtils::Command::MM" "-MTest::Harness" "-e" "undef *Test::Harness::Switches; test_harness(0, 'blib/lib', 'blib/arch')" t/utils/*.t
Useless use of string eq in void context at t/utils/cache.t line 56.
t/utils/cache.t .. ok
t/utils/date.t ... ok
Array found where operator expected at /home/cpansand/.cpan/build/2021111710/Netstack-0.021-0/blib/lib/Netstack/Utils/Set.pm line 41, at end of line
	(Missing operator before ?)
Array found where operator expected at /home/cpansand/.cpan/build/2021111710/Netstack-0.021-0/blib/lib/Netstack/Utils/Set.pm line 42, at end of line
	(Missing operator before ?)
Array found where operator expected at /home/cpansand/.cpan/build/2021111710/Netstack-0.021-0/blib/lib/Netstack/Utils/Set.pm line 69, at end of line
	(Missing operator before ?)
Array found where operator expected at /home/cpansand/.cpan/build/2021111710/Netstack-0.021-0/blib/lib/Netstack/Utils/Set.pm line 70, at end of line
	(Missing operator before ?)
Array found where operator expected at /home/cpansand/.cpan/build/2021111710/Netstack-0.021-0/blib/lib/Netstack/Utils/Set.pm line 94, at end of line
	(Missing operator before ?)
Array found where operator expected at /home/cpansand/.cpan/build/2021111710/Netstack-0.021-0/blib/lib/Netstack/Utils/Set.pm line 95, at end of line
	(Missing operator before ?)
Array found where operator expected at /home/cpansand/.cpan/build/2021111710/Netstack-0.021-0/blib/lib/Netstack/Utils/Set.pm line 166, at end of line
syntax error at /home/cpansand/.cpan/build/2021111710/Netstack-0.021-0/blib/lib/Netstack/Utils/Set.pm line 41, near "->@*"
syntax error at /home/cpansand/.cpan/build/2021111710/Netstack-0.021-0/blib/lib/Netstack/Utils/Set.pm line 69, near "->@*"
syntax error at /home/cpansand/.cpan/build/2021111710/Netstack-0.021-0/blib/lib/Netstack/Utils/Set.pm line 70, near "->@*"
Global symbol "$lengthOfMin" requires explicit package name at /home/cpansand/.cpan/build/2021111710/Netstack-0.021-0/blib/lib/Netstack/Utils/Set.pm line 73.
Global symbol "$lengthOfMax" requires explicit package name at /home/cpansand/.cpan/build/2021111710/Netstack-0.021-0/blib/lib/Netstack/Utils/Set.pm line 73.
syntax error at /home/cpansand/.cpan/build/2021111710/Netstack-0.021-0/blib/lib/Netstack/Utils/Set.pm line 94, near "->@*"
syntax error at /home/cpansand/.cpan/build/2021111710/Netstack-0.021-0/blib/lib/Netstack/Utils/Set.pm line 95, near "->@*"
Global symbol "$lengthOfMin" requires explicit package name at /home/cpansand/.cpan/build/2021111710/Netstack-0.021-0/blib/lib/Netstack/Utils/Set.pm line 98.
Global symbol "$lengthOfMax" requires explicit package name at /home/cpansand/.cpan/build/2021111710/Netstack-0.021-0/blib/lib/Netstack/Utils/Set.pm line 98.
Global symbol "$lengthOfMin" requires explicit package name at /home/cpansand/.cpan/build/2021111710/Netstack-0.021-0/blib/lib/Netstack/Utils/Set.pm line 99.
Global symbol "$lengthOfMax" requires explicit package name at /home/cpansand/.cpan/build/2021111710/Netstack-0.021-0/blib/lib/Netstack/Utils/Set.pm line 99.
/home/cpansand/.cpan/build/2021111710/Netstack-0.021-0/blib/lib/Netstack/Utils/Set.pm has too many errors.
Compilation failed in require at /home/cpansand/.cpan/build/2021111710/Netstack-0.021-0/blib/lib/Netstack/Utils/Ip.pm line 9.
BEGIN failed--compilation aborted at /home/cpansand/.cpan/build/2021111710/Netstack-0.021-0/blib/lib/Netstack/Utils/Ip.pm line 9.
Compilation failed in require at t/utils/ip.t line 6.
BEGIN failed--compilation aborted at t/utils/ip.t line 6.
# Looks like your test exited with 255 before it could output anything.
t/utils/ip.t ..... 
Dubious, test returned 255 (wstat 65280, 0xff00)
Failed 10/10 subtests 
Array found where operator expected at /home/cpansand/.cpan/build/2021111710/Netstack-0.021-0/blib/lib/Netstack/Utils/Set.pm line 41, at end of line
	(Missing operator before ?)
Array found where operator expected at /home/cpansand/.cpan/build/2021111710/Netstack-0.021-0/blib/lib/Netstack/Utils/Set.pm line 42, at end of line
	(Missing operator before ?)
Array found where operator expected at /home/cpansand/.cpan/build/2021111710/Netstack-0.021-0/blib/lib/Netstack/Utils/Set.pm line 69, at end of line
	(Missing operator before ?)
Array found where operator expected at /home/cpansand/.cpan/build/2021111710/Netstack-0.021-0/blib/lib/Netstack/Utils/Set.pm line 70, at end of line
	(Missing operator before ?)
Array found where operator expected at /home/cpansand/.cpan/build/2021111710/Netstack-0.021-0/blib/lib/Netstack/Utils/Set.pm line 94, at end of line
	(Missing operator before ?)
Array found where operator expected at /home/cpansand/.cpan/build/2021111710/Netstack-0.021-0/blib/lib/Netstack/Utils/Set.pm line 95, at end of line
	(Missing operator before ?)
Array found where operator expected at /home/cpansand/.cpan/build/2021111710/Netstack-0.021-0/blib/lib/Netstack/Utils/Set.pm line 166, at end of line
syntax error at /home/cpansand/.cpan/build/2021111710/Netstack-0.021-0/blib/lib/Netstack/Utils/Set.pm line 41, near "->@*"
syntax error at /home/cpansand/.cpan/build/2021111710/Netstack-0.021-0/blib/lib/Netstack/Utils/Set.pm line 69, near "->@*"
syntax error at /home/cpansand/.cpan/build/2021111710/Netstack-0.021-0/blib/lib/Netstack/Utils/Set.pm line 70, near "->@*"
Global symbol "$lengthOfMin" requires explicit package name at /home/cpansand/.cpan/build/2021111710/Netstack-0.021-0/blib/lib/Netstack/Utils/Set.pm line 73.
Global symbol "$lengthOfMax" requires explicit package name at /home/cpansand/.cpan/build/2021111710/Netstack-0.021-0/blib/lib/Netstack/Utils/Set.pm line 73.
syntax error at /home/cpansand/.cpan/build/2021111710/Netstack-0.021-0/blib/lib/Netstack/Utils/Set.pm line 94, near "->@*"
syntax error at /home/cpansand/.cpan/build/2021111710/Netstack-0.021-0/blib/lib/Netstack/Utils/Set.pm line 95, near "->@*"
Global symbol "$lengthOfMin" requires explicit package name at /home/cpansand/.cpan/build/2021111710/Netstack-0.021-0/blib/lib/Netstack/Utils/Set.pm line 98.
Global symbol "$lengthOfMax" requires explicit package name at /home/cpansand/.cpan/build/2021111710/Netstack-0.021-0/blib/lib/Netstack/Utils/Set.pm line 98.
Global symbol "$lengthOfMin" requires explicit package name at /home/cpansand/.cpan/build/2021111710/Netstack-0.021-0/blib/lib/Netstack/Utils/Set.pm line 99.
Global symbol "$lengthOfMax" requires explicit package name at /home/cpansand/.cpan/build/2021111710/Netstack-0.021-0/blib/lib/Netstack/Utils/Set.pm line 99.
/home/cpansand/.cpan/build/2021111710/Netstack-0.021-0/blib/lib/Netstack/Utils/Set.pm has too many errors.
Compilation failed in require at t/utils/set.t line 7.
BEGIN failed--compilation aborted at t/utils/set.t line 7.
# Looks like your test exited with 22 before it could output anything.
t/utils/set.t .... 
Dubious, test returned 22 (wstat 5632, 0x1600)
Failed 20/20 subtests 

Test Summary Report
-------------------
t/utils/ip.t   (Wstat: 65280 Tests: 0 Failed: 0)
  Non-zero exit status: 255
  Parse errors: Bad plan.  You planned 10 tests but ran 0.
t/utils/set.t  (Wstat: 5632 Tests: 0 Failed: 0)
  Non-zero exit status: 22
  Parse errors: Bad plan.  You planned 20 tests but ran 0.
Files=4, Tests=7,  2 wallclock secs ( 0.00 usr  0.04 sys +  0.20 cusr  0.77 csys =  1.01 CPU)
Result: FAIL
Failed 2/4 test programs. 0/7 subtests failed.
*** Error code 22

Stop.
make: stopped in /home/cpansand/.cpan/build/2021111710/Netstack-0.021-0

------------------------------
PREREQUISITES
------------------------------

Prerequisite modules loaded:

requires:

    Module               Need  Have    
    -------------------- ----- --------
    autodie              0     2.34    
    Carp                 0     1.50    
    DBIx::Custom         0     0.44    
    Digest::MD5          0     2.58    
    Encode               0     3.14    
    Expect               0     1.35    
    experimental         0     0.024   
    Mail::Sender         0     0.903   
    Mojo::Util           0     0       
    Moose                0     2.2015  
    Moose::Role          0     2.2015  
    namespace::autoclean 0     0.29    
    perl                 5.018 5.018004
    POSIX                0     1.32    
    strict               0     1.07    
    Try::Tiny            0     0.30    
    utf8                 0     1.10    
    warnings             0     1.18    

build_requires:

    Module               Need  Have    
    -------------------- ----- --------
    DDP                  0     1.000004
    ExtUtils::MakeMaker  0     7.62    
    Test::Simple         0     1.302186

configure_requires:

    Module               Need  Have    
    -------------------- ----- --------
    ExtUtils::MakeMaker  0     7.62    


------------------------------
ENVIRONMENT AND OTHER CONTEXT
------------------------------

Environment variables:

    LC_ALL = de_DE.ISO8859-1
    PATH = /usr/local/bin:/usr/bin:/bin:/usr/local/sbin:/usr/sbin:/sbin:/home/cpansand/bin/freebsd10.3:/home/cpansand/bin/sh:/home/cpansand/bin:/usr/games:/home/cpansand/devel:/home/eserte/src/srezic-misc/scripts
    PERL5LIB = 
    PERL5OPT = 
    PERL5_CPANPLUS_IS_RUNNING = 51632
    PERL5_CPAN_IS_RUNNING = 51632
    PERL5_CPAN_IS_RUNNING_IN_RECURSION = 32943,51632
    PERLDOC = -MPod::Perldoc::ToTextOverstrike
    PERL_BATCH = yes
    PERL_CANARY_STABILITY_NOPROMPT = 1
    PERL_CPAN_REPORTER_CONFIG = /var/tmp/cpansmoker-1023/2021111708/cpanreporter_000_config.ini
    PERL_EXTUTILS_AUTOINSTALL = --defaultdeps
    PERL_USE_UNSAFE_INC = 1
    SHELL = /usr/local/bin/zsh
    TERM = screen
    TMPDIR = /var/tmp/cpansmoker-1023/2021111708

Perl special variables (and OS-specific diagnostics, for MSWin32):

    $^X = /usr/perl5.18.4p/bin/perl
    $UID/$EUID = 1023 / 1023
    $GID = 1023 1023
    $EGID = 1023 1023

Perl module toolchain versions installed:

    Module              Have    
    ------------------- --------
    CPAN                2.28    
    CPAN::Meta          2.150010
    Cwd                 3.75    
    ExtUtils::CBuilder  0.280235
    ExtUtils::Command   7.62    
    ExtUtils::Install   2.20    
    ExtUtils::MakeMaker 7.62    
    ExtUtils::Manifest  1.70    
    ExtUtils::ParseXS   3.35    
    File::Spec          3.75    
    JSON                4.03    
    JSON::PP            4.05    
    Module::Build       0.4229  
    Module::Signature   0.87    
    Parse::CPAN::Meta   2.150010
    Test::Harness       3.42    
    Test::More          1.302186
    YAML                1.30    
    YAML::Syck          1.34    
    version             0.9928  


--

Summary of my perl5 (revision 5 version 18 subversion 4) configuration:
   
  Platform:
    osname=freebsd, osvers=10.1-release, archname=amd64-freebsd
    uname='freebsd cvrsnica-freebsd-101.herceg.de 10.1-release freebsd 10.1-release #0 r274401: tue nov 11 21:02:49 utc 2014 root@releng1.nyi.freebsd.org:usrobjusrsrcsysgeneric amd64 '
    config_args='-ds -e -Dprefix=/usr/perl5.18.4p'
    hint=recommended, useposix=true, d_sigaction=define
    useithreads=undef, usemultiplicity=undef
    useperlio=define, d_sfio=undef, uselargefiles=define, usesocks=undef
    use64bitint=define, use64bitall=define, uselongdouble=undef
    usemymalloc=n, bincompat5005=undef
  Compiler:
    cc='cc', ccflags ='-DHAS_FPSETMASK -DHAS_FLOATINGPOINT_H -fno-strict-aliasing -pipe -fstack-protector -I/usr/local/include',
    optimize='-O',
    cppflags='-DHAS_FPSETMASK -DHAS_FLOATINGPOINT_H -fno-strict-aliasing -pipe -fstack-protector -I/usr/local/include'
    ccversion='', gccversion='4.2.1 Compatible FreeBSD Clang 3.4.1 (tags/RELEASE_34/dot1-final 208032)', gccosandvers=''
    intsize=4, longsize=8, ptrsize=8, doublesize=8, byteorder=12345678
    d_longlong=define, longlongsize=8, d_longdbl=define, longdblsize=16
    ivtype='long', ivsize=8, nvtype='double', nvsize=8, Off_t='off_t', lseeksize=8
    alignbytes=8, prototype=define
  Linker and Libraries:
    ld='cc', ldflags ='-pthread -Wl,-E  -fstack-protector -L/usr/local/lib'
    libpth=/usr/lib /usr/local/lib
    libs=-lgdbm -lm -lcrypt -lutil -lc
    perllibs=-lm -lcrypt -lutil -lc
    libc=, so=so, useshrplib=false, libperl=libperl.a
    gnulibc_version=''
  Dynamic Linking:
    dlsrc=dl_dlopen.xs, dlext=so, d_dlsymun=undef, ccdlflags=' '
    cccdlflags='-DPIC -fPIC', lddlflags='-shared  -L/usr/local/lib -fstack-protector'


Characteristics of this binary (from libperl): 
  Compile-time options: HAS_TIMES PERLIO_LAYERS PERL_DONT_CREATE_GVSV
                        PERL_HASH_FUNC_ONE_AT_A_TIME_HARD PERL_MALLOC_WRAP
                        PERL_PRESERVE_IVUV PERL_SAWAMPERSAND USE_64_BIT_ALL
                        USE_64_BIT_INT USE_LARGE_FILES USE_LOCALE
                        USE_LOCALE_COLLATE USE_LOCALE_CTYPE
                        USE_LOCALE_NUMERIC USE_PERLIO USE_PERL_ATOF
  Built under freebsd
  Compiled at Apr  4 2015 13:03:15
  %ENV:
    PERL5LIB=""
    PERL5OPT=""
    PERL5_CPANPLUS_IS_RUNNING="51632"
    PERL5_CPAN_IS_RUNNING="51632"
    PERL5_CPAN_IS_RUNNING_IN_RECURSION="32943,51632"
    PERLDOC="-MPod::Perldoc::ToTextOverstrike"
    PERL_BATCH="yes"
    PERL_CANARY_STABILITY_NOPROMPT="1"
    PERL_CPAN_REPORTER_CONFIG="/var/tmp/cpansmoker-1023/2021111708/cpanreporter_000_config.ini"
    PERL_EXTUTILS_AUTOINSTALL="--defaultdeps"
    PERL_USE_UNSAFE_INC="1"
  @INC:
    /usr/perl5.18.4p/lib/site_perl/5.18.4/amd64-freebsd
    /usr/perl5.18.4p/lib/site_perl/5.18.4
    /usr/perl5.18.4p/lib/5.18.4/amd64-freebsd
    /usr/perl5.18.4p/lib/5.18.4
    .