Geo-LibProj-FFI v0.01 Perl 5 v5.16.3 x86_64-linux

Status
Fail
From
Slaven Rezić
Dist
Geo-LibProj-FFI v0.01
Platform
Perl 5 v5.16.3 x86_64-linux
Date
2021-03-04 06:21:05
ID
ccc940c2-7cb1-11eb-8488-71591f24ea8f
This distribution has been tested as part of the CPAN Testers
project, supporting the Perl programming language.  See
http://wiki.cpantesters.org/ for more information or email
questions to cpan-testers-discuss@perl.org


--
Dear Arne Johannessen,

This is a computer-generated report for Geo-LibProj-FFI-0.01
on perl 5.16.3, created by CPAN-Reporter-1.2018.

Thank you for uploading your work to CPAN.  However, there was a problem
testing your distribution.

If you think this report is invalid, please consult the CPAN Testers Wiki
for suggestions on how to avoid getting FAIL reports for missing library
or binary dependencies, unsupported operating systems, and so on:

http://wiki.cpantesters.org/wiki/CPANAuthorNotes

Sections of this report:

    * Tester comments
    * Program output
    * Prerequisites
    * Environment and other context

------------------------------
TESTER COMMENTS
------------------------------

Additional comments from tester:

none provided

------------------------------
PROGRAM OUTPUT
------------------------------

Output from '/usr/bin/make test':

PERL_DL_NONLAZY=1 "/opt/perl-5.16.3/bin/perl" "-MExtUtils::Command::MM" "-MTest::Harness" "-e" "undef *Test::Harness::Switches; test_harness(0, 'blib/lib', 'blib/arch')" t/*.t
Can't locate object method "enum" via package "FFI::C" at lib/Geo/LibProj/FFI.pm line 205.
Compilation failed in require at t/constants.t line 14.
BEGIN failed--compilation aborted at t/constants.t line 14.
t/constants.t ... 
Dubious, test returned 255 (wstat 65280, 0xff00)
No subtests run 
Can't locate object method "enum" via package "FFI::C" at lib/Geo/LibProj/FFI.pm line 205.
Compilation failed in require at t/context.t line 15.
BEGIN failed--compilation aborted at t/context.t line 15.
t/context.t ..... 
Dubious, test returned 255 (wstat 65280, 0xff00)
No subtests run 
Can't locate object method "enum" via package "FFI::C" at lib/Geo/LibProj/FFI.pm line 205.
Compilation failed in require at t/error.t line 15.
BEGIN failed--compilation aborted at t/error.t line 15.
t/error.t ....... 
Dubious, test returned 255 (wstat 65280, 0xff00)
No subtests run 
Can't locate object method "enum" via package "FFI::C" at lib/Geo/LibProj/FFI.pm line 205.
Compilation failed in require at t/info.t line 15.
BEGIN failed--compilation aborted at t/info.t line 15.
t/info.t ........ 
Dubious, test returned 255 (wstat 65280, 0xff00)
No subtests run 
Can't locate object method "enum" via package "FFI::C" at lib/Geo/LibProj/FFI.pm line 205.
Compilation failed in require at t/misc.t line 15.
BEGIN failed--compilation aborted at t/misc.t line 15.
t/misc.t ........ 
Dubious, test returned 255 (wstat 65280, 0xff00)
No subtests run 
Can't locate object method "enum" via package "FFI::C" at lib/Geo/LibProj/FFI.pm line 205.
Compilation failed in require at t/private.t line 15.
BEGIN failed--compilation aborted at t/private.t line 15.
t/private.t ..... 
Dubious, test returned 255 (wstat 65280, 0xff00)
No subtests run 
Can't locate object method "enum" via package "FFI::C" at lib/Geo/LibProj/FFI.pm line 205.
Compilation failed in require at t/setup.t line 15.
BEGIN failed--compilation aborted at t/setup.t line 15.
t/setup.t ....... 
Dubious, test returned 255 (wstat 65280, 0xff00)
No subtests run 
Can't locate object method "enum" via package "FFI::C" at lib/Geo/LibProj/FFI.pm line 205.
Compilation failed in require at t/transform.t line 15.
BEGIN failed--compilation aborted at t/transform.t line 15.
t/transform.t ... 
Dubious, test returned 255 (wstat 65280, 0xff00)
No subtests run 
Can't locate object method "enum" via package "FFI::C" at lib/Geo/LibProj/FFI.pm line 205.
Compilation failed in require at t/zz-cleanup.t line 15.
BEGIN failed--compilation aborted at t/zz-cleanup.t line 15.
t/zz-cleanup.t .. 
Dubious, test returned 255 (wstat 65280, 0xff00)
No subtests run 

Test Summary Report
-------------------
t/constants.t (Wstat: 65280 Tests: 0 Failed: 0)
  Non-zero exit status: 255
  Parse errors: No plan found in TAP output
t/context.t   (Wstat: 65280 Tests: 0 Failed: 0)
  Non-zero exit status: 255
  Parse errors: No plan found in TAP output
t/error.t     (Wstat: 65280 Tests: 0 Failed: 0)
  Non-zero exit status: 255
  Parse errors: No plan found in TAP output
t/info.t      (Wstat: 65280 Tests: 0 Failed: 0)
  Non-zero exit status: 255
  Parse errors: No plan found in TAP output
t/misc.t      (Wstat: 65280 Tests: 0 Failed: 0)
  Non-zero exit status: 255
  Parse errors: No plan found in TAP output
t/private.t   (Wstat: 65280 Tests: 0 Failed: 0)
  Non-zero exit status: 255
  Parse errors: No plan found in TAP output
t/setup.t     (Wstat: 65280 Tests: 0 Failed: 0)
  Non-zero exit status: 255
  Parse errors: No plan found in TAP output
t/transform.t (Wstat: 65280 Tests: 0 Failed: 0)
  Non-zero exit status: 255
  Parse errors: No plan found in TAP output
t/zz-cleanup.t (Wstat: 65280 Tests: 0 Failed: 0)
  Non-zero exit status: 255
  Parse errors: No plan found in TAP output
Files=9, Tests=0,  1 wallclock secs ( 0.03 usr  0.04 sys +  0.72 cusr  0.18 csys =  0.97 CPU)
Result: FAIL
Failed 9/9 test programs. 0/0 subtests failed.
Makefile:862: recipe for target 'test_dynamic' failed
make: *** [test_dynamic] Error 255

------------------------------
PREREQUISITES
------------------------------

Prerequisite modules loaded:

requires:

    Module              Need  Have    
    ------------------- ----- --------
    Alien::proj         0     1.15    
    Exporter::Easy      0     0.18    
    FFI::C              0     0.07    
    FFI::Platypus       1.00  1.34    
    perl                5.012 5.016003

build_requires:

    Module              Need  Have    
    ------------------- ----- --------
    ExtUtils::MakeMaker 0     7.58    
    Test::Exception     0     0.43    
    Test::More          0     1.302183
    Test::Warnings      0     0.030   

configure_requires:

    Module              Need  Have    
    ------------------- ----- --------
    ExtUtils::MakeMaker 0     7.58    


------------------------------
ENVIRONMENT AND OTHER CONTEXT
------------------------------

Environment variables:

    LANG = en_US.UTF-8
    PATH = /usr/local/bin:/usr/bin:/bin:/usr/local/sbin:/usr/sbin:/sbin:/home/cpansand/bin/linux-gnu:/home/cpansand/bin/sh:/home/cpansand/bin:/usr/games:/home/cpansand/devel:/home/eserte/src/srezic-misc/scripts
    PERL5LIB = 
    PERL5OPT = 
    PERL5_CPANPLUS_IS_RUNNING = 14338
    PERL5_CPAN_IS_RUNNING = 14338
    PERL5_CPAN_IS_RUNNING_IN_RECURSION = 13398,14338
    PERLDOC = -MPod::Perldoc::ToTextOverstrike
    PERL_BATCH = yes
    PERL_CANARY_STABILITY_NOPROMPT = 1
    PERL_CPAN_REPORTER_CONFIG = /var/tmp/cpansmoker-1023/2021030319/cpanreporter_000_config.ini
    PERL_EXTUTILS_AUTOINSTALL = --defaultdeps
    PERL_USE_UNSAFE_INC = 1
    SHELL = /usr/bin/zsh
    TERM = screen
    TMPDIR = /var/tmp/cpansmoker-1023/2021030319

Perl special variables (and OS-specific diagnostics, for MSWin32):

    $^X = /opt/perl-5.16.3/bin/perl
    $UID/$EUID = 1023 / 1023
    $GID = 1023 1023
    $EGID = 1023 1023

Perl module toolchain versions installed:

    Module              Have    
    ------------------- --------
    CPAN                2.27    
    CPAN::Meta          2.150010
    Cwd                 3.75    
    ExtUtils::CBuilder  0.280235
    ExtUtils::Command   7.58    
    ExtUtils::Install   2.20    
    ExtUtils::MakeMaker 7.58    
    ExtUtils::Manifest  1.70    
    ExtUtils::ParseXS   3.35    
    File::Spec          3.75    
    JSON                4.03    
    JSON::PP            4.06    
    Module::Build       0.4231  
    Module::Signature   0.87    
    Parse::CPAN::Meta   2.150010
    Test::Harness       3.42    
    Test::More          1.302183
    YAML                1.30    
    YAML::Syck          1.34    
    version             0.9924  


--

Summary of my perl5 (revision 5 version 16 subversion 3) configuration:
   
  Platform:
    osname=linux, osvers=4.4.0-157-generic, archname=x86_64-linux
    uname='linux ubuntu16 4.4.0-157-generic #185-ubuntu smp tue jul 23 09:17:01 utc 2019 x86_64 x86_64 x86_64 gnulinux '
    config_args='-ds -e -Dprefix=/opt/perl-5.16.3 -Dcf_email=srezic@cpan.org'
    hint=recommended, useposix=true, d_sigaction=define
    useithreads=undef, usemultiplicity=undef
    useperlio=define, d_sfio=undef, uselargefiles=define, usesocks=undef
    use64bitint=define, use64bitall=define, uselongdouble=undef
    usemymalloc=n, bincompat5005=undef
  Compiler:
    cc='cc', ccflags ='-fwrapv -fno-strict-aliasing -pipe -fstack-protector -I/usr/local/include -D_LARGEFILE_SOURCE -D_FILE_OFFSET_BITS=64',
    optimize='-O2',
    cppflags='-fwrapv -fno-strict-aliasing -pipe -fstack-protector -I/usr/local/include'
    ccversion='', gccversion='5.4.0 20160609', gccosandvers=''
    intsize=4, longsize=8, ptrsize=8, doublesize=8, byteorder=12345678
    d_longlong=define, longlongsize=8, d_longdbl=define, longdblsize=16
    ivtype='long', ivsize=8, nvtype='double', nvsize=8, Off_t='off_t', lseeksize=8
    alignbytes=8, prototype=define
  Linker and Libraries:
    ld='cc', ldflags =' -fstack-protector -L/usr/local/lib'
    libpth=/usr/local/lib /lib/x86_64-linux-gnu /lib/../lib /usr/lib/x86_64-linux-gnu /usr/lib/../lib /lib /usr/lib
    libs=-lnsl -lgdbm -ldb -ldl -lm -lcrypt -lutil -lc -lgdbm_compat
    perllibs=-lnsl -ldl -lm -lcrypt -lutil -lc
    libc=libc-2.23.so, so=so, useshrplib=false, libperl=libperl.a
    gnulibc_version='2.23'
  Dynamic Linking:
    dlsrc=dl_dlopen.xs, dlext=so, d_dlsymun=undef, ccdlflags='-Wl,-E'
    cccdlflags='-fPIC', lddlflags='-shared -O2 -L/usr/local/lib -fstack-protector'


Characteristics of this binary (from libperl): 
  Compile-time options: HAS_TIMES PERLIO_LAYERS PERL_DONT_CREATE_GVSV
                        PERL_MALLOC_WRAP PERL_PRESERVE_IVUV USE_64_BIT_ALL
                        USE_64_BIT_INT USE_LARGE_FILES USE_LOCALE
                        USE_LOCALE_COLLATE USE_LOCALE_CTYPE
                        USE_LOCALE_NUMERIC USE_PERLIO USE_PERL_ATOF
  Locally applied patches:
	Devel::PatchPerl 1.64
  Built under linux
  Compiled at Aug  6 2019 21:04:50
  %ENV:
    PERL5LIB=""
    PERL5OPT=""
    PERL5_CPANPLUS_IS_RUNNING="14338"
    PERL5_CPAN_IS_RUNNING="14338"
    PERL5_CPAN_IS_RUNNING_IN_RECURSION="13398,14338"
    PERLDOC="-MPod::Perldoc::ToTextOverstrike"
    PERL_BATCH="yes"
    PERL_CANARY_STABILITY_NOPROMPT="1"
    PERL_CPAN_REPORTER_CONFIG="/var/tmp/cpansmoker-1023/2021030319/cpanreporter_000_config.ini"
    PERL_EXTUTILS_AUTOINSTALL="--defaultdeps"
    PERL_USE_UNSAFE_INC="1"
  @INC:
    /opt/perl-5.16.3/lib/site_perl/5.16.3/x86_64-linux
    /opt/perl-5.16.3/lib/site_perl/5.16.3
    /opt/perl-5.16.3/lib/5.16.3/x86_64-linux
    /opt/perl-5.16.3/lib/5.16.3
    .