FunctionalPerl v0.72.69-TRIAL Perl 5 v5.20.0 x86_64-linux

Status
Fail
From
Slaven Rezić
Dist
FunctionalPerl v0.72.69-TRIAL
Platform
Perl 5 v5.20.0 x86_64-linux
Date
2021-05-31 06:16:49
ID
c8d22b62-c1d7-11eb-b6e4-7b4a1f24ea8f
This distribution has been tested as part of the CPAN Testers
project, supporting the Perl programming language.  See
http://wiki.cpantesters.org/ for more information or email
questions to cpan-testers-discuss@perl.org


--
Dear Christian Jaeger,

This is a computer-generated report for FunctionalPerl-0.72.69-TRIAL
on perl 5.20.0, created by CPAN-Reporter-1.2018.

Thank you for uploading your work to CPAN.  However, there was a problem
testing your distribution.

If you think this report is invalid, please consult the CPAN Testers Wiki
for suggestions on how to avoid getting FAIL reports for missing library
or binary dependencies, unsupported operating systems, and so on:

http://wiki.cpantesters.org/wiki/CPANAuthorNotes

Sections of this report:

    * Tester comments
    * Program output
    * Prerequisites
    * Environment and other context

------------------------------
TESTER COMMENTS
------------------------------

Additional comments from tester:

none provided

------------------------------
PROGRAM OUTPUT
------------------------------

Output from '/usr/bin/make test':

PERL_DL_NONLAZY=1 "/opt/perl-5.20.0/bin/perl" "-MExtUtils::Command::MM" "-MTest::Harness" "-e" "undef *Test::Harness::Switches; test_harness(0, 'blib/lib', 'blib/arch')" t/*.t
t/csv_to_xml.t ........................... ok
t/dbi.t .................................. ok
t/examples-csv-to-json.t ................. ok
times for fib: user = 0.07, system = 0, cuser = 0, csystem = 0
times for fibonacci: user = 0.04, system = 0, cuser = 0, csystem = 0
t/examples-fibs.t ........................ ok
t/examples-functional-classes.t .......... ok
not activating since running in test mode at examples//../lib/FP/Repl/Trap.pm line 47.
t/examples-hiring-without-whiteboards.t .. ok
not activating since running in test mode at examples//../lib/FP/Repl/Trap.pm line 47.
t/examples-logic.t ....................... ok
t/examples-perlweekly-111-1.t ............ skipped: Perl v5.32.1 required--this is only v5.20.0, stopped at (eval 73) line 2.
times: user = 0.01, system = 0, cuser = 0, csystem = 0
times: user = 0.00999999999999998, system = 0, cuser = 0, csystem = 0
times: user = 0.01, system = 0, cuser = 0, csystem = 0
t/examples-perlweekly-113-1.t ............ ok
t/examples-perlweekly-113-2.t ............ ok
t/examples-primes.t ...................... ok
t/functional_XML-t-div.t ................. ok
t/functional_XML-test.t .................. ok
Unknown warnings category 'shadow' at ../.htmlgen//../meta/FunctionalPerl/Indexing.pm line 46.
 at /opt/perl-5.20.0/lib/5.20.0/warnings.pm line 955.
	warnings::Croaker("Unknown warnings category 'shadow'") called at /opt/perl-5.20.0/lib/5.20.0/warnings.pm line 1033
	warnings::unimport("warnings", "shadow") called at ../.htmlgen//../meta/FunctionalPerl/Indexing.pm line 46
	FunctionalPerl::Indexing::BEGIN() called at ../.htmlgen//../meta/FunctionalPerl/Indexing.pm line 46
	eval {...} called at ../.htmlgen//../meta/FunctionalPerl/Indexing.pm line 46
	require FunctionalPerl/Indexing.pm called at ../.htmlgen/FunctionalPerl/Htmlgen/Linking.pm line 73
	FunctionalPerl::Htmlgen::Linking::code::BEGIN() called at ../.htmlgen//../meta/FunctionalPerl/Indexing.pm line 46
	eval {...} called at ../.htmlgen//../meta/FunctionalPerl/Indexing.pm line 46
	require FunctionalPerl/Htmlgen/Linking.pm called at ../.htmlgen/gen line 126
	main::BEGIN() called at ../.htmlgen//../meta/FunctionalPerl/Indexing.pm line 46
	eval {...} called at ../.htmlgen//../meta/FunctionalPerl/Indexing.pm line 46
BEGIN failed--compilation aborted at ../.htmlgen//../meta/FunctionalPerl/Indexing.pm line 46.
 at ../.htmlgen//../meta/FunctionalPerl/Indexing.pm line 46.
	require FunctionalPerl/Indexing.pm called at ../.htmlgen/FunctionalPerl/Htmlgen/Linking.pm line 73
	FunctionalPerl::Htmlgen::Linking::code::BEGIN() called at ../.htmlgen//../meta/FunctionalPerl/Indexing.pm line 46
	eval {...} called at ../.htmlgen//../meta/FunctionalPerl/Indexing.pm line 46
	require FunctionalPerl/Htmlgen/Linking.pm called at ../.htmlgen/gen line 126
	main::BEGIN() called at ../.htmlgen//../meta/FunctionalPerl/Indexing.pm line 46
	eval {...} called at ../.htmlgen//../meta/FunctionalPerl/Indexing.pm line 46
Compilation failed in require at ../.htmlgen/FunctionalPerl/Htmlgen/Linking.pm line 73.
 at ../.htmlgen/FunctionalPerl/Htmlgen/Linking.pm line 73.
	FunctionalPerl::Htmlgen::Linking::code::BEGIN() called at ../.htmlgen/FunctionalPerl/Htmlgen/Linking.pm line 73
	eval {...} called at ../.htmlgen/FunctionalPerl/Htmlgen/Linking.pm line 73
	require FunctionalPerl/Htmlgen/Linking.pm called at ../.htmlgen/gen line 126
	main::BEGIN() called at ../.htmlgen/FunctionalPerl/Htmlgen/Linking.pm line 73
	eval {...} called at ../.htmlgen/FunctionalPerl/Htmlgen/Linking.pm line 73
BEGIN failed--compilation aborted at ../.htmlgen/FunctionalPerl/Htmlgen/Linking.pm line 73.
 at ../.htmlgen/FunctionalPerl/Htmlgen/Linking.pm line 73.
	require FunctionalPerl/Htmlgen/Linking.pm called at ../.htmlgen/gen line 126
	main::BEGIN() called at ../.htmlgen/FunctionalPerl/Htmlgen/Linking.pm line 73
	eval {...} called at ../.htmlgen/FunctionalPerl/Htmlgen/Linking.pm line 73
Compilation failed in require at ../.htmlgen/gen line 126.
 at ../.htmlgen/gen line 126.
	main::BEGIN() called at ../.htmlgen/gen line 126
	eval {...} called at ../.htmlgen/gen line 126
BEGIN failed--compilation aborted at ../.htmlgen/gen line 126.
 at ../.htmlgen/gen line 126.
t/htmlgen.t .............................. 
Dubious, test returned 255 (wstat 65280, 0xff00)
No subtests run 
not activating since running in test mode at intro//../lib/FP/Repl/AutoTrap.pm line 64.
t/intro-basics.t ......................... ok
t/perl-goto-leak.t ....................... ok
t/perl-weaken-coderef-correctness.t ...... ok
t/perl-weaken-coderef.t .................. ok
Argument "2/8" isn't numeric in numeric eq (==) at lib/FP/Collection.pm line 104.
Argument "2/8" isn't numeric in numeric eq (==) at lib/FP/Collection.pm line 104.
Argument "3/8" isn't numeric in numeric eq (==) at lib/FP/Collection.pm line 104.
Argument "2/8" isn't numeric in numeric eq (==) at lib/FP/Collection.pm line 104.
Argument "3/8" isn't numeric in numeric eq (==) at lib/FP/Collection.pm line 104.
Argument "2/8" isn't numeric in numeric eq (==) at lib/FP/Collection.pm line 104.
Exception: Label not found for "last T2_SUBTEST_WRAPPER" at /opt/perl-5.20.0/lib/site_perl/5.20.0/Test2/Hub/Subtest.pm line 54.
 at /opt/perl-5.20.0/lib/site_perl/5.20.0/Test2/Hub/Subtest.pm line 54.
	Test2::Hub::Subtest::terminate(Test2::Hub::Subtest=HASH(0x6abdcc8), 0, Test2::Event::Plan=HASH(0x6ce08f0)) called at /opt/perl-5.20.0/lib/site_perl/5.20.0/Test2/Hub.pm line 303
	Test2::Hub::process(Test2::Hub::Subtest=HASH(0x6abdcc8), Test2::Event::Plan=HASH(0x6ce08f0)) called at /opt/perl-5.20.0/lib/site_perl/5.20.0/Test2/Hub/Subtest.pm line 25
	Test2::Hub::Subtest::process(Test2::Hub::Subtest=HASH(0x6abdcc8), Test2::Event::Plan=HASH(0x6ce08f0)) called at /opt/perl-5.20.0/lib/site_perl/5.20.0/Test2/Hub.pm line 258
	Test2::Hub::send(Test2::Hub::Subtest=HASH(0x6abdcc8), Test2::Event::Plan=HASH(0x6ce08f0)) called at /opt/perl-5.20.0/lib/site_perl/5.20.0/Test2/Hub/Subtest.pm line 32
	Test2::Hub::Subtest::send(Test2::Hub::Subtest=HASH(0x6abdcc8), Test2::Event::Plan=HASH(0x6ce08f0)) called at /opt/perl-5.20.0/lib/site_perl/5.20.0/Test2/API/Context.pm line 210
	Test2::API::Context::send_event(Test2::API::Context=HASH(0x6abe4f0), "Plan", "max", 0, "directive", "SKIP", "reason", "FunctionalPerl::Dependencies::ChjBin import: these programs a"...) called at /opt/perl-5.20.0/lib/site_perl/5.20.0/Test2/API/Context.pm line 321
	Test2::API::Context::plan(Test2::API::Context=HASH(0x6abe4f0), 0, "SKIP", "FunctionalPerl::Dependencies::ChjBin import: these programs a"...) called at /opt/perl-5.20.0/lib/site_perl/5.20.0/Test/Builder.pm line 577
	Test::Builder::skip_all(Test::Builder=HASH(0x2695be8), "FunctionalPerl::Dependencies::ChjBin import: these programs a"...) called at /opt/perl-5.20.0/lib/site_perl/5.20.0/Test/Requires.pm line 44
	Test::Requires::__ANON__("FunctionalPerl::Dependencies::ChjBin import: these programs a"...) called at /opt/perl-5.20.0/lib/site_perl/5.20.0/Test/Requires.pm line 71
	Test::Requires::test_requires("FunctionalPerl::Dependencies::ChjBin", "\"trigger-listen\"", "t_pod_snippets_88") called at /opt/perl-5.20.0/lib/site_perl/5.20.0/Test/Requires.pm line 21
	Test::Requires::import("Test::Requires", HASH(0x6ce0ba8)) called at meta/FunctionalPerl/Dependencies/ChjBin.pm line 19
	t_pod_snippets_88::BEGIN() called at meta/FunctionalPerl/Dependencies/ChjBin.pm line 19
	eval {...} called at meta/FunctionalPerl/Dependencies/ChjBin.pm line 19
	eval 'package main; package t_pod_snippets_88; use Test::More ;
{
no warnings;
use strict;    # things are likely to be sloppy

ok 1 => \'the tests compile\';   


#line 16 meta/FunctionalPerl/Dependencies/ChjBin.pm
use Chj::TEST use => \'FunctionalPerl::Dependencies::ChjBin\';
# or
use Test::Requires +{
    \'FunctionalPerl::Dependencies::ChjBin\' => \'"trigger-listen"\' };
# or
#  list in FunctionalPerl::Dependencies\'s %dependencies

;


ok 1 => \'we reached the end!\';

}
; 
1' called at lib/FP/Repl/WithRepl.pm line 75
	FP::Repl::WithRepl::WithRepl_eval("package t_pod_snippets_88; use Test::More ;\x{a}{\x{a}no warnings;\x{a}us"...) called at t/pod_snippets.t line 37
	main::myeval("package t_pod_snippets_88; use Test::More ;\x{a}{\x{a}no warnings;\x{a}us"...) called at t/pod_snippets.t line 158
	main::__ANON__() called at /opt/perl-5.20.0/lib/site_perl/5.20.0/Test/Builder.pm line 300
	eval {...} called at /opt/perl-5.20.0/lib/site_perl/5.20.0/Test/Builder.pm line 300
	Test::Builder::subtest(Test::Builder=HASH(0x2695be8), "pod snippets in FunctionalPerl::Dependencies::ChjBin", CODE(0x423fe48)) called at /opt/perl-5.20.0/lib/site_perl/5.20.0/Test/More.pm line 807
	Test::More::subtest("pod snippets in FunctionalPerl::Dependencies::ChjBin", CODE(0x423fe48)) called at t/pod_snippets.t line 183
BEGIN failed--compilation aborted at meta/FunctionalPerl/Dependencies/ChjBin.pm line 19.
 at meta/FunctionalPerl/Dependencies/ChjBin.pm line 19.
	eval 'package main; package t_pod_snippets_88; use Test::More ;
{
no warnings;
use strict;    # things are likely to be sloppy

ok 1 => \'the tests compile\';   


#line 16 meta/FunctionalPerl/Dependencies/ChjBin.pm
use Chj::TEST use => \'FunctionalPerl::Dependencies::ChjBin\';
# or
use Test::Requires +{
    \'FunctionalPerl::Dependencies::ChjBin\' => \'"trigger-listen"\' };
# or
#  list in FunctionalPerl::Dependencies\'s %dependencies

;


ok 1 => \'we reached the end!\';

}
; 
1' called at lib/FP/Repl/WithRepl.pm line 75
	FP::Repl::WithRepl::WithRepl_eval("package t_pod_snippets_88; use Test::More ;\x{a}{\x{a}no warnings;\x{a}us"...) called at t/pod_snippets.t line 37
	main::myeval("package t_pod_snippets_88; use Test::More ;\x{a}{\x{a}no warnings;\x{a}us"...) called at t/pod_snippets.t line 158
	main::__ANON__() called at /opt/perl-5.20.0/lib/site_perl/5.20.0/Test/Builder.pm line 300
	eval {...} called at /opt/perl-5.20.0/lib/site_perl/5.20.0/Test/Builder.pm line 300
	Test::Builder::subtest(Test::Builder=HASH(0x2695be8), "pod snippets in FunctionalPerl::Dependencies::ChjBin", CODE(0x423fe48)) called at /opt/perl-5.20.0/lib/site_perl/5.20.0/Test/More.pm line 807
	Test::More::subtest("pod snippets in FunctionalPerl::Dependencies::ChjBin", CODE(0x423fe48)) called at t/pod_snippets.t line 183


    #   Failed test 'pod snippets in FunctionalPerl::Dependencies::ChjBin'
    #   at t/pod_snippets.t line 177.
    # Looks like you failed 1 test of 1.
t/pod_snippets.t ......................... ok
t/predicates.t ........................... ok
t/repl.t ................................. ok
not activating since running in test mode at lib/FP/Repl/AutoTrap.pm line 64.
not activating since running in test mode at lib/FP/Repl/Trap.pm line 47.
Reference is already weak at lib/FP/Stream.pm line 769.
t/require_and_run_tests.t ................ ok
t/skip-internal.t ........................ ok
t/skip-leak.t ............................ ok
t/skip.t ................................. ok
t/testlazy.t ............................. ok
t/testlazy10.t ........................... ok
times for T: user = 0.06, system = 0, cuser = 0, csystem = 0
times for TC: user = 0.05, system = 0, cuser = 0, csystem = 0
skipping test on older perl at intro/.expansion-more_tailcalls line 220.
t/trampoline-fix.t ....................... ok

Test Summary Report
-------------------
t/htmlgen.t                            (Wstat: 65280 Tests: 0 Failed: 0)
  Non-zero exit status: 255
  Parse errors: No plan found in TAP output
Files=28, Tests=178, 12 wallclock secs ( 0.04 usr  0.06 sys +  8.24 cusr  1.58 csys =  9.92 CPU)
Result: FAIL
Failed 1/28 test programs. 0/178 subtests failed.
make: *** [test_dynamic] Error 255

------------------------------
PREREQUISITES
------------------------------

Prerequisite modules loaded:

requires:

    Module              Need     Have    
    ------------------- -------- --------
    autobox             0        2.84    
    base                0        2.22    
    Digest              0        1.17    
    File::Path          0        2.12    
    Getopt::Long        0        2.49    
    Import::Into        0        1.002005
    Math::BigInt        0        1.999808
    NEXT                0        0.67    
    overload            0        1.22    
    perl                5.016004 5.020000
    PerlIO::utf8_strict 0        0.006   
    Safe::Isa           0        1.000005
    Scalar::Util        0        1.53    
    Symbol              0        1.07    
    Test::More          0.96     1.302056
    utf8                0        1.13    
    warnings            0        1.23    

build_requires:

    Module              Need     Have    
    ------------------- -------- --------
    BSD::Resource       0        1.2911  
    Capture::Tiny       0        0.44    
    DBD::CSV            0        0.49    
    DBI                 0        1.636   
    ExtUtils::MakeMaker 0        7.24    
    Sub::Util           0        1.53    
    Test::Pod::Snippets 0        0.07    
    Test::Requires      0        0.10    
    Text::CSV           0        1.33    
    URI                 0        1.71    

configure_requires:

    Module              Need     Have    
    ------------------- -------- --------
    ExtUtils::MakeMaker 0        7.24    


------------------------------
ENVIRONMENT AND OTHER CONTEXT
------------------------------

Environment variables:

    LANG = en_US.UTF-8
    LANGUAGE = en_US:en
    LC_ALL = en_US.UTF-8
    PATH = /usr/local/bin:/usr/bin:/bin:/usr/local/sbin:/usr/sbin:/sbin:/home/cpansand/bin/linux-gnu:/home/cpansand/bin/sh:/home/cpansand/bin:/usr/games:/home/cpansand/devel:/home/eserte/src/srezic-misc/scripts
    PERL5LIB = /home/cpansand/.cpan/build/2021053023/Test-Pod-Snippets-0.07-0/blib/arch:/home/cpansand/.cpan/build/2021053023/Test-Pod-Snippets-0.07-0/blib/lib:/home/cpansand/.cpan/build/2021053023/BSD-Resource-1.2911-0/blib/arch:/home/cpansand/.cpan/build/2021053023/BSD-Resource-1.2911-0/blib/lib:/home/cpansand/.cpan/build/2021053023/CGI-Tiny-1.000-0/blib/arch:/home/cpansand/.cpan/build/2021053023/CGI-Tiny-1.000-0/blib/lib
    PERL5OPT = 
    PERL5_CPANPLUS_IS_RUNNING = 22426
    PERL5_CPAN_IS_RUNNING = 22426
    PERL5_CPAN_IS_RUNNING_IN_RECURSION = 22312,22426
    PERLDOC = -MPod::Perldoc::ToTextOverstrike
    PERL_BATCH = yes
    PERL_CANARY_STABILITY_NOPROMPT = 1
    PERL_CPAN_REPORTER_CONFIG = /var/tmp/cpansmoker-1023/2021053023/cpanreporter_000_config.ini
    PERL_EXTUTILS_AUTOINSTALL = --defaultdeps
    PERL_USE_UNSAFE_INC = 1
    SHELL = /bin/zsh
    TERM = screen
    TMPDIR = /var/tmp/cpansmoker-1023/2021053023

Perl special variables (and OS-specific diagnostics, for MSWin32):

    $^X = /opt/perl-5.20.0/bin/perl
    $UID/$EUID = 1023 / 1023
    $GID = 1023 1023
    $EGID = 1023 1023

Perl module toolchain versions installed:

    Module              Have    
    ------------------- --------
    CPAN                2.16    
    CPAN::Meta          2.150010
    Cwd                 3.62    
    ExtUtils::CBuilder  0.280216
    ExtUtils::Command   7.24    
    ExtUtils::Install   1.67    
    ExtUtils::MakeMaker 7.24    
    ExtUtils::Manifest  1.70    
    ExtUtils::ParseXS   3.24    
    File::Spec          3.62    
    JSON                2.90    
    JSON::PP            2.27400 
    Module::Build       0.4220  
    Module::Signature   0.81    
    Parse::CPAN::Meta   2.150010
    Test::Harness       3.30    
    Test::More          1.302056
    YAML                1.17    
    YAML::Syck          1.29    
    version             0.9917  


--

Summary of my perl5 (revision 5 version 20 subversion 0) configuration:
   
  Platform:
    osname=linux, osvers=3.2.0-4-amd64, archname=x86_64-linux
    uname='linux cvrsnica-wheezy 3.2.0-4-amd64 #1 smp debian 3.2.54-2 x86_64 gnulinux '
    config_args='-ds -e -Dprefix=/opt/perl-5.20.0'
    hint=recommended, useposix=true, d_sigaction=define
    useithreads=undef, usemultiplicity=undef
    use64bitint=define, use64bitall=define, uselongdouble=undef
    usemymalloc=n, bincompat5005=undef
  Compiler:
    cc='cc', ccflags ='-fwrapv -fno-strict-aliasing -pipe -fstack-protector -I/usr/local/include -D_LARGEFILE_SOURCE -D_FILE_OFFSET_BITS=64',
    optimize='-O2',
    cppflags='-fwrapv -fno-strict-aliasing -pipe -fstack-protector -I/usr/local/include'
    ccversion='', gccversion='4.7.2', gccosandvers=''
    intsize=4, longsize=8, ptrsize=8, doublesize=8, byteorder=12345678
    d_longlong=define, longlongsize=8, d_longdbl=define, longdblsize=16
    ivtype='long', ivsize=8, nvtype='double', nvsize=8, Off_t='off_t', lseeksize=8
    alignbytes=8, prototype=define
  Linker and Libraries:
    ld='cc', ldflags =' -fstack-protector -L/usr/local/lib'
    libpth=/usr/local/lib /usr/lib/gcc/x86_64-linux-gnu/4.7/include-fixed /usr/include/x86_64-linux-gnu /usr/lib /lib/x86_64-linux-gnu /lib/../lib /usr/lib/x86_64-linux-gnu /usr/lib/../lib /lib
    libs=-lnsl -ldb -ldl -lm -lcrypt -lutil -lc
    perllibs=-lnsl -ldl -lm -lcrypt -lutil -lc
    libc=libc-2.13.so, so=so, useshrplib=false, libperl=libperl.a
    gnulibc_version='2.13'
  Dynamic Linking:
    dlsrc=dl_dlopen.xs, dlext=so, d_dlsymun=undef, ccdlflags='-Wl,-E'
    cccdlflags='-fPIC', lddlflags='-shared -O2 -L/usr/local/lib -fstack-protector'


Characteristics of this binary (from libperl): 
  Compile-time options: HAS_TIMES PERLIO_LAYERS PERL_DONT_CREATE_GVSV
                        PERL_HASH_FUNC_ONE_AT_A_TIME_HARD PERL_MALLOC_WRAP
                        PERL_NEW_COPY_ON_WRITE PERL_PRESERVE_IVUV
                        USE_64_BIT_ALL USE_64_BIT_INT USE_LARGE_FILES
                        USE_LOCALE USE_LOCALE_COLLATE USE_LOCALE_CTYPE
                        USE_LOCALE_NUMERIC USE_PERLIO USE_PERL_ATOF
  Built under linux
  Compiled at Jul 19 2014 07:43:18
  %ENV:
    PERL5LIB="/home/cpansand/.cpan/build/2021053023/Test-Pod-Snippets-0.07-0/blib/arch:/home/cpansand/.cpan/build/2021053023/Test-Pod-Snippets-0.07-0/blib/lib:/home/cpansand/.cpan/build/2021053023/BSD-Resource-1.2911-0/blib/arch:/home/cpansand/.cpan/build/2021053023/BSD-Resource-1.2911-0/blib/lib:/home/cpansand/.cpan/build/2021053023/CGI-Tiny-1.000-0/blib/arch:/home/cpansand/.cpan/build/2021053023/CGI-Tiny-1.000-0/blib/lib"
    PERL5OPT=""
    PERL5_CPANPLUS_IS_RUNNING="22426"
    PERL5_CPAN_IS_RUNNING="22426"
    PERL5_CPAN_IS_RUNNING_IN_RECURSION="22312,22426"
    PERLDOC="-MPod::Perldoc::ToTextOverstrike"
    PERL_BATCH="yes"
    PERL_CANARY_STABILITY_NOPROMPT="1"
    PERL_CPAN_REPORTER_CONFIG="/var/tmp/cpansmoker-1023/2021053023/cpanreporter_000_config.ini"
    PERL_EXTUTILS_AUTOINSTALL="--defaultdeps"
    PERL_USE_UNSAFE_INC="1"
  @INC:
    /home/cpansand/.cpan/build/2021053023/Test-Pod-Snippets-0.07-0/blib/arch
    /home/cpansand/.cpan/build/2021053023/Test-Pod-Snippets-0.07-0/blib/lib
    /home/cpansand/.cpan/build/2021053023/BSD-Resource-1.2911-0/blib/arch
    /home/cpansand/.cpan/build/2021053023/BSD-Resource-1.2911-0/blib/lib
    /home/cpansand/.cpan/build/2021053023/CGI-Tiny-1.000-0/blib/arch
    /home/cpansand/.cpan/build/2021053023/CGI-Tiny-1.000-0/blib/lib
    /opt/perl-5.20.0/lib/site_perl/5.20.0/x86_64-linux
    /opt/perl-5.20.0/lib/site_perl/5.20.0
    /opt/perl-5.20.0/lib/5.20.0/x86_64-linux
    /opt/perl-5.20.0/lib/5.20.0
    .