Yancy v1.084 Perl 5 v5.30.2 x86_64-linux
- Status
- Fail
- From
- Slaven Rezić
- Dist
-
Yancy v1.084
- Platform
- Perl 5 v5.30.2 x86_64-linux
- Date
- 2021-11-03 21:48:27
- ID
- c6f79208-3cef-11ec-b14b-a02c1f24ea8f
This distribution has been tested as part of the CPAN Testers
project, supporting the Perl programming language. See
http://wiki.cpantesters.org/ for more information or email
questions to cpan-testers-discuss@perl.org
--
Dear Doug Bell,
This is a computer-generated report for Yancy-1.084
on perl 5.30.2, created by CPAN-Reporter-1.2018.
Thank you for uploading your work to CPAN. However, there was a problem
testing your distribution.
If you think this report is invalid, please consult the CPAN Testers Wiki
for suggestions on how to avoid getting FAIL reports for missing library
or binary dependencies, unsupported operating systems, and so on:
http://wiki.cpantesters.org/wiki/CPANAuthorNotes
Sections of this report:
* Tester comments
* Program output
* Prerequisites
* Environment and other context
------------------------------
TESTER COMMENTS
------------------------------
Additional comments from tester:
none provided
------------------------------
PROGRAM OUTPUT
------------------------------
Output from '/usr/bin/make test':
Skip blib/lib/auto/share/dist/Yancy/update_resources.sh (unchanged)
PERL_DL_NONLAZY=1 "/opt/perl-5.30.2/bin/perl" "-MExtUtils::Command::MM" "-MTest::Harness" "-e" "undef *Test::Harness::Switches; test_harness(0, 'blib/lib', 'blib/arch')" t/*.t t/backend/*.t t/command/backend/*.t t/controller/*.t t/examples/*.t t/plugin/*.t t/plugin/auth/*.t t/plugin/form/*.t
t/00-compile.t ............... ok
#
# Versions for all modules listed in MYMETA.json (including optional ones):
#
# === Configure Requires ===
#
# Module Want Have
# ----------------------- ---- ----
# ExtUtils::MakeMaker any 7.62
# File::ShareDir::Install 0.06 0.13
#
# === Configure Suggests ===
#
# Module Want Have
# -------- ------- ----
# JSON::PP 2.27300 4.06
#
# === Build Requires ===
#
# Module Want Have
# ------------------- ---- ----
# ExtUtils::MakeMaker any 7.62
#
# === Test Requires ===
#
# Module Want Have
# ------------------- -------- --------
# ExtUtils::MakeMaker any 7.62
# File::Spec any 3.78
# File::Temp 0.2307 0.2309
# IO::Handle any 1.45
# IPC::Open3 any 1.20
# Test::More 1.001005 1.302188
#
# === Test Recommends ===
#
# Module Want Have
# ---------- -------- --------
# CPAN::Meta 2.120900 2.150010
#
# === Runtime Requires ===
#
# Module Want Have
# ---------------------------- -------- --------
# Class::Method::Modifiers any 2.13
# Digest any 1.20
# Exporter any 5.74
# File::Spec::Functions any 3.78
# FindBin any 1.52
# JSON::Validator 5.00 5.02
# Mojolicious 9 9.19
# Mojolicious::Plugin::I18N 1.6 1.6
# Mojolicious::Plugin::OpenAPI 5.00 5.00
# Role::Tiny 2.000001 2.002004
# Scalar::Util any 1.58
# Sys::Hostname any 1.22
# Text::Balanced any 2.03
#
t/00-report-prereqs.t ........ ok
x-view is deprecated and will be removed in v2. Use Yancy::Model or your database's CREATE VIEW instead. at /home/cpansand/.cpan/build/2021110317/Yancy-1.084-3/blib/lib/Yancy/Model/Schema.pm line 283.
t/api.t ...................... ok
t/app.t ...................... ok
DBIx::Class::Storage::DBI::SQLite::_dbi_attrs_for_bind(): Non-integer value supplied for column 'me.id' despite the integer datatype at /home/cpansand/.cpan/build/2021110317/Yancy-1.084-3/blib/lib/Yancy/Backend/Dbic.pm line 174
datatype mismatch: bind param (0) DOES_NOT_EXIST as integer at /opt/perl-5.30.2/lib/site_perl/5.30.2/DBIx/Class/Storage/DBI.pm line 1958.
datatype mismatch: bind param (0) DOES_NOT_EXIST as integer at /opt/perl-5.30.2/lib/site_perl/5.30.2/DBIx/Class/Storage/DBI.pm line 1958.
datatype mismatch: bind param (0) DOES_NOT_EXIST as integer at /opt/perl-5.30.2/lib/site_perl/5.30.2/DBIx/Class/Storage/DBI.pm line 1958.
datatype mismatch: bind param (0) DOES_NOT_EXIST as integer at /opt/perl-5.30.2/lib/site_perl/5.30.2/DBIx/Class/Storage/DBI.pm line 1958.
datatype mismatch: bind param (0) DOES_NOT_EXIST as integer at /opt/perl-5.30.2/lib/site_perl/5.30.2/DBIx/Class/Storage/DBI.pm line 1958.
datatype mismatch: bind param (0) DOES_NOT_EXIST as integer at /opt/perl-5.30.2/lib/site_perl/5.30.2/DBIx/Class/Storage/DBI.pm line 1958.
t/backend/dbic.t ............. ok
t/backend/memory.t ........... ok
t/backend/mysql.t ............ skipped: set TEST_ONLINE_MYSQL to enable this test
t/backend/pg.t ............... skipped: set TEST_ONLINE_PG to enable this test
# No tests run!
# Failed test 'No tests run for subtest "list all items is correct"'
# at /home/cpansand/.cpan/build/2021110317/Yancy-1.084-3/t/backend/../lib/Local/Test.pm line 641.
# Looks like you failed 1 test of 1.
# Failed test 'default id field'
# at /home/cpansand/.cpan/build/2021110317/Yancy-1.084-3/t/backend/../lib/Local/Test.pm line 801.
DBD::SQLite::db prepare_cached failed: no such column: order_by at /home/cpansand/.cpan/build/2021110317/Yancy-1.084-3/blib/lib/Yancy/Backend/MojoDB.pm line 199.
at /home/cpansand/.cpan/build/2021110317/Yancy-1.084-3/blib/lib/Yancy/Backend/MojoDB.pm line 199.
# Tests were run but no plan was declared and done_testing() was not seen.
# Looks like your test exited with 2 just after 2.
t/backend/sqlite.t ...........
Dubious, test returned 2 (wstat 512, 0x200)
Failed 1/2 subtests
x-view is deprecated and will be removed in v2. Use Yancy::Model or your database's CREATE VIEW instead. at /home/cpansand/.cpan/build/2021110317/Yancy-1.084-3/blib/lib/Yancy/Model/Schema.pm line 283.
t/command/backend/copy.t ..... ok
x-view is deprecated and will be removed in v2. Use Yancy::Model or your database's CREATE VIEW instead. at /home/cpansand/.cpan/build/2021110317/Yancy-1.084-3/blib/lib/Yancy/Model/Schema.pm line 283.
t/config.t ................... ok
x-view is deprecated and will be removed in v2. Use Yancy::Model or your database's CREATE VIEW instead. at /home/cpansand/.cpan/build/2021110317/Yancy-1.084-3/blib/lib/Yancy/Model/Schema.pm line 283.
t/controller/multi_tenant.t .. ok
x-view is deprecated and will be removed in v2. Use Yancy::Model or your database's CREATE VIEW instead. at /home/cpansand/.cpan/build/2021110317/Yancy-1.084-3/blib/lib/Yancy/Model/Schema.pm line 283.
t/controller/yancy.t ......... ok
t/examples/doc-site.t ........ skipped: Set TEST_YANCY_EXAMPLES to run these tests
t/examples/limited-editor.t .. skipped: Set TEST_YANCY_EXAMPLES to run these tests
t/examples/test-app.t ........ skipped: Set TEST_YANCY_EXAMPLES to run these tests
t/examples/todo-app.t ........ skipped: Set TEST_YANCY_EXAMPLES to run these tests
x-view is deprecated and will be removed in v2. Use Yancy::Model or your database's CREATE VIEW instead. at /home/cpansand/.cpan/build/2021110317/Yancy-1.084-3/blib/lib/Yancy/Model/Schema.pm line 283.
[2021-11-03 17:17:32.78577] [3784271] [fatal] [HvON9UxVWvKN] Unknown filter: DOES.NOT.EXIST (schema: user, field: email) at /home/cpansand/.cpan/build/2021110317/Yancy-1.084-3/blib/lib/Mojolicious/Plugin/Yancy.pm line 876.
t/filter.t ................... ok
x-view is deprecated and will be removed in v2. Use Yancy::Model or your database's CREATE VIEW instead. at /home/cpansand/.cpan/build/2021110317/Yancy-1.084-3/blib/lib/Yancy/Model/Schema.pm line 283.
t/helpers.t .................. ok
x-view is deprecated and will be removed in v2. Use Yancy::Model or your database's CREATE VIEW instead. at /home/cpansand/.cpan/build/2021110317/Yancy-1.084-3/blib/lib/Yancy/Model/Schema.pm line 283.
t/i18n.t ..................... ok
t/model.t .................... ok
x-view is deprecated and will be removed in v2. Use Yancy::Model or your database's CREATE VIEW instead. at /home/cpansand/.cpan/build/2021110317/Yancy-1.084-3/blib/lib/Yancy/Model/Schema.pm line 283.
t/plugin/auth.t .............. ok
x-view is deprecated and will be removed in v2. Use Yancy::Model or your database's CREATE VIEW instead. at /home/cpansand/.cpan/build/2021110317/Yancy-1.084-3/blib/lib/Yancy/Model/Schema.pm line 283.
The Auth::Basic plugin is deprecated and will be removed in Yancy v2.000. Please migrate to the Auth::Password module.
at /home/cpansand/.cpan/build/2021110317/Yancy-1.084-3/blib/lib/Yancy/Plugin/Auth/Basic.pm line 256.
t/plugin/auth/basic.t ........ ok
x-view is deprecated and will be removed in v2. Use Yancy::Model or your database's CREATE VIEW instead. at /home/cpansand/.cpan/build/2021110317/Yancy-1.084-3/blib/lib/Yancy/Model/Schema.pm line 283.
t/plugin/auth/github.t ....... ok
x-view is deprecated and will be removed in v2. Use Yancy::Model or your database's CREATE VIEW instead. at /home/cpansand/.cpan/build/2021110317/Yancy-1.084-3/blib/lib/Yancy/Model/Schema.pm line 283.
t/plugin/auth/oauth2.t ....... ok
x-view is deprecated and will be removed in v2. Use Yancy::Model or your database's CREATE VIEW instead. at /home/cpansand/.cpan/build/2021110317/Yancy-1.084-3/blib/lib/Yancy/Model/Schema.pm line 283.
t/plugin/auth/password.t ..... ok
x-view is deprecated and will be removed in v2. Use Yancy::Model or your database's CREATE VIEW instead. at /home/cpansand/.cpan/build/2021110317/Yancy-1.084-3/blib/lib/Yancy/Model/Schema.pm line 283.
t/plugin/auth/token.t ........ ok
t/plugin/editor.t ............ ok
x-view is deprecated and will be removed in v2. Use Yancy::Model or your database's CREATE VIEW instead. at /home/cpansand/.cpan/build/2021110317/Yancy-1.084-3/blib/lib/Yancy/Model/Schema.pm line 283.
[2021-11-03 17:17:40.93720] [3784323] [debug] [UtgvMVhtblLh] POST "/yancy/upload"
[2021-11-03 17:17:40.93759] [3784323] [debug] [UtgvMVhtblLh] Routing to a callback
[2021-11-03 17:17:40.93765] [3784323] [warn] *** Cannot verify that admin editor is behind authentication.
Add a Yancy Auth plugin, add a `route` to the Yancy plugin config,
or set `editor.require_user => undef` to silence this warning
[2021-11-03 17:17:40.93771] [3784323] [debug] [UtgvMVhtblLh] Routing to a callback
[2021-11-03 17:17:40.93817] [3784323] [debug] [UtgvMVhtblLh] 201 Created (0.000974s, 1026.694/s)
[2021-11-03 17:17:40.94219] [3784323] [debug] [pv4fa44VZ3dH] GET "/user/doug/edit"
[2021-11-03 17:17:40.94506] [3784323] [debug] [pv4fa44VZ3dH] Routing to controller "Yancy::Controller::Yancy" and action "set"
[2021-11-03 17:17:40.94965] [3784323] [debug] [pv4fa44VZ3dH] Rendering template "user_edit.html.ep"
[2021-11-03 17:17:40.95107] [3784323] [debug] Your secret passphrase needs to be changed
[2021-11-03 17:17:40.95163] [3784323] [debug] [pv4fa44VZ3dH] 200 OK (0.009437s, 105.966/s)
[2021-11-03 17:17:40.95646] [3784323] [debug] [2Wg9HQKkqD2j] POST "/user/doug/edit"
[2021-11-03 17:17:40.95703] [3784323] [debug] [2Wg9HQKkqD2j] Routing to controller "Yancy::Controller::Yancy" and action "set"
[2021-11-03 17:17:40.95937] [3784323] [debug] [2Wg9HQKkqD2j] 302 Found (0.002899s, 344.947/s)
[2021-11-03 17:17:40.96186] [3784323] [debug] [Fd6y-C2Ik3qA] GET "/user/doug"
[2021-11-03 17:17:40.96239] [3784323] [debug] [Fd6y-C2Ik3qA] Routing to controller "Yancy::Controller::Yancy" and action "get"
[2021-11-03 17:17:40.96293] [3784323] [debug] [Fd6y-C2Ik3qA] Rendering template "user.html.ep"
[2021-11-03 17:17:40.96351] [3784323] [debug] [Fd6y-C2Ik3qA] 200 OK (0.001636s, 611.247/s)
t/plugin/file.t .............. ok
x-view is deprecated and will be removed in v2. Use Yancy::Model or your database's CREATE VIEW instead. at /home/cpansand/.cpan/build/2021110317/Yancy-1.084-3/blib/lib/Yancy/Model/Schema.pm line 283.
[2021-11-03 17:17:41.64389] [3784329] [warn] [lvbAPvbdzPrC] form_for() called with incomplete request. CSRF token may not validate!
t/plugin/form/bootstrap4.t ... ok
x-view is deprecated and will be removed in v2. Use Yancy::Model or your database's CREATE VIEW instead. at /home/cpansand/.cpan/build/2021110317/Yancy-1.084-3/blib/lib/Yancy/Model/Schema.pm line 283.
t/plugin/roles.t ............. ok
t/register.t ................. ok
t/util.t ..................... ok
Test Summary Report
-------------------
t/backend/sqlite.t (Wstat: 512 Tests: 2 Failed: 1)
Failed test: 2
Non-zero exit status: 2
Parse errors: No plan found in TAP output
Files=33, Tests=220, 29 wallclock secs ( 0.34 usr 0.08 sys + 23.96 cusr 1.80 csys = 26.18 CPU)
Result: FAIL
Failed 1/33 test programs. 1/220 subtests failed.
make: *** [Makefile:1103: test_dynamic] Error 255
------------------------------
PREREQUISITES
------------------------------
Prerequisite modules loaded:
requires:
Module Need Have
---------------------------- -------- --------
Class::Method::Modifiers 0 2.13
Digest 0 1.20
Exporter 0 5.74
File::Spec::Functions 0 3.78
FindBin 0 1.52
JSON::Validator 5.00 5.02
Mojolicious 9 9.19
Mojolicious::Plugin::I18N 1.6 1.6
Mojolicious::Plugin::OpenAPI 5.00 5.00
perl 5.016 5.030002
Role::Tiny 2.000001 2.002004
Scalar::Util 0 1.58
Sys::Hostname 0 1.22
Text::Balanced 0 2.03
build_requires:
Module Need Have
---------------------------- -------- --------
ExtUtils::MakeMaker 0 7.62
File::Spec 0 3.78
File::Temp 0.2307 0.2309
IO::Handle 0 1.45
IPC::Open3 0 1.20
Test::More 1.001005 1.302188
configure_requires:
Module Need Have
---------------------------- -------- --------
ExtUtils::MakeMaker 0 7.62
File::ShareDir::Install 0.06 0.13
------------------------------
ENVIRONMENT AND OTHER CONTEXT
------------------------------
Environment variables:
LANG = en_US.UTF-8
PATH = /usr/local/bin:/usr/bin:/bin:/usr/local/sbin:/usr/sbin:/sbin:/home/cpansand/bin/linux-gnu:/home/cpansand/bin/sh:/home/cpansand/bin:/usr/games:/home/cpansand/devel:/home/eserte/src/srezic-misc/scripts
PERL5LIB = /home/cpansand/.local/share/.cpan/build/2021110317/Mojolicious-Plugin-OpenAPI-5.00-2/blib/arch:/home/cpansand/.local/share/.cpan/build/2021110317/Mojolicious-Plugin-OpenAPI-5.00-2/blib/lib:/home/cpansand/.local/share/.cpan/build/2021110317/JSON-Validator-5.02-2/blib/arch:/home/cpansand/.local/share/.cpan/build/2021110317/JSON-Validator-5.02-2/blib/lib
PERL5OPT =
PERL5_CPANPLUS_IS_RUNNING = 3782251
PERL5_CPAN_IS_RUNNING = 3782251
PERL5_CPAN_IS_RUNNING_IN_RECURSION = 3778453,3782251
PERLDOC = -MPod::Perldoc::ToTextOverstrike
PERL_BATCH = yes
PERL_CANARY_STABILITY_NOPROMPT = 1
PERL_CPAN_REPORTER_CONFIG = /var/tmp/cpansmoker-1023/2021110317/cpanreporter_000_config.ini
PERL_EXTUTILS_AUTOINSTALL = --defaultdeps
PERL_USE_UNSAFE_INC = 1
SHELL = /usr/bin/zsh
TERM = screen
TMPDIR = /var/tmp/cpansmoker-1023/2021110317
Perl special variables (and OS-specific diagnostics, for MSWin32):
$^X = /opt/perl-5.30.2/bin/perl
$UID/$EUID = 1023 / 1023
$GID = 1023 1023
$EGID = 1023 1023
Perl module toolchain versions installed:
Module Have
------------------- --------
CPAN 2.22
CPAN::Meta 2.150010
Cwd 3.78
ExtUtils::CBuilder 0.280231
ExtUtils::Command 7.62
ExtUtils::Install 2.20
ExtUtils::MakeMaker 7.62
ExtUtils::Manifest 1.73
ExtUtils::ParseXS 3.40
File::Spec 3.78
JSON 4.03
JSON::PP 4.06
Module::Build 0.4231
Module::Signature 0.83
Parse::CPAN::Meta 2.150010
Test::Harness 3.42
Test::More 1.302188
YAML 1.30
YAML::Syck 1.33
version 0.9929
--
Summary of my perl5 (revision 5 version 30 subversion 2) configuration:
Platform:
osname=linux
osvers=5.4.0-33-generic
archname=x86_64-linux
uname='linux cloud8.bbbike.org 5.4.0-33-generic #37-ubuntu smp thu may 21 12:53:59 utc 2020 x86_64 x86_64 x86_64 gnulinux '
config_args='-ds -e -Dprefix=/opt/perl-5.30.2 -Dcf_email=srezic@cpan.org'
hint=recommended
useposix=true
d_sigaction=define
useithreads=undef
usemultiplicity=undef
use64bitint=define
use64bitall=define
uselongdouble=undef
usemymalloc=n
default_inc_excludes_dot=define
bincompat5005=undef
Compiler:
cc='cc'
ccflags ='-fwrapv -fno-strict-aliasing -pipe -fstack-protector-strong -I/usr/local/include -D_LARGEFILE_SOURCE -D_FILE_OFFSET_BITS=64'
optimize='-O2'
cppflags='-fwrapv -fno-strict-aliasing -pipe -fstack-protector-strong -I/usr/local/include'
ccversion=''
gccversion='9.3.0'
gccosandvers=''
intsize=4
longsize=8
ptrsize=8
doublesize=8
byteorder=12345678
doublekind=3
d_longlong=define
longlongsize=8
d_longdbl=define
longdblsize=16
longdblkind=3
ivtype='long'
ivsize=8
nvtype='double'
nvsize=8
Off_t='off_t'
lseeksize=8
alignbytes=8
prototype=define
Linker and Libraries:
ld='cc'
ldflags =' -fstack-protector-strong -L/usr/local/lib'
libpth=/usr/local/lib /usr/include/x86_64-linux-gnu /usr/lib /lib/x86_64-linux-gnu /lib/../lib /usr/lib/x86_64-linux-gnu /usr/lib/../lib /lib
libs=-lpthread -lnsl -lgdbm -ldb -ldl -lm -lcrypt -lutil -lc
perllibs=-lpthread -lnsl -ldl -lm -lcrypt -lutil -lc
libc=libc-2.31.so
so=so
useshrplib=false
libperl=libperl.a
gnulibc_version='2.31'
Dynamic Linking:
dlsrc=dl_dlopen.xs
dlext=so
d_dlsymun=undef
ccdlflags='-Wl,-E'
cccdlflags='-fPIC'
lddlflags='-shared -O2 -L/usr/local/lib -fstack-protector-strong'
Characteristics of this binary (from libperl):
Compile-time options:
HAS_TIMES
PERLIO_LAYERS
PERL_COPY_ON_WRITE
PERL_DONT_CREATE_GVSV
PERL_MALLOC_WRAP
PERL_OP_PARENT
PERL_PRESERVE_IVUV
USE_64_BIT_ALL
USE_64_BIT_INT
USE_LARGE_FILES
USE_LOCALE
USE_LOCALE_COLLATE
USE_LOCALE_CTYPE
USE_LOCALE_NUMERIC
USE_LOCALE_TIME
USE_PERLIO
USE_PERL_ATOF
Built under linux
Compiled at May 31 2020 21:52:41
%ENV:
PERL5LIB="/home/cpansand/.local/share/.cpan/build/2021110317/Mojolicious-Plugin-OpenAPI-5.00-2/blib/arch:/home/cpansand/.local/share/.cpan/build/2021110317/Mojolicious-Plugin-OpenAPI-5.00-2/blib/lib:/home/cpansand/.local/share/.cpan/build/2021110317/JSON-Validator-5.02-2/blib/arch:/home/cpansand/.local/share/.cpan/build/2021110317/JSON-Validator-5.02-2/blib/lib"
PERL5OPT=""
PERL5_CPANPLUS_IS_RUNNING="3782251"
PERL5_CPAN_IS_RUNNING="3782251"
PERL5_CPAN_IS_RUNNING_IN_RECURSION="3778453,3782251"
PERLDOC="-MPod::Perldoc::ToTextOverstrike"
PERL_BATCH="yes"
PERL_CANARY_STABILITY_NOPROMPT="1"
PERL_CPAN_REPORTER_CONFIG="/var/tmp/cpansmoker-1023/2021110317/cpanreporter_000_config.ini"
PERL_EXTUTILS_AUTOINSTALL="--defaultdeps"
PERL_USE_UNSAFE_INC="1"
@INC:
/home/cpansand/.local/share/.cpan/build/2021110317/Mojolicious-Plugin-OpenAPI-5.00-2/blib/arch
/home/cpansand/.local/share/.cpan/build/2021110317/Mojolicious-Plugin-OpenAPI-5.00-2/blib/lib
/home/cpansand/.local/share/.cpan/build/2021110317/JSON-Validator-5.02-2/blib/arch
/home/cpansand/.local/share/.cpan/build/2021110317/JSON-Validator-5.02-2/blib/lib
/opt/perl-5.30.2/lib/site_perl/5.30.2/x86_64-linux
/opt/perl-5.30.2/lib/site_perl/5.30.2
/opt/perl-5.30.2/lib/5.30.2/x86_64-linux
/opt/perl-5.30.2/lib/5.30.2
.