Statocles v0.089 Perl 5 v5.20.3 x86_64-linux
- Status
- Fail
- From
- Andreas J. König (ANDK)
- Dist
-
Statocles v0.089
- Platform
- Perl 5 v5.20.3 x86_64-linux
- Date
- 2018-03-26 00:29:40
- ID
- c5da3ba0-308c-11e8-918f-4b04fc8fc88d
This distribution has been tested as part of the CPAN Testers
project, supporting the Perl programming language. See
http://wiki.cpantesters.org/ for more information or email
questions to cpan-testers-discuss@perl.org
--
Dear Doug Bell,
This is a computer-generated report for Statocles-0.089
on perl 5.20.3, created by CPAN-Reporter-1.2018.
Thank you for uploading your work to CPAN. However, there was a problem
testing your distribution.
If you think this report is invalid, please consult the CPAN Testers Wiki
for suggestions on how to avoid getting FAIL reports for missing library
or binary dependencies, unsupported operating systems, and so on:
http://wiki.cpantesters.org/wiki/CPANAuthorNotes
Sections of this report:
* Tester comments
* Program output
* Prerequisites
* Environment and other context
------------------------------
TESTER COMMENTS
------------------------------
Additional comments from tester:
this report is from an automated smoke testing program
and was not reviewed by a human for accuracy
------------------------------
PROGRAM OUTPUT
------------------------------
Output from '/usr/bin/make test':
Skip blib/lib/auto/share/dist/Statocles/theme/bootstrap/perldoc/pod.html.ep (unchanged)
Skip blib/lib/auto/share/dist/Statocles/theme/default/perldoc/source.html.ep (unchanged)
Skip blib/lib/auto/share/dist/Statocles/theme/bootstrap/site/sitemap.xml.ep (unchanged)
Skip blib/lib/auto/share/dist/Statocles/theme/bootstrap/blog/index.html.ep (unchanged)
Skip blib/lib/auto/share/dist/Statocles/create/site.yml (unchanged)
Skip blib/lib/auto/share/dist/Statocles/theme/default/layout/default.html.ep (unchanged)
Skip blib/lib/auto/share/dist/Statocles/theme/bootstrap/layout/full-width.html.ep (unchanged)
Skip blib/lib/auto/share/dist/Statocles/create/script.yml (unchanged)
Skip blib/lib/auto/share/dist/Statocles/theme/default/site/header_after.html.ep (unchanged)
Skip blib/lib/auto/share/dist/Statocles/theme/bootstrap/site/header_after.html.ep (unchanged)
Skip blib/lib/auto/share/dist/Statocles/theme/default/css/normalize.css (unchanged)
Skip blib/lib/auto/share/dist/Statocles/theme/default/blog/index.rss.ep (unchanged)
Skip blib/lib/auto/share/dist/Statocles/theme/default/css/skeleton.css (unchanged)
Skip blib/lib/auto/share/dist/Statocles/theme/default/css/statocles-default.css (unchanged)
Skip blib/lib/auto/share/dist/Statocles/theme/default/plugin/highlight/solarized-light.css (unchanged)
Skip blib/lib/auto/share/dist/Statocles/theme/default/site/footer.html.ep (unchanged)
Skip blib/lib/auto/share/dist/Statocles/theme/bootstrap/site/navbar_extra.html.ep (unchanged)
Skip blib/lib/auto/share/dist/Statocles/theme/default/blog/index.html.ep (unchanged)
Skip blib/lib/auto/share/dist/Statocles/theme/default/site/sidebar_before.html.ep (unchanged)
Skip blib/lib/auto/share/dist/Statocles/theme/default/site/sitemap.xml.ep (unchanged)
Skip blib/lib/auto/share/dist/Statocles/theme/bootstrap/blog/index.atom.ep (unchanged)
Skip blib/lib/auto/share/dist/Statocles/theme/default/plugin/highlight/solarized-dark.css (unchanged)
Skip blib/lib/auto/share/dist/Statocles/theme/bootstrap/site/sidebar_before.html.ep (unchanged)
Skip blib/lib/auto/share/dist/Statocles/theme/bootstrap/layout/default.html.ep (unchanged)
Skip blib/lib/auto/share/dist/Statocles/theme/default/site/style.html (unchanged)
Skip blib/lib/auto/share/dist/Statocles/create/page/index.markdown (unchanged)
Skip blib/lib/auto/share/dist/Statocles/theme/bootstrap/site/footer.html.ep (unchanged)
Skip blib/lib/auto/share/dist/Statocles/theme/default/site/robots.txt.ep (unchanged)
Skip blib/lib/auto/share/dist/Statocles/theme/default/blog/index.atom.ep (unchanged)
Skip blib/lib/auto/share/dist/Statocles/theme/bootstrap/site/style.html (unchanged)
Skip blib/lib/auto/share/dist/Statocles/theme/bootstrap/plugin/highlight/default.css (unchanged)
Skip blib/lib/auto/share/dist/Statocles/theme/bootstrap/layout/blank.html.ep (unchanged)
Skip blib/lib/auto/share/dist/Statocles/theme/default/plugin/highlight/default.css (unchanged)
Skip blib/lib/auto/share/dist/Statocles/create/blog/post.markdown (unchanged)
Skip blib/lib/auto/share/dist/Statocles/theme/default/blog/post.html.ep (unchanged)
Skip blib/lib/auto/share/dist/Statocles/theme/bootstrap/site/robots.txt.ep (unchanged)
Skip blib/lib/auto/share/dist/Statocles/theme/bootstrap/plugin/highlight/solarized-dark.css (unchanged)
Skip blib/lib/auto/share/dist/Statocles/theme/default/perldoc/pod.html.ep (unchanged)
Skip blib/lib/auto/share/dist/Statocles/theme/bootstrap/site/head_after.html.ep (unchanged)
Skip blib/lib/auto/share/dist/Statocles/theme/bootstrap/blog/post.html.ep (unchanged)
Skip blib/lib/auto/share/dist/Statocles/theme/bootstrap/blog/index.rss.ep (unchanged)
Skip blib/lib/auto/share/dist/Statocles/theme/bootstrap/plugin/highlight/solarized-light.css (unchanged)
Skip blib/lib/auto/share/dist/Statocles/theme/default/layout/blank.html.ep (unchanged)
Skip blib/lib/auto/share/dist/Statocles/theme/default/site/navbar_extra.html.ep (unchanged)
Skip blib/lib/auto/share/dist/Statocles/theme/bootstrap/css/statocles-bootstrap.css (unchanged)
Skip blib/lib/auto/share/dist/Statocles/zsh/_statocles (unchanged)
Skip blib/lib/auto/share/dist/Statocles/theme/bootstrap/perldoc/source.html.ep (unchanged)
Skip blib/lib/auto/share/dist/Statocles/theme/default/site/head_after.html.ep (unchanged)
Skip blib/lib/auto/share/dist/Statocles/theme/default/layout/full-width.html.ep (unchanged)
PERL_DL_NONLAZY=1 "/home/sand/src/perl/repoperls/installed-perls/host/k93msid/v5.20.3/da1c/bin/perl" "-MExtUtils::Command::MM" "-MTest::Harness" "-e" "undef *Test::Harness::Switches; test_harness(0, 'blib/lib', 'blib/arch')" t/*.t t/app/*.t t/app/basic/*.t t/app/blog/*.t t/app/perldoc/*.t t/app/role/*.t t/bin/*.t t/command/*.t t/deploy/*.t t/link/*.t t/page/*.t t/plugin/*.t t/site/*.t t/template/*.t t/theme/*.t
t/00-compile.t ................ ok
#
# Versions for all modules listed in MYMETA.json (including optional ones):
#
# === Configure Requires ===
#
# Module Want Have
# ----------------------- ---- ----
# ExtUtils::MakeMaker any 7.32
# File::ShareDir::Install 0.06 0.11
#
# === Build Requires ===
#
# Module Want Have
# ------------------- ---- ----
# ExtUtils::MakeMaker any 7.32
#
# === Test Requires ===
#
# Module Want Have
# ------------------- -------- --------
# Capture::Tiny any 0.46
# Dir::Self any 0.11
# ExtUtils::MakeMaker any 7.32
# File::Spec any 3.74
# IO::Handle any 1.35
# IPC::Open3 any 1.16
# Storable any 2.51
# Test::Deep any 1.127
# Test::Differences 0.64 0.64
# Test::Exception any 0.43
# Test::Lib any 0.002
# Test::More 1.001005 1.302131
#
# === Test Recommends ===
#
# Module Want Have
# ---------- -------- --------
# CPAN::Meta 2.120900 2.150010
#
# === Runtime Requires ===
#
# Module Want Have
# ------------------ -------- --------
# Beam::Emitter 0.007 1.007
# Beam::Wire 1.018 1.021
# DateTime::Moonpig any 1.03
# Encode any 2.97
# File::Share any 0.25
# Git::Repository any 1.321
# Import::Base 0.012 1.004
# JSON::PP any 2.97001
# List::UtilsBy 0.09 0.11
# Mojolicious 6.54 7.71
# Moo 2.000001 2.003004
# Path::Tiny 0.084 0.104
# Pod::Simple 3.31 3.35
# Pod::Usage::Return any 0.003
# Text::Markdown any 1.000031
# Text::Unidecode any 1.30
# Type::Tiny any 1.002001
# Types::Path::Tiny any 0.005
# YAML any 1.24
# strict any 1.08
# warnings any 1.23
#
# === Runtime Recommends ===
#
# Module Want Have
# ------------------------------- ----- --------
# HTML::Lint::Pluggable 0.06 missing
# PPI any 1.236
# Pod::Elemental any 0.103004
# Pod::Weaver 4.015 4.015
# Syntax::Highlight::Engine::Kate any missing
#
t/00-report-prereqs.t ......... ok
# Before test: STDIN is interactive
# After Test: STDIN is not interactive
# Before test: STDIN is interactive
# After Test: STDIN is not interactive
t/app/basic/command.t ......... ok
t/app/basic/constructor.t ..... ok
t/app/basic/pages.t ........... ok
# Before test: STDIN is interactive
# After Test: STDIN is not interactive
# Before test: STDIN is interactive
# After Test: STDIN is not interactive
# Before test: STDIN is interactive
# After Test: STDIN is not interactive
t/app/blog/command.t .......... ok
t/app/blog/constructor.t ...... ok
# Current LC_TIME locale: en_US.UTF-8
# Could not set locale to ru_RU. Still
t/app/blog/pages.t ............ ok
t/app/blog/post_date.t ........ ok
t/app/blog/recent_posts.t ..... ok
t/app/blog/slugs.t ............ ok
t/app/events.t ................ ok
t/app/perldoc/constructor.t ... ok
t/app/perldoc/highlight.t ..... skipped: Syntax::Highlight::Engine::Kate needed
t/app/perldoc/pages.t ......... ok
Can't locate TestSTore.pm in @INC (you may need to install the TestSTore module) (@INC contains: /tmp/loop_over_bdir-9852-tw95cU/Statocles-0.089-0/t/app/role/../../lib /tmp/loop_over_bdir-9852-tw95cU/Statocles-0.089-0/blib/lib /tmp/loop_over_bdir-9852-tw95cU/Statocles-0.089-0/blib/arch /home/sand/src/perl/repoperls/installed-perls/host/k93msid/v5.20.3/da1c/lib/site_perl/5.20.3/x86_64-linux /home/sand/src/perl/repoperls/installed-perls/host/k93msid/v5.20.3/da1c/lib/site_perl/5.20.3 /home/sand/src/perl/repoperls/installed-perls/host/k93msid/v5.20.3/da1c/lib/5.20.3/x86_64-linux /home/sand/src/perl/repoperls/installed-perls/host/k93msid/v5.20.3/da1c/lib/5.20.3 .) at t/app/role/store.t line 4.
BEGIN failed--compilation aborted at t/app/role/store.t line 4.
t/app/role/store.t ............
Dubious, test returned 2 (wstat 512, 0x200)
No subtests run
t/app/template.t .............. ok
t/app/url.t ................... ok
t/bin/statocles.t ............. ok
t/command/apps.t .............. ok
# Git version: 2.015001
t/command/build_and_deploy.t .. ok
t/command/bundle.t ............ ok
# Git version: 2.015001
t/command/create.t ............ ok
t/command/daemon.t ............ ok
t/command/error.t ............. ok
t/command/help_and_version.t .. ok
t/command/mojo_app.t .......... ok
t/deploy/file.t ............... ok
# Git version: 2.015001
[Mon Mar 26 00:28:24 2018] [warn] No files changed
[Mon Mar 26 00:28:25 2018] [warn] No files changed
[Mon Mar 26 00:28:39 2018] [warn] Git remote "origin" does not exist. Not pushing.
[Mon Mar 26 00:28:41 2018] [warn] Git remote "nondefault" does not exist. Not pushing.
t/deploy/git.t ................ ok
t/deprecated.t ................ ok
t/document.t .................. ok
t/image.t ..................... ok
t/link.t ...................... ok
t/link/tree.t ................. ok
t/page/basename.t ............. ok
t/page/content_sections.t ..... ok
Invalid data attribute in document "/required.markdown". Data attributes that are not hashes are deprecated and will be removed in v2.0. Please use a hash instead. See Statocles::Help::Upgrading
Invalid data attribute in document "/links/alternate_single.markdown". Data attributes that are not hashes are deprecated and will be removed in v2.0. Please use a hash instead. See Statocles::Help::Upgrading
t/page/document.t ............. ok
t/page/file.t ................. ok
t/page/images.t ............... ok
t/page/links.t ................ ok
t/page/list.t ................. ok
t/page/list_item.t ............ ok
[Mon Mar 26 00:28:57 2018] [debug] Render page: /path/to/page.html
t/page/plain.t ................ ok
t/page/type.t ................. ok
t/person.t .................... ok
t/plugin/highlight.t .......... skipped: Syntax::Highlight::Engine::Kate needed
t/plugin/html_lint.t .......... skipped: HTML::Lint::Pluggable v0.06 or higher needed
t/plugin/link_check.t ......... ok
t/plugin/mermaid.t ............ ok
t/site/build_and_deploy.t ..... ok
t/site/constructor.t .......... ok
t/site/data.t ................. ok
t/site/events.t ............... ok
t/site/index.t ................ ok
t/site/nav.t .................. ok
t/site/plugin.t ............... ok
t/site/sitemap_and_robots.t ... ok
t/site/template.t ............. ok
t/site/url.t .................. ok
t/site/warnings.t ............. ok
[Mon Mar 26 00:29:19 2018] [warn] Store path "/tmp/loop_over_bdir-9852-tw95cU/Statocles-0.089-0/t/share/DOES_NOT_EXIST" does not exist
t/store.t ..................... ok
t/template/basic.t ............ ok
t/template/content.t .......... ok
t/template/include.t .......... ok
t/template/markdown.t ......... ok
t/theme/check.t ............... ok
t/theme/helper.t .............. ok
t/theme/pages.t ............... ok
t/theme/template.t ............ ok
t/types.t ..................... ok
sh: 1: HOPEFULLY_DOES_NOT_EXIST: not found
Terminated
t/util.t ...................... ok
Test Summary Report
-------------------
t/app/role/store.t (Wstat: 512 Tests: 0 Failed: 0)
Non-zero exit status: 2
Parse errors: No plan found in TAP output
Files=71, Tests=304, 147 wallclock secs ( 0.45 usr 0.46 sys + 78.80 cusr 35.05 csys = 114.76 CPU)
Result: FAIL
Failed 1/71 test programs. 0/304 subtests failed.
Makefile:1132: recipe for target 'test_dynamic' failed
make: *** [test_dynamic] Error 255
------------------------------
PREREQUISITES
------------------------------
Prerequisite modules loaded:
requires:
Module Need Have
----------------------- -------- --------
Beam::Emitter 0.007 1.007
Beam::Wire 1.018 1.021
DateTime::Moonpig 0 1.03
Encode 0 2.97
File::Share 0 0.25
Git::Repository 0 1.321
Import::Base 0.012 1.004
JSON::PP 0 2.97001
List::UtilsBy 0.09 0.11
Mojolicious 6.54 7.71
Moo 2.000001 2.003004
Path::Tiny 0.084 0.104
perl 5.010 5.020003
Pod::Simple 3.31 3.35
Pod::Usage::Return 0 0.003
strict 0 1.08
Text::Markdown 0 1.000031
Text::Unidecode 0 1.30
Type::Tiny 0 1.002001
Types::Path::Tiny 0 0.005
warnings 0 1.23
YAML 0 1.24
build_requires:
Module Need Have
----------------------- -------- --------
Capture::Tiny 0 0.46
Dir::Self 0 0.11
ExtUtils::MakeMaker 0 7.32
File::Spec 0 3.74
IO::Handle 0 1.35
IPC::Open3 0 1.16
Storable 0 2.51
Test::Deep 0 1.127
Test::Differences 0.64 0.64
Test::Exception 0 0.43
Test::Lib 0 0.002
Test::More 1.001005 1.302131
configure_requires:
Module Need Have
----------------------- -------- --------
ExtUtils::MakeMaker 0 7.32
File::ShareDir::Install 0.06 0.11
------------------------------
ENVIRONMENT AND OTHER CONTEXT
------------------------------
Environment variables:
AUTOMATED_TESTING = 1
LANG = en_US.UTF-8
PATH = /home/sand/bin:/usr/local/bin:/usr/bin:/bin:/usr/games:/usr/local/perl/bin:/usr/X11/bin:/sbin:/usr/sbin
PERL5LIB =
PERL5OPT =
PERL5_CPANPLUS_IS_RUNNING = 9853
PERL5_CPAN_IS_RUNNING = 9853
PERL_CANARY_STABILITY_NOPROMPT = 1
PERL_MM_USE_DEFAULT = 1
PERL_USE_UNSAFE_INC = 1
SHELL = /usr/bin/zsh
TERM = screen
Perl special variables (and OS-specific diagnostics, for MSWin32):
$^X = /home/sand/src/perl/repoperls/installed-perls/host/k93msid/v5.20.3/da1c/bin/perl
$UID/$EUID = 1005 / 1005
$GID = 1005 1005
$EGID = 1005 1005
Perl module toolchain versions installed:
Module Have
------------------- --------
CPAN 2.20
CPAN::Meta 2.150010
Cwd 3.74
ExtUtils::CBuilder 0.280230
ExtUtils::Command 7.32
ExtUtils::Install 2.06
ExtUtils::MakeMaker 7.32
ExtUtils::Manifest 1.70
ExtUtils::ParseXS 3.35
File::Spec 3.74
JSON 2.97001
JSON::PP 2.97001
Module::Build 0.4224
Module::Signature 0.81
Parse::CPAN::Meta 2.150010
Test::Harness 3.42
Test::More 1.302131
YAML 1.24
YAML::Syck 1.30
version 0.9918
--
Summary of my perl5 (revision 5 version 20 subversion 3) configuration:
Derived from: b67331aafd6eff33e3fd904c45e811f69cbfb0b2
Platform:
osname=linux, osvers=4.14.0-3-amd64, archname=x86_64-linux
uname='linux k93msid 4.14.0-3-amd64 #1 smp debian 4.14.12-2 (2018-01-06) x86_64 gnulinux '
config_args='-Dprefix=/home/sand/src/perl/repoperls/installed-perls/host/k93msid/v5.20.3/da1c -Dmyhostname=k93msid -Dinstallusrbinperl=n -Uversiononly -Dusedevel -des -Ui_db -Dlibswanted=cl pthread socket inet nsl gdbm dbm malloc dl ld sun m crypt sec util c cposix posix ucb BSD gdbm_compat -Uuseithreads -Uuselongdouble -DEBUGGING=-g'
hint=recommended, useposix=true, d_sigaction=define
useithreads=undef, usemultiplicity=undef
use64bitint=define, use64bitall=define, uselongdouble=undef
usemymalloc=n, bincompat5005=undef
Compiler:
cc='cc', ccflags ='-fwrapv -fno-strict-aliasing -pipe -fstack-protector -I/usr/local/include -D_LARGEFILE_SOURCE -D_FILE_OFFSET_BITS=64',
optimize='-O2 -g',
cppflags='-fwrapv -fno-strict-aliasing -pipe -fstack-protector -I/usr/local/include'
ccversion='', gccversion='7.2.0', gccosandvers=''
intsize=4, longsize=8, ptrsize=8, doublesize=8, byteorder=12345678
d_longlong=define, longlongsize=8, d_longdbl=define, longdblsize=16
ivtype='long', ivsize=8, nvtype='double', nvsize=8, Off_t='off_t', lseeksize=8
alignbytes=8, prototype=define
Linker and Libraries:
ld='cc', ldflags =' -fstack-protector -L/usr/local/lib'
libpth=/usr/local/lib /usr/lib/gcc/x86_64-linux-gnu/7/include-fixed /usr/include/x86_64-linux-gnu /usr/lib /lib/x86_64-linux-gnu /lib/../lib /usr/lib/x86_64-linux-gnu /usr/lib/../lib /lib
libs=-lpthread -lnsl -ldl -lm -lcrypt -lutil -lc
perllibs=-lpthread -lnsl -ldl -lm -lcrypt -lutil -lc
libc=libc-2.26.so, so=so, useshrplib=false, libperl=libperl.a
gnulibc_version='2.26'
Dynamic Linking:
dlsrc=dl_dlopen.xs, dlext=so, d_dlsymun=undef, ccdlflags='-Wl,-E'
cccdlflags='-fPIC', lddlflags='-shared -O2 -g -L/usr/local/lib -fstack-protector'
Characteristics of this binary (from libperl):
Compile-time options: HAS_TIMES PERLIO_LAYERS PERL_DONT_CREATE_GVSV
PERL_HASH_FUNC_ONE_AT_A_TIME_HARD PERL_MALLOC_WRAP
PERL_NEW_COPY_ON_WRITE PERL_PRESERVE_IVUV
PERL_USE_DEVEL USE_64_BIT_ALL USE_64_BIT_INT
USE_LARGE_FILES USE_LOCALE USE_LOCALE_COLLATE
USE_LOCALE_CTYPE USE_LOCALE_NUMERIC USE_PERLIO
USE_PERL_ATOF
Locally applied patches:
uncommitted-changes
Built under linux
Compiled at Mar 6 2018 21:43:55
%ENV:
PERL5LIB=""
PERL5OPT=""
PERL5_CPANPLUS_IS_RUNNING="9853"
PERL5_CPAN_IS_RUNNING="9853"
PERL_CANARY_STABILITY_NOPROMPT="1"
PERL_MM_USE_DEFAULT="1"
PERL_USE_UNSAFE_INC="1"
@INC:
/home/sand/src/perl/repoperls/installed-perls/host/k93msid/v5.20.3/da1c/lib/site_perl/5.20.3/x86_64-linux
/home/sand/src/perl/repoperls/installed-perls/host/k93msid/v5.20.3/da1c/lib/site_perl/5.20.3
/home/sand/src/perl/repoperls/installed-perls/host/k93msid/v5.20.3/da1c/lib/5.20.3/x86_64-linux
/home/sand/src/perl/repoperls/installed-perls/host/k93msid/v5.20.3/da1c/lib/5.20.3
.