Geo-LibProj-FFI v0.05 Perl 5 v5.26.2 darwin-thread-multi-2level

Status
Fail
From
David Cantrell (DCANTRELL)
Dist
Geo-LibProj-FFI v0.05
Platform
Perl 5 v5.26.2 darwin-thread-multi-2level
Date
2023-12-01 23:38:46
ID
c586ff40-90a2-11ee-ab14-a44c28b791d1
This distribution has been tested as part of the CPAN Testers
project, supporting the Perl programming language.  See
http://wiki.cpantesters.org/ for more information or email
questions to cpan-testers-discuss@perl.org


--
Dear Arne Johannessen,

This is a computer-generated report for Geo-LibProj-FFI-0.05
on perl 5.26.2, created by CPAN-Reporter-1.2019.

Thank you for uploading your work to CPAN.  However, there was a problem
testing your distribution.

If you think this report is invalid, please consult the CPAN Testers Wiki
for suggestions on how to avoid getting FAIL reports for missing library
or binary dependencies, unsupported operating systems, and so on:

http://wiki.cpantesters.org/wiki/CPANAuthorNotes

Sections of this report:

    * Tester comments
    * Program output
    * Prerequisites
    * Environment and other context

------------------------------
TESTER COMMENTS
------------------------------

Additional comments from tester:

this report is from an automated smoke testing program
and was not reviewed by a human for accuracy

------------------------------
PROGRAM OUTPUT
------------------------------

Output from '/usr/bin/make test':

PERL_DL_NONLAZY=1 "/Users/cpantesting/cpantesting/perl-5.26.2/bin/perl" "-MExtUtils::Command::MM" "-MTest::Harness" "-e" "undef *Test::Harness::Switches; test_harness(0, 'blib/lib', 'blib/arch')" t/*.t
# 
# Versions for all modules listed in MYMETA.json (including optional ones):
# 
# === Configure Requires ===
# 
#     Module              Want Have
#     ------------------- ---- ----
#     ExtUtils::MakeMaker  any 7.58
# 
# === Build Requires ===
# 
#     Module              Want Have
#     ------------------- ---- ----
#     ExtUtils::MakeMaker  any 7.58
# 
# === Test Requires ===
# 
#     Module               Want     Have
#     ------------------- ----- --------
#     ExtUtils::MakeMaker   any     7.58
#     File::Spec            any     3.67
#     Test::Exception       any     0.43
#     Test::More            any 1.302198
#     Test::Warnings      0.010    0.030
# 
# === Test Recommends ===
# 
#     Module         Want     Have
#     ---------- -------- --------
#     CPAN::Meta 2.120900 2.150010
# 
# === Runtime Requires ===
# 
#     Module                 Want     Have
#     ------------------ -------- --------
#     Alien::proj            1.07     1.26
#     Convert::Binary::C     0.04     0.84
#     Exporter::Easy          any     0.18
#     FFI::C                 0.08     0.15
#     FFI::Platypus          1.50     2.08
#     perl               5.014000 5.026002
# 
t/00-report-prereqs.t .. ok
# Alien::proj 1.26 with share PROJ 9.3.1
t/00-version.t ......... ok
String found where operator expected at lib/Geo/LibProj/FFI.pm line 317, near "warnings::warnif_at_level 'deprecated'"
	(Do you need to predeclare warnings::warnif_at_level?)
String found where operator expected at lib/Geo/LibProj/FFI.pm line 324, near "warnings::warnif_at_level 'deprecated'"
	(Do you need to predeclare warnings::warnif_at_level?)
syntax error at lib/Geo/LibProj/FFI.pm line 317, near "warnings::warnif_at_level 'deprecated'"
syntax error at lib/Geo/LibProj/FFI.pm line 324, near "warnings::warnif_at_level 'deprecated'"
BEGIN not safe after errors--compilation aborted at lib/Geo/LibProj/FFI.pm line 384.
Compilation failed in require at t/constants.t line 15.
BEGIN failed--compilation aborted at t/constants.t line 15.
t/constants.t .......... 
Dubious, test returned 255 (wstat 65280, 0xff00)
No subtests run 
String found where operator expected at lib/Geo/LibProj/FFI.pm line 317, near "warnings::warnif_at_level 'deprecated'"
	(Do you need to predeclare warnings::warnif_at_level?)
String found where operator expected at lib/Geo/LibProj/FFI.pm line 324, near "warnings::warnif_at_level 'deprecated'"
	(Do you need to predeclare warnings::warnif_at_level?)
syntax error at lib/Geo/LibProj/FFI.pm line 317, near "warnings::warnif_at_level 'deprecated'"
syntax error at lib/Geo/LibProj/FFI.pm line 324, near "warnings::warnif_at_level 'deprecated'"
BEGIN not safe after errors--compilation aborted at lib/Geo/LibProj/FFI.pm line 384.
Compilation failed in require at t/context.t line 16.
BEGIN failed--compilation aborted at t/context.t line 16.
t/context.t ............ 
Dubious, test returned 255 (wstat 65280, 0xff00)
No subtests run 
String found where operator expected at lib/Geo/LibProj/FFI.pm line 317, near "warnings::warnif_at_level 'deprecated'"
	(Do you need to predeclare warnings::warnif_at_level?)
String found where operator expected at lib/Geo/LibProj/FFI.pm line 324, near "warnings::warnif_at_level 'deprecated'"
	(Do you need to predeclare warnings::warnif_at_level?)
syntax error at lib/Geo/LibProj/FFI.pm line 317, near "warnings::warnif_at_level 'deprecated'"
syntax error at lib/Geo/LibProj/FFI.pm line 324, near "warnings::warnif_at_level 'deprecated'"
BEGIN not safe after errors--compilation aborted at lib/Geo/LibProj/FFI.pm line 384.
Compilation failed in require at t/distance.t line 16.
BEGIN failed--compilation aborted at t/distance.t line 16.
t/distance.t ........... 
Dubious, test returned 255 (wstat 65280, 0xff00)
No subtests run 
String found where operator expected at lib/Geo/LibProj/FFI.pm line 317, near "warnings::warnif_at_level 'deprecated'"
	(Do you need to predeclare warnings::warnif_at_level?)
String found where operator expected at lib/Geo/LibProj/FFI.pm line 324, near "warnings::warnif_at_level 'deprecated'"
	(Do you need to predeclare warnings::warnif_at_level?)
syntax error at lib/Geo/LibProj/FFI.pm line 317, near "warnings::warnif_at_level 'deprecated'"
syntax error at lib/Geo/LibProj/FFI.pm line 324, near "warnings::warnif_at_level 'deprecated'"
BEGIN not safe after errors--compilation aborted at lib/Geo/LibProj/FFI.pm line 384.
Compilation failed in require at t/error.t line 17.
BEGIN failed--compilation aborted at t/error.t line 17.
t/error.t .............. 
Dubious, test returned 255 (wstat 65280, 0xff00)
No subtests run 
String found where operator expected at lib/Geo/LibProj/FFI.pm line 317, near "warnings::warnif_at_level 'deprecated'"
	(Do you need to predeclare warnings::warnif_at_level?)
String found where operator expected at lib/Geo/LibProj/FFI.pm line 324, near "warnings::warnif_at_level 'deprecated'"
	(Do you need to predeclare warnings::warnif_at_level?)
syntax error at lib/Geo/LibProj/FFI.pm line 317, near "warnings::warnif_at_level 'deprecated'"
syntax error at lib/Geo/LibProj/FFI.pm line 324, near "warnings::warnif_at_level 'deprecated'"
BEGIN not safe after errors--compilation aborted at lib/Geo/LibProj/FFI.pm line 384.
Compilation failed in require at t/info.t line 16.
BEGIN failed--compilation aborted at t/info.t line 16.
t/info.t ............... 
Dubious, test returned 255 (wstat 65280, 0xff00)
No subtests run 
String found where operator expected at lib/Geo/LibProj/FFI.pm line 317, near "warnings::warnif_at_level 'deprecated'"
	(Do you need to predeclare warnings::warnif_at_level?)
String found where operator expected at lib/Geo/LibProj/FFI.pm line 324, near "warnings::warnif_at_level 'deprecated'"
	(Do you need to predeclare warnings::warnif_at_level?)
syntax error at lib/Geo/LibProj/FFI.pm line 317, near "warnings::warnif_at_level 'deprecated'"
syntax error at lib/Geo/LibProj/FFI.pm line 324, near "warnings::warnif_at_level 'deprecated'"
BEGIN not safe after errors--compilation aborted at lib/Geo/LibProj/FFI.pm line 384.
Compilation failed in require at t/lists.t line 16.
BEGIN failed--compilation aborted at t/lists.t line 16.
t/lists.t .............. 
Dubious, test returned 255 (wstat 65280, 0xff00)
No subtests run 
String found where operator expected at lib/Geo/LibProj/FFI.pm line 317, near "warnings::warnif_at_level 'deprecated'"
	(Do you need to predeclare warnings::warnif_at_level?)
String found where operator expected at lib/Geo/LibProj/FFI.pm line 324, near "warnings::warnif_at_level 'deprecated'"
	(Do you need to predeclare warnings::warnif_at_level?)
syntax error at lib/Geo/LibProj/FFI.pm line 317, near "warnings::warnif_at_level 'deprecated'"
syntax error at lib/Geo/LibProj/FFI.pm line 324, near "warnings::warnif_at_level 'deprecated'"
BEGIN not safe after errors--compilation aborted at lib/Geo/LibProj/FFI.pm line 384.
Compilation failed in require at t/misc.t line 16.
BEGIN failed--compilation aborted at t/misc.t line 16.
t/misc.t ............... 
Dubious, test returned 255 (wstat 65280, 0xff00)
No subtests run 
String found where operator expected at lib/Geo/LibProj/FFI.pm line 317, near "warnings::warnif_at_level 'deprecated'"
	(Do you need to predeclare warnings::warnif_at_level?)
String found where operator expected at lib/Geo/LibProj/FFI.pm line 324, near "warnings::warnif_at_level 'deprecated'"
	(Do you need to predeclare warnings::warnif_at_level?)
syntax error at lib/Geo/LibProj/FFI.pm line 317, near "warnings::warnif_at_level 'deprecated'"
syntax error at lib/Geo/LibProj/FFI.pm line 324, near "warnings::warnif_at_level 'deprecated'"
BEGIN not safe after errors--compilation aborted at lib/Geo/LibProj/FFI.pm line 384.
Compilation failed in require at t/private.t line 16.
BEGIN failed--compilation aborted at t/private.t line 16.
t/private.t ............ 
Dubious, test returned 255 (wstat 65280, 0xff00)
No subtests run 
String found where operator expected at lib/Geo/LibProj/FFI.pm line 317, near "warnings::warnif_at_level 'deprecated'"
	(Do you need to predeclare warnings::warnif_at_level?)
String found where operator expected at lib/Geo/LibProj/FFI.pm line 324, near "warnings::warnif_at_level 'deprecated'"
	(Do you need to predeclare warnings::warnif_at_level?)
syntax error at lib/Geo/LibProj/FFI.pm line 317, near "warnings::warnif_at_level 'deprecated'"
syntax error at lib/Geo/LibProj/FFI.pm line 324, near "warnings::warnif_at_level 'deprecated'"
BEGIN not safe after errors--compilation aborted at lib/Geo/LibProj/FFI.pm line 384.
Compilation failed in require at t/setup.t line 16.
BEGIN failed--compilation aborted at t/setup.t line 16.
t/setup.t .............. 
Dubious, test returned 255 (wstat 65280, 0xff00)
No subtests run 
String found where operator expected at lib/Geo/LibProj/FFI.pm line 317, near "warnings::warnif_at_level 'deprecated'"
	(Do you need to predeclare warnings::warnif_at_level?)
String found where operator expected at lib/Geo/LibProj/FFI.pm line 324, near "warnings::warnif_at_level 'deprecated'"
	(Do you need to predeclare warnings::warnif_at_level?)
syntax error at lib/Geo/LibProj/FFI.pm line 317, near "warnings::warnif_at_level 'deprecated'"
syntax error at lib/Geo/LibProj/FFI.pm line 324, near "warnings::warnif_at_level 'deprecated'"
BEGIN not safe after errors--compilation aborted at lib/Geo/LibProj/FFI.pm line 384.
Compilation failed in require at t/transform.t line 16.
BEGIN failed--compilation aborted at t/transform.t line 16.
t/transform.t .......... 
Dubious, test returned 255 (wstat 65280, 0xff00)
No subtests run 
String found where operator expected at lib/Geo/LibProj/FFI.pm line 317, near "warnings::warnif_at_level 'deprecated'"
	(Do you need to predeclare warnings::warnif_at_level?)
String found where operator expected at lib/Geo/LibProj/FFI.pm line 324, near "warnings::warnif_at_level 'deprecated'"
	(Do you need to predeclare warnings::warnif_at_level?)
syntax error at lib/Geo/LibProj/FFI.pm line 317, near "warnings::warnif_at_level 'deprecated'"
syntax error at lib/Geo/LibProj/FFI.pm line 324, near "warnings::warnif_at_level 'deprecated'"
BEGIN not safe after errors--compilation aborted at lib/Geo/LibProj/FFI.pm line 384.
Compilation failed in require at t/types.t line 16.
BEGIN failed--compilation aborted at t/types.t line 16.
t/types.t .............. 
Dubious, test returned 255 (wstat 65280, 0xff00)
No subtests run 
String found where operator expected at lib/Geo/LibProj/FFI.pm line 317, near "warnings::warnif_at_level 'deprecated'"
	(Do you need to predeclare warnings::warnif_at_level?)
String found where operator expected at lib/Geo/LibProj/FFI.pm line 324, near "warnings::warnif_at_level 'deprecated'"
	(Do you need to predeclare warnings::warnif_at_level?)
syntax error at lib/Geo/LibProj/FFI.pm line 317, near "warnings::warnif_at_level 'deprecated'"
syntax error at lib/Geo/LibProj/FFI.pm line 324, near "warnings::warnif_at_level 'deprecated'"
BEGIN not safe after errors--compilation aborted at lib/Geo/LibProj/FFI.pm line 384.
Compilation failed in require at t/zz-cleanup.t line 16.
BEGIN failed--compilation aborted at t/zz-cleanup.t line 16.
t/zz-cleanup.t ......... 
Dubious, test returned 255 (wstat 65280, 0xff00)
No subtests run 

Test Summary Report
-------------------
t/constants.t        (Wstat: 65280 Tests: 0 Failed: 0)
  Non-zero exit status: 255
  Parse errors: No plan found in TAP output
t/context.t          (Wstat: 65280 Tests: 0 Failed: 0)
  Non-zero exit status: 255
  Parse errors: No plan found in TAP output
t/distance.t         (Wstat: 65280 Tests: 0 Failed: 0)
  Non-zero exit status: 255
  Parse errors: No plan found in TAP output
t/error.t            (Wstat: 65280 Tests: 0 Failed: 0)
  Non-zero exit status: 255
  Parse errors: No plan found in TAP output
t/info.t             (Wstat: 65280 Tests: 0 Failed: 0)
  Non-zero exit status: 255
  Parse errors: No plan found in TAP output
t/lists.t            (Wstat: 65280 Tests: 0 Failed: 0)
  Non-zero exit status: 255
  Parse errors: No plan found in TAP output
t/misc.t             (Wstat: 65280 Tests: 0 Failed: 0)
  Non-zero exit status: 255
  Parse errors: No plan found in TAP output
t/private.t          (Wstat: 65280 Tests: 0 Failed: 0)
  Non-zero exit status: 255
  Parse errors: No plan found in TAP output
t/setup.t            (Wstat: 65280 Tests: 0 Failed: 0)
  Non-zero exit status: 255
  Parse errors: No plan found in TAP output
t/transform.t        (Wstat: 65280 Tests: 0 Failed: 0)
  Non-zero exit status: 255
  Parse errors: No plan found in TAP output
t/types.t            (Wstat: 65280 Tests: 0 Failed: 0)
  Non-zero exit status: 255
  Parse errors: No plan found in TAP output
t/zz-cleanup.t       (Wstat: 65280 Tests: 0 Failed: 0)
  Non-zero exit status: 255
  Parse errors: No plan found in TAP output
Files=14, Tests=2,  3 wallclock secs ( 0.06 usr  0.05 sys +  2.91 cusr  0.61 csys =  3.63 CPU)
Result: FAIL
Failed 12/14 test programs. 0/2 subtests failed.
make: *** [test_dynamic] Error 255

------------------------------
PREREQUISITES
------------------------------

Prerequisite modules loaded:

requires:

    Module              Need     Have    
    ------------------- -------- --------
    Alien::proj         1.07     1.26    
    Convert::Binary::C  0.04     0.84    
    Exporter::Easy      0        0.18    
    FFI::C              0.08     0.15    
    FFI::Platypus       1.50     2.08    
    perl                5.014000 5.026002

build_requires:

    Module              Need     Have    
    ------------------- -------- --------
    ExtUtils::MakeMaker 0        7.58    
    File::Spec          0        3.67    
    Test::Exception     0        0.43    
    Test::More          0        1.302198
    Test::Warnings      0.010    0.030   

configure_requires:

    Module              Need     Have    
    ------------------- -------- --------
    ExtUtils::MakeMaker 0        7.58    

opt_build_requires:

    Module              Need     Have    
    ------------------- -------- --------
    CPAN::Meta          2.120900 2.150010


------------------------------
ENVIRONMENT AND OTHER CONTEXT
------------------------------

Environment variables:

    AUTOMATED_TESTING = 1
    NONINTERACTIVE_TESTING = 1
    PATH = /Users/cpantesting/perl5/perlbrew/bin:/Users/cpantesting/perl5/perlbrew/perls/perl-5.32.0/bin:/usr/local/bin:/System/Cryptexes/App/usr/bin:/usr/bin:/bin:/usr/sbin:/sbin:/Library/Apple/usr/bin:/Users/cpantesting/.cargo/bin
    PERL = 5.26.2
    PERL5LIB = 
    PERL5OPT = 
    PERL5_CPANPLUS_IS_RUNNING = 38317
    PERL5_CPAN_IS_RUNNING = 38317
    PERLBREW_HOME = /Users/cpantesting/.perlbrew
    PERLBREW_MANPATH = /Users/cpantesting/perl5/perlbrew/perls/perl-5.32.0/man
    PERLBREW_PATH = /Users/cpantesting/perl5/perlbrew/bin:/Users/cpantesting/perl5/perlbrew/perls/perl-5.32.0/bin
    PERLBREW_PERL = perl-5.32.0
    PERLBREW_ROOT = /Users/cpantesting/perl5/perlbrew
    PERLBREW_SHELLRC_VERSION = 0.94
    PERLBREW_VERSION = 0.94
    PERLVER = 5.26.2
    PERL_INLINE_DIRECTORY = /Users/cpantesting/.Inline-5.26.2
    PERL_MM_USE_DEFAULT = 1
    PERL_USE_UNSAFE_INC = 0
    SHELL = /bin/bash
    TERM = screen

Perl special variables (and OS-specific diagnostics, for MSWin32):

    $^X = /Users/cpantesting/cpantesting/perl-5.26.2/bin/perl
    $UID/$EUID = 503 / 503
    $GID = 20 20 12 61 703 702 701 100
    $EGID = 20 20 12 61 703 702 701 100

Perl module toolchain versions installed:

    Module              Have      
    ------------------- ----------
    CPAN                2.18      
    CPAN::Meta          2.150010  
    Cwd                 3.67      
    ExtUtils::CBuilder  0.280235  
    ExtUtils::Command   7.58      
    ExtUtils::Install   2.06      
    ExtUtils::MakeMaker 7.58      
    ExtUtils::Manifest  1.70      
    ExtUtils::ParseXS   3.34      
    File::Spec          3.67      
    JSON                n/a       
    JSON::PP            2.27400_02
    Module::Build       0.4231    
    Module::Signature   n/a       
    Parse::CPAN::Meta   2.150010  
    Test2               1.302198  
    Test::Harness       3.38      
    Test::More          1.302198  
    YAML                n/a       
    YAML::Syck          n/a       
    version             0.9917    


--

Summary of my perl5 (revision 5 version 26 subversion 2) configuration:
   
  Platform:
    osname=darwin
    osvers=19.6.0
    archname=darwin-thread-multi-2level
    uname='darwin harrow.local 19.6.0 darwin kernel version 19.6.0: thu oct 29 22:56:45 pdt 2020; root:xnu-6153.141.2.2~1release_x86_64 x86_64 '
    config_args='-de -Dusethreads -Dprefix=/Users/cpantesting/cpantesting/perl-5.26.2'
    hint=recommended
    useposix=true
    d_sigaction=define
    useithreads=define
    usemultiplicity=define
    use64bitint=define
    use64bitall=define
    uselongdouble=undef
    usemymalloc=n
    default_inc_excludes_dot=define
    bincompat5005=undef
  Compiler:
    cc='cc'
    ccflags ='-fno-common -DPERL_DARWIN -mmacosx-version-min=10.15 -fno-strict-aliasing -pipe -fstack-protector-strong -I/usr/local/include -DPERL_USE_SAFE_PUTENV'
    optimize='-O3'
    cppflags='-fno-common -DPERL_DARWIN -mmacosx-version-min=10.15 -fno-strict-aliasing -pipe -fstack-protector-strong -I/usr/local/include'
    ccversion=''
    gccversion='Apple LLVM 12.0.0 (clang-1200.0.32.27)'
    gccosandvers=''
    intsize=4
    longsize=8
    ptrsize=8
    doublesize=8
    byteorder=12345678
    doublekind=3
    d_longlong=define
    longlongsize=8
    d_longdbl=define
    longdblsize=16
    longdblkind=3
    ivtype='long'
    ivsize=8
    nvtype='double'
    nvsize=8
    Off_t='off_t'
    lseeksize=8
    alignbytes=8
    prototype=define
  Linker and Libraries:
    ld='cc'
    ldflags =' -mmacosx-version-min=10.15 -fstack-protector-strong -L/usr/local/lib'
    libpth=/usr/local/lib /Library/Developer/CommandLineTools/usr/lib/clang/12.0.0/lib /Library/Developer/CommandLineTools/SDKs/MacOSX10.15.sdk/usr/lib /Library/Developer/CommandLineTools/usr/lib /usr/lib
    libs=-lpthread -lgdbm -ldbm -ldl -lm -lutil -lc
    perllibs=-lpthread -ldl -lm -lutil -lc
    libc=
    so=dylib
    useshrplib=false
    libperl=libperl.a
    gnulibc_version=''
  Dynamic Linking:
    dlsrc=dl_dlopen.xs
    dlext=bundle
    d_dlsymun=undef
    ccdlflags=' '
    cccdlflags=' '
    lddlflags=' -mmacosx-version-min=10.15 -bundle -undefined dynamic_lookup -L/usr/local/lib -fstack-protector-strong'


Characteristics of this binary (from libperl): 
  Compile-time options:
    HAS_TIMES
    MULTIPLICITY
    PERLIO_LAYERS
    PERL_COPY_ON_WRITE
    PERL_DONT_CREATE_GVSV
    PERL_IMPLICIT_CONTEXT
    PERL_MALLOC_WRAP
    PERL_OP_PARENT
    PERL_PRESERVE_IVUV
    PERL_USE_SAFE_PUTENV
    USE_64_BIT_ALL
    USE_64_BIT_INT
    USE_ITHREADS
    USE_LARGE_FILES
    USE_LOCALE
    USE_LOCALE_COLLATE
    USE_LOCALE_CTYPE
    USE_LOCALE_NUMERIC
    USE_LOCALE_TIME
    USE_PERLIO
    USE_PERL_ATOF
    USE_REENTRANT_API
  Built under darwin
  Compiled at Dec 29 2020 22:52:38
  %ENV:
    PERL="5.26.2"
    PERL5LIB=""
    PERL5OPT=""
    PERL5_CPANPLUS_IS_RUNNING="38317"
    PERL5_CPAN_IS_RUNNING="38317"
    PERLBREW_HOME="/Users/cpantesting/.perlbrew"
    PERLBREW_MANPATH="/Users/cpantesting/perl5/perlbrew/perls/perl-5.32.0/man"
    PERLBREW_PATH="/Users/cpantesting/perl5/perlbrew/bin:/Users/cpantesting/perl5/perlbrew/perls/perl-5.32.0/bin"
    PERLBREW_PERL="perl-5.32.0"
    PERLBREW_ROOT="/Users/cpantesting/perl5/perlbrew"
    PERLBREW_SHELLRC_VERSION="0.94"
    PERLBREW_VERSION="0.94"
    PERLVER="5.26.2"
    PERL_INLINE_DIRECTORY="/Users/cpantesting/.Inline-5.26.2"
    PERL_MM_USE_DEFAULT="1"
    PERL_USE_UNSAFE_INC="0"
  @INC:
    /Users/cpantesting/cpantesting/perl-5.26.2/lib/site_perl/5.26.2/darwin-thread-multi-2level
    /Users/cpantesting/cpantesting/perl-5.26.2/lib/site_perl/5.26.2
    /Users/cpantesting/cpantesting/perl-5.26.2/lib/5.26.2/darwin-thread-multi-2level
    /Users/cpantesting/cpantesting/perl-5.26.2/lib/5.26.2