Net-Stomp v0.61 Perl 5 v5.8.9 i686-linux-thread-multi-64int
- Status
- Fail
- From
- Chris Williams (BINGOS)
- Dist
-
Net-Stomp v0.61
- Platform
- Perl 5 v5.8.9 i686-linux-thread-multi-64int
- Date
- 2021-04-21 03:58:02
- ID
- c4bb5ec8-a255-11eb-84bc-edd243e66a77
This distribution has been tested as part of the CPAN Testers
project, supporting the Perl programming language. See
http://wiki.cpantesters.org/ for more information or email
questions to cpan-testers-discuss@perl.org
--
Dear DAKKAR,
This is a computer-generated error report created automatically by
CPANPLUS, version 0.9910. Testers personal comments may appear
at the end of this report.
Thank you for uploading your work to CPAN. However, it appears that
there were some problems testing your distribution.
TEST RESULTS:
Below is the error stack from stage 'make test':
Global symbol "$sub" requires explicit package name at /home/cpan/pit/rel/conf/perl-5.8.9/.cpanplus/5.8.9/build/LxQX5apfCY/Net-Stomp-0.61/blib/lib/Net/Stomp.pm line 196.
Global symbol "$sub" requires explicit package name at /home/cpan/pit/rel/conf/perl-5.8.9/.cpanplus/5.8.9/build/LxQX5apfCY/Net-Stomp-0.61/blib/lib/Net/Stomp.pm line 196.
Global symbol "$timeout" requires explicit package name at /home/cpan/pit/rel/conf/perl-5.8.9/.cpanplus/5.8.9/build/LxQX5apfCY/Net-Stomp-0.61/blib/lib/Net/Stomp.pm line 196.
Global symbol "$timeout" requires explicit package name at /home/cpan/pit/rel/conf/perl-5.8.9/.cpanplus/5.8.9/build/LxQX5apfCY/Net-Stomp-0.61/blib/lib/Net/Stomp.pm line 196.
Global symbol "$body" requires explicit package name at /home/cpan/pit/rel/conf/perl-5.8.9/.cpanplus/5.8.9/build/LxQX5apfCY/Net-Stomp-0.61/blib/lib/Net/Stomp.pm line 196.
Global symbol "$body" requires explicit package name at /home/cpan/pit/rel/conf/perl-5.8.9/.cpanplus/5.8.9/build/LxQX5apfCY/Net-Stomp-0.61/blib/lib/Net/Stomp.pm line 196.
Global symbol "$receipt_id" requires explicit package name at /home/cpan/pit/rel/conf/perl-5.8.9/.cpanplus/5.8.9/build/LxQX5apfCY/Net-Stomp-0.61/blib/lib/Net/Stomp.pm line 196.
Global symbol "$receipt_id" requires explicit package name at /home/cpan/pit/rel/conf/perl-5.8.9/.cpanplus/5.8.9/build/LxQX5apfCY/Net-Stomp-0.61/blib/lib/Net/Stomp.pm line 196.
Global symbol "$receipt_id" requires explicit package name at /home/cpan/pit/rel/conf/perl-5.8.9/.cpanplus/5.8.9/build/LxQX5apfCY/Net-Stomp-0.61/blib/lib/Net/Stomp.pm line 196.
Global symbol "$receipt_timeout" requires explicit package name at /home/cpan/pit/rel/conf/perl-5.8.9/.cpanplus/5.8.9/build/LxQX5apfCY/Net-Stomp-0.61/blib/lib/Net/Stomp.pm line 196.
Global symbol "$receipt_frame" requires explicit package name at /home/cpan/pit/rel/conf/perl-5.8.9/.cpanplus/5.8.9/build/LxQX5apfCY/Net-Stomp-0.61/blib/lib/Net/Stomp.pm line 196.
Global symbol "$receipt_timeout" requires explicit package name at /home/cpan/pit/rel/conf/perl-5.8.9/.cpanplus/5.8.9/build/LxQX5apfCY/Net-Stomp-0.61/blib/lib/Net/Stomp.pm line 196.
Global symbol "$receipt_timeout" requires explicit package name at /home/cpan/pit/rel/conf/perl-5.8.9/.cpanplus/5.8.9/build/LxQX5apfCY/Net-Stomp-0.61/blib/lib/Net/Stomp.pm line 196.
Global symbol "$receipt_frame" requires explicit package name at /home/cpan/pit/rel/conf/perl-5.8.9/.cpanplus/5.8.9/build/LxQX5apfCY/Net-Stomp-0.61/blib/lib/Net/Stomp.pm line 196.
Global symbol "$receipt_frame" requires explicit package name at /home/cpan/pit/rel/conf/perl-5.8.9/.cpanplus/5.8.9/build/LxQX5apfCY/Net-Stomp-0.61/blib/lib/Net/Stomp.pm line 196.
Global symbol "$receipt_frame" requires explicit package name at /home/cpan/pit/rel/conf/perl-5.8.9/.cpanplus/5.8.9/build/LxQX5apfCY/Net-Stomp-0.61/blib/lib/Net/Stomp.pm line 196.
Global symbol "$receipt_frame" requires explicit package name at /home/cpan/pit/rel/conf/perl-5.8.9/.cpanplus/5.8.9/build/LxQX5apfCY/Net-Stomp-0.61/blib/lib/Net/Stomp.pm line 196.
Global symbol "$receipt_id" requires explicit package name at /home/cpan/pit/rel/conf/perl-5.8.9/.cpanplus/5.8.9/build/LxQX5apfCY/Net-Stomp-0.61/blib/lib/Net/Stomp.pm line 196.
Global symbol "$receipt_frame" requires explicit package name at /home/cpan/pit/rel/conf/perl-5.8.9/.cpanplus/5.8.9/build/LxQX5apfCY/Net-Stomp-0.61/blib/lib/Net/Stomp.pm line 196.
Global symbol "$receipt_frame" requires explicit package name at /home/cpan/pit/rel/conf/perl-5.8.9/.cpanplus/5.8.9/build/LxQX5apfCY/Net-Stomp-0.61/blib/lib/Net/Stomp.pm line 196.
Global symbol "$transaction_id" requires explicit package name at /home/cpan/pit/rel/conf/perl-5.8.9/.cpanplus/5.8.9/build/LxQX5apfCY/Net-Stomp-0.61/blib/lib/Net/Stomp.pm line 196.
Global symbol "$transaction_id" requires explicit package name at /home/cpan/pit/rel/conf/perl-5.8.9/.cpanplus/5.8.9/build/LxQX5apfCY/Net-Stomp-0.61/blib/lib/Net/Stomp.pm line 196.
Global symbol "$begin_frame" requires explicit package name at /home/cpan/pit/rel/conf/perl-5.8.9/.cpanplus/5.8.9/build/LxQX5apfCY/Net-Stomp-0.61/blib/lib/Net/Stomp.pm line 196.
Global symbol "$transaction_id" requires explicit package name at /home/cpan/pit/rel/conf/perl-5.8.9/.cpanplus/5.8.9/build/LxQX5apfCY/Net-Stomp-0.61/blib/lib/Net/Stomp.pm line 196.
Global symbol "$begin_frame" requires explicit package name at /home/cpan/pit/rel/conf/perl-5.8.9/.cpanplus/5.8.9/build/LxQX5apfCY/Net-Stomp-0.61/blib/lib/Net/Stomp.pm line 196.
Global symbol "$transaction_id" requires explicit package name at /home/cpan/pit/rel/conf/perl-5.8.9/.cpanplus/5.8.9/build/LxQX5apfCY/Net-Stomp-0.61/blib/lib/Net/Stomp.pm line 196.
Global symbol "$receipt_frame" requires explicit package name at /home/cpan/pit/rel/conf/perl-5.8.9/.cpanplus/5.8.9/build/LxQX5apfCY/Net-Stomp-0.61/blib/lib/Net/Stomp.pm line 196.
Global symbol "$ret" requires explicit package name at /home/cpan/pit/rel/conf/perl-5.8.9/.cpanplus/5.8.9/build/LxQX5apfCY/Net-Stomp-0.61/blib/lib/Net/Stomp.pm line 196.
Global symbol "$receipt_frame" requires explicit package name at /home/cpan/pit/rel/conf/perl-5.8.9/.cpanplus/5.8.9/build/LxQX5apfCY/Net-Stomp-0.61/blib/lib/Net/Stomp.pm line 196.
Global symbol "$receipt_frame" requires explicit package name at /home/cpan/pit/rel/conf/perl-5.8.9/.cpanplus/5.8.9/build/LxQX5apfCY/Net-Stomp-0.61/blib/lib/Net/Stomp.pm line 196.
Global symbol "$ret" requires explicit package name at /home/cpan/pit/rel/conf/perl-5.8.9/.cpanplus/5.8.9/build/LxQX5apfCY/Net-Stomp-0.61/blib/lib/Net/Stomp.pm line 196.
Global symbol "$transaction_id" requires explicit package name at /home/cpan/pit/rel/conf/perl-5.8.9/.cpanplus/5.8.9/build/LxQX5apfCY/Net-Stomp-0.61/blib/lib/Net/Stomp.pm line 196.
Global symbol "$frame_commit" requires explicit package name at /home/cpan/pit/rel/conf/perl-5.8.9/.cpanplus/5.8.9/build/LxQX5apfCY/Net-Stomp-0.61/blib/lib/Net/Stomp.pm line 196.
Global symbol "$transaction_id" requires explicit package name at /home/cpan/pit/rel/conf/perl-5.8.9/.cpanplus/5.8.9/build/LxQX5apfCY/Net-Stomp-0.61/blib/lib/Net/Stomp.pm line 196.
Global symbol "$frame_commit" requires explicit package name at /home/cpan/pit/rel/conf/perl-5.8.9/.cpanplus/5.8.9/build/LxQX5apfCY/Net-Stomp-0.61/blib/lib/Net/Stomp.pm line 196.
Global symbol "$transaction_id" requires explicit package name at /home/cpan/pit/rel/conf/perl-5.8.9/.cpanplus/5.8.9/build/LxQX5apfCY/Net-Stomp-0.61/blib/lib/Net/Stomp.pm line 196.
Global symbol "$frame_abort" requires explicit package name at /home/cpan/pit/rel/conf/perl-5.8.9/.cpanplus/5.8.9/build/LxQX5apfCY/Net-Stomp-0.61/blib/lib/Net/Stomp.pm line 196.
Global symbol "$transaction_id" requires explicit package name at /home/cpan/pit/rel/conf/perl-5.8.9/.cpanplus/5.8.9/build/LxQX5apfCY/Net-Stomp-0.61/blib/lib/Net/Stomp.pm line 196.
Global symbol "$frame_abort" requires explicit package name at /home/cpan/pit/rel/conf/perl-5.8.9/.cpanplus/5.8.9/build/LxQX5apfCY/Net-Stomp-0.61/blib/lib/Net/Stomp.pm line 196.
Global symbol "$ret" requires explicit package name at /home/cpan/pit/rel/conf/perl-5.8.9/.cpanplus/5.8.9/build/LxQX5apfCY/Net-Stomp-0.61/blib/lib/Net/Stomp.pm line 196.
Global symbol "$subs" requires explicit package name at /home/cpan/pit/rel/conf/perl-5.8.9/.cpanplus/5.8.9/build/LxQX5apfCY/Net-Stomp-0.61/blib/lib/Net/Stomp.pm line 196.
Global symbol "$subs" requires explicit package name at /home/cpan/pit/rel/conf/perl-5.8.9/.cpanplus/5.8.9/build/LxQX5apfCY/Net-Stomp-0.61/blib/lib/Net/Stomp.pm line 196.
Global symbol "$subs" requires explicit package name at /home/cpan/pit/rel/conf/perl-5.8.9/.cpanplus/5.8.9/build/LxQX5apfCY/Net-Stomp-0.61/blib/lib/Net/Stomp.pm line 196.
Global symbol "$subs" requires explicit package name at /home/cpan/pit/rel/conf/perl-5.8.9/.cpanplus/5.8.9/build/LxQX5apfCY/Net-Stomp-0.61/blib/lib/Net/Stomp.pm line 196.
Global symbol "$id" requires explicit package name at /home/cpan/pit/rel/conf/perl-5.8.9/.cpanplus/5.8.9/build/LxQX5apfCY/Net-Stomp-0.61/blib/lib/Net/Stomp.pm line 196.
Global symbol "$id" requires explicit package name at /home/cpan/pit/rel/conf/perl-5.8.9/.cpanplus/5.8.9/build/LxQX5apfCY/Net-Stomp-0.61/blib/lib/Net/Stomp.pm line 196.
Global symbol "$id" requires explicit package name at /home/cpan/pit/rel/conf/perl-5.8.9/.cpanplus/5.8.9/build/LxQX5apfCY/Net-Stomp-0.61/blib/lib/Net/Stomp.pm line 196.
Global symbol "$id" requires explicit package name at /home/cpan/pit/rel/conf/perl-5.8.9/.cpanplus/5.8.9/build/LxQX5apfCY/Net-Stomp-0.61/blib/lib/Net/Stomp.pm line 196.
Global symbol "$id" requires explicit package name at /home/cpan/pit/rel/conf/perl-5.8.9/.cpanplus/5.8.9/build/LxQX5apfCY/Net-Stomp-0.61/blib/lib/Net/Stomp.pm line 196.
Global symbol "$id" requires explicit package name at /home/cpan/pit/rel/conf/perl-5.8.9/.cpanplus/5.8.9/build/LxQX5apfCY/Net-Stomp-0.61/blib/lib/Net/Stomp.pm line 196.
Global symbol "$to_write" requires explicit package name at /home/cpan/pit/rel/conf/perl-5.8.9/.cpanplus/5.8.9/build/LxQX5apfCY/Net-Stomp-0.61/blib/lib/Net/Stomp.pm line 196.
Global symbol "$frame_string" requires explicit package name at /home/cpan/pit/rel/conf/perl-5.8.9/.cpanplus/5.8.9/build/LxQX5apfCY/Net-Stomp-0.61/blib/lib/Net/Stomp.pm line 196.
Global symbol "$written" requires explicit package name at /home/cpan/pit/rel/conf/perl-5.8.9/.cpanplus/5.8.9/build/LxQX5apfCY/Net-Stomp-0.61/blib/lib/Net/Stomp.pm line 196.
Global symbol "$to_write" requires explicit package name at /home/cpan/pit/rel/conf/perl-5.8.9/.cpanplus/5.8.9/build/LxQX5apfCY/Net-Stomp-0.61/blib/lib/Net/Stomp.pm line 196.
Global symbol "$written" requires explicit package name at /home/cpan/pit/rel/conf/perl-5.8.9/.cpanplus/5.8.9/build/LxQX5apfCY/Net-Stomp-0.61/blib/lib/Net/Stomp.pm line 196.
Global symbol "$to_write" requires explicit package name at /home/cpan/pit/rel/conf/perl-5.8.9/.cpanplus/5.8.9/build/LxQX5apfCY/Net-Stomp-0.61/blib/lib/Net/Stomp.pm line 196.
Global symbol "$written" requires explicit package name at /home/cpan/pit/rel/conf/perl-5.8.9/.cpanplus/5.8.9/build/LxQX5apfCY/Net-Stomp-0.61/blib/lib/Net/Stomp.pm line 196.
Global symbol "$to_write" requires explicit package name at /home/cpan/pit/rel/conf/perl-5.8.9/.cpanplus/5.8.9/build/LxQX5apfCY/Net-Stomp-0.61/blib/lib/Net/Stomp.pm line 196.
Global symbol "$written" requires explicit package name at /home/cpan/pit/rel/conf/perl-5.8.9/.cpanplus/5.8.9/build/LxQX5apfCY/Net-Stomp-0.61/blib/lib/Net/Stomp.pm line 196.
Global symbol "$written" requires explicit package name at /home/cpan/pit/rel/conf/perl-5.8.9/.cpanplus/5.8.9/build/LxQX5apfCY/Net-Stomp-0.61/blib/lib/Net/Stomp.pm line 196.
Global symbol "$frame_string" requires explicit package name at /home/cpan/pit/rel/conf/perl-5.8.9/.cpanplus/5.8.9/build/LxQX5apfCY/Net-Stomp-0.61/blib/lib/Net/Stomp.pm line 196.
Global symbol "$written" requires explicit package name at /home/cpan/pit/rel/conf/perl-5.8.9/.cpanplus/5.8.9/build/LxQX5apfCY/Net-Stomp-0.61/blib/lib/Net/Stomp.pm line 196.
Global symbol "$timeout" requires explicit package name at /home/cpan/pit/rel/conf/perl-5.8.9/.cpanplus/5.8.9/build/LxQX5apfCY/Net-Stomp-0.61/blib/lib/Net/Stomp.pm line 196.
Global symbol "$timeout" requires explicit package name at /home/cpan/pit/rel/conf/perl-5.8.9/.cpanplus/5.8.9/build/LxQX5apfCY/Net-Stomp-0.61/blib/lib/Net/Stomp.pm line 196.
Global symbol "$len" requires explicit package name at /home/cpan/pit/rel/conf/perl-5.8.9/.cpanplus/5.8.9/build/LxQX5apfCY/Net-Stomp-0.61/blib/lib/Net/Stomp.pm line 196.
Global symbol "$len" requires explicit package name at /home/cpan/pit/rel/conf/perl-5.8.9/.cpanplus/5.8.9/build/LxQX5apfCY/Net-Stomp-0.61/blib/lib/Net/Stomp.pm line 196.
Global symbol "$len" requires explicit package name at /home/cpan/pit/rel/conf/perl-5.8.9/.cpanplus/5.8.9/build/LxQX5apfCY/Net-Stomp-0.61/blib/lib/Net/Stomp.pm line 196.
Global symbol "$len" requires explicit package name at /home/cpan/pit/rel/conf/perl-5.8.9/.cpanplus/5.8.9/build/LxQX5apfCY/Net-Stomp-0.61/blib/lib/Net/Stomp.pm line 196.
Global symbol "$len" requires explicit package name at /home/cpan/pit/rel/conf/perl-5.8.9/.cpanplus/5.8.9/build/LxQX5apfCY/Net-Stomp-0.61/blib/lib/Net/Stomp.pm line 196.
syntax error at /home/cpan/pit/rel/conf/perl-5.8.9/.cpanplus/5.8.9/build/LxQX5apfCY/Net-Stomp-0.61/blib/lib/Net/Stomp.pm line 453, near "[^"
(Might be a runaway multi-line // string starting on line 196)
/home/cpan/pit/rel/conf/perl-5.8.9/.cpanplus/5.8.9/build/LxQX5apfCY/Net-Stomp-0.61/blib/lib/Net/Stomp.pm has too many errors.
Compilation failed in require at t/lib/TestHelp.pm line 10.
BEGIN failed--compilation aborted at t/lib/TestHelp.pm line 10.
Compilation failed in require at t/connect-disconnect.t line 2.
BEGIN failed--compilation aborted at t/connect-disconnect.t line 2.
t/connect-disconnect.t ..
Dubious, test returned 9 (wstat 2304, 0x900)
No subtests run
Global symbol "$sub" requires explicit package name at /home/cpan/pit/rel/conf/perl-5.8.9/.cpanplus/5.8.9/build/LxQX5apfCY/Net-Stomp-0.61/blib/lib/Net/Stomp.pm line 196.
Global symbol "$sub" requires explicit package name at /home/cpan/pit/rel/conf/perl-5.8.9/.cpanplus/5.8.9/build/LxQX5apfCY/Net-Stomp-0.61/blib/lib/Net/Stomp.pm line 196.
Global symbol "$timeout" requires explicit package name at /home/cpan/pit/rel/conf/perl-5.8.9/.cpanplus/5.8.9/build/LxQX5apfCY/Net-Stomp-0.61/blib/lib/Net/Stomp.pm line 196.
Global symbol "$timeout" requires explicit package name at /home/cpan/pit/rel/conf/perl-5.8.9/.cpanplus/5.8.9/build/LxQX5apfCY/Net-Stomp-0.61/blib/lib/Net/Stomp.pm line 196.
Global symbol "$body" requires explicit package name at /home/cpan/pit/rel/conf/perl-5.8.9/.cpanplus/5.8.9/build/LxQX5apfCY/Net-Stomp-0.61/blib/lib/Net/Stomp.pm line 196.
Global symbol "$body" requires explicit package name at /home/cpan/pit/rel/conf/perl-5.8.9/.cpanplus/5.8.9/build/LxQX5apfCY/Net-Stomp-0.61/blib/lib/Net/Stomp.pm line 196.
Global symbol "$receipt_id" requires explicit package name at /home/cpan/pit/rel/conf/perl-5.8.9/.cpanplus/5.8.9/build/LxQX5apfCY/Net-Stomp-0.61/blib/lib/Net/Stomp.pm line 196.
Global symbol "$receipt_id" requires explicit package name at /home/cpan/pit/rel/conf/perl-5.8.9/.cpanplus/5.8.9/build/LxQX5apfCY/Net-Stomp-0.61/blib/lib/Net/Stomp.pm line 196.
Global symbol "$receipt_id" requires explicit package name at /home/cpan/pit/rel/conf/perl-5.8.9/.cpanplus/5.8.9/build/LxQX5apfCY/Net-Stomp-0.61/blib/lib/Net/Stomp.pm line 196.
Global symbol "$receipt_timeout" requires explicit package name at /home/cpan/pit/rel/conf/perl-5.8.9/.cpanplus/5.8.9/build/LxQX5apfCY/Net-Stomp-0.61/blib/lib/Net/Stomp.pm line 196.
Global symbol "$receipt_frame" requires explicit package name at /home/cpan/pit/rel/conf/perl-5.8.9/.cpanplus/5.8.9/build/LxQX5apfCY/Net-Stomp-0.61/blib/lib/Net/Stomp.pm line 196.
Global symbol "$receipt_timeout" requires explicit package name at /home/cpan/pit/rel/conf/perl-5.8.9/.cpanplus/5.8.9/build/LxQX5apfCY/Net-Stomp-0.61/blib/lib/Net/Stomp.pm line 196.
Global symbol "$receipt_timeout" requires explicit package name at /home/cpan/pit/rel/conf/perl-5.8.9/.cpanplus/5.8.9/build/LxQX5apfCY/Net-Stomp-0.61/blib/lib/Net/Stomp.pm line 196.
Global symbol "$receipt_frame" requires explicit package name at /home/cpan/pit/rel/conf/perl-5.8.9/.cpanplus/5.8.9/build/LxQX5apfCY/Net-Stomp-0.61/blib/lib/Net/Stomp.pm line 196.
Global symbol "$receipt_frame" requires explicit package name at /home/cpan/pit/rel/conf/perl-5.8.9/.cpanplus/5.8.9/build/LxQX5apfCY/Net-Stomp-0.61/blib/lib/Net/Stomp.pm line 196.
Global symbol "$receipt_frame" requires explicit package name at /home/cpan/pit/rel/conf/perl-5.8.9/.cpanplus/5.8.9/build/LxQX5apfCY/Net-Stomp-0.61/blib/lib/Net/Stomp.pm line 196.
Global symbol "$receipt_frame" requires explicit package name at /home/cpan/pit/rel/conf/perl-5.8.9/.cpanplus/5.8.9/build/LxQX5apfCY/Net-Stomp-0.61/blib/lib/Net/Stomp.pm line 196.
Global symbol "$receipt_id" requires explicit package name at /home/cpan/pit/rel/conf/perl-5.8.9/.cpanplus/5.8.9/build/LxQX5apfCY/Net-Stomp-0.61/blib/lib/Net/Stomp.pm line 196.
Global symbol "$receipt_frame" requires explicit package name at /home/cpan/pit/rel/conf/perl-5.8.9/.cpanplus/5.8.9/build/LxQX5apfCY/Net-Stomp-0.61/blib/lib/Net/Stomp.pm line 196.
Global symbol "$receipt_frame" requires explicit package name at /home/cpan/pit/rel/conf/perl-5.8.9/.cpanplus/5.8.9/build/LxQX5apfCY/Net-Stomp-0.61/blib/lib/Net/Stomp.pm line 196.
Global symbol "$transaction_id" requires explicit package name at /home/cpan/pit/rel/conf/perl-5.8.9/.cpanplus/5.8.9/build/LxQX5apfCY/Net-Stomp-0.61/blib/lib/Net/Stomp.pm line 196.
Global symbol "$transaction_id" requires explicit package name at /home/cpan/pit/rel/conf/perl-5.8.9/.cpanplus/5.8.9/build/LxQX5apfCY/Net-Stomp-0.61/blib/lib/Net/Stomp.pm line 196.
Global symbol "$begin_frame" requires explicit package name at /home/cpan/pit/rel/conf/perl-5.8.9/.cpanplus/5.8.9/build/LxQX5apfCY/Net-Stomp-0.61/blib/lib/Net/Stomp.pm line 196.
Global symbol "$transaction_id" requires explicit package name at /home/cpan/pit/rel/conf/perl-5.8.9/.cpanplus/5.8.9/build/LxQX5apfCY/Net-Stomp-0.61/blib/lib/Net/Stomp.pm line 196.
Global symbol "$begin_frame" requires explicit package name at /home/cpan/pit/rel/conf/perl-5.8.9/.cpanplus/5.8.9/build/LxQX5apfCY/Net-Stomp-0.61/blib/lib/Net/Stomp.pm line 196.
Global symbol "$transaction_id" requires explicit package name at /home/cpan/pit/rel/conf/perl-5.8.9/.cpanplus/5.8.9/build/LxQX5apfCY/Net-Stomp-0.61/blib/lib/Net/Stomp.pm line 196.
Global symbol "$receipt_frame" requires explicit package name at /home/cpan/pit/rel/conf/perl-5.8.9/.cpanplus/5.8.9/build/LxQX5apfCY/Net-Stomp-0.61/blib/lib/Net/Stomp.pm line 196.
Global symbol "$ret" requires explicit package name at /home/cpan/pit/rel/conf/perl-5.8.9/.cpanplus/5.8.9/build/LxQX5apfCY/Net-Stomp-0.61/blib/lib/Net/Stomp.pm line 196.
Global symbol "$receipt_frame" requires explicit package name at /home/cpan/pit/rel/conf/perl-5.8.9/.cpanplus/5.8.9/build/LxQX5apfCY/Net-Stomp-0.61/blib/lib/Net/Stomp.pm line 196.
Global symbol "$receipt_frame" requires explicit package name at /home/cpan/pit/rel/conf/perl-5.8.9/.cpanplus/5.8.9/build/LxQX5apfCY/Net-Stomp-0.61/blib/lib/Net/Stomp.pm line 196.
Global symbol "$ret" requires explicit package name at /home/cpan/pit/rel/conf/perl-5.8.9/.cpanplus/5.8.9/build/LxQX5apfCY/Net-Stomp-0.61/blib/lib/Net/Stomp.pm line 196.
Global symbol "$transaction_id" requires explicit package name at /home/cpan/pit/rel/conf/perl-5.8.9/.cpanplus/5.8.9/build/LxQX5apfCY/Net-Stomp-0.61/blib/lib/Net/Stomp.pm line 196.
Global symbol "$frame_commit" requires explicit package name at /home/cpan/pit/rel/conf/perl-5.8.9/.cpanplus/5.8.9/build/LxQX5apfCY/Net-Stomp-0.61/blib/lib/Net/Stomp.pm line 196.
Global symbol "$transaction_id" requires explicit package name at /home/cpan/pit/rel/conf/perl-5.8.9/.cpanplus/5.8.9/build/LxQX5apfCY/Net-Stomp-0.61/blib/lib/Net/Stomp.pm line 196.
Global symbol "$frame_commit" requires explicit package name at /home/cpan/pit/rel/conf/perl-5.8.9/.cpanplus/5.8.9/build/LxQX5apfCY/Net-Stomp-0.61/blib/lib/Net/Stomp.pm line 196.
Global symbol "$transaction_id" requires explicit package name at /home/cpan/pit/rel/conf/perl-5.8.9/.cpanplus/5.8.9/build/LxQX5apfCY/Net-Stomp-0.61/blib/lib/Net/Stomp.pm line 196.
Global symbol "$frame_abort" requires explicit package name at /home/cpan/pit/rel/conf/perl-5.8.9/.cpanplus/5.8.9/build/LxQX5apfCY/Net-Stomp-0.61/blib/lib/Net/Stomp.pm line 196.
Global symbol "$transaction_id" requires explicit package name at /home/cpan/pit/rel/conf/perl-5.8.9/.cpanplus/5.8.9/build/LxQX5apfCY/Net-Stomp-0.61/blib/lib/Net/Stomp.pm line 196.
Global symbol "$frame_abort" requires explicit package name at /home/cpan/pit/rel/conf/perl-5.8.9/.cpanplus/5.8.9/build/LxQX5apfCY/Net-Stomp-0.61/blib/lib/Net/Stomp.pm line 196.
Global symbol "$ret" requires explicit package name at /home/cpan/pit/rel/conf/perl-5.8.9/.cpanplus/5.8.9/build/LxQX5apfCY/Net-Stomp-0.61/blib/lib/Net/Stomp.pm line 196.
Global symbol "$subs" requires explicit package name at /home/cpan/pit/rel/conf/perl-5.8.9/.cpanplus/5.8.9/build/LxQX5apfCY/Net-Stomp-0.61/blib/lib/Net/Stomp.pm line 196.
Global symbol "$subs" requires explicit package name at /home/cpan/pit/rel/conf/perl-5.8.9/.cpanplus/5.8.9/build/LxQX5apfCY/Net-Stomp-0.61/blib/lib/Net/Stomp.pm line 196.
Global symbol "$subs" requires explicit package name at /home/cpan/pit/rel/conf/perl-5.8.9/.cpanplus/5.8.9/build/LxQX5apfCY/Net-Stomp-0.61/blib/lib/Net/Stomp.pm line 196.
Global symbol "$subs" requires explicit package name at /home/cpan/pit/rel/conf/perl-5.8.9/.cpanplus/5.8.9/build/LxQX5apfCY/Net-Stomp-0.61/blib/lib/Net/Stomp.pm line 196.
Global symbol "$id" requires explicit package name at /home/cpan/pit/rel/conf/perl-5.8.9/.cpanplus/5.8.9/build/LxQX5apfCY/Net-Stomp-0.61/blib/lib/Net/Stomp.pm line 196.
Global symbol "$id" requires explicit package name at /home/cpan/pit/rel/conf/perl-5.8.9/.cpanplus/5.8.9/build/LxQX5apfCY/Net-Stomp-0.61/blib/lib/Net/Stomp.pm line 196.
Global symbol "$id" requires explicit package name at /home/cpan/pit/rel/conf/perl-5.8.9/.cpanplus/5.8.9/build/LxQX5apfCY/Net-Stomp-0.61/blib/lib/Net/Stomp.pm line 196.
Global symbol "$id" requires explicit package name at /home/cpan/pit/rel/conf/perl-5.8.9/.cpanplus/5.8.9/build/LxQX5apfCY/Net-Stomp-0.61/blib/lib/Net/Stomp.pm line 196.
Global symbol "$id" requires explicit package name at /home/cpan/pit/rel/conf/perl-5.8.9/.cpanplus/5.8.9/build/LxQX5apfCY/Net-Stomp-0.61/blib/lib/Net/Stomp.pm line 196.
Global symbol "$id" requires explicit package name at /home/cpan/pit/rel/conf/perl-5.8.9/.cpanplus/5.8.9/build/LxQX5apfCY/Net-Stomp-0.61/blib/lib/Net/Stomp.pm line 196.
Global symbol "$to_write" requires explicit package name at /home/cpan/pit/rel/conf/perl-5.8.9/.cpanplus/5.8.9/build/LxQX5apfCY/Net-Stomp-0.61/blib/lib/Net/Stomp.pm line 196.
Global symbol "$frame_string" requires explicit package name at /home/cpan/pit/rel/conf/perl-5.8.9/.cpanplus/5.8.9/build/LxQX5apfCY/Net-Stomp-0.61/blib/lib/Net/Stomp.pm line 196.
Global symbol "$written" requires explicit package name at /home/cpan/pit/rel/conf/perl-5.8.9/.cpanplus/5.8.9/build/LxQX5apfCY/Net-Stomp-0.61/blib/lib/Net/Stomp.pm line 196.
Global symbol "$to_write" requires explicit package name at /home/cpan/pit/rel/conf/perl-5.8.9/.cpanplus/5.8.9/build/LxQX5apfCY/Net-Stomp-0.61/blib/lib/Net/Stomp.pm line 196.
Global symbol "$written" requires explicit package name at /home/cpan/pit/rel/conf/perl-5.8.9/.cpanplus/5.8.9/build/LxQX5apfCY/Net-Stomp-0.61/blib/lib/Net/Stomp.pm line 196.
Global symbol "$to_write" requires explicit package name at /home/cpan/pit/rel/conf/perl-5.8.9/.cpanplus/5.8.9/build/LxQX5apfCY/Net-Stomp-0.61/blib/lib/Net/Stomp.pm line 196.
Global symbol "$written" requires explicit package name at /home/cpan/pit/rel/conf/perl-5.8.9/.cpanplus/5.8.9/build/LxQX5apfCY/Net-Stomp-0.61/blib/lib/Net/Stomp.pm line 196.
Global symbol "$to_write" requires explicit package name at /home/cpan/pit/rel/conf/perl-5.8.9/.cpanplus/5.8.9/build/LxQX5apfCY/Net-Stomp-0.61/blib/lib/Net/Stomp.pm line 196.
Global symbol "$written" requires explicit package name at /home/cpan/pit/rel/conf/perl-5.8.9/.cpanplus/5.8.9/build/LxQX5apfCY/Net-Stomp-0.61/blib/lib/Net/Stomp.pm line 196.
Global symbol "$written" requires explicit package name at /home/cpan/pit/rel/conf/perl-5.8.9/.cpanplus/5.8.9/build/LxQX5apfCY/Net-Stomp-0.61/blib/lib/Net/Stomp.pm line 196.
Global symbol "$frame_string" requires explicit package name at /home/cpan/pit/rel/conf/perl-5.8.9/.cpanplus/5.8.9/build/LxQX5apfCY/Net-Stomp-0.61/blib/lib/Net/Stomp.pm line 196.
Global symbol "$written" requires explicit package name at /home/cpan/pit/rel/conf/perl-5.8.9/.cpanplus/5.8.9/build/LxQX5apfCY/Net-Stomp-0.61/blib/lib/Net/Stomp.pm line 196.
Global symbol "$timeout" requires explicit package name at /home/cpan/pit/rel/conf/perl-5.8.9/.cpanplus/5.8.9/build/LxQX5apfCY/Net-Stomp-0.61/blib/lib/Net/Stomp.pm line 196.
Global symbol "$timeout" requires explicit package name at /home/cpan/pit/rel/conf/perl-5.8.9/.cpanplus/5.8.9/build/LxQX5apfCY/Net-Stomp-0.61/blib/lib/Net/Stomp.pm line 196.
Global symbol "$len" requires explicit package name at /home/cpan/pit/rel/conf/perl-5.8.9/.cpanplus/5.8.9/build/LxQX5apfCY/Net-Stomp-0.61/blib/lib/Net/Stomp.pm line 196.
Global symbol "$len" requires explicit package name at /home/cpan/pit/rel/conf/perl-5.8.9/.cpanplus/5.8.9/build/LxQX5apfCY/Net-Stomp-0.61/blib/lib/Net/Stomp.pm line 196.
Global symbol "$len" requires explicit package name at /home/cpan/pit/rel/conf/perl-5.8.9/.cpanplus/5.8.9/build/LxQX5apfCY/Net-Stomp-0.61/blib/lib/Net/Stomp.pm line 196.
Global symbol "$len" requires explicit package name at /home/cpan/pit/rel/conf/perl-5.8.9/.cpanplus/5.8.9/build/LxQX5apfCY/Net-Stomp-0.61/blib/lib/Net/Stomp.pm line 196.
Global symbol "$len" requires explicit package name at /home/cpan/pit/rel/conf/perl-5.8.9/.cpanplus/5.8.9/build/LxQX5apfCY/Net-Stomp-0.61/blib/lib/Net/Stomp.pm line 196.
syntax error at /home/cpan/pit/rel/conf/perl-5.8.9/.cpanplus/5.8.9/build/LxQX5apfCY/Net-Stomp-0.61/blib/lib/Net/Stomp.pm line 453, near "[^"
(Might be a runaway multi-line // string starting on line 196)
/home/cpan/pit/rel/conf/perl-5.8.9/.cpanplus/5.8.9/build/LxQX5apfCY/Net-Stomp-0.61/blib/lib/Net/Stomp.pm has too many errors.
Compilation failed in require at t/lib/TestHelp.pm line 10.
BEGIN failed--compilation aborted at t/lib/TestHelp.pm line 10.
Compilation failed in require at t/constructor.t line 3.
BEGIN failed--compilation aborted at t/constructor.t line 3.
t/constructor.t .........
Dubious, test returned 9 (wstat 2304, 0x900)
No subtests run
Global symbol "$sub" requires explicit package name at /home/cpan/pit/rel/conf/perl-5.8.9/.cpanplus/5.8.9/build/LxQX5apfCY/Net-Stomp-0.61/blib/lib/Net/Stomp.pm line 196.
Global symbol "$sub" requires explicit package name at /home/cpan/pit/rel/conf/perl-5.8.9/.cpanplus/5.8.9/build/LxQX5apfCY/Net-Stomp-0.61/blib/lib/Net/Stomp.pm line 196.
Global symbol "$timeout" requires explicit package name at /home/cpan/pit/rel/conf/perl-5.8.9/.cpanplus/5.8.9/build/LxQX5apfCY/Net-Stomp-0.61/blib/lib/Net/Stomp.pm line 196.
Global symbol "$timeout" requires explicit package name at /home/cpan/pit/rel/conf/perl-5.8.9/.cpanplus/5.8.9/build/LxQX5apfCY/Net-Stomp-0.61/blib/lib/Net/Stomp.pm line 196.
Global symbol "$body" requires explicit package name at /home/cpan/pit/rel/conf/perl-5.8.9/.cpanplus/5.8.9/build/LxQX5apfCY/Net-Stomp-0.61/blib/lib/Net/Stomp.pm line 196.
Global symbol "$body" requires explicit package name at /home/cpan/pit/rel/conf/perl-5.8.9/.cpanplus/5.8.9/build/LxQX5apfCY/Net-Stomp-0.61/blib/lib/Net/Stomp.pm line 196.
Global symbol "$receipt_id" requires explicit package name at /home/cpan/pit/rel/conf/perl-5.8.9/.cpanplus/5.8.9/build/LxQX5apfCY/Net-Stomp-0.61/blib/lib/Net/Stomp.pm line 196.
Global symbol "$receipt_id" requires explicit package name at /home/cpan/pit/rel/conf/perl-5.8.9/.cpanplus/5.8.9/build/LxQX5apfCY/Net-Stomp-0.61/blib/lib/Net/Stomp.pm line 196.
Global symbol "$receipt_id" requires explicit package name at /home/cpan/pit/rel/conf/perl-5.8.9/.cpanplus/5.8.9/build/LxQX5apfCY/Net-Stomp-0.61/blib/lib/Net/Stomp.pm line 196.
Global symbol "$receipt_timeout" requires explicit package name at /home/cpan/pit/rel/conf/perl-5.8.9/.cpanplus/5.8.9/build/LxQX5apfCY/Net-Stomp-0.61/blib/lib/Net/Stomp.pm line 196.
Global symbol "$receipt_frame" requires explicit package name at /home/cpan/pit/rel/conf/perl-5.8.9/.cpanplus/5.8.9/build/LxQX5apfCY/Net-Stomp-0.61/blib/lib/Net/Stomp.pm line 196.
Global symbol "$receipt_timeout" requires explicit package name at /home/cpan/pit/rel/conf/perl-5.8.9/.cpanplus/5.8.9/build/LxQX5apfCY/Net-Stomp-0.61/blib/lib/Net/Stomp.pm line 196.
Global symbol "$receipt_timeout" requires explicit package name at /home/cpan/pit/rel/conf/perl-5.8.9/.cpanplus/5.8.9/build/LxQX5apfCY/Net-Stomp-0.61/blib/lib/Net/Stomp.pm line 196.
Global symbol "$receipt_frame" requires explicit package name at /home/cpan/pit/rel/conf/perl-5.8.9/.cpanplus/5.8.9/build/LxQX5apfCY/Net-Stomp-0.61/blib/lib/Net/Stomp.pm line 196.
Global symbol "$receipt_frame" requires explicit package name at /home/cpan/pit/rel/conf/perl-5.8.9/.cpanplus/5.8.9/build/LxQX5apfCY/Net-Stomp-0.61/blib/lib/Net/Stomp.pm line 196.
Global symbol "$receipt_frame" requires explicit package name at /home/cpan/pit/rel/conf/perl-5.8.9/.cpanplus/5.8.9/build/LxQX5apfCY/Net-Stomp-0.61/blib/lib/Net/Stomp.pm line 196.
Global symbol "$receipt_frame" requires explicit package name at /home/cpan/pit/rel/conf/perl-5.8.9/.cpanplus/5.8.9/build/LxQX5apfCY/Net-Stomp-0.61/blib/lib/Net/Stomp.pm line 196.
Global symbol "$receipt_id" requires explicit package name at /home/cpan/pit/rel/conf/perl-5.8.9/.cpanplus/5.8.9/build/LxQX5apfCY/Net-Stomp-0.61/blib/lib/Net/Stomp.pm line 196.
Global symbol "$receipt_frame" requires explicit package name at /home/cpan/pit/rel/conf/perl-5.8.9/.cpanplus/5.8.9/build/LxQX5apfCY/Net-Stomp-0.61/blib/lib/Net/Stomp.pm line 196.
Global symbol "$receipt_frame" requires explicit package name at /home/cpan/pit/rel/conf/perl-5.8.9/.cpanplus/5.8.9/build/LxQX5apfCY/Net-Stomp-0.61/blib/lib/Net/Stomp.pm line 196.
Global symbol "$transaction_id" requires explicit package name at /home/cpan/pit/rel/conf/perl-5.8.9/.cpanplus/5.8.9/build/LxQX5apfCY/Net-Stomp-0.61/blib/lib/Net/Stomp.pm line 196.
Global symbol "$transaction_id" requires explicit package name at /home/cpan/pit/rel/conf/perl-5.8.9/.cpanplus/5.8.9/build/LxQX5apfCY/Net-Stomp-0.61/blib/lib/Net/Stomp.pm line 196.
Global symbol "$begin_frame" requires explicit package name at /home/cpan/pit/rel/conf/perl-5.8.9/.cpanplus/5.8.9/build/LxQX5apfCY/Net-Stomp-0.61/blib/lib/Net/Stomp.pm line 196.
Global symbol "$transaction_id" requires explicit package name at /home/cpan/pit/rel/conf/perl-5.8.9/.cpanplus/5.8.9/build/LxQX5apfCY/Net-Stomp-0.61/blib/lib/Net/Stomp.pm line 196.
Global symbol "$begin_frame" requires explicit package name at /home/cpan/pit/rel/conf/perl-5.8.9/.cpanplus/5.8.9/build/LxQX5apfCY/Net-Stomp-0.61/blib/lib/Net/Stomp.pm line 196.
Global symbol "$transaction_id" requires explicit package name at /home/cpan/pit/rel/conf/perl-5.8.9/.cpanplus/5.8.9/build/LxQX5apfCY/Net-Stomp-0.61/blib/lib/Net/Stomp.pm line 196.
Global symbol "$receipt_frame" requires explicit package name at /home/cpan/pit/rel/conf/perl-5.8.9/.cpanplus/5.8.9/build/LxQX5apfCY/Net-Stomp-0.61/blib/lib/Net/Stomp.pm line 196.
Global symbol "$ret" requires explicit package name at /home/cpan/pit/rel/conf/perl-5.8.9/.cpanplus/5.8.9/build/LxQX5apfCY/Net-Stomp-0.61/blib/lib/Net/Stomp.pm line 196.
Global symbol "$receipt_frame" requires explicit package name at /home/cpan/pit/rel/conf/perl-5.8.9/.cpanplus/5.8.9/build/LxQX5apfCY/Net-Stomp-0.61/blib/lib/Net/Stomp.pm line 196.
Global symbol "$receipt_frame" requires explicit package name at /home/cpan/pit/rel/conf/perl-5.8.9/.cpanplus/5.8.9/build/LxQX5apfCY/Net-Stomp-0.61/blib/lib/Net/Stomp.pm line 196.
Global symbol "$ret" requires explicit package name at /home/cpan/pit/rel/conf/perl-5.8.9/.cpanplus/5.8.9/build/LxQX5apfCY/Net-Stomp-0.61/blib/lib/Net/Stomp.pm line 196.
Global symbol "$transaction_id" requires explicit package name at /home/cpan/pit/rel/conf/perl-5.8.9/.cpanplus/5.8.9/build/LxQX5apfCY/Net-Stomp-0.61/blib/lib/Net/Stomp.pm line 196.
Global symbol "$frame_commit" requires explicit package name at /home/cpan/pit/rel/conf/perl-5.8.9/.cpanplus/5.8.9/build/LxQX5apfCY/Net-Stomp-0.61/blib/lib/Net/Stomp.pm line 196.
Global symbol "$transaction_id" requires explicit package name at /home/cpan/pit/rel/conf/perl-5.8.9/.cpanplus/5.8.9/build/LxQX5apfCY/Net-Stomp-0.61/blib/lib/Net/Stomp.pm line 196.
Global symbol "$frame_commit" requires explicit package name at /home/cpan/pit/rel/conf/perl-5.8.9/.cpanplus/5.8.9/build/LxQX5apfCY/Net-Stomp-0.61/blib/lib/Net/Stomp.pm line 196.
Global symbol "$transaction_id" requires explicit package name at /home/cpan/pit/rel/conf/perl-5.8.9/.cpanplus/5.8.9/build/LxQX5apfCY/Net-Stomp-0.61/blib/lib/Net/Stomp.pm line 196.
Global symbol "$frame_abort" requires explicit package name at /home/cpan/pit/rel/conf/perl-5.8.9/.cpanplus/5.8.9/build/LxQX5apfCY/Net-Stomp-0.61/blib/lib/Net/Stomp.pm line 196.
Global symbol "$transaction_id" requires explicit package name at /home/cpan/pit/rel/conf/perl-5.8.9/.cpanplus/5.8.9/build/LxQX5apfCY/Net-Stomp-0.61/blib/lib/Net/Stomp.pm line 196.
Global symbol "$frame_abort" requires explicit package name at /home/cpan/pit/rel/conf/perl-5.8.9/.cpanplus/5.8.9/build/LxQX5apfCY/Net-Stomp-0.61/blib/lib/Net/Stomp.pm line 196.
Global symbol "$ret" requires explicit package name at /home/cpan/pit/rel/conf/perl-5.8.9/.cpanplus/5.8.9/build/LxQX5apfCY/Net-Stomp-0.61/blib/lib/Net/Stomp.pm line 196.
Global symbol "$subs" requires explicit package name at /home/cpan/pit/rel/conf/perl-5.8.9/.cpanplus/5.8.9/build/LxQX5apfCY/Net-Stomp-0.61/blib/lib/Net/Stomp.pm line 196.
Global symbol "$subs" requires explicit package name at /home/cpan/pit/rel/conf/perl-5.8.9/.cpanplus/5.8.9/build/LxQX5apfCY/Net-Stomp-0.61/blib/lib/Net/Stomp.pm line 196.
Global symbol "$subs" requires explicit package name at /home/cpan/pit/rel/conf/perl-5.8.9/.cpanplus/5.8.9/build/LxQX5apfCY/Net-Stomp-0.61/blib/lib/Net/Stomp.pm line 196.
Global symbol "$subs" requires explicit package name at /home/cpan/pit/rel/conf/perl-5.8.9/.cpanplus/5.8.9/build/LxQX5apfCY/Net-Stomp-0.61/blib/lib/Net/Stomp.pm line 196.
Global symbol "$id" requires explicit package name at /home/cpan/pit/rel/conf/perl-5.8.9/.cpanplus/5.8.9/build/LxQX5apfCY/Net-Stomp-0.61/blib/lib/Net/Stomp.pm line 196.
Global symbol "$id" requires explicit package name at /home/cpan/pit/rel/conf/perl-5.8.9/.cpanplus/5.8.9/build/LxQX5apfCY/Net-Stomp-0.61/blib/lib/Net/Stomp.pm line 196.
Global symbol "$id" requires explicit package name at /home/cpan/pit/rel/conf/perl-5.8.9/.cpanplus/5.8.9/build/LxQX5apfCY/Net-Stomp-0.61/blib/lib/Net/Stomp.pm line 196.
Global symbol "$id" requires explicit package name at /home/cpan/pit/rel/conf/perl-5.8.9/.cpanplus/5.8.9/build/LxQX5apfCY/Net-Stomp-0.61/blib/lib/Net/Stomp.pm line 196.
Global symbol "$id" requires explicit package name at /home/cpan/pit/rel/conf/perl-5.8.9/.cpanplus/5.8.9/build/LxQX5apfCY/Net-Stomp-0.61/blib/lib/Net/Stomp.pm line 196.
Global symbol "$id" requires explicit package name at /home/cpan/pit/rel/conf/perl-5.8.9/.cpanplus/5.8.9/build/LxQX5apfCY/Net-Stomp-0.61/blib/lib/Net/Stomp.pm line 196.
Global symbol "$to_write" requires explicit package name at /home/cpan/pit/rel/conf/perl-5.8.9/.cpanplus/5.8.9/build/LxQX5apfCY/Net-Stomp-0.61/blib/lib/Net/Stomp.pm line 196.
Global symbol "$frame_string" requires explicit package name at /home/cpan/pit/rel/conf/perl-5.8.9/.cpanplus/5.8.9/build/LxQX5apfCY/Net-Stomp-0.61/blib/lib/Net/Stomp.pm line 196.
Global symbol "$written" requires explicit package name at /home/cpan/pit/rel/conf/perl-5.8.9/.cpanplus/5.8.9/build/LxQX5apfCY/Net-Stomp-0.61/blib/lib/Net/Stomp.pm line 196.
Global symbol "$to_write" requires explicit package name at /home/cpan/pit/rel/conf/perl-5.8.9/.cpanplus/5.8.9/build/LxQX5apfCY/Net-Stomp-0.61/blib/lib/Net/Stomp.pm line 196.
Global symbol "$written" requires explicit package name at /home/cpan/pit/rel/conf/perl-5.8.9/.cpanplus/5.8.9/build/LxQX5apfCY/Net-Stomp-0.61/blib/lib/Net/Stomp.pm line 196.
Global symbol "$to_write" requires explicit package name at /home/cpan/pit/rel/conf/perl-5.8.9/.cpanplus/5.8.9/build/LxQX5apfCY/Net-Stomp-0.61/blib/lib/Net/Stomp.pm line 196.
Global symbol "$written" requires explicit package name at /home/cpan/pit/rel/conf/perl-5.8.9/.cpanplus/5.8.9/build/LxQX5apfCY/Net-Stomp-0.61/blib/lib/Net/Stomp.pm line 196.
Global symbol "$to_write" requires explicit package name at /home/cpan/pit/rel/conf/perl-5.8.9/.cpanplus/5.8.9/build/LxQX5apfCY/Net-Stomp-0.61/blib/lib/Net/Stomp.pm line 196.
Global symbol "$written" requires explicit package name at /home/cpan/pit/rel/conf/perl-5.8.9/.cpanplus/5.8.9/build/LxQX5apfCY/Net-Stomp-0.61/blib/lib/Net/Stomp.pm line 196.
Global symbol "$written" requires explicit package name at /home/cpan/pit/rel/conf/perl-5.8.9/.cpanplus/5.8.9/build/LxQX5apfCY/Net-Stomp-0.61/blib/lib/Net/Stomp.pm line 196.
Global symbol "$frame_string" requires explicit package name at /home/cpan/pit/rel/conf/perl-5.8.9/.cpanplus/5.8.9/build/LxQX5apfCY/Net-Stomp-0.61/blib/lib/Net/Stomp.pm line 196.
Global symbol "$written" requires explicit package name at /home/cpan/pit/rel/conf/perl-5.8.9/.cpanplus/5.8.9/build/LxQX5apfCY/Net-Stomp-0.61/blib/lib/Net/Stomp.pm line 196.
Global symbol "$timeout" requires explicit package name at /home/cpan/pit/rel/conf/perl-5.8.9/.cpanplus/5.8.9/build/LxQX5apfCY/Net-Stomp-0.61/blib/lib/Net/Stomp.pm line 196.
Global symbol "$timeout" requires explicit package name at /home/cpan/pit/rel/conf/perl-5.8.9/.cpanplus/5.8.9/build/LxQX5apfCY/Net-Stomp-0.61/blib/lib/Net/Stomp.pm line 196.
Global symbol "$len" requires explicit package name at /home/cpan/pit/rel/conf/perl-5.8.9/.cpanplus/5.8.9/build/LxQX5apfCY/Net-Stomp-0.61/blib/lib/Net/Stomp.pm line 196.
Global symbol "$len" requires explicit package name at /home/cpan/pit/rel/conf/perl-5.8.9/.cpanplus/5.8.9/build/LxQX5apfCY/Net-Stomp-0.61/blib/lib/Net/Stomp.pm line 196.
Global symbol "$len" requires explicit package name at /home/cpan/pit/rel/conf/perl-5.8.9/.cpanplus/5.8.9/build/LxQX5apfCY/Net-Stomp-0.61/blib/lib/Net/Stomp.pm line 196.
Global symbol "$len" requires explicit package name at /home/cpan/pit/rel/conf/perl-5.8.9/.cpanplus/5.8.9/build/LxQX5apfCY/Net-Stomp-0.61/blib/lib/Net/Stomp.pm line 196.
Global symbol "$len" requires explicit package name at /home/cpan/pit/rel/conf/perl-5.8.9/.cpanplus/5.8.9/build/LxQX5apfCY/Net-Stomp-0.61/blib/lib/Net/Stomp.pm line 196.
syntax error at /home/cpan/pit/rel/conf/perl-5.8.9/.cpanplus/5.8.9/build/LxQX5apfCY/Net-Stomp-0.61/blib/lib/Net/Stomp.pm line 453, near "[^"
(Might be a runaway multi-line // string starting on line 196)
/home/cpan/pit/rel/conf/perl-5.8.9/.cpanplus/5.8.9/build/LxQX5apfCY/Net-Stomp-0.61/blib/lib/Net/Stomp.pm has too many errors.
Compilation failed in require at t/lib/TestHelp.pm line 10.
BEGIN failed--compilation aborted at t/lib/TestHelp.pm line 10.
Compilation failed in require at t/failover.t line 3.
BEGIN failed--compilation aborted at t/failover.t line 3.
t/failover.t ............
Dubious, test returned 9 (wstat 2304, 0x900)
No subtests run
Global symbol "$sub" requires explicit package name at /home/cpan/pit/rel/conf/perl-5.8.9/.cpanplus/5.8.9/build/LxQX5apfCY/Net-Stomp-0.61/blib/lib/Net/Stomp.pm line 196.
Global symbol "$sub" requires explicit package name at /home/cpan/pit/rel/conf/perl-5.8.9/.cpanplus/5.8.9/build/LxQX5apfCY/Net-Stomp-0.61/blib/lib/Net/Stomp.pm line 196.
Global symbol "$timeout" requires explicit package name at /home/cpan/pit/rel/conf/perl-5.8.9/.cpanplus/5.8.9/build/LxQX5apfCY/Net-Stomp-0.61/blib/lib/Net/Stomp.pm line 196.
Global symbol "$timeout" requires explicit package name at /home/cpan/pit/rel/conf/perl-5.8.9/.cpanplus/5.8.9/build/LxQX5apfCY/Net-Stomp-0.61/blib/lib/Net/Stomp.pm line 196.
Global symbol "$body" requires explicit package name at /home/cpan/pit/rel/conf/perl-5.8.9/.cpanplus/5.8.9/build/LxQX5apfCY/Net-Stomp-0.61/blib/lib/Net/Stomp.pm line 196.
Global symbol "$body" requires explicit package name at /home/cpan/pit/rel/conf/perl-5.8.9/.cpanplus/5.8.9/build/LxQX5apfCY/Net-Stomp-0.61/blib/lib/Net/Stomp.pm line 196.
Global symbol "$receipt_id" requires explicit package name at /home/cpan/pit/rel/conf/perl-5.8.9/.cpanplus/5.8.9/build/LxQX5apfCY/Net-Stomp-0.61/blib/lib/Net/Stomp.pm line 196.
Global symbol "$receipt_id" requires explicit package name at /home/cpan/pit/rel/conf/perl-5.8.9/.cpanplus/5.8.9/build/LxQX5apfCY/Net-Stomp-0.61/blib/lib/Net/Stomp.pm line 196.
Global symbol "$receipt_id" requires explicit package name at /home/cpan/pit/rel/conf/perl-5.8.9/.cpanplus/5.8.9/build/LxQX5apfCY/Net-Stomp-0.61/blib/lib/Net/Stomp.pm line 196.
Global symbol "$receipt_timeout" requires explicit package name at /home/cpan/pit/rel/conf/perl-5.8.9/.cpanplus/5.8.9/build/LxQX5apfCY/Net-Stomp-0.61/blib/lib/Net/Stomp.pm line 196.
Global symbol "$receipt_frame" requires explicit package name at /home/cpan/pit/rel/conf/perl-5.8.9/.cpanplus/5.8.9/build/LxQX5apfCY/Net-Stomp-0.61/blib/lib/Net/Stomp.pm line 196.
Global symbol "$receipt_timeout" requires explicit package name at /home/cpan/pit/rel/conf/perl-5.8.9/.cpanplus/5.8.9/build/LxQX5apfCY/Net-Stomp-0.61/blib/lib/Net/Stomp.pm line 196.
Global symbol "$receipt_timeout" requires explicit package name at /home/cpan/pit/rel/conf/perl-5.8.9/.cpanplus/5.8.9/build/LxQX5apfCY/Net-Stomp-0.61/blib/lib/Net/Stomp.pm line 196.
Global symbol "$receipt_frame" requires explicit package name at /home/cpan/pit/rel/conf/perl-5.8.9/.cpanplus/5.8.9/build/LxQX5apfCY/Net-Stomp-0.61/blib/lib/Net/Stomp.pm line 196.
Global symbol "$receipt_frame" requires explicit package name at /home/cpan/pit/rel/conf/perl-5.8.9/.cpanplus/5.8.9/build/LxQX5apfCY/Net-Stomp-0.61/blib/lib/Net/Stomp.pm line 196.
Global symbol "$receipt_frame" requires explicit package name at /home/cpan/pit/rel/conf/perl-5.8.9/.cpanplus/5.8.9/build/LxQX5apfCY/Net-Stomp-0.61/blib/lib/Net/Stomp.pm line 196.
Global symbol "$receipt_frame" requires explicit package name at /home/cpan/pit/rel/conf/perl-5.8.9/.cpanplus/5.8.9/build/LxQX5apfCY/Net-Stomp-0.61/blib/lib/Net/Stomp.pm line 196.
Global symbol "$receipt_id" requires explicit package name at /home/cpan/pit/rel/conf/perl-5.8.9/.cpanplus/5.8.9/build/LxQX5apfCY/Net-Stomp-0.61/blib/lib/Net/Stomp.pm line 196.
Global symbol "$receipt_frame" requires explicit package name at /home/cpan/pit/rel/conf/perl-5.8.9/.cpanplus/5.8.9/build/LxQX5apfCY/Net-Stomp-0.61/blib/lib/Net/Stomp.pm line 196.
Global symbol "$receipt_frame" requires explicit package name at /home/cpan/pit/rel/conf/perl-5.8.9/.cpanplus/5.8.9/build/LxQX5apfCY/Net-Stomp-0.61/blib/lib/Net/Stomp.pm line 196.
Global symbol "$transaction_id" requires explicit package name at /home/cpan/pit/rel/conf/perl-5.8.9/.cpanplus/5.8.9/build/LxQX5apfCY/Net-Stomp-0.61/blib/lib/Net/Stomp.pm line 196.
Global symbol "$transaction_id" requires explicit package name at /home/cpan/pit/rel/conf/perl-5.8.9/.cpanplus/5.8.9/build/LxQX5apfCY/Net-Stomp-0.61/blib/lib/Net/Stomp.pm line 196.
Global symbol "$begin_frame" requires explicit package name at /home/cpan/pit/rel/conf/perl-5.8.9/.cpanplus/5.8.9/build/LxQX5apfCY/Net-Stomp-0.61/blib/lib/Net/Stomp.pm line 196.
Global symbol "$transaction_id" requires explicit package name at /home/cpan/pit/rel/conf/perl-5.8.9/.cpanplus/5.8.9/build/LxQX5apfCY/Net-Stomp-0.61/blib/lib/Net/Stomp.pm line 196.
Global symbol "$begin_frame" requires explicit package name at /home/cpan/pit/rel/conf/perl-5.8.9/.cpanplus/5.8.9/build/LxQX5apfCY/Net-Stomp-0.61/blib/lib/Net/Stomp.pm line 196.
Global symbol "$transaction_id" requires explicit package name at /home/cpan/pit/rel/conf/perl-5.8.9/.cpanplus/5.8.9/build/LxQX5apfCY/Net-Stomp-0.61/blib/lib/Net/Stomp.pm line 196.
Global symbol "$receipt_frame" requires explicit package name at /home/cpan/pit/rel/conf/perl-5.8.9/.cpanplus/5.8.9/build/LxQX5apfCY/Net-Stomp-0.61/blib/lib/Net/Stomp.pm line 196.
Global symbol "$ret" requires explicit package name at /home/cpan/pit/rel/conf/perl-5.8.9/.cpanplus/5.8.9/build/LxQX5apfCY/Net-Stomp-0.61/blib/lib/Net/Stomp.pm line 196.
Global symbol "$receipt_frame" requires explicit package name at /home/cpan/pit/rel/conf/perl-5.8.9/.cpanplus/5.8.9/build/LxQX5apfCY/Net-Stomp-0.61/blib/lib/Net/Stomp.pm line 196.
Global symbol "$receipt_frame" requires explicit package name at /home/cpan/pit/rel/conf/perl-5.8.9/.cpanplus/5.8.9/build/LxQX5apfCY/Net-Stomp-0.61/blib/lib/Net/Stomp.pm line 196.
Global symbol "$ret" requires explicit package name at /home/cpan/pit/rel/conf/perl-5.8.9/.cpanplus/5.8.9/build/LxQX5apfCY/Net-Stomp-0.61/blib/lib/Net/Stomp.pm line 196.
Global symbol "$transaction_id" requires explicit package name at /home/cpan/pit/rel/conf/perl-5.8.9/.cpanplus/5.8.9/build/LxQX5apfCY/Net-Stomp-0.61/blib/lib/Net/Stomp.pm line 196.
Global symbol "$frame_commit" requires explicit package name at /home/cpan/pit/rel/conf/perl-5.8.9/.cpanplus/5.8.9/build/LxQX5apfCY/Net-Stomp-0.61/blib/lib/Net/Stomp.pm line 196.
Global symbol "$transaction_id" requires explicit package name at /home/cpan/pit/rel/conf/perl-5.8.9/.cpanplus/5.8.9/build/LxQX5apfCY/Net-Stomp-0.61/blib/lib/Net/Stomp.pm line 196.
Global symbol "$frame_commit" requires explicit package name at /home/cpan/pit/rel/conf/perl-5.8.9/.cpanplus/5.8.9/build/LxQX5apfCY/Net-Stomp-0.61/blib/lib/Net/Stomp.pm line 196.
Global symbol "$transaction_id" requires explicit package name at /home/cpan/pit/rel/conf/perl-5.8.9/.cpanplus/5.8.9/build/LxQX5apfCY/Net-Stomp-0.61/blib/lib/Net/Stomp.pm line 196.
Global symbol "$frame_abort" requires explicit package name at /home/cpan/pit/rel/conf/perl-5.8.9/.cpanplus/5.8.9/build/LxQX5apfCY/Net-Stomp-0.61/blib/lib/Net/Stomp.pm line 196.
Global symbol "$transaction_id" requires explicit package name at /home/cpan/pit/rel/conf/perl-5.8.9/.cpanplus/5.8.9/build/LxQX5apfCY/Net-Stomp-0.61/blib/lib/Net/Stomp.pm line 196.
Global symbol "$frame_abort" requires explicit package name at /home/cpan/pit/rel/conf/perl-5.8.9/.cpanplus/5.8.9/build/LxQX5apfCY/Net-Stomp-0.61/blib/lib/Net/Stomp.pm line 196.
Global symbol "$ret" requires explicit package name at /home/cpan/pit/rel/conf/perl-5.8.9/.cpanplus/5.8.9/build/LxQX5apfCY/Net-Stomp-0.61/blib/lib/Net/Stomp.pm line 196.
Global symbol "$subs" requires explicit package name at /home/cpan/pit/rel/conf/perl-5.8.9/.cpanplus/5.8.9/build/LxQX5apfCY/Net-Stomp-0.61/blib/lib/Net/Stomp.pm line 196.
Global symbol "$subs" requires explicit package name at /home/cpan/pit/rel/conf/perl-5.8.9/.cpanplus/5.8.9/build/LxQX5apfCY/Net-Stomp-0.61/blib/lib/Net/Stomp.pm line 196.
Global symbol "$subs" requires explicit package name at /home/cpan/pit/rel/conf/perl-5.8.9/.cpanplus/5.8.9/build/LxQX5apfCY/Net-Stomp-0.61/blib/lib/Net/Stomp.pm line 196.
Global symbol "$subs" requires explicit package name at /home/cpan/pit/rel/conf/perl-5.8.9/.cpanplus/5.8.9/build/LxQX5apfCY/Net-Stomp-0.61/blib/lib/Net/Stomp.pm line 196.
Global symbol "$id" requires explicit package name at /home/cpan/pit/rel/conf/perl-5.8.9/.cpanplus/5.8.9/build/LxQX5apfCY/Net-Stomp-0.61/blib/lib/Net/Stomp.pm line 196.
Global symbol "$id" requires explicit package name at /home/cpan/pit/rel/conf/perl-5.8.9/.cpanplus/5.8.9/build/LxQX5apfCY/Net-Stomp-0.61/blib/lib/Net/Stomp.pm line 196.
Global symbol "$id" requires explicit package name at /home/cpan/pit/rel/conf/perl-5.8.9/.cpanplus/5.8.9/build/LxQX5apfCY/Net-Stomp-0.61/blib/lib/Net/Stomp.pm line 196.
Global symbol "$id" requires explicit package name at /home/cpan/pit/rel/conf/perl-5.8.9/.cpanplus/5.8.9/build/LxQX5apfCY/Net-Stomp-0.61/blib/lib/Net/Stomp.pm line 196.
Global symbol "$id" requires explicit package name at /home/cpan/pit/rel/conf/perl-5.8.9/.cpanplus/5.8.9/build/LxQX5apfCY/Net-Stomp-0.61/blib/lib/Net/Stomp.pm line 196.
Global symbol "$id" requires explicit package name at /home/cpan/pit/rel/conf/perl-5.8.9/.cpanplus/5.8.9/build/LxQX5apfCY/Net-Stomp-0.61/blib/lib/Net/Stomp.pm line 196.
Global symbol "$to_write" requires explicit package name at /home/cpan/pit/rel/conf/perl-5.8.9/.cpanplus/5.8.9/build/LxQX5apfCY/Net-Stomp-0.61/blib/lib/Net/Stomp.pm line 196.
Global symbol "$frame_string" requires explicit package name at /home/cpan/pit/rel/conf/perl-5.8.9/.cpanplus/5.8.9/build/LxQX5apfCY/Net-Stomp-0.61/blib/lib/Net/Stomp.pm line 196.
Global symbol "$written" requires explicit package name at /home/cpan/pit/rel/conf/perl-5.8.9/.cpanplus/5.8.9/build/LxQX5apfCY/Net-Stomp-0.61/blib/lib/Net/Stomp.pm line 196.
Global symbol "$to_write" requires explicit package name at /home/cpan/pit/rel/conf/perl-5.8.9/.cpanplus/5.8.9/build/LxQX5apfCY/Net-Stomp-0.61/blib/lib/Net/Stomp.pm line 196.
Global symbol "$written" requires explicit package name at /home/cpan/pit/rel/conf/perl-5.8.9/.cpanplus/5.8.9/build/LxQX5apfCY/Net-Stomp-0.61/blib/lib/Net/Stomp.pm line 196.
Global symbol "$to_write" requires explicit package name at /home/cpan/pit/rel/conf/perl-5.8.9/.cpanplus/5.8.9/build/LxQX5apfCY/Net-Stomp-0.61/blib/lib/Net/Stomp.pm line 196.
Global symbol "$written" requires explicit package name at /home/cpan/pit/rel/conf/perl-5.8.9/.cpanplus/5.8.9/build/LxQX5apfCY/Net-Stomp-0.61/blib/lib/Net/Stomp.pm line 196.
Global symbol "$to_write" requires explicit package name at /home/cpan/pit/rel/conf/perl-5.8.9/.cpanplus/5.8.9/build/LxQX5apfCY/Net-Stomp-0.61/blib/lib/Net/Stomp.pm line 196.
Global symbol "$written" requires explicit package name at /home/cpan/pit/rel/conf/perl-5.8.9/.cpanplus/5.8.9/build/LxQX5apfCY/Net-Stomp-0.61/blib/lib/Net/Stomp.pm line 196.
Global symbol "$written" requires explicit package name at /home/cpan/pit/rel/conf/perl-5.8.9/.cpanplus/5.8.9/build/LxQX5apfCY/Net-Stomp-0.61/blib/lib/Net/Stomp.pm line 196.
Global symbol "$frame_string" requires explicit package name at /home/cpan/pit/rel/conf/perl-5.8.9/.cpanplus/5.8.9/build/LxQX5apfCY/Net-Stomp-0.61/blib/lib/Net/Stomp.pm line 196.
Global symbol "$written" requires explicit package name at /home/cpan/pit/rel/conf/perl-5.8.9/.cpanplus/5.8.9/build/LxQX5apfCY/Net-Stomp-0.61/blib/lib/Net/Stomp.pm line 196.
Global symbol "$timeout" requires explicit package name at /home/cpan/pit/rel/conf/perl-5.8.9/.cpanplus/5.8.9/build/LxQX5apfCY/Net-Stomp-0.61/blib/lib/Net/Stomp.pm line 196.
Global symbol "$timeout" requires explicit package name at /home/cpan/pit/rel/conf/perl-5.8.9/.cpanplus/5.8.9/build/LxQX5apfCY/Net-Stomp-0.61/blib/lib/Net/Stomp.pm line 196.
Global symbol "$len" requires explicit package name at /home/cpan/pit/rel/conf/perl-5.8.9/.cpanplus/5.8.9/build/LxQX5apfCY/Net-Stomp-0.61/blib/lib/Net/Stomp.pm line 196.
Global symbol "$len" requires explicit package name at /home/cpan/pit/rel/conf/perl-5.8.9/.cpanplus/5.8.9/build/LxQX5apfCY/Net-Stomp-0.61/blib/lib/Net/Stomp.pm line 196.
Global symbol "$len" requires explicit package name at /home/cpan/pit/rel/conf/perl-5.8.9/.cpanplus/5.8.9/build/LxQX5apfCY/Net-Stomp-0.61/blib/lib/Net/Stomp.pm line 196.
Global symbol "$len" requires explicit package name at /home/cpan/pit/rel/conf/perl-5.8.9/.cpanplus/5.8.9/build/LxQX5apfCY/Net-Stomp-0.61/blib/lib/Net/Stomp.pm line 196.
Global symbol "$len" requires explicit package name at /home/cpan/pit/rel/conf/perl-5.8.9/.cpanplus/5.8.9/build/LxQX5apfCY/Net-Stomp-0.61/blib/lib/Net/Stomp.pm line 196.
syntax error at /home/cpan/pit/rel/conf/perl-5.8.9/.cpanplus/5.8.9/build/LxQX5apfCY/Net-Stomp-0.61/blib/lib/Net/Stomp.pm line 453, near "[^"
(Might be a runaway multi-line // string starting on line 196)
/home/cpan/pit/rel/conf/perl-5.8.9/.cpanplus/5.8.9/build/LxQX5apfCY/Net-Stomp-0.61/blib/lib/Net/Stomp.pm has too many errors.
Compilation failed in require at t/lib/TestHelp.pm line 10.
BEGIN failed--compilation aborted at t/lib/TestHelp.pm line 10.
Compilation failed in require at t/frame-accessors.t line 3.
BEGIN failed--compilation aborted at t/frame-accessors.t line 3.
t/frame-accessors.t .....
Dubious, test returned 9 (wstat 2304, 0x900)
No subtests run
Global symbol "$sub" requires explicit package name at /home/cpan/pit/rel/conf/perl-5.8.9/.cpanplus/5.8.9/build/LxQX5apfCY/Net-Stomp-0.61/blib/lib/Net/Stomp.pm line 196.
Global symbol "$sub" requires explicit package name at /home/cpan/pit/rel/conf/perl-5.8.9/.cpanplus/5.8.9/build/LxQX5apfCY/Net-Stomp-0.61/blib/lib/Net/Stomp.pm line 196.
Global symbol "$timeout" requires explicit package name at /home/cpan/pit/rel/conf/perl-5.8.9/.cpanplus/5.8.9/build/LxQX5apfCY/Net-Stomp-0.61/blib/lib/Net/Stomp.pm line 196.
Global symbol "$timeout" requires explicit package name at /home/cpan/pit/rel/conf/perl-5.8.9/.cpanplus/5.8.9/build/LxQX5apfCY/Net-Stomp-0.61/blib/lib/Net/Stomp.pm line 196.
Global symbol "$body" requires explicit package name at /home/cpan/pit/rel/conf/perl-5.8.9/.cpanplus/5.8.9/build/LxQX5apfCY/Net-Stomp-0.61/blib/lib/Net/Stomp.pm line 196.
Global symbol "$body" requires explicit package name at /home/cpan/pit/rel/conf/perl-5.8.9/.cpanplus/5.8.9/build/LxQX5apfCY/Net-Stomp-0.61/blib/lib/Net/Stomp.pm line 196.
Global symbol "$receipt_id" requires explicit package name at /home/cpan/pit/rel/conf/perl-5.8.9/.cpanplus/5.8.9/build/LxQX5apfCY/Net-Stomp-0.61/blib/lib/Net/Stomp.pm line 196.
Global symbol "$receipt_id" requires explicit package name at /home/cpan/pit/rel/conf/perl-5.8.9/.cpanplus/5.8.9/build/LxQX5apfCY/Net-Stomp-0.61/blib/lib/Net/Stomp.pm line 196.
Global symbol "$receipt_id" requires explicit package name at /home/cpan/pit/rel/conf/perl-5.8.9/.cpanplus/5.8.9/build/LxQX5apfCY/Net-Stomp-0.61/blib/lib/Net/Stomp.pm line 196.
Global symbol "$receipt_timeout" requires explicit package name at /home/cpan/pit/rel/conf/perl-5.8.9/.cpanplus/5.8.9/build/LxQX5apfCY/Net-Stomp-0.61/blib/lib/Net/Stomp.pm line 196.
Global symbol "$receipt_frame" requires explicit package name at /home/cpan/pit/rel/conf/perl-5.8.9/.cpanplus/5.8.9/build/LxQX5apfCY/Net-Stomp-0.61/blib/lib/Net/Stomp.pm line 196.
Global symbol "$receipt_timeout" requires explicit package name at /home/cpan/pit/rel/conf/perl-5.8.9/.cpanplus/5.8.9/build/LxQX5apfCY/Net-Stomp-0.61/blib/lib/Net/Stomp.pm line 196.
Global symbol "$receipt_timeout" requires explicit package name at /home/cpan/pit/rel/conf/perl-5.8.9/.cpanplus/5.8.9/build/LxQX5apfCY/Net-Stomp-0.61/blib/lib/Net/Stomp.pm line 196.
Global symbol "$receipt_frame" requires explicit package name at /home/cpan/pit/rel/conf/perl-5.8.9/.cpanplus/5.8.9/build/LxQX5apfCY/Net-Stomp-0.61/blib/lib/Net/Stomp.pm line 196.
Global symbol "$receipt_frame" requires explicit package name at /home/cpan/pit/rel/conf/perl-5.8.9/.cpanplus/5.8.9/build/LxQX5apfCY/Net-Stomp-0.61/blib/lib/Net/Stomp.pm line 196.
Global symbol "$receipt_frame" requires explicit package name at /home/cpan/pit/rel/conf/perl-5.8.9/.cpanplus/5.8.9/build/LxQX5apfCY/Net-Stomp-0.61/blib/lib/Net/Stomp.pm line 196.
Global symbol "$receipt_frame" requires explicit package name at /home/cpan/pit/rel/conf/perl-5.8.9/.cpanplus/5.8.9/build/LxQX5apfCY/Net-Stomp-0.61/blib/lib/Net/Stomp.pm line 196.
Global symbol "$receipt_id" requires explicit package name at /home/cpan/pit/rel/conf/perl-5.8.9/.cpanplus/5.8.9/build/LxQX5apfCY/Net-Stomp-0.61/blib/lib/Net/Stomp.pm line 196.
Global symbol "$receipt_frame" requires explicit package name at /home/cpan/pit/rel/conf/perl-5.8.9/.cpanplus/5.8.9/build/LxQX5apfCY/Net-Stomp-0.61/blib/lib/Net/Stomp.pm line 196.
Global symbol "$receipt_frame" requires explicit package name at /home/cpan/pit/rel/conf/perl-5.8.9/.cpanplus/5.8.9/build/LxQX5apfCY/Net-Stomp-0.61/blib/lib/Net/Stomp.pm line 196.
Global symbol "$transaction_id" requires explicit package name at /home/cpan/pit/rel/conf/perl-5.8.9/.cpanplus/5.8.9/build/LxQX5apfCY/Net-Stomp-0.61/blib/lib/Net/Stomp.pm line 196.
Global symbol "$transaction_id" requires explicit package name at /home/cpan/pit/rel/conf/perl-5.8.9/.cpanplus/5.8.9/build/LxQX5apfCY/Net-Stomp-0.61/blib/lib/Net/Stomp.pm line 196.
Global symbol "$begin_frame" requires explicit package name at /home/cpan/pit/rel/conf/perl-5.8.9/.cpanplus/5.8.9/build/LxQX5apfCY/Net-Stomp-0.61/blib/lib/Net/Stomp.pm line 196.
Global symbol "$transaction_id" requires explicit package name at /home/cpan/pit/rel/conf/perl-5.8.9/.cpanplus/5.8.9/build/LxQX5apfCY/Net-Stomp-0.61/blib/lib/Net/Stomp.pm line 196.
Global symbol "$begin_frame" requires explicit package name at /home/cpan/pit/rel/conf/perl-5.8.9/.cpanplus/5.8.9/build/LxQX5apfCY/Net-Stomp-0.61/blib/lib/Net/Stomp.pm line 196.
Global symbol "$transaction_id" requires explicit package name at /home/cpan/pit/rel/conf/perl-5.8.9/.cpanplus/5.8.9/build/LxQX5apfCY/Net-Stomp-0.61/blib/lib/Net/Stomp.pm line 196.
Global symbol "$receipt_frame" requires explicit package name at /home/cpan/pit/rel/conf/perl-5.8.9/.cpanplus/5.8.9/build/LxQX5apfCY/Net-Stomp-0.61/blib/lib/Net/Stomp.pm line 196.
Global symbol "$ret" requires explicit package name at /home/cpan/pit/rel/conf/perl-5.8.9/.cpanplus/5.8.9/build/LxQX5apfCY/Net-Stomp-0.61/blib/lib/Net/Stomp.pm line 196.
Global symbol "$receipt_frame" requires explicit package name at /home/cpan/pit/rel/conf/perl-5.8.9/.cpanplus/5.8.9/build/LxQX5apfCY/Net-Stomp-0.61/blib/lib/Net/Stomp.pm line 196.
Global symbol "$receipt_frame" requires explicit package name at /home/cpan/pit/rel/conf/perl-5.8.9/.cpanplus/5.8.9/build/LxQX5apfCY/Net-Stomp-0.61/blib/lib/Net/Stomp.pm line 196.
Global symbol "$ret" requires explicit package name at /home/cpan/pit/rel/conf/perl-5.8.9/.cpanplus/5.8.9/build/LxQX5apfCY/Net-Stomp-0.61/blib/lib/Net/Stomp.pm line 196.
Global symbol "$transaction_id" requires explicit package name at /home/cpan/pit/rel/conf/perl-5.8.9/.cpanplus/5.8.9/build/LxQX5apfCY/Net-Stomp-0.61/blib/lib/Net/Stomp.pm line 196.
Global symbol "$frame_commit" requires explicit package name at /home/cpan/pit/rel/conf/perl-5.8.9/.cpanplus/5.8.9/build/LxQX5apfCY/Net-Stomp-0.61/blib/lib/Net/Stomp.pm line 196.
Global symbol "$transaction_id" requires explicit package name at /home/cpan/pit/rel/conf/perl-5.8.9/.cpanplus/5.8.9/build/LxQX5apfCY/Net-Stomp-0.61/blib/lib/Net/Stomp.pm line 196.
Global symbol "$frame_commit" requires explicit package name at /home/cpan/pit/rel/conf/perl-5.8.9/.cpanplus/5.8.9/build/LxQX5apfCY/Net-Stomp-0.61/blib/lib/Net/Stomp.pm line 196.
Global symbol "$transaction_id" requires explicit package name at /home/cpan/pit/rel/conf/perl-5.8.9/.cpanplus/5.8.9/build/LxQX5apfCY/Net-Stomp-0.61/blib/lib/Net/Stomp.pm line 196.
Global symbol "$frame_abort" requires explicit package name at /home/cpan/pit/rel/conf/perl-5.8.9/.cpanplus/5.8.9/build/LxQX5apfCY/Net-Stomp-0.61/blib/lib/Net/Stomp.pm line 196.
Global symbol "$transaction_id" requires explicit package name at /home/cpan/pit/rel/conf/perl-5.8.9/.cpanplus/5.8.9/build/LxQX5apfCY/Net-Stomp-0.61/blib/lib/Net/Stomp.pm line 196.
Global symbol "$frame_abort" requires explicit package name at /home/cpan/pit/rel/conf/perl-5.8.9/.cpanplus/5.8.9/build/LxQX5apfCY/Net-Stomp-0.61/blib/lib/Net/Stomp.pm line 196.
Global symbol "$ret" requires explicit package name at /home/cpan/pit/rel/conf/perl-5.8.9/.cpanplus/5.8.9/build/LxQX5apfCY/Net-Stomp-0.61/blib/lib/Net/Stomp.pm line 196.
Global symbol "$subs" requires explicit package name at /home/cpan/pit/rel/conf/perl-5.8.9/.cpanplus/5.8.9/build/LxQX5apfCY/Net-Stomp-0.61/blib/lib/Net/Stomp.pm line 196.
Global symbol "$subs" requires explicit package name at /home/cpan/pit/rel/conf/perl-5.8.9/.cpanplus/5.8.9/build/LxQX5apfCY/Net-Stomp-0.61/blib/lib/Net/Stomp.pm line 196.
Global symbol "$subs" requires explicit package name at /home/cpan/pit/rel/conf/perl-5.8.9/.cpanplus/5.8.9/build/LxQX5apfCY/Net-Stomp-0.61/blib/lib/Net/Stomp.pm line 196.
Global symbol "$subs" requires explicit package name at /home/cpan/pit/rel/conf/perl-5.8.9/.cpanplus/5.8.9/build/LxQX5apfCY/Net-Stomp-0.61/blib/lib/Net/Stomp.pm line 196.
Global symbol "$id" requires explicit package name at /home/cpan/pit/rel/conf/perl-5.8.9/.cpanplus/5.8.9/build/LxQX5apfCY/Net-Stomp-0.61/blib/lib/Net/Stomp.pm line 196.
Global symbol "$id" requires explicit package name at /home/cpan/pit/rel/conf/perl-5.8.9/.cpanplus/5.8.9/build/LxQX5apfCY/Net-Stomp-0.61/blib/lib/Net/Stomp.pm line 196.
Global symbol "$id" requires explicit package name at /home/cpan/pit/rel/conf/perl-5.8.9/.cpanplus/5.8.9/build/LxQX5apfCY/Net-Stomp-0.61/blib/lib/Net/Stomp.pm line 196.
Global symbol "$id" requires explicit package name at /home/cpan/pit/rel/conf/perl-5.8.9/.cpanplus/5.8.9/build/LxQX5apfCY/Net-Stomp-0.61/blib/lib/Net/Stomp.pm line 196.
Global symbol "$id" requires explicit package name at /home/cpan/pit/rel/conf/perl-5.8.9/.cpanplus/5.8.9/build/LxQX5apfCY/Net-Stomp-0.61/blib/lib/Net/Stomp.pm line 196.
Global symbol "$id" requires explicit package name at /home/cpan/pit/rel/conf/perl-5.8.9/.cpanplus/5.8.9/build/LxQX5apfCY/Net-Stomp-0.61/blib/lib/Net/Stomp.pm line 196.
Global symbol "$to_write" requires explicit package name at /home/cpan/pit/rel/conf/perl-5.8.9/.cpanplus/5.8.9/build/LxQX5apfCY/Net-Stomp-0.61/blib/lib/Net/Stomp.pm line 196.
Global symbol "$frame_string" requires explicit package name at /home/cpan/pit/rel/conf/perl-5.8.9/.cpanplus/5.8.9/build/LxQX5apfCY/Net-Stomp-0.61/blib/lib/Net/Stomp.pm line 196.
Global symbol "$written" requires explicit package name at /home/cpan/pit/rel/conf/perl-5.8.9/.cpanplus/5.8.9/build/LxQX5apfCY/Net-Stomp-0.61/blib/lib/Net/Stomp.pm line 196.
Global symbol "$to_write" requires explicit package name at /home/cpan/pit/rel/conf/perl-5.8.9/.cpanplus/5.8.9/build/LxQX5apfCY/Net-Stomp-0.61/blib/lib/Net/Stomp.pm line 196.
Global symbol "$written" requires explicit package name at /home/cpan/pit/rel/conf/perl-5.8.9/.cpanplus/5.8.9/build/LxQX5apfCY/Net-Stomp-0.61/blib/lib/Net/Stomp.pm line 196.
Global symbol "$to_write" requires explicit package name at /home/cpan/pit/rel/conf/perl-5.8.9/.cpanplus/5.8.9/build/LxQX5apfCY/Net-Stomp-0.61/blib/lib/Net/Stomp.pm line 196.
Global symbol "$written" requires explicit package name at /home/cpan/pit/rel/conf/perl-5.8.9/.cpanplus/5.8.9/build/LxQX5apfCY/Net-Stomp-0.61/blib/lib/Net/Stomp.pm line 196.
Global symbol "$to_write" requires explicit package name at /home/cpan/pit/rel/conf/perl-5.8.9/.cpanplus/5.8.9/build/LxQX5apfCY/Net-Stomp-0.61/blib/lib/Net/Stomp.pm line 196.
Global symbol "$written" requires explicit package name at /home/cpan/pit/rel/conf/perl-5.8.9/.cpanplus/5.8.9/build/LxQX5apfCY/Net-Stomp-0.61/blib/lib/Net/Stomp.pm line 196.
Global symbol "$written" requires explicit package name at /home/cpan/pit/rel/conf/perl-5.8.9/.cpanplus/5.8.9/build/LxQX5apfCY/Net-Stomp-0.61/blib/lib/Net/Stomp.pm line 196.
Global symbol "$frame_string" requires explicit package name at /home/cpan/pit/rel/conf/perl-5.8.9/.cpanplus/5.8.9/build/LxQX5apfCY/Net-Stomp-0.61/blib/lib/Net/Stomp.pm line 196.
Global symbol "$written" requires explicit package name at /home/cpan/pit/rel/conf/perl-5.8.9/.cpanplus/5.8.9/build/LxQX5apfCY/Net-Stomp-0.61/blib/lib/Net/Stomp.pm line 196.
Global symbol "$timeout" requires explicit package name at /home/cpan/pit/rel/conf/perl-5.8.9/.cpanplus/5.8.9/build/LxQX5apfCY/Net-Stomp-0.61/blib/lib/Net/Stomp.pm line 196.
Global symbol "$timeout" requires explicit package name at /home/cpan/pit/rel/conf/perl-5.8.9/.cpanplus/5.8.9/build/LxQX5apfCY/Net-Stomp-0.61/blib/lib/Net/Stomp.pm line 196.
Global symbol "$len" requires explicit package name at /home/cpan/pit/rel/conf/perl-5.8.9/.cpanplus/5.8.9/build/LxQX5apfCY/Net-Stomp-0.61/blib/lib/Net/Stomp.pm line 196.
Global symbol "$len" requires explicit package name at /home/cpan/pit/rel/conf/perl-5.8.9/.cpanplus/5.8.9/build/LxQX5apfCY/Net-Stomp-0.61/blib/lib/Net/Stomp.pm line 196.
Global symbol "$len" requires explicit package name at /home/cpan/pit/rel/conf/perl-5.8.9/.cpanplus/5.8.9/build/LxQX5apfCY/Net-Stomp-0.61/blib/lib/Net/Stomp.pm line 196.
Global symbol "$len" requires explicit package name at /home/cpan/pit/rel/conf/perl-5.8.9/.cpanplus/5.8.9/build/LxQX5apfCY/Net-Stomp-0.61/blib/lib/Net/Stomp.pm line 196.
Global symbol "$len" requires explicit package name at /home/cpan/pit/rel/conf/perl-5.8.9/.cpanplus/5.8.9/build/LxQX5apfCY/Net-Stomp-0.61/blib/lib/Net/Stomp.pm line 196.
syntax error at /home/cpan/pit/rel/conf/perl-5.8.9/.cpanplus/5.8.9/build/LxQX5apfCY/Net-Stomp-0.61/blib/lib/Net/Stomp.pm line 453, near "[^"
(Might be a runaway multi-line // string starting on line 196)
/home/cpan/pit/rel/conf/perl-5.8.9/.cpanplus/5.8.9/build/LxQX5apfCY/Net-Stomp-0.61/blib/lib/Net/Stomp.pm has too many errors.
Compilation failed in require at t/lib/TestHelp.pm line 10.
BEGIN failed--compilation aborted at t/lib/TestHelp.pm line 10.
Compilation failed in require at t/initial-connect.t line 3.
BEGIN failed--compilation aborted at t/initial-connect.t line 3.
t/initial-connect.t .....
Dubious, test returned 9 (wstat 2304, 0x900)
No subtests run
t/pod.t ................. skipped: Test::Pod 1.14 required for testing POD
t/pod_coverage.t ........ skipped: Test::Pod::Coverage 1.04 required for testing POD coverage
Global symbol "$sub" requires explicit package name at /home/cpan/pit/rel/conf/perl-5.8.9/.cpanplus/5.8.9/build/LxQX5apfCY/Net-Stomp-0.61/blib/lib/Net/Stomp.pm line 196.
Global symbol "$sub" requires explicit package name at /home/cpan/pit/rel/conf/perl-5.8.9/.cpanplus/5.8.9/build/LxQX5apfCY/Net-Stomp-0.61/blib/lib/Net/Stomp.pm line 196.
Global symbol "$timeout" requires explicit package name at /home/cpan/pit/rel/conf/perl-5.8.9/.cpanplus/5.8.9/build/LxQX5apfCY/Net-Stomp-0.61/blib/lib/Net/Stomp.pm line 196.
Global symbol "$timeout" requires explicit package name at /home/cpan/pit/rel/conf/perl-5.8.9/.cpanplus/5.8.9/build/LxQX5apfCY/Net-Stomp-0.61/blib/lib/Net/Stomp.pm line 196.
Global symbol "$body" requires explicit package name at /home/cpan/pit/rel/conf/perl-5.8.9/.cpanplus/5.8.9/build/LxQX5apfCY/Net-Stomp-0.61/blib/lib/Net/Stomp.pm line 196.
Global symbol "$body" requires explicit package name at /home/cpan/pit/rel/conf/perl-5.8.9/.cpanplus/5.8.9/build/LxQX5apfCY/Net-Stomp-0.61/blib/lib/Net/Stomp.pm line 196.
Global symbol "$receipt_id" requires explicit package name at /home/cpan/pit/rel/conf/perl-5.8.9/.cpanplus/5.8.9/build/LxQX5apfCY/Net-Stomp-0.61/blib/lib/Net/Stomp.pm line 196.
Global symbol "$receipt_id" requires explicit package name at /home/cpan/pit/rel/conf/perl-5.8.9/.cpanplus/5.8.9/build/LxQX5apfCY/Net-Stomp-0.61/blib/lib/Net/Stomp.pm line 196.
Global symbol "$receipt_id" requires explicit package name at /home/cpan/pit/rel/conf/perl-5.8.9/.cpanplus/5.8.9/build/LxQX5apfCY/Net-Stomp-0.61/blib/lib/Net/Stomp.pm line 196.
Global symbol "$receipt_timeout" requires explicit package name at /home/cpan/pit/rel/conf/perl-5.8.9/.cpanplus/5.8.9/build/LxQX5apfCY/Net-Stomp-0.61/blib/lib/Net/Stomp.pm line 196.
Global symbol "$receipt_frame" requires explicit package name at /home/cpan/pit/rel/conf/perl-5.8.9/.cpanplus/5.8.9/build/LxQX5apfCY/Net-Stomp-0.61/blib/lib/Net/Stomp.pm line 196.
Global symbol "$receipt_timeout" requires explicit package name at /home/cpan/pit/rel/conf/perl-5.8.9/.cpanplus/5.8.9/build/LxQX5apfCY/Net-Stomp-0.61/blib/lib/Net/Stomp.pm line 196.
Global symbol "$receipt_timeout" requires explicit package name at /home/cpan/pit/rel/conf/perl-5.8.9/.cpanplus/5.8.9/build/LxQX5apfCY/Net-Stomp-0.61/blib/lib/Net/Stomp.pm line 196.
Global symbol "$receipt_frame" requires explicit package name at /home/cpan/pit/rel/conf/perl-5.8.9/.cpanplus/5.8.9/build/LxQX5apfCY/Net-Stomp-0.61/blib/lib/Net/Stomp.pm line 196.
Global symbol "$receipt_frame" requires explicit package name at /home/cpan/pit/rel/conf/perl-5.8.9/.cpanplus/5.8.9/build/LxQX5apfCY/Net-Stomp-0.61/blib/lib/Net/Stomp.pm line 196.
Global symbol "$receipt_frame" requires explicit package name at /home/cpan/pit/rel/conf/perl-5.8.9/.cpanplus/5.8.9/build/LxQX5apfCY/Net-Stomp-0.61/blib/lib/Net/Stomp.pm line 196.
Global symbol "$receipt_frame" requires explicit package name at /home/cpan/pit/rel/conf/perl-5.8.9/.cpanplus/5.8.9/build/LxQX5apfCY/Net-Stomp-0.61/blib/lib/Net/Stomp.pm line 196.
Global symbol "$receipt_id" requires explicit package name at /home/cpan/pit/rel/conf/perl-5.8.9/.cpanplus/5.8.9/build/LxQX5apfCY/Net-Stomp-0.61/blib/lib/Net/Stomp.pm line 196.
Global symbol "$receipt_frame" requires explicit package name at /home/cpan/pit/rel/conf/perl-5.8.9/.cpanplus/5.8.9/build/LxQX5apfCY/Net-Stomp-0.61/blib/lib/Net/Stomp.pm line 196.
Global symbol "$receipt_frame" requires explicit package name at /home/cpan/pit/rel/conf/perl-5.8.9/.cpanplus/5.8.9/build/LxQX5apfCY/Net-Stomp-0.61/blib/lib/Net/Stomp.pm line 196.
Global symbol "$transaction_id" requires explicit package name at /home/cpan/pit/rel/conf/perl-5.8.9/.cpanplus/5.8.9/build/LxQX5apfCY/Net-Stomp-0.61/blib/lib/Net/Stomp.pm line 196.
Global symbol "$transaction_id" requires explicit package name at /home/cpan/pit/rel/conf/perl-5.8.9/.cpanplus/5.8.9/build/LxQX5apfCY/Net-Stomp-0.61/blib/lib/Net/Stomp.pm line 196.
Global symbol "$begin_frame" requires explicit package name at /home/cpan/pit/rel/conf/perl-5.8.9/.cpanplus/5.8.9/build/LxQX5apfCY/Net-Stomp-0.61/blib/lib/Net/Stomp.pm line 196.
Global symbol "$transaction_id" requires explicit package name at /home/cpan/pit/rel/conf/perl-5.8.9/.cpanplus/5.8.9/build/LxQX5apfCY/Net-Stomp-0.61/blib/lib/Net/Stomp.pm line 196.
Global symbol "$begin_frame" requires explicit package name at /home/cpan/pit/rel/conf/perl-5.8.9/.cpanplus/5.8.9/build/LxQX5apfCY/Net-Stomp-0.61/blib/lib/Net/Stomp.pm line 196.
Global symbol "$transaction_id" requires explicit package name at /home/cpan/pit/rel/conf/perl-5.8.9/.cpanplus/5.8.9/build/LxQX5apfCY/Net-Stomp-0.61/blib/lib/Net/Stomp.pm line 196.
Global symbol "$receipt_frame" requires explicit package name at /home/cpan/pit/rel/conf/perl-5.8.9/.cpanplus/5.8.9/build/LxQX5apfCY/Net-Stomp-0.61/blib/lib/Net/Stomp.pm line 196.
Global symbol "$ret" requires explicit package name at /home/cpan/pit/rel/conf/perl-5.8.9/.cpanplus/5.8.9/build/LxQX5apfCY/Net-Stomp-0.61/blib/lib/Net/Stomp.pm line 196.
Global symbol "$receipt_frame" requires explicit package name at /home/cpan/pit/rel/conf/perl-5.8.9/.cpanplus/5.8.9/build/LxQX5apfCY/Net-Stomp-0.61/blib/lib/Net/Stomp.pm line 196.
Global symbol "$receipt_frame" requires explicit package name at /home/cpan/pit/rel/conf/perl-5.8.9/.cpanplus/5.8.9/build/LxQX5apfCY/Net-Stomp-0.61/blib/lib/Net/Stomp.pm line 196.
Global symbol "$ret" requires explicit package name at /home/cpan/pit/rel/conf/perl-5.8.9/.cpanplus/5.8.9/build/LxQX5apfCY/Net-Stomp-0.61/blib/lib/Net/Stomp.pm line 196.
Global symbol "$transaction_id" requires explicit package name at /home/cpan/pit/rel/conf/perl-5.8.9/.cpanplus/5.8.9/build/LxQX5apfCY/Net-Stomp-0.61/blib/lib/Net/Stomp.pm line 196.
Global symbol "$frame_commit" requires explicit package name at /home/cpan/pit/rel/conf/perl-5.8.9/.cpanplus/5.8.9/build/LxQX5apfCY/Net-Stomp-0.61/blib/lib/Net/Stomp.pm line 196.
Global symbol "$transaction_id" requires explicit package name at /home/cpan/pit/rel/conf/perl-5.8.9/.cpanplus/5.8.9/build/LxQX5apfCY/Net-Stomp-0.61/blib/lib/Net/Stomp.pm line 196.
Global symbol "$frame_commit" requires explicit package name at /home/cpan/pit/rel/conf/perl-5.8.9/.cpanplus/5.8.9/build/LxQX5apfCY/Net-Stomp-0.61/blib/lib/Net/Stomp.pm line 196.
Global symbol "$transaction_id" requires explicit package name at /home/cpan/pit/rel/conf/perl-5.8.9/.cpanplus/5.8.9/build/LxQX5apfCY/Net-Stomp-0.61/blib/lib/Net/Stomp.pm line 196.
Global symbol "$frame_abort" requires explicit package name at /home/cpan/pit/rel/conf/perl-5.8.9/.cpanplus/5.8.9/build/LxQX5apfCY/Net-Stomp-0.61/blib/lib/Net/Stomp.pm line 196.
Global symbol "$transaction_id" requires explicit package name at /home/cpan/pit/rel/conf/perl-5.8.9/.cpanplus/5.8.9/build/LxQX5apfCY/Net-Stomp-0.61/blib/lib/Net/Stomp.pm line 196.
Global symbol "$frame_abort" requires explicit package name at /home/cpan/pit/rel/conf/perl-5.8.9/.cpanplus/5.8.9/build/LxQX5apfCY/Net-Stomp-0.61/blib/lib/Net/Stomp.pm line 196.
Global symbol "$ret" requires explicit package name at /home/cpan/pit/rel/conf/perl-5.8.9/.cpanplus/5.8.9/build/LxQX5apfCY/Net-Stomp-0.61/blib/lib/Net/Stomp.pm line 196.
Global symbol "$subs" requires explicit package name at /home/cpan/pit/rel/conf/perl-5.8.9/.cpanplus/5.8.9/build/LxQX5apfCY/Net-Stomp-0.61/blib/lib/Net/Stomp.pm line 196.
Global symbol "$subs" requires explicit package name at /home/cpan/pit/rel/conf/perl-5.8.9/.cpanplus/5.8.9/build/LxQX5apfCY/Net-Stomp-0.61/blib/lib/Net/Stomp.pm line 196.
Global symbol "$subs" requires explicit package name at /home/cpan/pit/rel/conf/perl-5.8.9/.cpanplus/5.8.9/build/LxQX5apfCY/Net-Stomp-0.61/blib/lib/Net/Stomp.pm line 196.
Global symbol "$subs" requires explicit package name at /home/cpan/pit/rel/conf/perl-5.8.9/.cpanplus/5.8.9/build/LxQX5apfCY/Net-Stomp-0.61/blib/lib/Net/Stomp.pm line 196.
Global symbol "$id" requires explicit package name at /home/cpan/pit/rel/conf/perl-5.8.9/.cpanplus/5.8.9/build/LxQX5apfCY/Net-Stomp-0.61/blib/lib/Net/Stomp.pm line 196.
Global symbol "$id" requires explicit package name at /home/cpan/pit/rel/conf/perl-5.8.9/.cpanplus/5.8.9/build/LxQX5apfCY/Net-Stomp-0.61/blib/lib/Net/Stomp.pm line 196.
Global symbol "$id" requires explicit package name at /home/cpan/pit/rel/conf/perl-5.8.9/.cpanplus/5.8.9/build/LxQX5apfCY/Net-Stomp-0.61/blib/lib/Net/Stomp.pm line 196.
Global symbol "$id" requires explicit package name at /home/cpan/pit/rel/conf/perl-5.8.9/.cpanplus/5.8.9/build/LxQX5apfCY/Net-Stomp-0.61/blib/lib/Net/Stomp.pm line 196.
Global symbol "$id" requires explicit package name at /home/cpan/pit/rel/conf/perl-5.8.9/.cpanplus/5.8.9/build/LxQX5apfCY/Net-Stomp-0.61/blib/lib/Net/Stomp.pm line 196.
Global symbol "$id" requires explicit package name at /home/cpan/pit/rel/conf/perl-5.8.9/.cpanplus/5.8.9/build/LxQX5apfCY/Net-Stomp-0.61/blib/lib/Net/Stomp.pm line 196.
Global symbol "$to_write" requires explicit package name at /home/cpan/pit/rel/conf/perl-5.8.9/.cpanplus/5.8.9/build/LxQX5apfCY/Net-Stomp-0.61/blib/lib/Net/Stomp.pm line 196.
Global symbol "$frame_string" requires explicit package name at /home/cpan/pit/rel/conf/perl-5.8.9/.cpanplus/5.8.9/build/LxQX5apfCY/Net-Stomp-0.61/blib/lib/Net/Stomp.pm line 196.
Global symbol "$written" requires explicit package name at /home/cpan/pit/rel/conf/perl-5.8.9/.cpanplus/5.8.9/build/LxQX5apfCY/Net-Stomp-0.61/blib/lib/Net/Stomp.pm line 196.
Global symbol "$to_write" requires explicit package name at /home/cpan/pit/rel/conf/perl-5.8.9/.cpanplus/5.8.9/build/LxQX5apfCY/Net-Stomp-0.61/blib/lib/Net/Stomp.pm line 196.
Global symbol "$written" requires explicit package name at /home/cpan/pit/rel/conf/perl-5.8.9/.cpanplus/5.8.9/build/LxQX5apfCY/Net-Stomp-0.61/blib/lib/Net/Stomp.pm line 196.
Global symbol "$to_write" requires explicit package name at /home/cpan/pit/rel/conf/perl-5.8.9/.cpanplus/5.8.9/build/LxQX5apfCY/Net-Stomp-0.61/blib/lib/Net/Stomp.pm line 196.
Global symbol "$written" requires explicit package name at /home/cpan/pit/rel/conf/perl-5.8.9/.cpanplus/5.8.9/build/LxQX5apfCY/Net-Stomp-0.61/blib/lib/Net/Stomp.pm line 196.
Global symbol "$to_write" requires explicit package name at /home/cpan/pit/rel/conf/perl-5.8.9/.cpanplus/5.8.9/build/LxQX5apfCY/Net-Stomp-0.61/blib/lib/Net/Stomp.pm line 196.
Global symbol "$written" requires explicit package name at /home/cpan/pit/rel/conf/perl-5.8.9/.cpanplus/5.8.9/build/LxQX5apfCY/Net-Stomp-0.61/blib/lib/Net/Stomp.pm line 196.
Global symbol "$written" requires explicit package name at /home/cpan/pit/rel/conf/perl-5.8.9/.cpanplus/5.8.9/build/LxQX5apfCY/Net-Stomp-0.61/blib/lib/Net/Stomp.pm line 196.
Global symbol "$frame_string" requires explicit package name at /home/cpan/pit/rel/conf/perl-5.8.9/.cpanplus/5.8.9/build/LxQX5apfCY/Net-Stomp-0.61/blib/lib/Net/Stomp.pm line 196.
Global symbol "$written" requires explicit package name at /home/cpan/pit/rel/conf/perl-5.8.9/.cpanplus/5.8.9/build/LxQX5apfCY/Net-Stomp-0.61/blib/lib/Net/Stomp.pm line 196.
Global symbol "$timeout" requires explicit package name at /home/cpan/pit/rel/conf/perl-5.8.9/.cpanplus/5.8.9/build/LxQX5apfCY/Net-Stomp-0.61/blib/lib/Net/Stomp.pm line 196.
Global symbol "$timeout" requires explicit package name at /home/cpan/pit/rel/conf/perl-5.8.9/.cpanplus/5.8.9/build/LxQX5apfCY/Net-Stomp-0.61/blib/lib/Net/Stomp.pm line 196.
Global symbol "$len" requires explicit package name at /home/cpan/pit/rel/conf/perl-5.8.9/.cpanplus/5.8.9/build/LxQX5apfCY/Net-Stomp-0.61/blib/lib/Net/Stomp.pm line 196.
Global symbol "$len" requires explicit package name at /home/cpan/pit/rel/conf/perl-5.8.9/.cpanplus/5.8.9/build/LxQX5apfCY/Net-Stomp-0.61/blib/lib/Net/Stomp.pm line 196.
Global symbol "$len" requires explicit package name at /home/cpan/pit/rel/conf/perl-5.8.9/.cpanplus/5.8.9/build/LxQX5apfCY/Net-Stomp-0.61/blib/lib/Net/Stomp.pm line 196.
Global symbol "$len" requires explicit package name at /home/cpan/pit/rel/conf/perl-5.8.9/.cpanplus/5.8.9/build/LxQX5apfCY/Net-Stomp-0.61/blib/lib/Net/Stomp.pm line 196.
Global symbol "$len" requires explicit package name at /home/cpan/pit/rel/conf/perl-5.8.9/.cpanplus/5.8.9/build/LxQX5apfCY/Net-Stomp-0.61/blib/lib/Net/Stomp.pm line 196.
syntax error at /home/cpan/pit/rel/conf/perl-5.8.9/.cpanplus/5.8.9/build/LxQX5apfCY/Net-Stomp-0.61/blib/lib/Net/Stomp.pm line 453, near "[^"
(Might be a runaway multi-line // string starting on line 196)
/home/cpan/pit/rel/conf/perl-5.8.9/.cpanplus/5.8.9/build/LxQX5apfCY/Net-Stomp-0.61/blib/lib/Net/Stomp.pm has too many errors.
Compilation failed in require at t/lib/TestHelp.pm line 10.
BEGIN failed--compilation aborted at t/lib/TestHelp.pm line 10.
Compilation failed in require at t/read-timeout.t line 2.
BEGIN failed--compilation aborted at t/read-timeout.t line 2.
t/read-timeout.t ........
Dubious, test returned 9 (wstat 2304, 0x900)
No subtests run
Global symbol "$sub" requires explicit package name at /home/cpan/pit/rel/conf/perl-5.8.9/.cpanplus/5.8.9/build/LxQX5apfCY/Net-Stomp-0.61/blib/lib/Net/Stomp.pm line 196.
Global symbol "$sub" requires explicit package name at /home/cpan/pit/rel/conf/perl-5.8.9/.cpanplus/5.8.9/build/LxQX5apfCY/Net-Stomp-0.61/blib/lib/Net/Stomp.pm line 196.
Global symbol "$timeout" requires explicit package name at /home/cpan/pit/rel/conf/perl-5.8.9/.cpanplus/5.8.9/build/LxQX5apfCY/Net-Stomp-0.61/blib/lib/Net/Stomp.pm line 196.
Global symbol "$timeout" requires explicit package name at /home/cpan/pit/rel/conf/perl-5.8.9/.cpanplus/5.8.9/build/LxQX5apfCY/Net-Stomp-0.61/blib/lib/Net/Stomp.pm line 196.
Global symbol "$body" requires explicit package name at /home/cpan/pit/rel/conf/perl-5.8.9/.cpanplus/5.8.9/build/LxQX5apfCY/Net-Stomp-0.61/blib/lib/Net/Stomp.pm line 196.
Global symbol "$body" requires explicit package name at /home/cpan/pit/rel/conf/perl-5.8.9/.cpanplus/5.8.9/build/LxQX5apfCY/Net-Stomp-0.61/blib/lib/Net/Stomp.pm line 196.
Global symbol "$receipt_id" requires explicit package name at /home/cpan/pit/rel/conf/perl-5.8.9/.cpanplus/5.8.9/build/LxQX5apfCY/Net-Stomp-0.61/blib/lib/Net/Stomp.pm line 196.
Global symbol "$receipt_id" requires explicit package name at /home/cpan/pit/rel/conf/perl-5.8.9/.cpanplus/5.8.9/build/LxQX5apfCY/Net-Stomp-0.61/blib/lib/Net/Stomp.pm line 196.
Global symbol "$receipt_id" requires explicit package name at /home/cpan/pit/rel/conf/perl-5.8.9/.cpanplus/5.8.9/build/LxQX5apfCY/Net-Stomp-0.61/blib/lib/Net/Stomp.pm line 196.
Global symbol "$receipt_timeout" requires explicit package name at /home/cpan/pit/rel/conf/perl-5.8.9/.cpanplus/5.8.9/build/LxQX5apfCY/Net-Stomp-0.61/blib/lib/Net/Stomp.pm line 196.
Global symbol "$receipt_frame" requires explicit package name at /home/cpan/pit/rel/conf/perl-5.8.9/.cpanplus/5.8.9/build/LxQX5apfCY/Net-Stomp-0.61/blib/lib/Net/Stomp.pm line 196.
Global symbol "$receipt_timeout" requires explicit package name at /home/cpan/pit/rel/conf/perl-5.8.9/.cpanplus/5.8.9/build/LxQX5apfCY/Net-Stomp-0.61/blib/lib/Net/Stomp.pm line 196.
Global symbol "$receipt_timeout" requires explicit package name at /home/cpan/pit/rel/conf/perl-5.8.9/.cpanplus/5.8.9/build/LxQX5apfCY/Net-Stomp-0.61/blib/lib/Net/Stomp.pm line 196.
Global symbol "$receipt_frame" requires explicit package name at /home/cpan/pit/rel/conf/perl-5.8.9/.cpanplus/5.8.9/build/LxQX5apfCY/Net-Stomp-0.61/blib/lib/Net/Stomp.pm line 196.
Global symbol "$receipt_frame" requires explicit package name at /home/cpan/pit/rel/conf/perl-5.8.9/.cpanplus/5.8.9/build/LxQX5apfCY/Net-Stomp-0.61/blib/lib/Net/Stomp.pm line 196.
Global symbol "$receipt_frame" requires explicit package name at /home/cpan/pit/rel/conf/perl-5.8.9/.cpanplus/5.8.9/build/LxQX5apfCY/Net-Stomp-0.61/blib/lib/Net/Stomp.pm line 196.
Global symbol "$receipt_frame" requires explicit package name at /home/cpan/pit/rel/conf/perl-5.8.9/.cpanplus/5.8.9/build/LxQX5apfCY/Net-Stomp-0.61/blib/lib/Net/Stomp.pm line 196.
Global symbol "$receipt_id" requires explicit package name at /home/cpan/pit/rel/conf/perl-5.8.9/.cpanplus/5.8.9/build/LxQX5apfCY/Net-Stomp-0.61/blib/lib/Net/Stomp.pm line 196.
Global symbol "$receipt_frame" requires explicit package name at /home/cpan/pit/rel/conf/perl-5.8.9/.cpanplus/5.8.9/build/LxQX5apfCY/Net-Stomp-0.61/blib/lib/Net/Stomp.pm line 196.
Global symbol "$receipt_frame" requires explicit package name at /home/cpan/pit/rel/conf/perl-5.8.9/.cpanplus/5.8.9/build/LxQX5apfCY/Net-Stomp-0.61/blib/lib/Net/Stomp.pm line 196.
Global symbol "$transaction_id" requires explicit package name at /home/cpan/pit/rel/conf/perl-5.8.9/.cpanplus/5.8.9/build/LxQX5apfCY/Net-Stomp-0.61/blib/lib/Net/Stomp.pm line 196.
Global symbol "$transaction_id" requires explicit package name at /home/cpan/pit/rel/conf/perl-5.8.9/.cpanplus/5.8.9/build/LxQX5apfCY/Net-Stomp-0.61/blib/lib/Net/Stomp.pm line 196.
Global symbol "$begin_frame" requires explicit package name at /home/cpan/pit/rel/conf/perl-5.8.9/.cpanplus/5.8.9/build/LxQX5apfCY/Net-Stomp-0.61/blib/lib/Net/Stomp.pm line 196.
Global symbol "$transaction_id" requires explicit package name at /home/cpan/pit/rel/conf/perl-5.8.9/.cpanplus/5.8.9/build/LxQX5apfCY/Net-Stomp-0.61/blib/lib/Net/Stomp.pm line 196.
Global symbol "$begin_frame" requires explicit package name at /home/cpan/pit/rel/conf/perl-5.8.9/.cpanplus/5.8.9/build/LxQX5apfCY/Net-Stomp-0.61/blib/lib/Net/Stomp.pm line 196.
Global symbol "$transaction_id" requires explicit package name at /home/cpan/pit/rel/conf/perl-5.8.9/.cpanplus/5.8.9/build/LxQX5apfCY/Net-Stomp-0.61/blib/lib/Net/Stomp.pm line 196.
Global symbol "$receipt_frame" requires explicit package name at /home/cpan/pit/rel/conf/perl-5.8.9/.cpanplus/5.8.9/build/LxQX5apfCY/Net-Stomp-0.61/blib/lib/Net/Stomp.pm line 196.
Global symbol "$ret" requires explicit package name at /home/cpan/pit/rel/conf/perl-5.8.9/.cpanplus/5.8.9/build/LxQX5apfCY/Net-Stomp-0.61/blib/lib/Net/Stomp.pm line 196.
Global symbol "$receipt_frame" requires explicit package name at /home/cpan/pit/rel/conf/perl-5.8.9/.cpanplus/5.8.9/build/LxQX5apfCY/Net-Stomp-0.61/blib/lib/Net/Stomp.pm line 196.
Global symbol "$receipt_frame" requires explicit package name at /home/cpan/pit/rel/conf/perl-5.8.9/.cpanplus/5.8.9/build/LxQX5apfCY/Net-Stomp-0.61/blib/lib/Net/Stomp.pm line 196.
Global symbol "$ret" requires explicit package name at /home/cpan/pit/rel/conf/perl-5.8.9/.cpanplus/5.8.9/build/LxQX5apfCY/Net-Stomp-0.61/blib/lib/Net/Stomp.pm line 196.
Global symbol "$transaction_id" requires explicit package name at /home/cpan/pit/rel/conf/perl-5.8.9/.cpanplus/5.8.9/build/LxQX5apfCY/Net-Stomp-0.61/blib/lib/Net/Stomp.pm line 196.
Global symbol "$frame_commit" requires explicit package name at /home/cpan/pit/rel/conf/perl-5.8.9/.cpanplus/5.8.9/build/LxQX5apfCY/Net-Stomp-0.61/blib/lib/Net/Stomp.pm line 196.
Global symbol "$transaction_id" requires explicit package name at /home/cpan/pit/rel/conf/perl-5.8.9/.cpanplus/5.8.9/build/LxQX5apfCY/Net-Stomp-0.61/blib/lib/Net/Stomp.pm line 196.
Global symbol "$frame_commit" requires explicit package name at /home/cpan/pit/rel/conf/perl-5.8.9/.cpanplus/5.8.9/build/LxQX5apfCY/Net-Stomp-0.61/blib/lib/Net/Stomp.pm line 196.
Global symbol "$transaction_id" requires explicit package name at /home/cpan/pit/rel/conf/perl-5.8.9/.cpanplus/5.8.9/build/LxQX5apfCY/Net-Stomp-0.61/blib/lib/Net/Stomp.pm line 196.
Global symbol "$frame_abort" requires explicit package name at /home/cpan/pit/rel/conf/perl-5.8.9/.cpanplus/5.8.9/build/LxQX5apfCY/Net-Stomp-0.61/blib/lib/Net/Stomp.pm line 196.
Global symbol "$transaction_id" requires explicit package name at /home/cpan/pit/rel/conf/perl-5.8.9/.cpanplus/5.8.9/build/LxQX5apfCY/Net-Stomp-0.61/blib/lib/Net/Stomp.pm line 196.
Global symbol "$frame_abort" requires explicit package name at /home/cpan/pit/rel/conf/perl-5.8.9/.cpanplus/5.8.9/build/LxQX5apfCY/Net-Stomp-0.61/blib/lib/Net/Stomp.pm line 196.
Global symbol "$ret" requires explicit package name at /home/cpan/pit/rel/conf/perl-5.8.9/.cpanplus/5.8.9/build/LxQX5apfCY/Net-Stomp-0.61/blib/lib/Net/Stomp.pm line 196.
Global symbol "$subs" requires explicit package name at /home/cpan/pit/rel/conf/perl-5.8.9/.cpanplus/5.8.9/build/LxQX5apfCY/Net-Stomp-0.61/blib/lib/Net/Stomp.pm line 196.
Global symbol "$subs" requires explicit package name at /home/cpan/pit/rel/conf/perl-5.8.9/.cpanplus/5.8.9/build/LxQX5apfCY/Net-Stomp-0.61/blib/lib/Net/Stomp.pm line 196.
Global symbol "$subs" requires explicit package name at /home/cpan/pit/rel/conf/perl-5.8.9/.cpanplus/5.8.9/build/LxQX5apfCY/Net-Stomp-0.61/blib/lib/Net/Stomp.pm line 196.
Global symbol "$subs" requires explicit package name at /home/cpan/pit/rel/conf/perl-5.8.9/.cpanplus/5.8.9/build/LxQX5apfCY/Net-Stomp-0.61/blib/lib/Net/Stomp.pm line 196.
Global symbol "$id" requires explicit package name at /home/cpan/pit/rel/conf/perl-5.8.9/.cpanplus/5.8.9/build/LxQX5apfCY/Net-Stomp-0.61/blib/lib/Net/Stomp.pm line 196.
Global symbol "$id" requires explicit package name at /home/cpan/pit/rel/conf/perl-5.8.9/.cpanplus/5.8.9/build/LxQX5apfCY/Net-Stomp-0.61/blib/lib/Net/Stomp.pm line 196.
Global symbol "$id" requires explicit package name at /home/cpan/pit/rel/conf/perl-5.8.9/.cpanplus/5.8.9/build/LxQX5apfCY/Net-Stomp-0.61/blib/lib/Net/Stomp.pm line 196.
Global symbol "$id" requires explicit package name at /home/cpan/pit/rel/conf/perl-5.8.9/.cpanplus/5.8.9/build/LxQX5apfCY/Net-Stomp-0.61/blib/lib/Net/Stomp.pm line 196.
Global symbol "$id" requires explicit package name at /home/cpan/pit/rel/conf/perl-5.8.9/.cpanplus/5.8.9/build/LxQX5apfCY/Net-Stomp-0.61/blib/lib/Net/Stomp.pm line 196.
Global symbol "$id" requires explicit package name at /home/cpan/pit/rel/conf/perl-5.8.9/.cpanplus/5.8.9/build/LxQX5apfCY/Net-Stomp-0.61/blib/lib/Net/Stomp.pm line 196.
Global symbol "$to_write" requires explicit package name at /home/cpan/pit/rel/conf/perl-5.8.9/.cpanplus/5.8.9/build/LxQX5apfCY/Net-Stomp-0.61/blib/lib/Net/Stomp.pm line 196.
Global symbol "$frame_string" requires explicit package name at /home/cpan/pit/rel/conf/perl-5.8.9/.cpanplus/5.8.9/build/LxQX5apfCY/Net-Stomp-0.61/blib/lib/Net/Stomp.pm line 196.
Global symbol "$written" requires explicit package name at /home/cpan/pit/rel/conf/perl-5.8.9/.cpanplus/5.8.9/build/LxQX5apfCY/Net-Stomp-0.61/blib/lib/Net/Stomp.pm line 196.
Global symbol "$to_write" requires explicit package name at /home/cpan/pit/rel/conf/perl-5.8.9/.cpanplus/5.8.9/build/LxQX5apfCY/Net-Stomp-0.61/blib/lib/Net/Stomp.pm line 196.
Global symbol "$written" requires explicit package name at /home/cpan/pit/rel/conf/perl-5.8.9/.cpanplus/5.8.9/build/LxQX5apfCY/Net-Stomp-0.61/blib/lib/Net/Stomp.pm line 196.
Global symbol "$to_write" requires explicit package name at /home/cpan/pit/rel/conf/perl-5.8.9/.cpanplus/5.8.9/build/LxQX5apfCY/Net-Stomp-0.61/blib/lib/Net/Stomp.pm line 196.
Global symbol "$written" requires explicit package name at /home/cpan/pit/rel/conf/perl-5.8.9/.cpanplus/5.8.9/build/LxQX5apfCY/Net-Stomp-0.61/blib/lib/Net/Stomp.pm line 196.
Global symbol "$to_write" requires explicit package name at /home/cpan/pit/rel/conf/perl-5.8.9/.cpanplus/5.8.9/build/LxQX5apfCY/Net-Stomp-0.61/blib/lib/Net/Stomp.pm line 196.
Global symbol "$written" requires explicit package name at /home/cpan/pit/rel/conf/perl-5.8.9/.cpanplus/5.8.9/build/LxQX5apfCY/Net-Stomp-0.61/blib/lib/Net/Stomp.pm line 196.
Global symbol "$written" requires explicit package name at /home/cpan/pit/rel/conf/perl-5.8.9/.cpanplus/5.8.9/build/LxQX5apfCY/Net-Stomp-0.61/blib/lib/Net/Stomp.pm line 196.
Global symbol "$frame_string" requires explicit package name at /home/cpan/pit/rel/conf/perl-5.8.9/.cpanplus/5.8.9/build/LxQX5apfCY/Net-Stomp-0.61/blib/lib/Net/Stomp.pm line 196.
Global symbol "$written" requires explicit package name at /home/cpan/pit/rel/conf/perl-5.8.9/.cpanplus/5.8.9/build/LxQX5apfCY/Net-Stomp-0.61/blib/lib/Net/Stomp.pm line 196.
Global symbol "$timeout" requires explicit package name at /home/cpan/pit/rel/conf/perl-5.8.9/.cpanplus/5.8.9/build/LxQX5apfCY/Net-Stomp-0.61/blib/lib/Net/Stomp.pm line 196.
Global symbol "$timeout" requires explicit package name at /home/cpan/pit/rel/conf/perl-5.8.9/.cpanplus/5.8.9/build/LxQX5apfCY/Net-Stomp-0.61/blib/lib/Net/Stomp.pm line 196.
Global symbol "$len" requires explicit package name at /home/cpan/pit/rel/conf/perl-5.8.9/.cpanplus/5.8.9/build/LxQX5apfCY/Net-Stomp-0.61/blib/lib/Net/Stomp.pm line 196.
Global symbol "$len" requires explicit package name at /home/cpan/pit/rel/conf/perl-5.8.9/.cpanplus/5.8.9/build/LxQX5apfCY/Net-Stomp-0.61/blib/lib/Net/Stomp.pm line 196.
Global symbol "$len" requires explicit package name at /home/cpan/pit/rel/conf/perl-5.8.9/.cpanplus/5.8.9/build/LxQX5apfCY/Net-Stomp-0.61/blib/lib/Net/Stomp.pm line 196.
Global symbol "$len" requires explicit package name at /home/cpan/pit/rel/conf/perl-5.8.9/.cpanplus/5.8.9/build/LxQX5apfCY/Net-Stomp-0.61/blib/lib/Net/Stomp.pm line 196.
Global symbol "$len" requires explicit package name at /home/cpan/pit/rel/conf/perl-5.8.9/.cpanplus/5.8.9/build/LxQX5apfCY/Net-Stomp-0.61/blib/lib/Net/Stomp.pm line 196.
syntax error at /home/cpan/pit/rel/conf/perl-5.8.9/.cpanplus/5.8.9/build/LxQX5apfCY/Net-Stomp-0.61/blib/lib/Net/Stomp.pm line 453, near "[^"
(Might be a runaway multi-line // string starting on line 196)
/home/cpan/pit/rel/conf/perl-5.8.9/.cpanplus/5.8.9/build/LxQX5apfCY/Net-Stomp-0.61/blib/lib/Net/Stomp.pm has too many errors.
Compilation failed in require at t/lib/TestHelp.pm line 10.
BEGIN failed--compilation aborted at t/lib/TestHelp.pm line 10.
Compilation failed in require at t/receiving-frames.t line 2.
BEGIN failed--compilation aborted at t/receiving-frames.t line 2.
t/receiving-frames.t ....
Dubious, test returned 9 (wstat 2304, 0x900)
No subtests run
Global symbol "$sub" requires explicit package name at /home/cpan/pit/rel/conf/perl-5.8.9/.cpanplus/5.8.9/build/LxQX5apfCY/Net-Stomp-0.61/blib/lib/Net/Stomp.pm line 196.
Global symbol "$sub" requires explicit package name at /home/cpan/pit/rel/conf/perl-5.8.9/.cpanplus/5.8.9/build/LxQX5apfCY/Net-Stomp-0.61/blib/lib/Net/Stomp.pm line 196.
Global symbol "$timeout" requires explicit package name at /home/cpan/pit/rel/conf/perl-5.8.9/.cpanplus/5.8.9/build/LxQX5apfCY/Net-Stomp-0.61/blib/lib/Net/Stomp.pm line 196.
Global symbol "$timeout" requires explicit package name at /home/cpan/pit/rel/conf/perl-5.8.9/.cpanplus/5.8.9/build/LxQX5apfCY/Net-Stomp-0.61/blib/lib/Net/Stomp.pm line 196.
Global symbol "$body" requires explicit package name at /home/cpan/pit/rel/conf/perl-5.8.9/.cpanplus/5.8.9/build/LxQX5apfCY/Net-Stomp-0.61/blib/lib/Net/Stomp.pm line 196.
Global symbol "$body" requires explicit package name at /home/cpan/pit/rel/conf/perl-5.8.9/.cpanplus/5.8.9/build/LxQX5apfCY/Net-Stomp-0.61/blib/lib/Net/Stomp.pm line 196.
Global symbol "$receipt_id" requires explicit package name at /home/cpan/pit/rel/conf/perl-5.8.9/.cpanplus/5.8.9/build/LxQX5apfCY/Net-Stomp-0.61/blib/lib/Net/Stomp.pm line 196.
Global symbol "$receipt_id" requires explicit package name at /home/cpan/pit/rel/conf/perl-5.8.9/.cpanplus/5.8.9/build/LxQX5apfCY/Net-Stomp-0.61/blib/lib/Net/Stomp.pm line 196.
Global symbol "$receipt_id" requires explicit package name at /home/cpan/pit/rel/conf/perl-5.8.9/.cpanplus/5.8.9/build/LxQX5apfCY/Net-Stomp-0.61/blib/lib/Net/Stomp.pm line 196.
Global symbol "$receipt_timeout" requires explicit package name at /home/cpan/pit/rel/conf/perl-5.8.9/.cpanplus/5.8.9/build/LxQX5apfCY/Net-Stomp-0.61/blib/lib/Net/Stomp.pm line 196.
Global symbol "$receipt_frame" requires explicit package name at /home/cpan/pit/rel/conf/perl-5.8.9/.cpanplus/5.8.9/build/LxQX5apfCY/Net-Stomp-0.61/blib/lib/Net/Stomp.pm line 196.
Global symbol "$receipt_timeout" requires explicit package name at /home/cpan/pit/rel/conf/perl-5.8.9/.cpanplus/5.8.9/build/LxQX5apfCY/Net-Stomp-0.61/blib/lib/Net/Stomp.pm line 196.
Global symbol "$receipt_timeout" requires explicit package name at /home/cpan/pit/rel/conf/perl-5.8.9/.cpanplus/5.8.9/build/LxQX5apfCY/Net-Stomp-0.61/blib/lib/Net/Stomp.pm line 196.
Global symbol "$receipt_frame" requires explicit package name at /home/cpan/pit/rel/conf/perl-5.8.9/.cpanplus/5.8.9/build/LxQX5apfCY/Net-Stomp-0.61/blib/lib/Net/Stomp.pm line 196.
Global symbol "$receipt_frame" requires explicit package name at /home/cpan/pit/rel/conf/perl-5.8.9/.cpanplus/5.8.9/build/LxQX5apfCY/Net-Stomp-0.61/blib/lib/Net/Stomp.pm line 196.
Global symbol "$receipt_frame" requires explicit package name at /home/cpan/pit/rel/conf/perl-5.8.9/.cpanplus/5.8.9/build/LxQX5apfCY/Net-Stomp-0.61/blib/lib/Net/Stomp.pm line 196.
Global symbol "$receipt_frame" requires explicit package name at /home/cpan/pit/rel/conf/perl-5.8.9/.cpanplus/5.8.9/build/LxQX5apfCY/Net-Stomp-0.61/blib/lib/Net/Stomp.pm line 196.
Global symbol "$receipt_id" requires explicit package name at /home/cpan/pit/rel/conf/perl-5.8.9/.cpanplus/5.8.9/build/LxQX5apfCY/Net-Stomp-0.61/blib/lib/Net/Stomp.pm line 196.
Global symbol "$receipt_frame" requires explicit package name at /home/cpan/pit/rel/conf/perl-5.8.9/.cpanplus/5.8.9/build/LxQX5apfCY/Net-Stomp-0.61/blib/lib/Net/Stomp.pm line 196.
Global symbol "$receipt_frame" requires explicit package name at /home/cpan/pit/rel/conf/perl-5.8.9/.cpanplus/5.8.9/build/LxQX5apfCY/Net-Stomp-0.61/blib/lib/Net/Stomp.pm line 196.
Global symbol "$transaction_id" requires explicit package name at /home/cpan/pit/rel/conf/perl-5.8.9/.cpanplus/5.8.9/build/LxQX5apfCY/Net-Stomp-0.61/blib/lib/Net/Stomp.pm line 196.
Global symbol "$transaction_id" requires explicit package name at /home/cpan/pit/rel/conf/perl-5.8.9/.cpanplus/5.8.9/build/LxQX5apfCY/Net-Stomp-0.61/blib/lib/Net/Stomp.pm line 196.
Global symbol "$begin_frame" requires explicit package name at /home/cpan/pit/rel/conf/perl-5.8.9/.cpanplus/5.8.9/build/LxQX5apfCY/Net-Stomp-0.61/blib/lib/Net/Stomp.pm line 196.
Global symbol "$transaction_id" requires explicit package name at /home/cpan/pit/rel/conf/perl-5.8.9/.cpanplus/5.8.9/build/LxQX5apfCY/Net-Stomp-0.61/blib/lib/Net/Stomp.pm line 196.
Global symbol "$begin_frame" requires explicit package name at /home/cpan/pit/rel/conf/perl-5.8.9/.cpanplus/5.8.9/build/LxQX5apfCY/Net-Stomp-0.61/blib/lib/Net/Stomp.pm line 196.
Global symbol "$transaction_id" requires explicit package name at /home/cpan/pit/rel/conf/perl-5.8.9/.cpanplus/5.8.9/build/LxQX5apfCY/Net-Stomp-0.61/blib/lib/Net/Stomp.pm line 196.
Global symbol "$receipt_frame" requires explicit package name at /home/cpan/pit/rel/conf/perl-5.8.9/.cpanplus/5.8.9/build/LxQX5apfCY/Net-Stomp-0.61/blib/lib/Net/Stomp.pm line 196.
Global symbol "$ret" requires explicit package name at /home/cpan/pit/rel/conf/perl-5.8.9/.cpanplus/5.8.9/build/LxQX5apfCY/Net-Stomp-0.61/blib/lib/Net/Stomp.pm line 196.
Global symbol "$receipt_frame" requires explicit package name at /home/cpan/pit/rel/conf/perl-5.8.9/.cpanplus/5.8.9/build/LxQX5apfCY/Net-Stomp-0.61/blib/lib/Net/Stomp.pm line 196.
Global symbol "$receipt_frame" requires explicit package name at /home/cpan/pit/rel/conf/perl-5.8.9/.cpanplus/5.8.9/build/LxQX5apfCY/Net-Stomp-0.61/blib/lib/Net/Stomp.pm line 196.
Global symbol "$ret" requires explicit package name at /home/cpan/pit/rel/conf/perl-5.8.9/.cpanplus/5.8.9/build/LxQX5apfCY/Net-Stomp-0.61/blib/lib/Net/Stomp.pm line 196.
Global symbol "$transaction_id" requires explicit package name at /home/cpan/pit/rel/conf/perl-5.8.9/.cpanplus/5.8.9/build/LxQX5apfCY/Net-Stomp-0.61/blib/lib/Net/Stomp.pm line 196.
Global symbol "$frame_commit" requires explicit package name at /home/cpan/pit/rel/conf/perl-5.8.9/.cpanplus/5.8.9/build/LxQX5apfCY/Net-Stomp-0.61/blib/lib/Net/Stomp.pm line 196.
Global symbol "$transaction_id" requires explicit package name at /home/cpan/pit/rel/conf/perl-5.8.9/.cpanplus/5.8.9/build/LxQX5apfCY/Net-Stomp-0.61/blib/lib/Net/Stomp.pm line 196.
Global symbol "$frame_commit" requires explicit package name at /home/cpan/pit/rel/conf/perl-5.8.9/.cpanplus/5.8.9/build/LxQX5apfCY/Net-Stomp-0.61/blib/lib/Net/Stomp.pm line 196.
Global symbol "$transaction_id" requires explicit package name at /home/cpan/pit/rel/conf/perl-5.8.9/.cpanplus/5.8.9/build/LxQX5apfCY/Net-Stomp-0.61/blib/lib/Net/Stomp.pm line 196.
Global symbol "$frame_abort" requires explicit package name at /home/cpan/pit/rel/conf/perl-5.8.9/.cpanplus/5.8.9/build/LxQX5apfCY/Net-Stomp-0.61/blib/lib/Net/Stomp.pm line 196.
Global symbol "$transaction_id" requires explicit package name at /home/cpan/pit/rel/conf/perl-5.8.9/.cpanplus/5.8.9/build/LxQX5apfCY/Net-Stomp-0.61/blib/lib/Net/Stomp.pm line 196.
Global symbol "$frame_abort" requires explicit package name at /home/cpan/pit/rel/conf/perl-5.8.9/.cpanplus/5.8.9/build/LxQX5apfCY/Net-Stomp-0.61/blib/lib/Net/Stomp.pm line 196.
Global symbol "$ret" requires explicit package name at /home/cpan/pit/rel/conf/perl-5.8.9/.cpanplus/5.8.9/build/LxQX5apfCY/Net-Stomp-0.61/blib/lib/Net/Stomp.pm line 196.
Global symbol "$subs" requires explicit package name at /home/cpan/pit/rel/conf/perl-5.8.9/.cpanplus/5.8.9/build/LxQX5apfCY/Net-Stomp-0.61/blib/lib/Net/Stomp.pm line 196.
Global symbol "$subs" requires explicit package name at /home/cpan/pit/rel/conf/perl-5.8.9/.cpanplus/5.8.9/build/LxQX5apfCY/Net-Stomp-0.61/blib/lib/Net/Stomp.pm line 196.
Global symbol "$subs" requires explicit package name at /home/cpan/pit/rel/conf/perl-5.8.9/.cpanplus/5.8.9/build/LxQX5apfCY/Net-Stomp-0.61/blib/lib/Net/Stomp.pm line 196.
Global symbol "$subs" requires explicit package name at /home/cpan/pit/rel/conf/perl-5.8.9/.cpanplus/5.8.9/build/LxQX5apfCY/Net-Stomp-0.61/blib/lib/Net/Stomp.pm line 196.
Global symbol "$id" requires explicit package name at /home/cpan/pit/rel/conf/perl-5.8.9/.cpanplus/5.8.9/build/LxQX5apfCY/Net-Stomp-0.61/blib/lib/Net/Stomp.pm line 196.
Global symbol "$id" requires explicit package name at /home/cpan/pit/rel/conf/perl-5.8.9/.cpanplus/5.8.9/build/LxQX5apfCY/Net-Stomp-0.61/blib/lib/Net/Stomp.pm line 196.
Global symbol "$id" requires explicit package name at /home/cpan/pit/rel/conf/perl-5.8.9/.cpanplus/5.8.9/build/LxQX5apfCY/Net-Stomp-0.61/blib/lib/Net/Stomp.pm line 196.
Global symbol "$id" requires explicit package name at /home/cpan/pit/rel/conf/perl-5.8.9/.cpanplus/5.8.9/build/LxQX5apfCY/Net-Stomp-0.61/blib/lib/Net/Stomp.pm line 196.
Global symbol "$id" requires explicit package name at /home/cpan/pit/rel/conf/perl-5.8.9/.cpanplus/5.8.9/build/LxQX5apfCY/Net-Stomp-0.61/blib/lib/Net/Stomp.pm line 196.
Global symbol "$id" requires explicit package name at /home/cpan/pit/rel/conf/perl-5.8.9/.cpanplus/5.8.9/build/LxQX5apfCY/Net-Stomp-0.61/blib/lib/Net/Stomp.pm line 196.
Global symbol "$to_write" requires explicit package name at /home/cpan/pit/rel/conf/perl-5.8.9/.cpanplus/5.8.9/build/LxQX5apfCY/Net-Stomp-0.61/blib/lib/Net/Stomp.pm line 196.
Global symbol "$frame_string" requires explicit package name at /home/cpan/pit/rel/conf/perl-5.8.9/.cpanplus/5.8.9/build/LxQX5apfCY/Net-Stomp-0.61/blib/lib/Net/Stomp.pm line 196.
Global symbol "$written" requires explicit package name at /home/cpan/pit/rel/conf/perl-5.8.9/.cpanplus/5.8.9/build/LxQX5apfCY/Net-Stomp-0.61/blib/lib/Net/Stomp.pm line 196.
Global symbol "$to_write" requires explicit package name at /home/cpan/pit/rel/conf/perl-5.8.9/.cpanplus/5.8.9/build/LxQX5apfCY/Net-Stomp-0.61/blib/lib/Net/Stomp.pm line 196.
Global symbol "$written" requires explicit package name at /home/cpan/pit/rel/conf/perl-5.8.9/.cpanplus/5.8.9/build/LxQX5apfCY/Net-Stomp-0.61/blib/lib/Net/Stomp.pm line 196.
Global symbol "$to_write" requires explicit package name at /home/cpan/pit/rel/conf/perl-5.8.9/.cpanplus/5.8.9/build/LxQX5apfCY/Net-Stomp-0.61/blib/lib/Net/Stomp.pm line 196.
Global symbol "$written" requires explicit package name at /home/cpan/pit/rel/conf/perl-5.8.9/.cpanplus/5.8.9/build/LxQX5apfCY/Net-Stomp-0.61/blib/lib/Net/Stomp.pm line 196.
Global symbol "$to_write" requires explicit package name at /home/cpan/pit/rel/conf/perl-5.8.9/.cpanplus/5.8.9/build/LxQX5apfCY/Net-Stomp-0.61/blib/lib/Net/Stomp.pm line 196.
Global symbol "$written" requires explicit package name at /home/cpan/pit/rel/conf/perl-5.8.9/.cpanplus/5.8.9/build/LxQX5apfCY/Net-Stomp-0.61/blib/lib/Net/Stomp.pm line 196.
Global symbol "$written" requires explicit package name at /home/cpan/pit/rel/conf/perl-5.8.9/.cpanplus/5.8.9/build/LxQX5apfCY/Net-Stomp-0.61/blib/lib/Net/Stomp.pm line 196.
Global symbol "$frame_string" requires explicit package name at /home/cpan/pit/rel/conf/perl-5.8.9/.cpanplus/5.8.9/build/LxQX5apfCY/Net-Stomp-0.61/blib/lib/Net/Stomp.pm line 196.
Global symbol "$written" requires explicit package name at /home/cpan/pit/rel/conf/perl-5.8.9/.cpanplus/5.8.9/build/LxQX5apfCY/Net-Stomp-0.61/blib/lib/Net/Stomp.pm line 196.
Global symbol "$timeout" requires explicit package name at /home/cpan/pit/rel/conf/perl-5.8.9/.cpanplus/5.8.9/build/LxQX5apfCY/Net-Stomp-0.61/blib/lib/Net/Stomp.pm line 196.
Global symbol "$timeout" requires explicit package name at /home/cpan/pit/rel/conf/perl-5.8.9/.cpanplus/5.8.9/build/LxQX5apfCY/Net-Stomp-0.61/blib/lib/Net/Stomp.pm line 196.
Global symbol "$len" requires explicit package name at /home/cpan/pit/rel/conf/perl-5.8.9/.cpanplus/5.8.9/build/LxQX5apfCY/Net-Stomp-0.61/blib/lib/Net/Stomp.pm line 196.
Global symbol "$len" requires explicit package name at /home/cpan/pit/rel/conf/perl-5.8.9/.cpanplus/5.8.9/build/LxQX5apfCY/Net-Stomp-0.61/blib/lib/Net/Stomp.pm line 196.
Global symbol "$len" requires explicit package name at /home/cpan/pit/rel/conf/perl-5.8.9/.cpanplus/5.8.9/build/LxQX5apfCY/Net-Stomp-0.61/blib/lib/Net/Stomp.pm line 196.
Global symbol "$len" requires explicit package name at /home/cpan/pit/rel/conf/perl-5.8.9/.cpanplus/5.8.9/build/LxQX5apfCY/Net-Stomp-0.61/blib/lib/Net/Stomp.pm line 196.
Global symbol "$len" requires explicit package name at /home/cpan/pit/rel/conf/perl-5.8.9/.cpanplus/5.8.9/build/LxQX5apfCY/Net-Stomp-0.61/blib/lib/Net/Stomp.pm line 196.
syntax error at /home/cpan/pit/rel/conf/perl-5.8.9/.cpanplus/5.8.9/build/LxQX5apfCY/Net-Stomp-0.61/blib/lib/Net/Stomp.pm line 453, near "[^"
(Might be a runaway multi-line // string starting on line 196)
/home/cpan/pit/rel/conf/perl-5.8.9/.cpanplus/5.8.9/build/LxQX5apfCY/Net-Stomp-0.61/blib/lib/Net/Stomp.pm has too many errors.
Compilation failed in require at t/lib/TestHelp.pm line 10.
BEGIN failed--compilation aborted at t/lib/TestHelp.pm line 10.
Compilation failed in require at t/reconnect.t line 3.
BEGIN failed--compilation aborted at t/reconnect.t line 3.
t/reconnect.t ...........
Dubious, test returned 9 (wstat 2304, 0x900)
No subtests run
Global symbol "$sub" requires explicit package name at /home/cpan/pit/rel/conf/perl-5.8.9/.cpanplus/5.8.9/build/LxQX5apfCY/Net-Stomp-0.61/blib/lib/Net/Stomp.pm line 196.
Global symbol "$sub" requires explicit package name at /home/cpan/pit/rel/conf/perl-5.8.9/.cpanplus/5.8.9/build/LxQX5apfCY/Net-Stomp-0.61/blib/lib/Net/Stomp.pm line 196.
Global symbol "$timeout" requires explicit package name at /home/cpan/pit/rel/conf/perl-5.8.9/.cpanplus/5.8.9/build/LxQX5apfCY/Net-Stomp-0.61/blib/lib/Net/Stomp.pm line 196.
Global symbol "$timeout" requires explicit package name at /home/cpan/pit/rel/conf/perl-5.8.9/.cpanplus/5.8.9/build/LxQX5apfCY/Net-Stomp-0.61/blib/lib/Net/Stomp.pm line 196.
Global symbol "$body" requires explicit package name at /home/cpan/pit/rel/conf/perl-5.8.9/.cpanplus/5.8.9/build/LxQX5apfCY/Net-Stomp-0.61/blib/lib/Net/Stomp.pm line 196.
Global symbol "$body" requires explicit package name at /home/cpan/pit/rel/conf/perl-5.8.9/.cpanplus/5.8.9/build/LxQX5apfCY/Net-Stomp-0.61/blib/lib/Net/Stomp.pm line 196.
Global symbol "$receipt_id" requires explicit package name at /home/cpan/pit/rel/conf/perl-5.8.9/.cpanplus/5.8.9/build/LxQX5apfCY/Net-Stomp-0.61/blib/lib/Net/Stomp.pm line 196.
Global symbol "$receipt_id" requires explicit package name at /home/cpan/pit/rel/conf/perl-5.8.9/.cpanplus/5.8.9/build/LxQX5apfCY/Net-Stomp-0.61/blib/lib/Net/Stomp.pm line 196.
Global symbol "$receipt_id" requires explicit package name at /home/cpan/pit/rel/conf/perl-5.8.9/.cpanplus/5.8.9/build/LxQX5apfCY/Net-Stomp-0.61/blib/lib/Net/Stomp.pm line 196.
Global symbol "$receipt_timeout" requires explicit package name at /home/cpan/pit/rel/conf/perl-5.8.9/.cpanplus/5.8.9/build/LxQX5apfCY/Net-Stomp-0.61/blib/lib/Net/Stomp.pm line 196.
Global symbol "$receipt_frame" requires explicit package name at /home/cpan/pit/rel/conf/perl-5.8.9/.cpanplus/5.8.9/build/LxQX5apfCY/Net-Stomp-0.61/blib/lib/Net/Stomp.pm line 196.
Global symbol "$receipt_timeout" requires explicit package name at /home/cpan/pit/rel/conf/perl-5.8.9/.cpanplus/5.8.9/build/LxQX5apfCY/Net-Stomp-0.61/blib/lib/Net/Stomp.pm line 196.
Global symbol "$receipt_timeout" requires explicit package name at /home/cpan/pit/rel/conf/perl-5.8.9/.cpanplus/5.8.9/build/LxQX5apfCY/Net-Stomp-0.61/blib/lib/Net/Stomp.pm line 196.
Global symbol "$receipt_frame" requires explicit package name at /home/cpan/pit/rel/conf/perl-5.8.9/.cpanplus/5.8.9/build/LxQX5apfCY/Net-Stomp-0.61/blib/lib/Net/Stomp.pm line 196.
Global symbol "$receipt_frame" requires explicit package name at /home/cpan/pit/rel/conf/perl-5.8.9/.cpanplus/5.8.9/build/LxQX5apfCY/Net-Stomp-0.61/blib/lib/Net/Stomp.pm line 196.
Global symbol "$receipt_frame" requires explicit package name at /home/cpan/pit/rel/conf/perl-5.8.9/.cpanplus/5.8.9/build/LxQX5apfCY/Net-Stomp-0.61/blib/lib/Net/Stomp.pm line 196.
Global symbol "$receipt_frame" requires explicit package name at /home/cpan/pit/rel/conf/perl-5.8.9/.cpanplus/5.8.9/build/LxQX5apfCY/Net-Stomp-0.61/blib/lib/Net/Stomp.pm line 196.
Global symbol "$receipt_id" requires explicit package name at /home/cpan/pit/rel/conf/perl-5.8.9/.cpanplus/5.8.9/build/LxQX5apfCY/Net-Stomp-0.61/blib/lib/Net/Stomp.pm line 196.
Global symbol "$receipt_frame" requires explicit package name at /home/cpan/pit/rel/conf/perl-5.8.9/.cpanplus/5.8.9/build/LxQX5apfCY/Net-Stomp-0.61/blib/lib/Net/Stomp.pm line 196.
Global symbol "$receipt_frame" requires explicit package name at /home/cpan/pit/rel/conf/perl-5.8.9/.cpanplus/5.8.9/build/LxQX5apfCY/Net-Stomp-0.61/blib/lib/Net/Stomp.pm line 196.
Global symbol "$transaction_id" requires explicit package name at /home/cpan/pit/rel/conf/perl-5.8.9/.cpanplus/5.8.9/build/LxQX5apfCY/Net-Stomp-0.61/blib/lib/Net/Stomp.pm line 196.
Global symbol "$transaction_id" requires explicit package name at /home/cpan/pit/rel/conf/perl-5.8.9/.cpanplus/5.8.9/build/LxQX5apfCY/Net-Stomp-0.61/blib/lib/Net/Stomp.pm line 196.
Global symbol "$begin_frame" requires explicit package name at /home/cpan/pit/rel/conf/perl-5.8.9/.cpanplus/5.8.9/build/LxQX5apfCY/Net-Stomp-0.61/blib/lib/Net/Stomp.pm line 196.
Global symbol "$transaction_id" requires explicit package name at /home/cpan/pit/rel/conf/perl-5.8.9/.cpanplus/5.8.9/build/LxQX5apfCY/Net-Stomp-0.61/blib/lib/Net/Stomp.pm line 196.
Global symbol "$begin_frame" requires explicit package name at /home/cpan/pit/rel/conf/perl-5.8.9/.cpanplus/5.8.9/build/LxQX5apfCY/Net-Stomp-0.61/blib/lib/Net/Stomp.pm line 196.
Global symbol "$transaction_id" requires explicit package name at /home/cpan/pit/rel/conf/perl-5.8.9/.cpanplus/5.8.9/build/LxQX5apfCY/Net-Stomp-0.61/blib/lib/Net/Stomp.pm line 196.
Global symbol "$receipt_frame" requires explicit package name at /home/cpan/pit/rel/conf/perl-5.8.9/.cpanplus/5.8.9/build/LxQX5apfCY/Net-Stomp-0.61/blib/lib/Net/Stomp.pm line 196.
Global symbol "$ret" requires explicit package name at /home/cpan/pit/rel/conf/perl-5.8.9/.cpanplus/5.8.9/build/LxQX5apfCY/Net-Stomp-0.61/blib/lib/Net/Stomp.pm line 196.
Global symbol "$receipt_frame" requires explicit package name at /home/cpan/pit/rel/conf/perl-5.8.9/.cpanplus/5.8.9/build/LxQX5apfCY/Net-Stomp-0.61/blib/lib/Net/Stomp.pm line 196.
Global symbol "$receipt_frame" requires explicit package name at /home/cpan/pit/rel/conf/perl-5.8.9/.cpanplus/5.8.9/build/LxQX5apfCY/Net-Stomp-0.61/blib/lib/Net/Stomp.pm line 196.
Global symbol "$ret" requires explicit package name at /home/cpan/pit/rel/conf/perl-5.8.9/.cpanplus/5.8.9/build/LxQX5apfCY/Net-Stomp-0.61/blib/lib/Net/Stomp.pm line 196.
Global symbol "$transaction_id" requires explicit package name at /home/cpan/pit/rel/conf/perl-5.8.9/.cpanplus/5.8.9/build/LxQX5apfCY/Net-Stomp-0.61/blib/lib/Net/Stomp.pm line 196.
Global symbol "$frame_commit" requires explicit package name at /home/cpan/pit/rel/conf/perl-5.8.9/.cpanplus/5.8.9/build/LxQX5apfCY/Net-Stomp-0.61/blib/lib/Net/Stomp.pm line 196.
Global symbol "$transaction_id" requires explicit package name at /home/cpan/pit/rel/conf/perl-5.8.9/.cpanplus/5.8.9/build/LxQX5apfCY/Net-Stomp-0.61/blib/lib/Net/Stomp.pm line 196.
Global symbol "$frame_commit" requires explicit package name at /home/cpan/pit/rel/conf/perl-5.8.9/.cpanplus/5.8.9/build/LxQX5apfCY/Net-Stomp-0.61/blib/lib/Net/Stomp.pm line 196.
Global symbol "$transaction_id" requires explicit package name at /home/cpan/pit/rel/conf/perl-5.8.9/.cpanplus/5.8.9/build/LxQX5apfCY/Net-Stomp-0.61/blib/lib/Net/Stomp.pm line 196.
Global symbol "$frame_abort" requires explicit package name at /home/cpan/pit/rel/conf/perl-5.8.9/.cpanplus/5.8.9/build/LxQX5apfCY/Net-Stomp-0.61/blib/lib/Net/Stomp.pm line 196.
Global symbol "$transaction_id" requires explicit package name at /home/cpan/pit/rel/conf/perl-5.8.9/.cpanplus/5.8.9/build/LxQX5apfCY/Net-Stomp-0.61/blib/lib/Net/Stomp.pm line 196.
Global symbol "$frame_abort" requires explicit package name at /home/cpan/pit/rel/conf/perl-5.8.9/.cpanplus/5.8.9/build/LxQX5apfCY/Net-Stomp-0.61/blib/lib/Net/Stomp.pm line 196.
Global symbol "$ret" requires explicit package name at /home/cpan/pit/rel/conf/perl-5.8.9/.cpanplus/5.8.9/build/LxQX5apfCY/Net-Stomp-0.61/blib/lib/Net/Stomp.pm line 196.
Global symbol "$subs" requires explicit package name at /home/cpan/pit/rel/conf/perl-5.8.9/.cpanplus/5.8.9/build/LxQX5apfCY/Net-Stomp-0.61/blib/lib/Net/Stomp.pm line 196.
Global symbol "$subs" requires explicit package name at /home/cpan/pit/rel/conf/perl-5.8.9/.cpanplus/5.8.9/build/LxQX5apfCY/Net-Stomp-0.61/blib/lib/Net/Stomp.pm line 196.
Global symbol "$subs" requires explicit package name at /home/cpan/pit/rel/conf/perl-5.8.9/.cpanplus/5.8.9/build/LxQX5apfCY/Net-Stomp-0.61/blib/lib/Net/Stomp.pm line 196.
Global symbol "$subs" requires explicit package name at /home/cpan/pit/rel/conf/perl-5.8.9/.cpanplus/5.8.9/build/LxQX5apfCY/Net-Stomp-0.61/blib/lib/Net/Stomp.pm line 196.
Global symbol "$id" requires explicit package name at /home/cpan/pit/rel/conf/perl-5.8.9/.cpanplus/5.8.9/build/LxQX5apfCY/Net-Stomp-0.61/blib/lib/Net/Stomp.pm line 196.
Global symbol "$id" requires explicit package name at /home/cpan/pit/rel/conf/perl-5.8.9/.cpanplus/5.8.9/build/LxQX5apfCY/Net-Stomp-0.61/blib/lib/Net/Stomp.pm line 196.
Global symbol "$id" requires explicit package name at /home/cpan/pit/rel/conf/perl-5.8.9/.cpanplus/5.8.9/build/LxQX5apfCY/Net-Stomp-0.61/blib/lib/Net/Stomp.pm line 196.
Global symbol "$id" requires explicit package name at /home/cpan/pit/rel/conf/perl-5.8.9/.cpanplus/5.8.9/build/LxQX5apfCY/Net-Stomp-0.61/blib/lib/Net/Stomp.pm line 196.
Global symbol "$id" requires explicit package name at /home/cpan/pit/rel/conf/perl-5.8.9/.cpanplus/5.8.9/build/LxQX5apfCY/Net-Stomp-0.61/blib/lib/Net/Stomp.pm line 196.
Global symbol "$id" requires explicit package name at /home/cpan/pit/rel/conf/perl-5.8.9/.cpanplus/5.8.9/build/LxQX5apfCY/Net-Stomp-0.61/blib/lib/Net/Stomp.pm line 196.
Global symbol "$to_write" requires explicit package name at /home/cpan/pit/rel/conf/perl-5.8.9/.cpanplus/5.8.9/build/LxQX5apfCY/Net-Stomp-0.61/blib/lib/Net/Stomp.pm line 196.
Global symbol "$frame_string" requires explicit package name at /home/cpan/pit/rel/conf/perl-5.8.9/.cpanplus/5.8.9/build/LxQX5apfCY/Net-Stomp-0.61/blib/lib/Net/Stomp.pm line 196.
Global symbol "$written" requires explicit package name at /home/cpan/pit/rel/conf/perl-5.8.9/.cpanplus/5.8.9/build/LxQX5apfCY/Net-Stomp-0.61/blib/lib/Net/Stomp.pm line 196.
Global symbol "$to_write" requires explicit package name at /home/cpan/pit/rel/conf/perl-5.8.9/.cpanplus/5.8.9/build/LxQX5apfCY/Net-Stomp-0.61/blib/lib/Net/Stomp.pm line 196.
Global symbol "$written" requires explicit package name at /home/cpan/pit/rel/conf/perl-5.8.9/.cpanplus/5.8.9/build/LxQX5apfCY/Net-Stomp-0.61/blib/lib/Net/Stomp.pm line 196.
Global symbol "$to_write" requires explicit package name at /home/cpan/pit/rel/conf/perl-5.8.9/.cpanplus/5.8.9/build/LxQX5apfCY/Net-Stomp-0.61/blib/lib/Net/Stomp.pm line 196.
Global symbol "$written" requires explicit package name at /home/cpan/pit/rel/conf/perl-5.8.9/.cpanplus/5.8.9/build/LxQX5apfCY/Net-Stomp-0.61/blib/lib/Net/Stomp.pm line 196.
Global symbol "$to_write" requires explicit package name at /home/cpan/pit/rel/conf/perl-5.8.9/.cpanplus/5.8.9/build/LxQX5apfCY/Net-Stomp-0.61/blib/lib/Net/Stomp.pm line 196.
Global symbol "$written" requires explicit package name at /home/cpan/pit/rel/conf/perl-5.8.9/.cpanplus/5.8.9/build/LxQX5apfCY/Net-Stomp-0.61/blib/lib/Net/Stomp.pm line 196.
Global symbol "$written" requires explicit package name at /home/cpan/pit/rel/conf/perl-5.8.9/.cpanplus/5.8.9/build/LxQX5apfCY/Net-Stomp-0.61/blib/lib/Net/Stomp.pm line 196.
Global symbol "$frame_string" requires explicit package name at /home/cpan/pit/rel/conf/perl-5.8.9/.cpanplus/5.8.9/build/LxQX5apfCY/Net-Stomp-0.61/blib/lib/Net/Stomp.pm line 196.
Global symbol "$written" requires explicit package name at /home/cpan/pit/rel/conf/perl-5.8.9/.cpanplus/5.8.9/build/LxQX5apfCY/Net-Stomp-0.61/blib/lib/Net/Stomp.pm line 196.
Global symbol "$timeout" requires explicit package name at /home/cpan/pit/rel/conf/perl-5.8.9/.cpanplus/5.8.9/build/LxQX5apfCY/Net-Stomp-0.61/blib/lib/Net/Stomp.pm line 196.
Global symbol "$timeout" requires explicit package name at /home/cpan/pit/rel/conf/perl-5.8.9/.cpanplus/5.8.9/build/LxQX5apfCY/Net-Stomp-0.61/blib/lib/Net/Stomp.pm line 196.
Global symbol "$len" requires explicit package name at /home/cpan/pit/rel/conf/perl-5.8.9/.cpanplus/5.8.9/build/LxQX5apfCY/Net-Stomp-0.61/blib/lib/Net/Stomp.pm line 196.
Global symbol "$len" requires explicit package name at /home/cpan/pit/rel/conf/perl-5.8.9/.cpanplus/5.8.9/build/LxQX5apfCY/Net-Stomp-0.61/blib/lib/Net/Stomp.pm line 196.
Global symbol "$len" requires explicit package name at /home/cpan/pit/rel/conf/perl-5.8.9/.cpanplus/5.8.9/build/LxQX5apfCY/Net-Stomp-0.61/blib/lib/Net/Stomp.pm line 196.
Global symbol "$len" requires explicit package name at /home/cpan/pit/rel/conf/perl-5.8.9/.cpanplus/5.8.9/build/LxQX5apfCY/Net-Stomp-0.61/blib/lib/Net/Stomp.pm line 196.
Global symbol "$len" requires explicit package name at /home/cpan/pit/rel/conf/perl-5.8.9/.cpanplus/5.8.9/build/LxQX5apfCY/Net-Stomp-0.61/blib/lib/Net/Stomp.pm line 196.
syntax error at /home/cpan/pit/rel/conf/perl-5.8.9/.cpanplus/5.8.9/build/LxQX5apfCY/Net-Stomp-0.61/blib/lib/Net/Stomp.pm line 453, near "[^"
(Might be a runaway multi-line // string starting on line 196)
/home/cpan/pit/rel/conf/perl-5.8.9/.cpanplus/5.8.9/build/LxQX5apfCY/Net-Stomp-0.61/blib/lib/Net/Stomp.pm has too many errors.
Compilation failed in require at t/lib/TestHelp.pm line 10.
BEGIN failed--compilation aborted at t/lib/TestHelp.pm line 10.
Compilation failed in require at t/send-transactional.t line 2.
BEGIN failed--compilation aborted at t/send-transactional.t line 2.
t/send-transactional.t ..
Dubious, test returned 9 (wstat 2304, 0x900)
No subtests run
Global symbol "$sub" requires explicit package name at /home/cpan/pit/rel/conf/perl-5.8.9/.cpanplus/5.8.9/build/LxQX5apfCY/Net-Stomp-0.61/blib/lib/Net/Stomp.pm line 196.
Global symbol "$sub" requires explicit package name at /home/cpan/pit/rel/conf/perl-5.8.9/.cpanplus/5.8.9/build/LxQX5apfCY/Net-Stomp-0.61/blib/lib/Net/Stomp.pm line 196.
Global symbol "$timeout" requires explicit package name at /home/cpan/pit/rel/conf/perl-5.8.9/.cpanplus/5.8.9/build/LxQX5apfCY/Net-Stomp-0.61/blib/lib/Net/Stomp.pm line 196.
Global symbol "$timeout" requires explicit package name at /home/cpan/pit/rel/conf/perl-5.8.9/.cpanplus/5.8.9/build/LxQX5apfCY/Net-Stomp-0.61/blib/lib/Net/Stomp.pm line 196.
Global symbol "$body" requires explicit package name at /home/cpan/pit/rel/conf/perl-5.8.9/.cpanplus/5.8.9/build/LxQX5apfCY/Net-Stomp-0.61/blib/lib/Net/Stomp.pm line 196.
Global symbol "$body" requires explicit package name at /home/cpan/pit/rel/conf/perl-5.8.9/.cpanplus/5.8.9/build/LxQX5apfCY/Net-Stomp-0.61/blib/lib/Net/Stomp.pm line 196.
Global symbol "$receipt_id" requires explicit package name at /home/cpan/pit/rel/conf/perl-5.8.9/.cpanplus/5.8.9/build/LxQX5apfCY/Net-Stomp-0.61/blib/lib/Net/Stomp.pm line 196.
Global symbol "$receipt_id" requires explicit package name at /home/cpan/pit/rel/conf/perl-5.8.9/.cpanplus/5.8.9/build/LxQX5apfCY/Net-Stomp-0.61/blib/lib/Net/Stomp.pm line 196.
Global symbol "$receipt_id" requires explicit package name at /home/cpan/pit/rel/conf/perl-5.8.9/.cpanplus/5.8.9/build/LxQX5apfCY/Net-Stomp-0.61/blib/lib/Net/Stomp.pm line 196.
Global symbol "$receipt_timeout" requires explicit package name at /home/cpan/pit/rel/conf/perl-5.8.9/.cpanplus/5.8.9/build/LxQX5apfCY/Net-Stomp-0.61/blib/lib/Net/Stomp.pm line 196.
Global symbol "$receipt_frame" requires explicit package name at /home/cpan/pit/rel/conf/perl-5.8.9/.cpanplus/5.8.9/build/LxQX5apfCY/Net-Stomp-0.61/blib/lib/Net/Stomp.pm line 196.
Global symbol "$receipt_timeout" requires explicit package name at /home/cpan/pit/rel/conf/perl-5.8.9/.cpanplus/5.8.9/build/LxQX5apfCY/Net-Stomp-0.61/blib/lib/Net/Stomp.pm line 196.
Global symbol "$receipt_timeout" requires explicit package name at /home/cpan/pit/rel/conf/perl-5.8.9/.cpanplus/5.8.9/build/LxQX5apfCY/Net-Stomp-0.61/blib/lib/Net/Stomp.pm line 196.
Global symbol "$receipt_frame" requires explicit package name at /home/cpan/pit/rel/conf/perl-5.8.9/.cpanplus/5.8.9/build/LxQX5apfCY/Net-Stomp-0.61/blib/lib/Net/Stomp.pm line 196.
Global symbol "$receipt_frame" requires explicit package name at /home/cpan/pit/rel/conf/perl-5.8.9/.cpanplus/5.8.9/build/LxQX5apfCY/Net-Stomp-0.61/blib/lib/Net/Stomp.pm line 196.
Global symbol "$receipt_frame" requires explicit package name at /home/cpan/pit/rel/conf/perl-5.8.9/.cpanplus/5.8.9/build/LxQX5apfCY/Net-Stomp-0.61/blib/lib/Net/Stomp.pm line 196.
Global symbol "$receipt_frame" requires explicit package name at /home/cpan/pit/rel/conf/perl-5.8.9/.cpanplus/5.8.9/build/LxQX5apfCY/Net-Stomp-0.61/blib/lib/Net/Stomp.pm line 196.
Global symbol "$receipt_id" requires explicit package name at /home/cpan/pit/rel/conf/perl-5.8.9/.cpanplus/5.8.9/build/LxQX5apfCY/Net-Stomp-0.61/blib/lib/Net/Stomp.pm line 196.
Global symbol "$receipt_frame" requires explicit package name at /home/cpan/pit/rel/conf/perl-5.8.9/.cpanplus/5.8.9/build/LxQX5apfCY/Net-Stomp-0.61/blib/lib/Net/Stomp.pm line 196.
Global symbol "$receipt_frame" requires explicit package name at /home/cpan/pit/rel/conf/perl-5.8.9/.cpanplus/5.8.9/build/LxQX5apfCY/Net-Stomp-0.61/blib/lib/Net/Stomp.pm line 196.
Global symbol "$transaction_id" requires explicit package name at /home/cpan/pit/rel/conf/perl-5.8.9/.cpanplus/5.8.9/build/LxQX5apfCY/Net-Stomp-0.61/blib/lib/Net/Stomp.pm line 196.
Global symbol "$transaction_id" requires explicit package name at /home/cpan/pit/rel/conf/perl-5.8.9/.cpanplus/5.8.9/build/LxQX5apfCY/Net-Stomp-0.61/blib/lib/Net/Stomp.pm line 196.
Global symbol "$begin_frame" requires explicit package name at /home/cpan/pit/rel/conf/perl-5.8.9/.cpanplus/5.8.9/build/LxQX5apfCY/Net-Stomp-0.61/blib/lib/Net/Stomp.pm line 196.
Global symbol "$transaction_id" requires explicit package name at /home/cpan/pit/rel/conf/perl-5.8.9/.cpanplus/5.8.9/build/LxQX5apfCY/Net-Stomp-0.61/blib/lib/Net/Stomp.pm line 196.
Global symbol "$begin_frame" requires explicit package name at /home/cpan/pit/rel/conf/perl-5.8.9/.cpanplus/5.8.9/build/LxQX5apfCY/Net-Stomp-0.61/blib/lib/Net/Stomp.pm line 196.
Global symbol "$transaction_id" requires explicit package name at /home/cpan/pit/rel/conf/perl-5.8.9/.cpanplus/5.8.9/build/LxQX5apfCY/Net-Stomp-0.61/blib/lib/Net/Stomp.pm line 196.
Global symbol "$receipt_frame" requires explicit package name at /home/cpan/pit/rel/conf/perl-5.8.9/.cpanplus/5.8.9/build/LxQX5apfCY/Net-Stomp-0.61/blib/lib/Net/Stomp.pm line 196.
Global symbol "$ret" requires explicit package name at /home/cpan/pit/rel/conf/perl-5.8.9/.cpanplus/5.8.9/build/LxQX5apfCY/Net-Stomp-0.61/blib/lib/Net/Stomp.pm line 196.
Global symbol "$receipt_frame" requires explicit package name at /home/cpan/pit/rel/conf/perl-5.8.9/.cpanplus/5.8.9/build/LxQX5apfCY/Net-Stomp-0.61/blib/lib/Net/Stomp.pm line 196.
Global symbol "$receipt_frame" requires explicit package name at /home/cpan/pit/rel/conf/perl-5.8.9/.cpanplus/5.8.9/build/LxQX5apfCY/Net-Stomp-0.61/blib/lib/Net/Stomp.pm line 196.
Global symbol "$ret" requires explicit package name at /home/cpan/pit/rel/conf/perl-5.8.9/.cpanplus/5.8.9/build/LxQX5apfCY/Net-Stomp-0.61/blib/lib/Net/Stomp.pm line 196.
Global symbol "$transaction_id" requires explicit package name at /home/cpan/pit/rel/conf/perl-5.8.9/.cpanplus/5.8.9/build/LxQX5apfCY/Net-Stomp-0.61/blib/lib/Net/Stomp.pm line 196.
Global symbol "$frame_commit" requires explicit package name at /home/cpan/pit/rel/conf/perl-5.8.9/.cpanplus/5.8.9/build/LxQX5apfCY/Net-Stomp-0.61/blib/lib/Net/Stomp.pm line 196.
Global symbol "$transaction_id" requires explicit package name at /home/cpan/pit/rel/conf/perl-5.8.9/.cpanplus/5.8.9/build/LxQX5apfCY/Net-Stomp-0.61/blib/lib/Net/Stomp.pm line 196.
Global symbol "$frame_commit" requires explicit package name at /home/cpan/pit/rel/conf/perl-5.8.9/.cpanplus/5.8.9/build/LxQX5apfCY/Net-Stomp-0.61/blib/lib/Net/Stomp.pm line 196.
Global symbol "$transaction_id" requires explicit package name at /home/cpan/pit/rel/conf/perl-5.8.9/.cpanplus/5.8.9/build/LxQX5apfCY/Net-Stomp-0.61/blib/lib/Net/Stomp.pm line 196.
Global symbol "$frame_abort" requires explicit package name at /home/cpan/pit/rel/conf/perl-5.8.9/.cpanplus/5.8.9/build/LxQX5apfCY/Net-Stomp-0.61/blib/lib/Net/Stomp.pm line 196.
Global symbol "$transaction_id" requires explicit package name at /home/cpan/pit/rel/conf/perl-5.8.9/.cpanplus/5.8.9/build/LxQX5apfCY/Net-Stomp-0.61/blib/lib/Net/Stomp.pm line 196.
Global symbol "$frame_abort" requires explicit package name at /home/cpan/pit/rel/conf/perl-5.8.9/.cpanplus/5.8.9/build/LxQX5apfCY/Net-Stomp-0.61/blib/lib/Net/Stomp.pm line 196.
Global symbol "$ret" requires explicit package name at /home/cpan/pit/rel/conf/perl-5.8.9/.cpanplus/5.8.9/build/LxQX5apfCY/Net-Stomp-0.61/blib/lib/Net/Stomp.pm line 196.
Global symbol "$subs" requires explicit package name at /home/cpan/pit/rel/conf/perl-5.8.9/.cpanplus/5.8.9/build/LxQX5apfCY/Net-Stomp-0.61/blib/lib/Net/Stomp.pm line 196.
Global symbol "$subs" requires explicit package name at /home/cpan/pit/rel/conf/perl-5.8.9/.cpanplus/5.8.9/build/LxQX5apfCY/Net-Stomp-0.61/blib/lib/Net/Stomp.pm line 196.
Global symbol "$subs" requires explicit package name at /home/cpan/pit/rel/conf/perl-5.8.9/.cpanplus/5.8.9/build/LxQX5apfCY/Net-Stomp-0.61/blib/lib/Net/Stomp.pm line 196.
Global symbol "$subs" requires explicit package name at /home/cpan/pit/rel/conf/perl-5.8.9/.cpanplus/5.8.9/build/LxQX5apfCY/Net-Stomp-0.61/blib/lib/Net/Stomp.pm line 196.
Global symbol "$id" requires explicit package name at /home/cpan/pit/rel/conf/perl-5.8.9/.cpanplus/5.8.9/build/LxQX5apfCY/Net-Stomp-0.61/blib/lib/Net/Stomp.pm line 196.
Global symbol "$id" requires explicit package name at /home/cpan/pit/rel/conf/perl-5.8.9/.cpanplus/5.8.9/build/LxQX5apfCY/Net-Stomp-0.61/blib/lib/Net/Stomp.pm line 196.
Global symbol "$id" requires explicit package name at /home/cpan/pit/rel/conf/perl-5.8.9/.cpanplus/5.8.9/build/LxQX5apfCY/Net-Stomp-0.61/blib/lib/Net/Stomp.pm line 196.
Global symbol "$id" requires explicit package name at /home/cpan/pit/rel/conf/perl-5.8.9/.cpanplus/5.8.9/build/LxQX5apfCY/Net-Stomp-0.61/blib/lib/Net/Stomp.pm line 196.
Global symbol "$id" requires explicit package name at /home/cpan/pit/rel/conf/perl-5.8.9/.cpanplus/5.8.9/build/LxQX5apfCY/Net-Stomp-0.61/blib/lib/Net/Stomp.pm line 196.
Global symbol "$id" requires explicit package name at /home/cpan/pit/rel/conf/perl-5.8.9/.cpanplus/5.8.9/build/LxQX5apfCY/Net-Stomp-0.61/blib/lib/Net/Stomp.pm line 196.
Global symbol "$to_write" requires explicit package name at /home/cpan/pit/rel/conf/perl-5.8.9/.cpanplus/5.8.9/build/LxQX5apfCY/Net-Stomp-0.61/blib/lib/Net/Stomp.pm line 196.
Global symbol "$frame_string" requires explicit package name at /home/cpan/pit/rel/conf/perl-5.8.9/.cpanplus/5.8.9/build/LxQX5apfCY/Net-Stomp-0.61/blib/lib/Net/Stomp.pm line 196.
Global symbol "$written" requires explicit package name at /home/cpan/pit/rel/conf/perl-5.8.9/.cpanplus/5.8.9/build/LxQX5apfCY/Net-Stomp-0.61/blib/lib/Net/Stomp.pm line 196.
Global symbol "$to_write" requires explicit package name at /home/cpan/pit/rel/conf/perl-5.8.9/.cpanplus/5.8.9/build/LxQX5apfCY/Net-Stomp-0.61/blib/lib/Net/Stomp.pm line 196.
Global symbol "$written" requires explicit package name at /home/cpan/pit/rel/conf/perl-5.8.9/.cpanplus/5.8.9/build/LxQX5apfCY/Net-Stomp-0.61/blib/lib/Net/Stomp.pm line 196.
Global symbol "$to_write" requires explicit package name at /home/cpan/pit/rel/conf/perl-5.8.9/.cpanplus/5.8.9/build/LxQX5apfCY/Net-Stomp-0.61/blib/lib/Net/Stomp.pm line 196.
Global symbol "$written" requires explicit package name at /home/cpan/pit/rel/conf/perl-5.8.9/.cpanplus/5.8.9/build/LxQX5apfCY/Net-Stomp-0.61/blib/lib/Net/Stomp.pm line 196.
Global symbol "$to_write" requires explicit package name at /home/cpan/pit/rel/conf/perl-5.8.9/.cpanplus/5.8.9/build/LxQX5apfCY/Net-Stomp-0.61/blib/lib/Net/Stomp.pm line 196.
Global symbol "$written" requires explicit package name at /home/cpan/pit/rel/conf/perl-5.8.9/.cpanplus/5.8.9/build/LxQX5apfCY/Net-Stomp-0.61/blib/lib/Net/Stomp.pm line 196.
Global symbol "$written" requires explicit package name at /home/cpan/pit/rel/conf/perl-5.8.9/.cpanplus/5.8.9/build/LxQX5apfCY/Net-Stomp-0.61/blib/lib/Net/Stomp.pm line 196.
Global symbol "$frame_string" requires explicit package name at /home/cpan/pit/rel/conf/perl-5.8.9/.cpanplus/5.8.9/build/LxQX5apfCY/Net-Stomp-0.61/blib/lib/Net/Stomp.pm line 196.
Global symbol "$written" requires explicit package name at /home/cpan/pit/rel/conf/perl-5.8.9/.cpanplus/5.8.9/build/LxQX5apfCY/Net-Stomp-0.61/blib/lib/Net/Stomp.pm line 196.
Global symbol "$timeout" requires explicit package name at /home/cpan/pit/rel/conf/perl-5.8.9/.cpanplus/5.8.9/build/LxQX5apfCY/Net-Stomp-0.61/blib/lib/Net/Stomp.pm line 196.
Global symbol "$timeout" requires explicit package name at /home/cpan/pit/rel/conf/perl-5.8.9/.cpanplus/5.8.9/build/LxQX5apfCY/Net-Stomp-0.61/blib/lib/Net/Stomp.pm line 196.
Global symbol "$len" requires explicit package name at /home/cpan/pit/rel/conf/perl-5.8.9/.cpanplus/5.8.9/build/LxQX5apfCY/Net-Stomp-0.61/blib/lib/Net/Stomp.pm line 196.
Global symbol "$len" requires explicit package name at /home/cpan/pit/rel/conf/perl-5.8.9/.cpanplus/5.8.9/build/LxQX5apfCY/Net-Stomp-0.61/blib/lib/Net/Stomp.pm line 196.
Global symbol "$len" requires explicit package name at /home/cpan/pit/rel/conf/perl-5.8.9/.cpanplus/5.8.9/build/LxQX5apfCY/Net-Stomp-0.61/blib/lib/Net/Stomp.pm line 196.
Global symbol "$len" requires explicit package name at /home/cpan/pit/rel/conf/perl-5.8.9/.cpanplus/5.8.9/build/LxQX5apfCY/Net-Stomp-0.61/blib/lib/Net/Stomp.pm line 196.
Global symbol "$len" requires explicit package name at /home/cpan/pit/rel/conf/perl-5.8.9/.cpanplus/5.8.9/build/LxQX5apfCY/Net-Stomp-0.61/blib/lib/Net/Stomp.pm line 196.
syntax error at /home/cpan/pit/rel/conf/perl-5.8.9/.cpanplus/5.8.9/build/LxQX5apfCY/Net-Stomp-0.61/blib/lib/Net/Stomp.pm line 453, near "[^"
(Might be a runaway multi-line // string starting on line 196)
/home/cpan/pit/rel/conf/perl-5.8.9/.cpanplus/5.8.9/build/LxQX5apfCY/Net-Stomp-0.61/blib/lib/Net/Stomp.pm has too many errors.
Compilation failed in require at t/lib/TestHelp.pm line 10.
BEGIN failed--compilation aborted at t/lib/TestHelp.pm line 10.
Compilation failed in require at t/send-with-receipt.t line 2.
BEGIN failed--compilation aborted at t/send-with-receipt.t line 2.
t/send-with-receipt.t ...
Dubious, test returned 9 (wstat 2304, 0x900)
No subtests run
Global symbol "$sub" requires explicit package name at /home/cpan/pit/rel/conf/perl-5.8.9/.cpanplus/5.8.9/build/LxQX5apfCY/Net-Stomp-0.61/blib/lib/Net/Stomp.pm line 196.
Global symbol "$sub" requires explicit package name at /home/cpan/pit/rel/conf/perl-5.8.9/.cpanplus/5.8.9/build/LxQX5apfCY/Net-Stomp-0.61/blib/lib/Net/Stomp.pm line 196.
Global symbol "$timeout" requires explicit package name at /home/cpan/pit/rel/conf/perl-5.8.9/.cpanplus/5.8.9/build/LxQX5apfCY/Net-Stomp-0.61/blib/lib/Net/Stomp.pm line 196.
Global symbol "$timeout" requires explicit package name at /home/cpan/pit/rel/conf/perl-5.8.9/.cpanplus/5.8.9/build/LxQX5apfCY/Net-Stomp-0.61/blib/lib/Net/Stomp.pm line 196.
Global symbol "$body" requires explicit package name at /home/cpan/pit/rel/conf/perl-5.8.9/.cpanplus/5.8.9/build/LxQX5apfCY/Net-Stomp-0.61/blib/lib/Net/Stomp.pm line 196.
Global symbol "$body" requires explicit package name at /home/cpan/pit/rel/conf/perl-5.8.9/.cpanplus/5.8.9/build/LxQX5apfCY/Net-Stomp-0.61/blib/lib/Net/Stomp.pm line 196.
Global symbol "$receipt_id" requires explicit package name at /home/cpan/pit/rel/conf/perl-5.8.9/.cpanplus/5.8.9/build/LxQX5apfCY/Net-Stomp-0.61/blib/lib/Net/Stomp.pm line 196.
Global symbol "$receipt_id" requires explicit package name at /home/cpan/pit/rel/conf/perl-5.8.9/.cpanplus/5.8.9/build/LxQX5apfCY/Net-Stomp-0.61/blib/lib/Net/Stomp.pm line 196.
Global symbol "$receipt_id" requires explicit package name at /home/cpan/pit/rel/conf/perl-5.8.9/.cpanplus/5.8.9/build/LxQX5apfCY/Net-Stomp-0.61/blib/lib/Net/Stomp.pm line 196.
Global symbol "$receipt_timeout" requires explicit package name at /home/cpan/pit/rel/conf/perl-5.8.9/.cpanplus/5.8.9/build/LxQX5apfCY/Net-Stomp-0.61/blib/lib/Net/Stomp.pm line 196.
Global symbol "$receipt_frame" requires explicit package name at /home/cpan/pit/rel/conf/perl-5.8.9/.cpanplus/5.8.9/build/LxQX5apfCY/Net-Stomp-0.61/blib/lib/Net/Stomp.pm line 196.
Global symbol "$receipt_timeout" requires explicit package name at /home/cpan/pit/rel/conf/perl-5.8.9/.cpanplus/5.8.9/build/LxQX5apfCY/Net-Stomp-0.61/blib/lib/Net/Stomp.pm line 196.
Global symbol "$receipt_timeout" requires explicit package name at /home/cpan/pit/rel/conf/perl-5.8.9/.cpanplus/5.8.9/build/LxQX5apfCY/Net-Stomp-0.61/blib/lib/Net/Stomp.pm line 196.
Global symbol "$receipt_frame" requires explicit package name at /home/cpan/pit/rel/conf/perl-5.8.9/.cpanplus/5.8.9/build/LxQX5apfCY/Net-Stomp-0.61/blib/lib/Net/Stomp.pm line 196.
Global symbol "$receipt_frame" requires explicit package name at /home/cpan/pit/rel/conf/perl-5.8.9/.cpanplus/5.8.9/build/LxQX5apfCY/Net-Stomp-0.61/blib/lib/Net/Stomp.pm line 196.
Global symbol "$receipt_frame" requires explicit package name at /home/cpan/pit/rel/conf/perl-5.8.9/.cpanplus/5.8.9/build/LxQX5apfCY/Net-Stomp-0.61/blib/lib/Net/Stomp.pm line 196.
Global symbol "$receipt_frame" requires explicit package name at /home/cpan/pit/rel/conf/perl-5.8.9/.cpanplus/5.8.9/build/LxQX5apfCY/Net-Stomp-0.61/blib/lib/Net/Stomp.pm line 196.
Global symbol "$receipt_id" requires explicit package name at /home/cpan/pit/rel/conf/perl-5.8.9/.cpanplus/5.8.9/build/LxQX5apfCY/Net-Stomp-0.61/blib/lib/Net/Stomp.pm line 196.
Global symbol "$receipt_frame" requires explicit package name at /home/cpan/pit/rel/conf/perl-5.8.9/.cpanplus/5.8.9/build/LxQX5apfCY/Net-Stomp-0.61/blib/lib/Net/Stomp.pm line 196.
Global symbol "$receipt_frame" requires explicit package name at /home/cpan/pit/rel/conf/perl-5.8.9/.cpanplus/5.8.9/build/LxQX5apfCY/Net-Stomp-0.61/blib/lib/Net/Stomp.pm line 196.
Global symbol "$transaction_id" requires explicit package name at /home/cpan/pit/rel/conf/perl-5.8.9/.cpanplus/5.8.9/build/LxQX5apfCY/Net-Stomp-0.61/blib/lib/Net/Stomp.pm line 196.
Global symbol "$transaction_id" requires explicit package name at /home/cpan/pit/rel/conf/perl-5.8.9/.cpanplus/5.8.9/build/LxQX5apfCY/Net-Stomp-0.61/blib/lib/Net/Stomp.pm line 196.
Global symbol "$begin_frame" requires explicit package name at /home/cpan/pit/rel/conf/perl-5.8.9/.cpanplus/5.8.9/build/LxQX5apfCY/Net-Stomp-0.61/blib/lib/Net/Stomp.pm line 196.
Global symbol "$transaction_id" requires explicit package name at /home/cpan/pit/rel/conf/perl-5.8.9/.cpanplus/5.8.9/build/LxQX5apfCY/Net-Stomp-0.61/blib/lib/Net/Stomp.pm line 196.
Global symbol "$begin_frame" requires explicit package name at /home/cpan/pit/rel/conf/perl-5.8.9/.cpanplus/5.8.9/build/LxQX5apfCY/Net-Stomp-0.61/blib/lib/Net/Stomp.pm line 196.
Global symbol "$transaction_id" requires explicit package name at /home/cpan/pit/rel/conf/perl-5.8.9/.cpanplus/5.8.9/build/LxQX5apfCY/Net-Stomp-0.61/blib/lib/Net/Stomp.pm line 196.
Global symbol "$receipt_frame" requires explicit package name at /home/cpan/pit/rel/conf/perl-5.8.9/.cpanplus/5.8.9/build/LxQX5apfCY/Net-Stomp-0.61/blib/lib/Net/Stomp.pm line 196.
Global symbol "$ret" requires explicit package name at /home/cpan/pit/rel/conf/perl-5.8.9/.cpanplus/5.8.9/build/LxQX5apfCY/Net-Stomp-0.61/blib/lib/Net/Stomp.pm line 196.
Global symbol "$receipt_frame" requires explicit package name at /home/cpan/pit/rel/conf/perl-5.8.9/.cpanplus/5.8.9/build/LxQX5apfCY/Net-Stomp-0.61/blib/lib/Net/Stomp.pm line 196.
Global symbol "$receipt_frame" requires explicit package name at /home/cpan/pit/rel/conf/perl-5.8.9/.cpanplus/5.8.9/build/LxQX5apfCY/Net-Stomp-0.61/blib/lib/Net/Stomp.pm line 196.
Global symbol "$ret" requires explicit package name at /home/cpan/pit/rel/conf/perl-5.8.9/.cpanplus/5.8.9/build/LxQX5apfCY/Net-Stomp-0.61/blib/lib/Net/Stomp.pm line 196.
Global symbol "$transaction_id" requires explicit package name at /home/cpan/pit/rel/conf/perl-5.8.9/.cpanplus/5.8.9/build/LxQX5apfCY/Net-Stomp-0.61/blib/lib/Net/Stomp.pm line 196.
Global symbol "$frame_commit" requires explicit package name at /home/cpan/pit/rel/conf/perl-5.8.9/.cpanplus/5.8.9/build/LxQX5apfCY/Net-Stomp-0.61/blib/lib/Net/Stomp.pm line 196.
Global symbol "$transaction_id" requires explicit package name at /home/cpan/pit/rel/conf/perl-5.8.9/.cpanplus/5.8.9/build/LxQX5apfCY/Net-Stomp-0.61/blib/lib/Net/Stomp.pm line 196.
Global symbol "$frame_commit" requires explicit package name at /home/cpan/pit/rel/conf/perl-5.8.9/.cpanplus/5.8.9/build/LxQX5apfCY/Net-Stomp-0.61/blib/lib/Net/Stomp.pm line 196.
Global symbol "$transaction_id" requires explicit package name at /home/cpan/pit/rel/conf/perl-5.8.9/.cpanplus/5.8.9/build/LxQX5apfCY/Net-Stomp-0.61/blib/lib/Net/Stomp.pm line 196.
Global symbol "$frame_abort" requires explicit package name at /home/cpan/pit/rel/conf/perl-5.8.9/.cpanplus/5.8.9/build/LxQX5apfCY/Net-Stomp-0.61/blib/lib/Net/Stomp.pm line 196.
Global symbol "$transaction_id" requires explicit package name at /home/cpan/pit/rel/conf/perl-5.8.9/.cpanplus/5.8.9/build/LxQX5apfCY/Net-Stomp-0.61/blib/lib/Net/Stomp.pm line 196.
Global symbol "$frame_abort" requires explicit package name at /home/cpan/pit/rel/conf/perl-5.8.9/.cpanplus/5.8.9/build/LxQX5apfCY/Net-Stomp-0.61/blib/lib/Net/Stomp.pm line 196.
Global symbol "$ret" requires explicit package name at /home/cpan/pit/rel/conf/perl-5.8.9/.cpanplus/5.8.9/build/LxQX5apfCY/Net-Stomp-0.61/blib/lib/Net/Stomp.pm line 196.
Global symbol "$subs" requires explicit package name at /home/cpan/pit/rel/conf/perl-5.8.9/.cpanplus/5.8.9/build/LxQX5apfCY/Net-Stomp-0.61/blib/lib/Net/Stomp.pm line 196.
Global symbol "$subs" requires explicit package name at /home/cpan/pit/rel/conf/perl-5.8.9/.cpanplus/5.8.9/build/LxQX5apfCY/Net-Stomp-0.61/blib/lib/Net/Stomp.pm line 196.
Global symbol "$subs" requires explicit package name at /home/cpan/pit/rel/conf/perl-5.8.9/.cpanplus/5.8.9/build/LxQX5apfCY/Net-Stomp-0.61/blib/lib/Net/Stomp.pm line 196.
Global symbol "$subs" requires explicit package name at /home/cpan/pit/rel/conf/perl-5.8.9/.cpanplus/5.8.9/build/LxQX5apfCY/Net-Stomp-0.61/blib/lib/Net/Stomp.pm line 196.
Global symbol "$id" requires explicit package name at /home/cpan/pit/rel/conf/perl-5.8.9/.cpanplus/5.8.9/build/LxQX5apfCY/Net-Stomp-0.61/blib/lib/Net/Stomp.pm line 196.
Global symbol "$id" requires explicit package name at /home/cpan/pit/rel/conf/perl-5.8.9/.cpanplus/5.8.9/build/LxQX5apfCY/Net-Stomp-0.61/blib/lib/Net/Stomp.pm line 196.
Global symbol "$id" requires explicit package name at /home/cpan/pit/rel/conf/perl-5.8.9/.cpanplus/5.8.9/build/LxQX5apfCY/Net-Stomp-0.61/blib/lib/Net/Stomp.pm line 196.
Global symbol "$id" requires explicit package name at /home/cpan/pit/rel/conf/perl-5.8.9/.cpanplus/5.8.9/build/LxQX5apfCY/Net-Stomp-0.61/blib/lib/Net/Stomp.pm line 196.
Global symbol "$id" requires explicit package name at /home/cpan/pit/rel/conf/perl-5.8.9/.cpanplus/5.8.9/build/LxQX5apfCY/Net-Stomp-0.61/blib/lib/Net/Stomp.pm line 196.
Global symbol "$id" requires explicit package name at /home/cpan/pit/rel/conf/perl-5.8.9/.cpanplus/5.8.9/build/LxQX5apfCY/Net-Stomp-0.61/blib/lib/Net/Stomp.pm line 196.
Global symbol "$to_write" requires explicit package name at /home/cpan/pit/rel/conf/perl-5.8.9/.cpanplus/5.8.9/build/LxQX5apfCY/Net-Stomp-0.61/blib/lib/Net/Stomp.pm line 196.
Global symbol "$frame_string" requires explicit package name at /home/cpan/pit/rel/conf/perl-5.8.9/.cpanplus/5.8.9/build/LxQX5apfCY/Net-Stomp-0.61/blib/lib/Net/Stomp.pm line 196.
Global symbol "$written" requires explicit package name at /home/cpan/pit/rel/conf/perl-5.8.9/.cpanplus/5.8.9/build/LxQX5apfCY/Net-Stomp-0.61/blib/lib/Net/Stomp.pm line 196.
Global symbol "$to_write" requires explicit package name at /home/cpan/pit/rel/conf/perl-5.8.9/.cpanplus/5.8.9/build/LxQX5apfCY/Net-Stomp-0.61/blib/lib/Net/Stomp.pm line 196.
Global symbol "$written" requires explicit package name at /home/cpan/pit/rel/conf/perl-5.8.9/.cpanplus/5.8.9/build/LxQX5apfCY/Net-Stomp-0.61/blib/lib/Net/Stomp.pm line 196.
Global symbol "$to_write" requires explicit package name at /home/cpan/pit/rel/conf/perl-5.8.9/.cpanplus/5.8.9/build/LxQX5apfCY/Net-Stomp-0.61/blib/lib/Net/Stomp.pm line 196.
Global symbol "$written" requires explicit package name at /home/cpan/pit/rel/conf/perl-5.8.9/.cpanplus/5.8.9/build/LxQX5apfCY/Net-Stomp-0.61/blib/lib/Net/Stomp.pm line 196.
Global symbol "$to_write" requires explicit package name at /home/cpan/pit/rel/conf/perl-5.8.9/.cpanplus/5.8.9/build/LxQX5apfCY/Net-Stomp-0.61/blib/lib/Net/Stomp.pm line 196.
Global symbol "$written" requires explicit package name at /home/cpan/pit/rel/conf/perl-5.8.9/.cpanplus/5.8.9/build/LxQX5apfCY/Net-Stomp-0.61/blib/lib/Net/Stomp.pm line 196.
Global symbol "$written" requires explicit package name at /home/cpan/pit/rel/conf/perl-5.8.9/.cpanplus/5.8.9/build/LxQX5apfCY/Net-Stomp-0.61/blib/lib/Net/Stomp.pm line 196.
Global symbol "$frame_string" requires explicit package name at /home/cpan/pit/rel/conf/perl-5.8.9/.cpanplus/5.8.9/build/LxQX5apfCY/Net-Stomp-0.61/blib/lib/Net/Stomp.pm line 196.
Global symbol "$written" requires explicit package name at /home/cpan/pit/rel/conf/perl-5.8.9/.cpanplus/5.8.9/build/LxQX5apfCY/Net-Stomp-0.61/blib/lib/Net/Stomp.pm line 196.
Global symbol "$timeout" requires explicit package name at /home/cpan/pit/rel/conf/perl-5.8.9/.cpanplus/5.8.9/build/LxQX5apfCY/Net-Stomp-0.61/blib/lib/Net/Stomp.pm line 196.
Global symbol "$timeout" requires explicit package name at /home/cpan/pit/rel/conf/perl-5.8.9/.cpanplus/5.8.9/build/LxQX5apfCY/Net-Stomp-0.61/blib/lib/Net/Stomp.pm line 196.
Global symbol "$len" requires explicit package name at /home/cpan/pit/rel/conf/perl-5.8.9/.cpanplus/5.8.9/build/LxQX5apfCY/Net-Stomp-0.61/blib/lib/Net/Stomp.pm line 196.
Global symbol "$len" requires explicit package name at /home/cpan/pit/rel/conf/perl-5.8.9/.cpanplus/5.8.9/build/LxQX5apfCY/Net-Stomp-0.61/blib/lib/Net/Stomp.pm line 196.
Global symbol "$len" requires explicit package name at /home/cpan/pit/rel/conf/perl-5.8.9/.cpanplus/5.8.9/build/LxQX5apfCY/Net-Stomp-0.61/blib/lib/Net/Stomp.pm line 196.
Global symbol "$len" requires explicit package name at /home/cpan/pit/rel/conf/perl-5.8.9/.cpanplus/5.8.9/build/LxQX5apfCY/Net-Stomp-0.61/blib/lib/Net/Stomp.pm line 196.
Global symbol "$len" requires explicit package name at /home/cpan/pit/rel/conf/perl-5.8.9/.cpanplus/5.8.9/build/LxQX5apfCY/Net-Stomp-0.61/blib/lib/Net/Stomp.pm line 196.
syntax error at /home/cpan/pit/rel/conf/perl-5.8.9/.cpanplus/5.8.9/build/LxQX5apfCY/Net-Stomp-0.61/blib/lib/Net/Stomp.pm line 453, near "[^"
(Might be a runaway multi-line // string starting on line 196)
/home/cpan/pit/rel/conf/perl-5.8.9/.cpanplus/5.8.9/build/LxQX5apfCY/Net-Stomp-0.61/blib/lib/Net/Stomp.pm has too many errors.
Compilation failed in require at t/lib/TestHelp.pm line 10.
BEGIN failed--compilation aborted at t/lib/TestHelp.pm line 10.
Compilation failed in require at t/sending-frames.t line 2.
BEGIN failed--compilation aborted at t/sending-frames.t line 2.
t/sending-frames.t ......
Dubious, test returned 9 (wstat 2304, 0x900)
No subtests run
Test Summary Report
-------------------
t/connect-disconnect.t (Wstat: 2304 Tests: 0 Failed: 0)
Non-zero exit status: 9
Parse errors: No plan found in TAP output
t/constructor.t (Wstat: 2304 Tests: 0 Failed: 0)
Non-zero exit status: 9
Parse errors: No plan found in TAP output
t/failover.t (Wstat: 2304 Tests: 0 Failed: 0)
Non-zero exit status: 9
Parse errors: No plan found in TAP output
t/frame-accessors.t (Wstat: 2304 Tests: 0 Failed: 0)
Non-zero exit status: 9
Parse errors: No plan found in TAP output
t/initial-connect.t (Wstat: 2304 Tests: 0 Failed: 0)
Non-zero exit status: 9
Parse errors: No plan found in TAP output
t/read-timeout.t (Wstat: 2304 Tests: 0 Failed: 0)
Non-zero exit status: 9
Parse errors: No plan found in TAP output
t/receiving-frames.t (Wstat: 2304 Tests: 0 Failed: 0)
Non-zero exit status: 9
Parse errors: No plan found in TAP output
t/reconnect.t (Wstat: 2304 Tests: 0 Failed: 0)
Non-zero exit status: 9
Parse errors: No plan found in TAP output
t/send-transactional.t (Wstat: 2304 Tests: 0 Failed: 0)
Non-zero exit status: 9
Parse errors: No plan found in TAP output
t/send-with-receipt.t (Wstat: 2304 Tests: 0 Failed: 0)
Non-zero exit status: 9
Parse errors: No plan found in TAP output
t/sending-frames.t (Wstat: 2304 Tests: 0 Failed: 0)
Non-zero exit status: 9
Parse errors: No plan found in TAP output
Files=13, Tests=0, 1 wallclock secs ( 0.02 usr 0.02 sys + 0.24 cusr 0.04 csys = 0.32 CPU)
Result: FAIL
Failed 11/13 test programs. 0/0 subtests failed.
PREREQUISITES:
Here is a list of prerequisites you specified and versions we
managed to load:
Module Name Have Want
Class::Accessor::Fast 0.51 0
IO::Select 1.17 0
IO::Socket::INET 1.31 0
Log::Any 1.709 1.707
Log::Any::Adapter::TAP 0.003003 0.003003
Test::Deep 1.130 0
Test::Fatal 0.016 0
Test::More 1.302183 0
Test::NiceDump 1.0.1 v1.0.0
Perl module toolchain versions installed:
Module Name Have
CPANPLUS 0.9910
CPANPLUS::Dist::Build 0.90
Cwd 3.75
ExtUtils::CBuilder 0.280235
ExtUtils::Command 7.58
ExtUtils::Install 2.20
ExtUtils::MakeMaker 7.58
ExtUtils::Manifest 1.73
ExtUtils::ParseXS 3.35
File::Spec 3.75
Module::Build 0.4231
Pod::Parser 1.35
Pod::Simple 3.40
Test2 1.302183
Test::Harness 3.42
Test::More 1.302183
version 0.9928
******************************** NOTE ********************************
The comments above are created mechanically, possibly without manual
checking by the sender. As there are many people performing automatic
tests on each upload to CPAN, it is likely that you will receive
identical messages about the same problem.
If you believe that the message is mistaken, please reply to the first
one with correction and/or additional informations, and do not take
it personally. We appreciate your patience. :)
**********************************************************************
Additional comments:
This report was machine-generated by CPANPLUS::Dist::YACSmoke 1.08.
Powered by minismokebox version 0.68
CPANPLUS is prefering Build.PL
------------------------------
ENVIRONMENT AND OTHER CONTEXT
------------------------------
Environment variables:
AUTOMATED_TESTING = 1
LANG = en_GB.UTF-8
LANGUAGE = en_GB:en
NONINTERACTIVE_TESTING = 1
PATH = /usr/local/bin:/usr/bin:/bin:/usr/local/games:/usr/games
PERL5LIB = /home/cpan/pit/jail/1z4lWD4b5j/lib/perl5:/home/cpan/pit/rel/conf/perl-5.8.9/.cpanplus/5.8.9/build/LxQX5apfCY/Net-Stomp-0.61/blib/lib:/home/cpan/pit/rel/conf/perl-5.8.9/.cpanplus/5.8.9/build/LxQX5apfCY/Net-Stomp-0.61/blib/arch
PERL5_CPANPLUS_IS_RUNNING = 12049
PERL5_CPANPLUS_IS_VERSION = 0.9910
PERL5_MINISMOKEBOX = 0.68
PERL5_YACSMOKE_BASE = /home/cpan/pit/rel/conf/perl-5.8.9
PERL_EXTUTILS_AUTOINSTALL = --defaultdeps
PERL_LOCAL_LIB_ROOT = /home/cpan/pit/jail/1z4lWD4b5j
PERL_MB_OPT = --install_base "/home/cpan/pit/jail/1z4lWD4b5j"
PERL_MM_OPT = INSTALL_BASE=/home/cpan/pit/jail/1z4lWD4b5j
PERL_MM_USE_DEFAULT = 1
SHELL = /bin/bash
TERM = screen
Perl special variables (and OS-specific diagnostics, for MSWin32):
Perl: $^X = /home/cpan/pit/rel/perl-5.8.9/bin/perl
UID: $< = 1001
EUID: $> = 1001
GID: $( = 1001 1001
EGID: $) = 1001 1001
-------------------------------
--
Summary of my perl5 (revision 5 version 8 subversion 9) configuration:
Platform:
osname=linux, osvers=4.19.0-6-686, archname=i686-linux-thread-multi-64int
uname='linux dagobah 4.19.0-6-686 #1 smp debian 4.19.67-2+deb10u2 (2019-11-11) i686 gnulinux '
config_args='-des -Dprefix=/home/cpan/pit/rel/perl-5.8.9 -Dusethreads -Duse64bitint'
hint=recommended, useposix=true, d_sigaction=define
usethreads=define use5005threads=undef useithreads=define usemultiplicity=define
useperlio=define d_sfio=undef uselargefiles=define usesocks=undef
use64bitint=define use64bitall=undef uselongdouble=undef
usemymalloc=n, bincompat5005=undef
Compiler:
cc='cc', ccflags ='-D_REENTRANT -D_GNU_SOURCE -fwrapv -fno-strict-aliasing -pipe -I/usr/local/include -D_LARGEFILE_SOURCE -D_FILE_OFFSET_BITS=64',
optimize='-O2',
cppflags='-D_REENTRANT -D_GNU_SOURCE -fwrapv -fno-strict-aliasing -pipe -I/usr/local/include'
ccversion='', gccversion='8.3.0', gccosandvers=''
intsize=4, longsize=4, ptrsize=4, doublesize=8, byteorder=12345678
d_longlong=define, longlongsize=8, d_longdbl=define, longdblsize=12
ivtype='long long', ivsize=8, nvtype='double', nvsize=8, Off_t='off_t', lseeksize=8
alignbytes=4, prototype=define
Linker and Libraries:
ld='cc', ldflags =' -L/usr/local/lib'
libpth=/usr/local/lib /lib/i386-linux-gnu /lib/../lib /usr/lib/i386-linux-gnu /usr/lib/../lib /lib /usr/lib /lib64 /usr/lib64
libs=-lnsl -lgdbm -ldl -lm -lcrypt -lutil -lpthread -lc
perllibs=-lnsl -ldl -lm -lcrypt -lutil -lpthread -lc
libc=libc-2.28.so, so=so, useshrplib=false, libperl=libperl.a
gnulibc_version='2.28'
Dynamic Linking:
dlsrc=dl_dlopen.xs, dlext=so, d_dlsymun=undef, ccdlflags='-Wl,-E'
cccdlflags='-fPIC', lddlflags='-shared -O2 -L/usr/local/lib'
Characteristics of this binary (from libperl):
Compile-time options: MULTIPLICITY PERL_IMPLICIT_CONTEXT PERL_MALLOC_WRAP
USE_64_BIT_INT USE_FAST_STDIO USE_ITHREADS
USE_LARGE_FILES USE_PERLIO USE_REENTRANT_API
Locally applied patches:
Devel::PatchPerl 1.80
Built under linux
Compiled at Nov 29 2019 01:31:54
%ENV:
PERL5LIB="/home/cpan/pit/jail/1z4lWD4b5j/lib/perl5:/home/cpan/pit/rel/conf/perl-5.8.9/.cpanplus/5.8.9/build/LxQX5apfCY/Net-Stomp-0.61/blib/lib:/home/cpan/pit/rel/conf/perl-5.8.9/.cpanplus/5.8.9/build/LxQX5apfCY/Net-Stomp-0.61/blib/arch"
PERL5_CPANPLUS_IS_RUNNING="12049"
PERL5_CPANPLUS_IS_VERSION="0.9910"
PERL5_MINISMOKEBOX="0.68"
PERL5_YACSMOKE_BASE="/home/cpan/pit/rel/conf/perl-5.8.9"
PERL_EXTUTILS_AUTOINSTALL="--defaultdeps"
PERL_LOCAL_LIB_ROOT="/home/cpan/pit/jail/1z4lWD4b5j"
PERL_MB_OPT="--install_base "/home/cpan/pit/jail/1z4lWD4b5j""
PERL_MM_OPT="INSTALL_BASE=/home/cpan/pit/jail/1z4lWD4b5j"
PERL_MM_USE_DEFAULT="1"
@INC:
/home/cpan/pit/jail/1z4lWD4b5j/lib/perl5/5.8.9/i686-linux-thread-multi-64int
/home/cpan/pit/jail/1z4lWD4b5j/lib/perl5/5.8.9
/home/cpan/pit/jail/1z4lWD4b5j/lib/perl5/i686-linux-thread-multi-64int
/home/cpan/pit/jail/1z4lWD4b5j/lib/perl5
/home/cpan/pit/rel/conf/perl-5.8.9/.cpanplus/5.8.9/build/LxQX5apfCY/Net-Stomp-0.61/blib/lib
/home/cpan/pit/rel/conf/perl-5.8.9/.cpanplus/5.8.9/build/LxQX5apfCY/Net-Stomp-0.61/blib/arch
/home/cpan/pit/rel/perl-5.8.9/lib/5.8.9/i686-linux-thread-multi-64int
/home/cpan/pit/rel/perl-5.8.9/lib/5.8.9
/home/cpan/pit/rel/perl-5.8.9/lib/site_perl/5.8.9/i686-linux-thread-multi-64int
/home/cpan/pit/rel/perl-5.8.9/lib/site_perl/5.8.9
.