FFI-Platypus v2.10 Perl 5 v5.32.0 i686-linux-64int

Status
Fail
From
David Cantrell (DCANTRELL)
Dist
FFI-Platypus v2.10
Platform
Perl 5 v5.32.0 i686-linux-64int
Date
2025-03-18 00:48:24
ID
b2b11dec-0392-11f0-a5c7-0b4a74bb3426
This distribution has been tested as part of the CPAN Testers
project, supporting the Perl programming language.  See
http://wiki.cpantesters.org/ for more information or email
questions to cpan-testers-discuss@perl.org


--
Dear Graham Ollis,

This is a computer-generated report for FFI-Platypus-2.10
on perl 5.32.0, created by CPAN-Reporter-1.2018.

Thank you for uploading your work to CPAN.  However, there was a problem
testing your distribution.

If you think this report is invalid, please consult the CPAN Testers Wiki
for suggestions on how to avoid getting FAIL reports for missing library
or binary dependencies, unsupported operating systems, and so on:

http://wiki.cpantesters.org/wiki/CPANAuthorNotes

Sections of this report:

    * Tester comments
    * Program output
    * Prerequisites
    * Environment and other context

------------------------------
TESTER COMMENTS
------------------------------

Additional comments from tester:

this report is from an automated smoke testing program
and was not reviewed by a human for accuracy

------------------------------
PROGRAM OUTPUT
------------------------------

Output from '/usr/bin/make test':

"/home/david/cpantesting/perl-5.32.0-int64/bin/perl" -MExtUtils::Command::MM -e 'cp_nonempty' -- lib/FFI/Platypus.bs blib/arch/auto/FFI/Platypus/Platypus.bs 644
CC t/ffi/align.c
CC t/ffi/align_array.c
CC t/ffi/align_fixed.c
CC t/ffi/align_string.c
CC t/ffi/basic.c
CC t/ffi/closure.c
CC t/ffi/color.c
CC t/ffi/complex_double.c
CC t/ffi/complex_float.c
CC t/ffi/double.c
CC t/ffi/float.c
CC t/ffi/gh117.c
CC t/ffi/gh174.c
CC t/ffi/longdouble.c
CC t/ffi/memcmp4.c
CC t/ffi/meta.c
CC t/ffi/pointer.c
CC t/ffi/record.c
CC t/ffi/sint16.c
CC t/ffi/sint32.c
CC t/ffi/sint64.c
CC t/ffi/sint8.c
CC t/ffi/string.c
CC t/ffi/string_array.c
CC t/ffi/uint16.c
CC t/ffi/uint32.c
CC t/ffi/uint64.c
CC t/ffi/uint8.c
CC t/ffi/variadic.c
LD t/ffi/libtest.so
PERL_DL_NONLAZY=1 "/home/david/cpantesting/perl-5.32.0-int64/bin/perl" "-MExtUtils::Command::MM" "-MTest::Harness" "-e" "undef *Test::Harness::Switches; test_harness(0, 'blib/lib', 'blib/arch')" t/*.t
# 
# 
# 
# HARNESS_ACTIVE=1
# HARNESS_VERSION=3.50
# LANG=en_GB.UTF-8
# LC_TERMINAL=iTerm2
# LC_TERMINAL_VERSION=3.5.11
# PERL="/home/david/cpantesting/perl-5.32.0-int64/bin/perl"
# PERL5LIB=/home/david/cpantesting/perl-5.32.0-int64/.cpan/build/FFI-Platypus-2.10-0/blib/lib:/home/david/cpantesting/perl-5.32.0-int64/.cpan/build/FFI-Platypus-2.10-0/blib/arch:
# PERL5OPT=
# PERL5_CPANPLUS_IS_RUNNING=28163
# PERL5_CPAN_IS_RUNNING=28163
# PERLBREW_HOME=/home/david/.perlbrew
# PERLBREW_MANPATH=/home/david/perl5/perlbrew/perls/perl-5.32.0/man
# PERLBREW_PATH=/home/david/perl5/perlbrew/bin:/home/david/perl5/perlbrew/perls/perl-5.32.0/bin
# PERLBREW_PERL=perl-5.32.0
# PERLBREW_ROOT=/home/david/perl5/perlbrew
# PERLBREW_SHELLRC_VERSION=0.89
# PERLBREW_VERSION=0.89
# PERLVER=5.32.0-int64
# PERL_DL_NONLAZY=1
# PERL_INLINE_DIRECTORY=/home/david/.Inline-5.32.0-int64
# PERL_MM_USE_DEFAULT=1
# PERL_USE_UNSAFE_INC=0
# SHELL=/bin/bash
# 
# 
# 
# PERL5LIB path
# /home/david/cpantesting/perl-5.32.0-int64/.cpan/build/FFI-Platypus-2.10-0/blib/lib
# /home/david/cpantesting/perl-5.32.0-int64/.cpan/build/FFI-Platypus-2.10-0/blib/arch
# 
# 
# 
# perl                  5.032000 linux i686-linux-64int
# Alien::Base           2.84
# Alien::FFI            -
# Capture::Tiny         0.50
# Devel::Hide           0.0015
# ExtUtils::CBuilder    0.280236
# ExtUtils::MakeMaker   7.70
# ExtUtils::ParseXS     3.51
# FFI::CheckLib         0.31
# File::Spec::Functions 3.75
# IPC::Cmd              1.04
# JSON::PP              4.16
# List::Util            1.68
# Math::LongDouble      -
# PkgConfig             -
# Test2::API            1.302207
# Test2::V0             1.302207
# autodie               2.37
# constant              1.33
# forks                 -
# parent                0.244
# 
# 
# 
# mode : system
# Alien::FFI::pkgconfig->VERSION      = 
# Alien::FFI::pkgconfig->install_type = system
# Alien::FFI::pkgconfig->cflags       = 
# Alien::FFI::pkgconfig->libs         = -lffi 
# Alien::FFI::pkgconfig->version      = 3.4.4
# 
# 
# 
# ffi.platypus.memory.strdup_impl =libc
# ffi.platypus.memory.strndup_impl=libc
# 
# 
# 
# Types:
#   complex_double : double complex
#   complex_float : float complex
#   complex_longdouble : long double complex
#   double   : double
#   float    : float
#   longdouble : long double
#   sint16   : int16_t, short, signed short
#   sint32   : blksize_t, int, int32_t, intptr_t, long, ptrdiff_t, senum, signed int, signed long, ssize_t, time_t, wchar_t
#   sint64   : blkcnt_t, int64_t, intmax_t, long long, off_t, signed long long
#   sint8    : char, int8_t, signed char
#   uint16   : uint16_t, unsigned short, ushort
#   uint32   : enum, gid_t, mode_t, nlink_t, size_t, uid_t, uint, uint32_t, uintptr_t, ulong, unsigned int, unsigned long, wint_t
#   uint64   : dev_t, ino_t, uint64_t, uintmax_t, unsigned long long
#   uint8    : bool, uchar, uint8_t, unsigned char
# 
# 
# 
# ABIs:
#   default_abi          1
#   fastcall             4
#   ms_cdecl             8
#   pascal               6
#   register             7
#   stdcall              5
#   sysv                 1
#   thiscall             3
# 
# 
# 
# Probes:
#   longdouble           1
#   recordvalue          1
#   bigendian            0
#   strnlen              1
#   bigendian64          0
#   alloca               1
#   abi                  1
#   complex              1
#   variadic             1
# 
# 
# 
# CPU Info:
#   model name	: QEMU Virtual CPU version 2.5+
#   flags		: fpu de pse tsc msr pae mce cx8 apic sep mtrr pge mca cmov pat pse36 clflush mmx fxsr sse sse2 ht syscall nx lm constant_tsc xtopology cpuid pni cx16 hypervisor lahf_lm pti
#   address sizes	: 40 bits physical, 48 bits virtual
# 
# 
# 
# Distributor ID:	Debian
# Description:	Debian GNU/Linux 12 (bookworm)
# Release:	12
# Codename:	bookworm
# 
# 
# 
# [PLATFORM]
# osname            : linux
# cc                : cc
# cxx               : c++
# cxxld             : c++
# for               : ---
# ld                : cc
# ccflags           : -fPIC -fwrapv -fno-strict-aliasing -pipe -fstack-protector-strong -I/usr/local/include -D_LARGEFILE_SOURCE -D_FILE_OFFSET_BITS=64 -D_FORTIFY_SOURCE=2 -O2 -I/home/david/cpantesting/perl-5.32.0-int64/.cpan/build/FFI-Platypus-2.10-0/blib/lib/auto/share/dist/FFI-Platypus/include
# ldflags           : -shared -O2 -L/usr/local/lib -fstack-protector-strong
# object suffix     : .o
# library prefix    : lib
# library suffix    : .so
# cc mm works       : -MM
# 
# 
# 
t/00_diag.t .............................. ok
t/ffi_build.t ............................ ok
t/ffi_build_file_base.t .................. ok
t/ffi_build_file_c.t ..................... ok
t/ffi_build_file_cxx.t ................... ok
t/ffi_build_file_library.t ............... ok
t/ffi_build_file_object.t ................ ok
t/ffi_build_mm.t ......................... ok
t/ffi_build_platform.t ................... ok
t/ffi_build_plugin.t ..................... ok
t/ffi_build_plugindata.t ................. ok
t/ffi_platypus.t ......................... ok
t/ffi_platypus_api.t ..................... ok
t/ffi_platypus_buffer.t .................. ok
+cc -fPIC -fwrapv -fno-strict-aliasing -pipe -fstack-protector-strong -I/usr/local/include -D_LARGEFILE_SOURCE -D_FILE_OFFSET_BITS=64 -D_FORTIFY_SOURCE=2 -O2 -I/home/david/cpantesting/perl-5.32.0-int64/.cpan/build/FFI-Platypus-2.10-0/blib/lib/auto/share/dist/FFI-Platypus/include -c ffi/foo.c -o ffi/_build/foo.c.o
{standard input}: Assembler messages:
{standard input}: Fatal error: can't write 6 bytes to section .text of ffi/_build/foo.c.o: 'No space left on device'
{standard input}: Fatal error: ffi/_build/foo.c.o: No such file or directory
    # Failed test at t/ffi_platypus_bundle.t line 178.
    # +-------------------------------------------------------+----+-------+
    # | GOT                                                   | OP | CHECK |
    # +-------------------------------------------------------+----+-------+
    # | error building ffi/_build/foo.c.o from ffi/foo.c at / | eq |       |
    # | home/david/cpantesting/perl-5.32.0-int64/.cpan/build/ |    |       |
    # | FFI-Platypus-2.10-0/blib/lib/FFI/Build/File/C.pm line |    |       |
    # |  56.\n                                                |    |       |
    # | Compilation failed in require at (eval 85) line 1.\n  |    |       |
    # +-------------------------------------------------------+----+-------+
    (If this table is too small, you can use the TABLE_TERM_SIZE=### env var to set a larger size, detected size is '74')


# Failed test 'with a ffi dir'
# at t/ffi_platypus_bundle.t line 181.
# Caught exception in subtest: Undefined subroutine &Foo::Bar4::bar4 called at t/ffi_platypus_bundle.t line 179.

# Failed test 'entry points'
# at t/ffi_platypus_bundle.t line 288.
# Caught exception in subtest: mkdir /home/david/cpantesting/perl-5.32.0-int64/.cpan/build/FFI-Platypus-2.10-0/.tmp/l1A0Gfn4ow/lib: No space left on device at t/ffi_platypus_bundle.t line 301.
t/ffi_platypus_bundle.t .................. 
Dubious, test returned 2 (wstat 512, 0x200)
Failed 2/5 subtests 
t/ffi_platypus_closure.t ................. ok
t/ffi_platypus_constant.t ................ ok
t/ffi_platypus_dl.t ...................... ok
t/ffi_platypus_function.t ................ ok
t/ffi_platypus_function_wrapper.t ........ ok
t/ffi_platypus_internal.t ................ ok
t/ffi_platypus_lang.t .................... ok
t/ffi_platypus_lang_asm.t ................ ok
t/ffi_platypus_lang_c.t .................. ok
t/ffi_platypus_lang_win32.t .............. ok
t/ffi_platypus_legacy.t .................. ok
t/ffi_platypus_memory.t .................. ok
t/ffi_platypus_record.t .................. ok
t/ffi_platypus_record_meta.t ............. ok
t/ffi_platypus_record_tiearray.t ......... ok
t/ffi_platypus_shareconfig.t ............. ok
t/ffi_platypus_type.t .................... ok
t/ffi_platypus_type_pointersizebuffer.t .. ok
t/ffi_platypus_type_stringarray.t ........ ok
t/ffi_platypus_type_stringpointer.t ...... ok
t/ffi_platypus_type_widestring.t ......... ok
t/ffi_platypus_typeparser.t .............. ok
t/ffi_platypus_typeparser_version0.t ..... ok
t/ffi_platypus_typeparser_version1.t ..... ok
t/ffi_platypus_typeparser_version2.t ..... ok
    # Failed test at t/ffi_probe.t line 153.
    # +---------+-------+
    # | GOT     | CHECK |
    # +---------+-------+
    # | <UNDEF> | float |
    # +---------+-------+
    (If this table is too small, you can use the TABLE_TERM_SIZE=### env var to set a larger size, detected size is '74')

    # Failed test at t/ffi_probe.t line 154.
    # +---------+-------+
    # | GOT     | CHECK |
    # +---------+-------+
    # | <UNDEF> | 4     |
    # +---------+-------+
    (If this table is too small, you can use the TABLE_TERM_SIZE=### env var to set a larger size, detected size is '74')

    # Failed test at t/ffi_probe.t line 155.
    # +---------+----+---------------+
    # | GOT     | OP | CHECK         |
    # +---------+----+---------------+
    # | <UNDEF> | =~ | (?^:^[0-9]+$) |
    # +---------+----+---------------+
    (If this table is too small, you can use the TABLE_TERM_SIZE=### env var to set a larger size, detected size is '74')

    # Failed test at t/ffi_probe.t line 161.
    # +---------+---------+
    # | GOT     | CHECK   |
    # +---------+---------+
    # | <UNDEF> | pointer |
    # +---------+---------+
    (If this table is too small, you can use the TABLE_TERM_SIZE=### env var to set a larger size, detected size is '74')

    # Failed test at t/ffi_probe.t line 162.
    # +---------+----+---------------+
    # | GOT     | OP | CHECK         |
    # +---------+----+---------------+
    # | <UNDEF> | =~ | (?^:^[0-9]+$) |
    # +---------+----+---------------+
    (If this table is too small, you can use the TABLE_TERM_SIZE=### env var to set a larger size, detected size is '74')

    # Failed test at t/ffi_probe.t line 163.
    # +---------+----+---------------+
    # | GOT     | OP | CHECK         |
    # +---------+----+---------------+
    # | <UNDEF> | =~ | (?^:^[0-9]+$) |
    # +---------+----+---------------+
    (If this table is too small, you can use the TABLE_TERM_SIZE=### env var to set a larger size, detected size is '74')


# Failed test 'check_eval'
# at t/ffi_probe.t line 171.
t/ffi_probe.t ............................ 
Dubious, test returned 1 (wstat 256, 0x100)
Failed 1/2 subtests 

# Failed test 'run pass'
# at t/ffi_probe_runner.t line 119.
# Caught exception in subtest: error building /home/david/cpantesting/perl-5.32.0-int64/.cpan/build/FFI-Platypus-2.10-0/.tmp/test-probe-I6CvXI/libfrooble2.so from corpus/ffi_probe_runner/test-probe-434-1742258861/bar.c.o at /home/david/cpantesting/perl-5.32.0-int64/.cpan/build/FFI-Platypus-2.10-0/blib/lib/FFI/Build.pm line 309.
t/ffi_probe_runner.t ..................... 
Dubious, test returned 1 (wstat 256, 0x100)
Failed 1/3 subtests 
unable to create temp root No space left on device at /home/david/cpantesting/perl-5.32.0-int64/.cpan/build/FFI-Platypus-2.10-0/blib/lib/FFI/Temp.pm line 33.
t/ffi_probe_runner_builder.t ............. 
Dubious, test returned 28 (wstat 7168, 0x1c00)
No subtests run 
t/ffi_probe_runner_result.t .............. ok
unable to create temp root No space left on device at /home/david/cpantesting/perl-5.32.0-int64/.cpan/build/FFI-Platypus-2.10-0t/gh117.t ................................ ok
t/gh129.t ................................ ok
t/gh323.t ................................ ok
t/memory.t ............................... skipped: tested only in CI
t/threads.t .............................. skipped: Test requires a threading Perl
t/type_complex_double.t .................. ok
t/type_complex_float.t ................... ok
t/type_custom.t .......................... ok
t/type_double.t .......................... ok
t/type_float.t ........................... ok
t/type_longdouble.t ...................... ok
t/type_longdouble__array.t ............... ok
t/type_longdouble__hide.t ................ ok
t/type_longdouble__ptr.t ................. ok
t/type_opaque.t .......................... ok
t/type_record.t .......................... ok
t/type_record_value.t .................... ok
t/type_sint16.t .......................... ok
t/type_sint32.t .......................... ok
t/type_sint64.t .......................... ok
t/type_sint8.t ........................... ok
t/type_string.t .......................... ok
t/type_uint16.t .......................... ok
t/type_uint32.t .......................... ok
t/type_uint64.t .......................... ok
t/type_uint8.t ........................... ok

Test Summary Report
-------------------
t/ffi_platypus_bundle.t                (Wstat: 512 (exited 2) Tests: 5 Failed: 2)
  Failed tests:  4-5
  Non-zero exit status: 2
t/ffi_probe.t                          (Wstat: 256 (exited 1) Tests: 2 Failed: 1)
  Failed test:  2
  Non-zero exit status: 1
t/ffi_probe_runner.t                   (Wstat: 256 (exited 1) Tests: 3 Failed: 1)
  Failed test:  3
  Non-zero exit status: 1
t/ffi_probe_runner_builder.t           (Wstat: 7168 (exited 28) Tests: 0 Failed: 0)
  Non-zero exit status: 28
  Parse errors: No plan found in TAP output
t/ffi_temp.t                           (Wstat: 7168 (exited 28) Tests: 0 Failed: 0)
  Non-zero exit status: 28
  Parse errors: No plan found in TAP output
Files=72, Tests=314, 104 wallclock secs ( 0.82 usr  0.31 sys + 28.53 cusr  4.60 csys = 34.26 CPU)
Result: FAIL
Failed 5/72 test programs. 4/314 subtests failed.
make: *** [Makefile:1272: test_dynamic] Error 255

------------------------------
PREREQUISITES
------------------------------

Prerequisite modules loaded:

requires:

    Module                Need     Have    
    --------------------- -------- --------
    autodie               0        2.37    
    Capture::Tiny         0        0.50    
    constant              1.32     1.33    
    ExtUtils::MakeMaker   7.12     7.70    
    FFI::CheckLib         0.05     0.31    
    File::Spec::Functions 0        3.75    
    IPC::Cmd              0        1.04    
    JSON::PP              0        4.16    
    List::Util            1.45     1.68    
    parent                0        0.244   
    perl                  5.008004 5.032000

build_requires:

    Module                Need     Have    
    --------------------- -------- --------
    Capture::Tiny         0        0.50    
    ExtUtils::CBuilder    0        0.280236
    Test2::API            1.302015 1.302207
    Test2::V0             0.000121 1.302207

configure_requires:

    Module                Need     Have    
    --------------------- -------- --------
    Capture::Tiny         0        0.50    
    ExtUtils::MakeMaker   7.12     7.70    
    ExtUtils::ParseXS     3.30     3.51    
    IPC::Cmd              0        1.04    
    JSON::PP              0        4.16    
    parent                0        0.244   
    perl                  5.006    5.032000


------------------------------
ENVIRONMENT AND OTHER CONTEXT
------------------------------

Environment variables:

    AUTOMATED_TESTING = 1
    LANG = en_GB.UTF-8
    LANGUAGE = en_GB:en
    LC_TERMINAL = iTerm2
    LC_TERMINAL_VERSION = 3.5.11
    NONINTERACTIVE_TESTING = 1
    PATH = /home/david/.cargo/bin:/home/david/perl5/perlbrew/bin:/home/david/perl5/perlbrew/perls/perl-5.32.0/bin:/home/david/bin:/usr/local/bin:/usr/bin:/bin:/usr/local/games:/usr/games
    PERL = 5.32.0-int64
    PERL5LIB = 
    PERL5OPT = 
    PERL5_CPANPLUS_IS_RUNNING = 28163
    PERL5_CPAN_IS_RUNNING = 28163
    PERLBREW_HOME = /home/david/.perlbrew
    PERLBREW_MANPATH = /home/david/perl5/perlbrew/perls/perl-5.32.0/man
    PERLBREW_PATH = /home/david/perl5/perlbrew/bin:/home/david/perl5/perlbrew/perls/perl-5.32.0/bin
    PERLBREW_PERL = perl-5.32.0
    PERLBREW_ROOT = /home/david/perl5/perlbrew
    PERLBREW_SHELLRC_VERSION = 0.89
    PERLBREW_VERSION = 0.89
    PERLVER = 5.32.0-int64
    PERL_INLINE_DIRECTORY = /home/david/.Inline-5.32.0-int64
    PERL_MM_USE_DEFAULT = 1
    PERL_USE_UNSAFE_INC = 0
    SHELL = /bin/bash
    TERM = screen

Perl special variables (and OS-specific diagnostics, for MSWin32):

    $^X = /home/david/cpantesting/perl-5.32.0-int64/bin/perl
    $UID/$EUID = 1000 / 1000
    $GID = 1000 24 25 27 29 30 44 46 109 1000
    $EGID = 1000 24 25 27 29 30 44 46 109 1000

Perl module toolchain versions installed:

    Module              Have    
    ------------------- --------
    CPAN                2.27    
    CPAN::Meta          2.150010
    Cwd                 3.75    
    ExtUtils::CBuilder  0.280236
    ExtUtils::Command   7.70    
    ExtUtils::Install   2.22    
    ExtUtils::MakeMaker 7.70    
    ExtUtils::Manifest  1.75    
    ExtUtils::ParseXS   3.51    
    File::Spec          3.75    
    JSON                4.10    
    JSON::PP            4.16    
    Module::Build       0.4234  
    Module::Signature   n/a     
    Parse::CPAN::Meta   2.150010
    Test::Harness       3.50    
    Test::More          1.302207
    YAML                1.31    
    YAML::Syck          n/a     
    version             0.9933  


--

Summary of my perl5 (revision 5 version 32 subversion 0) configuration:
   
  Platform:
    osname=linux
    osvers=5.10.0-11-686-pae
    archname=i686-linux-64int
    uname='linux cpantesting-linux-32bit-utm 5.10.0-11-686-pae #1 smp debian 5.10.92-1 (2022-01-18) i686 gnulinux '
    config_args='-de -Dprefix=/home/david/cpantesting/perl-5.32.0-int64 -Duse64bitint'
    hint=recommended
    useposix=true
    d_sigaction=define
    useithreads=undef
    usemultiplicity=undef
    use64bitint=define
    use64bitall=undef
    uselongdouble=undef
    usemymalloc=n
    default_inc_excludes_dot=define
    bincompat5005=undef
  Compiler:
    cc='cc'
    ccflags ='-fwrapv -fno-strict-aliasing -pipe -fstack-protector-strong -I/usr/local/include -D_LARGEFILE_SOURCE -D_FILE_OFFSET_BITS=64 -D_FORTIFY_SOURCE=2'
    optimize='-O2'
    cppflags='-fwrapv -fno-strict-aliasing -pipe -fstack-protector-strong -I/usr/local/include'
    ccversion=''
    gccversion='10.2.1 20210110'
    gccosandvers=''
    intsize=4
    longsize=4
    ptrsize=4
    doublesize=8
    byteorder=12345678
    doublekind=3
    d_longlong=define
    longlongsize=8
    d_longdbl=define
    longdblsize=12
    longdblkind=3
    ivtype='long long'
    ivsize=8
    nvtype='double'
    nvsize=8
    Off_t='off_t'
    lseeksize=8
    alignbytes=4
    prototype=define
  Linker and Libraries:
    ld='cc'
    ldflags =' -fstack-protector-strong -L/usr/local/lib'
    libpth=/usr/local/lib /usr/include/i386-linux-gnu /usr/lib /lib/i386-linux-gnu /lib/../lib /usr/lib/i386-linux-gnu /usr/lib/../lib /lib /lib64 /usr/lib64
    libs=-lpthread -lnsl -ldl -lm -lcrypt -lutil -lc
    perllibs=-lpthread -lnsl -ldl -lm -lcrypt -lutil -lc
    libc=libc-2.31.so
    so=so
    useshrplib=false
    libperl=libperl.a
    gnulibc_version='2.31'
  Dynamic Linking:
    dlsrc=dl_dlopen.xs
    dlext=so
    d_dlsymun=undef
    ccdlflags='-Wl,-E'
    cccdlflags='-fPIC'
    lddlflags='-shared -O2 -L/usr/local/lib -fstack-protector-strong'


Characteristics of this binary (from libperl): 
  Compile-time options:
    HAS_TIMES
    PERLIO_LAYERS
    PERL_COPY_ON_WRITE
    PERL_DONT_CREATE_GVSV
    PERL_MALLOC_WRAP
    PERL_OP_PARENT
    PERL_PRESERVE_IVUV
    USE_64_BIT_INT
    USE_LARGE_FILES
    USE_LOCALE
    USE_LOCALE_COLLATE
    USE_LOCALE_CTYPE
    USE_LOCALE_NUMERIC
    USE_LOCALE_TIME
    USE_PERLIO
    USE_PERL_ATOF
  Built under linux
  Compiled at Feb  8 2022 19:01:41
  %ENV:
    PERL="5.32.0-int64"
    PERL5LIB=""
    PERL5OPT=""
    PERL5_CPANPLUS_IS_RUNNING="28163"
    PERL5_CPAN_IS_RUNNING="28163"
    PERLBREW_HOME="/home/david/.perlbrew"
    PERLBREW_MANPATH="/home/david/perl5/perlbrew/perls/perl-5.32.0/man"
    PERLBREW_PATH="/home/david/perl5/perlbrew/bin:/home/david/perl5/perlbrew/perls/perl-5.32.0/bin"
    PERLBREW_PERL="perl-5.32.0"
    PERLBREW_ROOT="/home/david/perl5/perlbrew"
    PERLBREW_SHELLRC_VERSION="0.89"
    PERLBREW_VERSION="0.89"
    PERLVER="5.32.0-int64"
    PERL_INLINE_DIRECTORY="/home/david/.Inline-5.32.0-int64"
    PERL_MM_USE_DEFAULT="1"
    PERL_USE_UNSAFE_INC="0"
  @INC:
    /home/david/cpantesting/perl-5.32.0-int64/lib/site_perl/5.32.0/i686-linux-64int
    /home/david/cpantesting/perl-5.32.0-int64/lib/site_perl/5.32.0
    /home/david/cpantesting/perl-5.32.0-int64/lib/5.32.0/i686-linux-64int
    /home/david/cpantesting/perl-5.32.0-int64/lib/5.32.0