FunctionalPerl v0.72.70-TRIAL Perl 5 v5.30.2 i86pc-solaris-thread-multi-64
- Status
- Fail
- From
- David Cantrell (DCANTRELL)
- Dist
-
FunctionalPerl v0.72.70-TRIAL
- Platform
- Perl 5 v5.30.2 i86pc-solaris-thread-multi-64
- Date
- 2021-06-01 16:44:56
- ID
- b259b2ca-c2f8-11eb-87a6-42bff770710b
This distribution has been tested as part of the CPAN Testers
project, supporting the Perl programming language. See
http://wiki.cpantesters.org/ for more information or email
questions to cpan-testers-discuss@perl.org
--
Dear Christian Jaeger,
This is a computer-generated report for FunctionalPerl-0.72.70-TRIAL
on perl 5.30.2, created by CPAN-Reporter-1.2018.
Thank you for uploading your work to CPAN. However, there was a problem
testing your distribution.
If you think this report is invalid, please consult the CPAN Testers Wiki
for suggestions on how to avoid getting FAIL reports for missing library
or binary dependencies, unsupported operating systems, and so on:
http://wiki.cpantesters.org/wiki/CPANAuthorNotes
Sections of this report:
* Tester comments
* Program output
* Prerequisites
* Environment and other context
------------------------------
TESTER COMMENTS
------------------------------
Additional comments from tester:
this report is from an automated smoke testing program
and was not reviewed by a human for accuracy
------------------------------
PROGRAM OUTPUT
------------------------------
Output from '/usr/bin/make test':
PERL_DL_NONLAZY=1 "/home/david/cpantesting/perl-5.30.2/bin/perl" "-MExtUtils::Command::MM" "-MTest::Harness" "-e" "undef *Test::Harness::Switches; test_harness(0, 'blib/lib', 'blib/arch')" t/*.t
t/csv_to_xml.t ........................... ok
t/dbi.t .................................. ok
t/examples-csv-to-json.t ................. ok
times for fib: user = 1.962, system = 0.027, cuser = 0, csystem = 0
times for fibonacci: user = 0.799, system = 0.027, cuser = 0, csystem = 0
t/examples-fibs.t ........................ ok
t/examples-functional-classes.t .......... ok
t/examples-hiring-without-whiteboards.t .. skipped: dependency Term::ReadLine::Gnu not present at lib/FP/Repl/Dependencies.pm line 44.
t/examples-logic.t ....................... skipped: could not use FP::Repl::Dependencies
t/examples-perlweekly-111-1.t ............ skipped: Perl v5.32.1 required--this is only v5.30.2, stopped at (eval 73) line 1.
times: user = 0.289, system = 0.023, cuser = 0, csystem = 0
times: user = 0.334, system = 0.00999999999999995, cuser = 0, csystem = 0
times: user = 0.376, system = 0.002, cuser = 0, csystem = 0
t/examples-perlweekly-113-1.t ............ ok
t/examples-perlweekly-113-2.t ............ ok
t/examples-primes.t ...................... skipped: could not use Method::Signatures
t/functional_XML-t-div.t ................. ok
t/functional_XML-test.t .................. ok
t/htmlgen.t .............................. skipped: Test requires module 'Text::Markdown' but it's not found
t/intro-basics.t ......................... skipped: could not use FP::Repl::Dependencies
t/perl-goto-leak.t ....................... skipped: Test requires module 'BSD::Resource' but it's not found
t/perl-weaken-coderef-correctness.t ...... skipped: Test requires module 'BSD::Resource' but it's not found
t/perl-weaken-coderef.t .................. skipped: Test requires module 'BSD::Resource' but it's not found
Exception: Label not found for "last T2_SUBTEST_WRAPPER" at /home/david/cpantesting/perl-5.30.2/lib/5.30.2/Test2/Hub/Subtest.pm line 67.
at /home/david/cpantesting/perl-5.30.2/lib/5.30.2/Test2/Hub/Subtest.pm line 67.
Test2::Hub::Subtest::terminate(Test2::Hub::Subtest=HASH(0x4f20450), 0, Test2::Event::Plan=HASH(0x4f2a4b0), HASH(0x4f2a498)) called at /home/david/cpantesting/perl-5.30.2/lib/5.30.2/Test2/Hub.pm line 386
Test2::Hub::process(Test2::Hub::Subtest=HASH(0x4f20450), Test2::Event::Plan=HASH(0x4f2a4b0)) called at /home/david/cpantesting/perl-5.30.2/lib/5.30.2/Test2/Hub.pm line 306
Test2::Hub::send(Test2::Hub::Subtest=HASH(0x4f20450), Test2::Event::Plan=HASH(0x4f2a4b0)) called at /home/david/cpantesting/perl-5.30.2/lib/5.30.2/Test2/Hub/Subtest.pm line 34
Test2::Hub::Subtest::send(Test2::Hub::Subtest=HASH(0x4f20450), Test2::Event::Plan=HASH(0x4f2a4b0)) called at /home/david/cpantesting/perl-5.30.2/lib/5.30.2/Test2/API/Context.pm line 266
Test2::API::Context::send_event(Test2::API::Context=HASH(0x4f2a4f8), "Plan", "max", 0, "directive", "SKIP", "reason", "FunctionalPerl::Dependencies::ChjBin import: these programs a"...) called at /home/david/cpantesting/perl-5.30.2/lib/5.30.2/Test2/API/Context.pm line 442
Test2::API::Context::plan(Test2::API::Context=HASH(0x4f2a4f8), 0, "SKIP", "FunctionalPerl::Dependencies::ChjBin import: these programs a"...) called at /home/david/cpantesting/perl-5.30.2/lib/5.30.2/Test/Builder.pm line 617
Test::Builder::skip_all(Test::Builder=HASH(0xf88518), "FunctionalPerl::Dependencies::ChjBin import: these programs a"...) called at /home/david/cpantesting/perl-5.30.2/lib/site_perl/5.30.2/Test/Requires.pm line 44
Test::Requires::__ANON__("FunctionalPerl::Dependencies::ChjBin import: these programs a"...) called at /home/david/cpantesting/perl-5.30.2/lib/site_perl/5.30.2/Test/Requires.pm line 71
Test::Requires::test_requires("FunctionalPerl::Dependencies::ChjBin", "\"trigger-listen\"", "t_pod_snippets_103") called at /home/david/cpantesting/perl-5.30.2/lib/site_perl/5.30.2/Test/Requires.pm line 21
Test::Requires::import("Test::Requires", HASH(0x4f227c8)) called at meta/FunctionalPerl/Dependencies/ChjBin.pm line 19
t_pod_snippets_103::BEGIN() called at meta/FunctionalPerl/Dependencies/ChjBin.pm line 19
eval {...} called at meta/FunctionalPerl/Dependencies/ChjBin.pm line 19
eval 'package main; package t_pod_snippets_103; use Test::More ;
{
no warnings;
use strict; # things are likely to be sloppy
ok 1 => \'the tests compile\';
#line 16 meta/FunctionalPerl/Dependencies/ChjBin.pm
use Chj::TEST use => \'FunctionalPerl::Dependencies::ChjBin\';
# or
use Test::Requires +{
\'FunctionalPerl::Dependencies::ChjBin\' => \'"trigger-listen"\' };
# or
# list in FunctionalPerl::Dependencies\'s %dependencies
;
ok 1 => \'we reached the end!\';
}
;
1' called at lib/FP/Repl/WithRepl.pm line 75
FP::Repl::WithRepl::WithRepl_eval("package t_pod_snippets_103; use Test::More ;\x{a}{\x{a}no warnings;\x{a}u"...) called at t/pod_snippets.t line 37
main::myeval("package t_pod_snippets_103; use Test::More ;\x{a}{\x{a}no warnings;\x{a}u"...) called at t/pod_snippets.t line 158
main::__ANON__() called at /home/david/cpantesting/perl-5.30.2/lib/5.30.2/Test/Builder.pm line 333
eval {...} called at /home/david/cpantesting/perl-5.30.2/lib/5.30.2/Test/Builder.pm line 333
Test::Builder::subtest(Test::Builder=HASH(0xf88518), "pod snippets in FunctionalPerl::Dependencies::ChjBin", CODE(0xf11058)) called at /home/david/cpantesting/perl-5.30.2/lib/5.30.2/Test/More.pm line 809
Test::More::subtest("pod snippets in FunctionalPerl::Dependencies::ChjBin", CODE(0xf11058)) called at t/pod_snippets.t line 183
BEGIN failed--compilation aborted at meta/FunctionalPerl/Dependencies/ChjBin.pm line 19.
at meta/FunctionalPerl/Dependencies/ChjBin.pm line 19.
eval 'package main; package t_pod_snippets_103; use Test::More ;
{
no warnings;
use strict; # things are likely to be sloppy
ok 1 => \'the tests compile\';
#line 16 meta/FunctionalPerl/Dependencies/ChjBin.pm
use Chj::TEST use => \'FunctionalPerl::Dependencies::ChjBin\';
# or
use Test::Requires +{
\'FunctionalPerl::Dependencies::ChjBin\' => \'"trigger-listen"\' };
# or
# list in FunctionalPerl::Dependencies\'s %dependencies
;
ok 1 => \'we reached the end!\';
}
;
1' called at lib/FP/Repl/WithRepl.pm line 75
FP::Repl::WithRepl::WithRepl_eval("package t_pod_snippets_103; use Test::More ;\x{a}{\x{a}no warnings;\x{a}u"...) called at t/pod_snippets.t line 37
main::myeval("package t_pod_snippets_103; use Test::More ;\x{a}{\x{a}no warnings;\x{a}u"...) called at t/pod_snippets.t line 158
main::__ANON__() called at /home/david/cpantesting/perl-5.30.2/lib/5.30.2/Test/Builder.pm line 333
eval {...} called at /home/david/cpantesting/perl-5.30.2/lib/5.30.2/Test/Builder.pm line 333
Test::Builder::subtest(Test::Builder=HASH(0xf88518), "pod snippets in FunctionalPerl::Dependencies::ChjBin", CODE(0xf11058)) called at /home/david/cpantesting/perl-5.30.2/lib/5.30.2/Test/More.pm line 809
Test::More::subtest("pod snippets in FunctionalPerl::Dependencies::ChjBin", CODE(0xf11058)) called at t/pod_snippets.t line 183
# Failed test 'pod snippets in FunctionalPerl::Dependencies::ChjBin'
# at t/pod_snippets.t line 177.
# Looks like you failed 1 test of 1.
t/pod_snippets.t ......................... ok
t/predicates.t ........................... ok
t/repl.t ................................. skipped: dependency Term::ReadLine::Gnu not present at lib/FP/Repl/Dependencies.pm line 44.
not activating since running in test mode at lib/FP/Repl/AutoTrap.pm line 64.
Reference is already weak at lib/FP/Stream.pm line 769.
meta/perlfiles: line 14: printfield: command not found
# Failed test 'at meta/FunctionalPerl/Indexing.pm line 211'
# at lib/Chj/TEST.pm line 347.
# Exception: xxfinish on 'meta/perlfiles': subcommand gave error 127 at meta/FunctionalPerl/Indexing.pm line 189.
# at lib/Chj/IO/CommandCommon.pm line 203.
# Chj::IO::CommandCommon::xxfinish(Chj::IO::Command=GLOB(0x4b432a0)) called at meta/FunctionalPerl/Indexing.pm line 189
# FunctionalPerl::Indexing::perlfiles() called at meta/FunctionalPerl/Indexing.pm line 201
# FunctionalPerl::Indexing::identifierInfos_by_name(".", CODE(0x2df7750)) called at meta/FunctionalPerl/Indexing.pm line 208
# FunctionalPerl::Indexing::__ANON__() called at lib/FP/Lazy.pm line 423
# FP::Lazy::force(FP::Lazy::Promise=ARRAY(0x2e0faf8)) called at meta/FunctionalPerl/Indexing.pm line 210
# FunctionalPerl::Indexing::__ANON__ called at lib/Chj/TEST.pm line 278
# Chj::TEST::__ANON__ called at lib/Chj/TEST.pm line 287
# eval {...} called at lib/Chj/TEST.pm line 289
# Chj::TEST::__ANON__(HASH(0x4b410f8)) called at lib/Chj/TEST.pm line 293
# Chj::TEST::eval_test(ARRAY(0x2bc3e00), Chj::TEST::Result=HASH(0x4858e30)) called at lib/Chj/TEST.pm line 383
# Chj::TEST::__ANON__ called at lib/Chj/TEST.pm line 393
# Chj::TEST::__ANON__(HASH(0x4b16ae8)) called at lib/Chj/TEST.pm line 396
# Chj::TEST::__ANON__() called at /home/david/cpantesting/perl-5.30.2/lib/5.30.2/Test/Builder.pm line 333
# eval {...} called at /home/david/cpantesting/perl-5.30.2/lib/5.30.2/Test/Builder.pm line 333
# Test::Builder::subtest(Test::Builder=HASH(0x131b830), "Package FunctionalPerl::Indexing", CODE(0x4aef558)) called at /home/david/cpantesting/perl-5.30.2/lib/5.30.2/Test/More.pm line 809
# Test::More::subtest("Package FunctionalPerl::Indexing", CODE(0x4aef558)) called at lib/Chj/TEST.pm line 419
# Chj::TEST::__ANON__(HASH(0x4b0c9a0)) called at lib/Chj/TEST.pm line 421
# Chj::TEST::run_tests_for_package("FunctionalPerl::Indexing", Chj::TEST::Result=HASH(0x4858e30), undef) called at lib/Chj/TEST.pm line 481
# Chj::TEST::__ANON__ called at lib/Chj/TEST.pm line 493
# Chj::TEST::__ANON__(HASH(0x302a100)) called at lib/Chj/TEST.pm line 496
# Chj::TEST::run_tests_("packages", ARRAY(0x2fcb620)) called at lib/Chj/TEST.pm line 503
# Chj::TEST::run_tests() called at t/require_and_run_tests.t line 60
# main::__ANON__() called at /home/david/cpantesting/perl-5.30.2/lib/5.30.2/Test/Builder.pm line 333
# eval {...} called at /home/david/cpantesting/perl-5.30.2/lib/5.30.2/Test/Builder.pm line 333
# Test::Builder::subtest(Test::Builder=HASH(0x131b830), "run_tests", CODE(0x126e810)) called at /home/david/cpantesting/perl-5.30.2/lib/5.30.2/Test/More.pm line 809
# Test::More::subtest("run_tests", CODE(0x126e810)) called at t/require_and_run_tests.t line 61
meta/perlfiles: line 14: printfield: command not found
# Failed test 'at meta/FunctionalPerl/Indexing.pm line 216'
# at lib/Chj/TEST.pm line 347.
# Exception: xxfinish on 'meta/perlfiles': subcommand gave error 127 at meta/FunctionalPerl/Indexing.pm line 189.
# at lib/Chj/IO/CommandCommon.pm line 203.
# Chj::IO::CommandCommon::xxfinish(Chj::IO::Command=GLOB(0x4b40c00)) called at meta/FunctionalPerl/Indexing.pm line 189
# FunctionalPerl::Indexing::perlfiles() called at meta/FunctionalPerl/Indexing.pm line 201
# FunctionalPerl::Indexing::identifierInfos_by_name(".", CODE(0x2df7750)) called at meta/FunctionalPerl/Indexing.pm line 208
# FunctionalPerl::Indexing::__ANON__() called at lib/FP/Lazy.pm line 423
# FP::Lazy::force(FP::Lazy::Promise=ARRAY(0x2e0faf8)) called at meta/FunctionalPerl/Indexing.pm line 214
# FunctionalPerl::Indexing::__ANON__ called at lib/Chj/TEST.pm line 278
# Chj::TEST::__ANON__ called at lib/Chj/TEST.pm line 287
# eval {...} called at lib/Chj/TEST.pm line 289
# Chj::TEST::__ANON__(HASH(0x4ae7d40)) called at lib/Chj/TEST.pm line 293
# Chj::TEST::eval_test(ARRAY(0x2bc41d8), Chj::TEST::Result=HASH(0x4858e30)) called at lib/Chj/TEST.pm line 383
# Chj::TEST::__ANON__ called at lib/Chj/TEST.pm line 393
# Chj::TEST::__ANON__(HASH(0x4b16ae8)) called at lib/Chj/TEST.pm line 396
# Chj::TEST::__ANON__() called at /home/david/cpantesting/perl-5.30.2/lib/5.30.2/Test/Builder.pm line 333
# eval {...} called at /home/david/cpantesting/perl-5.30.2/lib/5.30.2/Test/Builder.pm line 333
# Test::Builder::subtest(Chj::TEST::Test::Builder=HASH(0x131b830), "Package FunctionalPerl::Indexing", CODE(0x4aef558)) called at /home/david/cpantesting/perl-5.30.2/lib/5.30.2/Test/More.pm line 809
# Test::More::subtest("Package FunctionalPerl::Indexing", CODE(0x4aef558)) called at lib/Chj/TEST.pm line 419
# Chj::TEST::__ANON__(HASH(0x4b0c9a0)) called at lib/Chj/TEST.pm line 421
# Chj::TEST::run_tests_for_package("FunctionalPerl::Indexing", Chj::TEST::Result=HASH(0x4858e30), undef) called at lib/Chj/TEST.pm line 481
# Chj::TEST::__ANON__ called at lib/Chj/TEST.pm line 493
# Chj::TEST::__ANON__(HASH(0x302a100)) called at lib/Chj/TEST.pm line 496
# Chj::TEST::run_tests_("packages", ARRAY(0x2fcb620)) called at lib/Chj/TEST.pm line 503
# Chj::TEST::run_tests() called at t/require_and_run_tests.t line 60
# main::__ANON__() called at /home/david/cpantesting/perl-5.30.2/lib/5.30.2/Test/Builder.pm line 333
# eval {...} called at /home/david/cpantesting/perl-5.30.2/lib/5.30.2/Test/Builder.pm line 333
# Test::Builder::subtest(Chj::TEST::Test::Builder=HASH(0x131b830), "run_tests", CODE(0x126e810)) called at /home/david/cpantesting/perl-5.30.2/lib/5.30.2/Test/More.pm line 809
# Test::More::subtest("run_tests", CODE(0x126e810)) called at t/require_and_run_tests.t line 61
meta/perlfiles: line 14: printfield: command not found
# Failed test 'at meta/FunctionalPerl/Indexing.pm line 223'
# at lib/Chj/TEST.pm line 347.
# Exception: xxfinish on 'meta/perlfiles': subcommand gave error 127 at meta/FunctionalPerl/Indexing.pm line 189.
# at lib/Chj/IO/CommandCommon.pm line 203.
# Chj::IO::CommandCommon::xxfinish(Chj::IO::Command=GLOB(0x4b48418)) called at meta/FunctionalPerl/Indexing.pm line 189
# FunctionalPerl::Indexing::perlfiles() called at meta/FunctionalPerl/Indexing.pm line 201
# FunctionalPerl::Indexing::identifierInfos_by_name(".", CODE(0x2df7750)) called at meta/FunctionalPerl/Indexing.pm line 208
# FunctionalPerl::Indexing::__ANON__() called at lib/FP/Lazy.pm line 423
# FP::Lazy::force(FP::Lazy::Promise=ARRAY(0x2e0faf8)) called at meta/FunctionalPerl/Indexing.pm line 222
# FunctionalPerl::Indexing::__ANON__ called at lib/Chj/TEST.pm line 278
# Chj::TEST::__ANON__ called at lib/Chj/TEST.pm line 287
# eval {...} called at lib/Chj/TEST.pm line 289
# Chj::TEST::__ANON__(HASH(0x4b0dd58)) called at lib/Chj/TEST.pm line 293
# Chj::TEST::eval_test(ARRAY(0x2bc4340), Chj::TEST::Result=HASH(0x4858e30)) called at lib/Chj/TEST.pm line 383
# Chj::TEST::__ANON__ called at lib/Chj/TEST.pm line 393
# Chj::TEST::__ANON__(HASH(0x4b16ae8)) called at lib/Chj/TEST.pm line 396
# Chj::TEST::__ANON__() called at /home/david/cpantesting/perl-5.30.2/lib/5.30.2/Test/Builder.pm line 333
# eval {...} called at /home/david/cpantesting/perl-5.30.2/lib/5.30.2/Test/Builder.pm line 333
# Test::Builder::subtest(Chj::TEST::Test::Builder=HASH(0x131b830), "Package FunctionalPerl::Indexing", CODE(0x4aef558)) called at /home/david/cpantesting/perl-5.30.2/lib/5.30.2/Test/More.pm line 809
# Test::More::subtest("Package FunctionalPerl::Indexing", CODE(0x4aef558)) called at lib/Chj/TEST.pm line 419
# Chj::TEST::__ANON__(HASH(0x4b0c9a0)) called at lib/Chj/TEST.pm line 421
# Chj::TEST::run_tests_for_package("FunctionalPerl::Indexing", Chj::TEST::Result=HASH(0x4858e30), undef) called at lib/Chj/TEST.pm line 481
# Chj::TEST::__ANON__ called at lib/Chj/TEST.pm line 493
# Chj::TEST::__ANON__(HASH(0x302a100)) called at lib/Chj/TEST.pm line 496
# Chj::TEST::run_tests_("packages", ARRAY(0x2fcb620)) called at lib/Chj/TEST.pm line 503
# Chj::TEST::run_tests() called at t/require_and_run_tests.t line 60
# main::__ANON__() called at /home/david/cpantesting/perl-5.30.2/lib/5.30.2/Test/Builder.pm line 333
# eval {...} called at /home/david/cpantesting/perl-5.30.2/lib/5.30.2/Test/Builder.pm line 333
# Test::Builder::subtest(Chj::TEST::Test::Builder=HASH(0x131b830), "run_tests", CODE(0x126e810)) called at /home/david/cpantesting/perl-5.30.2/lib/5.30.2/Test/More.pm line 809
# Test::More::subtest("run_tests", CODE(0x126e810)) called at t/require_and_run_tests.t line 61
meta/perlfiles: line 14: printfield: command not found
# Failed test 'at meta/FunctionalPerl/Indexing.pm line 225'
# at lib/Chj/TEST.pm line 347.
# Exception: xxfinish on 'meta/perlfiles': subcommand gave error 127 at meta/FunctionalPerl/Indexing.pm line 189.
# at lib/Chj/IO/CommandCommon.pm line 203.
# Chj::IO::CommandCommon::xxfinish(Chj::IO::Command=GLOB(0x4b48d00)) called at meta/FunctionalPerl/Indexing.pm line 189
# FunctionalPerl::Indexing::perlfiles() called at meta/FunctionalPerl/Indexing.pm line 201
# FunctionalPerl::Indexing::identifierInfos_by_name(".", CODE(0x2df7750)) called at meta/FunctionalPerl/Indexing.pm line 208
# FunctionalPerl::Indexing::__ANON__() called at lib/FP/Lazy.pm line 423
# FP::Lazy::force(FP::Lazy::Promise=ARRAY(0x2e0faf8)) called at meta/FunctionalPerl/Indexing.pm line 224
# FunctionalPerl::Indexing::__ANON__ called at lib/Chj/TEST.pm line 278
# Chj::TEST::__ANON__ called at lib/Chj/TEST.pm line 287
# eval {...} called at lib/Chj/TEST.pm line 289
# Chj::TEST::__ANON__(HASH(0x4b42ee0)) called at lib/Chj/TEST.pm line 293
# Chj::TEST::eval_test(ARRAY(0x2bc45b0), Chj::TEST::Result=HASH(0x4858e30)) called at lib/Chj/TEST.pm line 383
# Chj::TEST::__ANON__ called at lib/Chj/TEST.pm line 393
# Chj::TEST::__ANON__(HASH(0x4b16ae8)) called at lib/Chj/TEST.pm line 396
# Chj::TEST::__ANON__() called at /home/david/cpantesting/perl-5.30.2/lib/5.30.2/Test/Builder.pm line 333
# eval {...} called at /home/david/cpantesting/perl-5.30.2/lib/5.30.2/Test/Builder.pm line 333
# Test::Builder::subtest(Chj::TEST::Test::Builder=HASH(0x131b830), "Package FunctionalPerl::Indexing", CODE(0x4aef558)) called at /home/david/cpantesting/perl-5.30.2/lib/5.30.2/Test/More.pm line 809
# Test::More::subtest("Package FunctionalPerl::Indexing", CODE(0x4aef558)) called at lib/Chj/TEST.pm line 419
# Chj::TEST::__ANON__(HASH(0x4b0c9a0)) called at lib/Chj/TEST.pm line 421
# Chj::TEST::run_tests_for_package("FunctionalPerl::Indexing", Chj::TEST::Result=HASH(0x4858e30), undef) called at lib/Chj/TEST.pm line 481
# Chj::TEST::__ANON__ called at lib/Chj/TEST.pm line 493
# Chj::TEST::__ANON__(HASH(0x302a100)) called at lib/Chj/TEST.pm line 496
# Chj::TEST::run_tests_("packages", ARRAY(0x2fcb620)) called at lib/Chj/TEST.pm line 503
# Chj::TEST::run_tests() called at t/require_and_run_tests.t line 60
# main::__ANON__() called at /home/david/cpantesting/perl-5.30.2/lib/5.30.2/Test/Builder.pm line 333
# eval {...} called at /home/david/cpantesting/perl-5.30.2/lib/5.30.2/Test/Builder.pm line 333
# Test::Builder::subtest(Chj::TEST::Test::Builder=HASH(0x131b830), "run_tests", CODE(0x126e810)) called at /home/david/cpantesting/perl-5.30.2/lib/5.30.2/Test/More.pm line 809
# Test::More::subtest("run_tests", CODE(0x126e810)) called at t/require_and_run_tests.t line 61
meta/perlfiles: line 14: printfield: command not found
# Failed test 'at meta/FunctionalPerl/Indexing.pm line 243'
# at lib/Chj/TEST.pm line 347.
# Exception: xxfinish on 'meta/perlfiles': subcommand gave error 127 at meta/FunctionalPerl/Indexing.pm line 189.
# at lib/Chj/IO/CommandCommon.pm line 203.
# Chj::IO::CommandCommon::xxfinish(Chj::IO::Command=GLOB(0x4b490a8)) called at meta/FunctionalPerl/Indexing.pm line 189
# FunctionalPerl::Indexing::perlfiles() called at meta/FunctionalPerl/Indexing.pm line 201
# FunctionalPerl::Indexing::identifierInfos_by_name(".", CODE(0x2df7750)) called at meta/FunctionalPerl/Indexing.pm line 208
# FunctionalPerl::Indexing::__ANON__() called at lib/FP/Lazy.pm line 423
# FP::Lazy::force(FP::Lazy::Promise=ARRAY(0x2e0faf8)) called at meta/FunctionalPerl/Indexing.pm line 242
# FunctionalPerl::Indexing::__ANON__ called at lib/Chj/TEST.pm line 278
# Chj::TEST::__ANON__ called at lib/Chj/TEST.pm line 287
# eval {...} called at lib/Chj/TEST.pm line 289
# Chj::TEST::__ANON__(HASH(0x4b435b8)) called at lib/Chj/TEST.pm line 293
# Chj::TEST::eval_test(ARRAY(0x2e128f0), Chj::TEST::Result=HASH(0x4858e30)) called at lib/Chj/TEST.pm line 383
# Chj::TEST::__ANON__ called at lib/Chj/TEST.pm line 393
# Chj::TEST::__ANON__(HASH(0x4b16ae8)) called at lib/Chj/TEST.pm line 396
# Chj::TEST::__ANON__() called at /home/david/cpantesting/perl-5.30.2/lib/5.30.2/Test/Builder.pm line 333
# eval {...} called at /home/david/cpantesting/perl-5.30.2/lib/5.30.2/Test/Builder.pm line 333
# Test::Builder::subtest(Chj::TEST::Test::Builder=HASH(0x131b830), "Package FunctionalPerl::Indexing", CODE(0x4aef558)) called at /home/david/cpantesting/perl-5.30.2/lib/5.30.2/Test/More.pm line 809
# Test::More::subtest("Package FunctionalPerl::Indexing", CODE(0x4aef558)) called at lib/Chj/TEST.pm line 419
# Chj::TEST::__ANON__(HASH(0x4b0c9a0)) called at lib/Chj/TEST.pm line 421
# Chj::TEST::run_tests_for_package("FunctionalPerl::Indexing", Chj::TEST::Result=HASH(0x4858e30), undef) called at lib/Chj/TEST.pm line 481
# Chj::TEST::__ANON__ called at lib/Chj/TEST.pm line 493
# Chj::TEST::__ANON__(HASH(0x302a100)) called at lib/Chj/TEST.pm line 496
# Chj::TEST::run_tests_("packages", ARRAY(0x2fcb620)) called at lib/Chj/TEST.pm line 503
# Chj::TEST::run_tests() called at t/require_and_run_tests.t line 60
# main::__ANON__() called at /home/david/cpantesting/perl-5.30.2/lib/5.30.2/Test/Builder.pm line 333
# eval {...} called at /home/david/cpantesting/perl-5.30.2/lib/5.30.2/Test/Builder.pm line 333
# Test::Builder::subtest(Chj::TEST::Test::Builder=HASH(0x131b830), "run_tests", CODE(0x126e810)) called at /home/david/cpantesting/perl-5.30.2/lib/5.30.2/Test/More.pm line 809
# Test::More::subtest("run_tests", CODE(0x126e810)) called at t/require_and_run_tests.t line 61
# Looks like you failed 5 tests of 11.
# Failed test 'Package FunctionalPerl::Indexing'
# at lib/Chj/TEST.pm line 419.
# Looks like you failed 1 test of 38.
# Failed test 'run_tests'
# at t/require_and_run_tests.t line 61.
# Looks like you failed 1 test of 2.
t/require_and_run_tests.t ................
Dubious, test returned 1 (wstat 256, 0x100)
Failed 1/2 subtests
t/skip-internal.t ........................ ok
t/skip-leak.t ............................ skipped: Test requires module 'BSD::Resource' but it's not found
t/skip.t ................................. ok
t/testlazy.t ............................. ok
t/testlazy10.t ........................... ok
t/trampoline-fix.t ....................... skipped: Test requires module 'Method::Signatures' but it's not found
Test Summary Report
-------------------
t/require_and_run_tests.t (Wstat: 256 Tests: 2 Failed: 1)
Failed test: 2
Non-zero exit status: 1
Files=28, Tests=153, 141 wallclock secs ( 2.56 usr 0.52 sys + 110.71 cusr 19.37 csys = 133.17 CPU)
Result: FAIL
Failed 1/28 test programs. 1/153 subtests failed.
*** Error code 255
make: Fatal error: Command failed for target `test_dynamic'
------------------------------
PREREQUISITES
------------------------------
Prerequisite modules loaded:
requires:
Module Need Have
------------------- -------- --------
autobox 0 v3.0.1
base 0 2.27
Digest 0 1.17_01
File::Path 0 2.16
Getopt::Long 0 2.52
Import::Into 0 1.002005
Math::BigInt 0 1.999816
NEXT 0 0.67_01
overload 0 1.30
perl 5.016004 5.030002
PerlIO::utf8_strict 0 0.008
Safe::Isa 0 1.000010
Scalar::Util 0 1.56
Symbol 0 1.08
Test::More 0.96 1.302162
utf8 0 1.22
warnings 0 1.44
build_requires:
Module Need Have
------------------- -------- --------
Capture::Tiny 0 0.48
DBD::CSV 0 0.58
DBI 0 1.643
ExtUtils::MakeMaker 0 7.62
Sub::Util 0 1.56
Test::Pod::Snippets 0 0.07
Test::Requires 0 0.11
Text::CSV 0 2.00
URI 0 5.05
configure_requires:
Module Need Have
------------------- -------- --------
ExtUtils::MakeMaker 0 7.62
------------------------------
ENVIRONMENT AND OTHER CONTEXT
------------------------------
Environment variables:
AUTOMATED_TESTING = 1
LANG = en_GB.UTF-8
NONINTERACTIVE_TESTING = 1
PATH = /home/david/perl5/perlbrew/bin:/home/david/perl5/perlbrew/perls/perl-5.32.0/bin:/usr/bin:/usr/sbin:/sbin:/usr/gnu/bin:/opt/ooce/bin:/home/david/.fzf.git/bin:/opt/ooce/bin:/opt/ooce/bin
PERL = 5.30.2
PERL5LIB =
PERL5OPT =
PERL5_CPANPLUS_IS_RUNNING = 19607
PERL5_CPAN_IS_RUNNING = 19607
PERLBREW_HOME = /home/david/.perlbrew
PERLBREW_MANPATH = /home/david/perl5/perlbrew/perls/perl-5.32.0/man
PERLBREW_PATH = /home/david/perl5/perlbrew/bin:/home/david/perl5/perlbrew/perls/perl-5.32.0/bin
PERLBREW_PERL = perl-5.32.0
PERLBREW_ROOT = /home/david/perl5/perlbrew
PERLBREW_SHELLRC_VERSION = 0.89
PERLBREW_VERSION = 0.89
PERLVER = 5.30.2
PERL_INLINE_DIRECTORY = /home/david/.Inline-5.30.2
PERL_MM_USE_DEFAULT = 1
PERL_USE_UNSAFE_INC = 0
SHELL = /bin/bash
TERM = screen
Perl special variables (and OS-specific diagnostics, for MSWin32):
$^X = /home/david/cpantesting/perl-5.30.2/bin/perl
$UID/$EUID = 100 / 100
$GID = 1 1 100
$EGID = 1 1 100
Perl module toolchain versions installed:
Module Have
------------------- --------
CPAN 2.22
CPAN::Meta 2.150010
Cwd 3.78
ExtUtils::CBuilder 0.280231
ExtUtils::Command 7.62
ExtUtils::Install 2.14
ExtUtils::MakeMaker 7.62
ExtUtils::Manifest 1.72
ExtUtils::ParseXS 3.40
File::Spec 3.78
JSON 4.03
JSON::PP 4.02
Module::Build 0.4231
Module::Signature n/a
Parse::CPAN::Meta 2.150010
Test::Harness 3.42
Test::More 1.302162
YAML n/a
YAML::Syck n/a
version 0.9924
--
Summary of my perl5 (revision 5 version 30 subversion 2) configuration:
Platform:
osname=solaris
osvers=2.11
archname=i86pc-solaris-thread-multi-64
uname='sunos cpantesting-illumos 5.11 omnios-r151036-4a32ffb911 i86pc i386 i86pc '
config_args='-de -Dcc=gcc -Dprefix=/home/david/cpantesting/perl-5.30.2 -Dusethreads'
hint=recommended
useposix=true
d_sigaction=define
useithreads=define
usemultiplicity=define
use64bitint=define
use64bitall=define
uselongdouble=undef
usemymalloc=n
default_inc_excludes_dot=define
bincompat5005=undef
Compiler:
cc='gcc'
ccflags ='-D_REENTRANT -fwrapv -fno-strict-aliasing -pipe -fstack-protector-strong -m64 -D_LARGEFILE_SOURCE -D_FILE_OFFSET_BITS=64 -D_FORTIFY_SOURCE=2 -DPERL_USE_SAFE_PUTENV'
optimize='-O'
cppflags='-D_REENTRANT -fwrapv -fno-strict-aliasing -pipe -fstack-protector-strong'
ccversion=''
gccversion='9.3.0'
gccosandvers=''
intsize=4
longsize=8
ptrsize=8
doublesize=8
byteorder=12345678
doublekind=3
d_longlong=define
longlongsize=8
d_longdbl=define
longdblsize=16
longdblkind=3
ivtype='long'
ivsize=8
nvtype='double'
nvsize=8
Off_t='off_t'
lseeksize=8
alignbytes=8
prototype=define
Linker and Libraries:
ld='gcc'
ldflags =' -fstack-protector-strong -L/usr/gnu/lib -m64 '
libpth=/opt/gcc-9/lib /opt/gcc-9/lib/gcc/x86_64-pc-solaris2.11/9.3.0/include-fixed /usr/lib /usr/gnu/lib /usr/ccs/lib
libs=-lpthread -lsocket -lnsl -ldl -lm -lc
perllibs=-lpthread -lsocket -lnsl -ldl -lm -lc
libc=/lib/libc.so
so=so
useshrplib=true
libperl=libperl.so
gnulibc_version=''
Dynamic Linking:
dlsrc=dl_dlopen.xs
dlext=so
d_dlsymun=undef
ccdlflags=' -R /home/david/cpantesting/perl-5.30.2/lib/5.30.2/i86pc-solaris-thread-multi-64/CORE'
cccdlflags='-fPIC'
lddlflags=' -shared -m64 -L/usr/gnu/lib -fstack-protector-strong'
Characteristics of this binary (from libperl):
Compile-time options:
HAS_TIMES
MULTIPLICITY
PERLIO_LAYERS
PERL_COPY_ON_WRITE
PERL_DONT_CREATE_GVSV
PERL_IMPLICIT_CONTEXT
PERL_MALLOC_WRAP
PERL_OP_PARENT
PERL_PRESERVE_IVUV
PERL_USE_SAFE_PUTENV
USE_64_BIT_ALL
USE_64_BIT_INT
USE_ITHREADS
USE_LARGE_FILES
USE_LOCALE
USE_LOCALE_COLLATE
USE_LOCALE_CTYPE
USE_LOCALE_NUMERIC
USE_LOCALE_TIME
USE_PERLIO
USE_PERL_ATOF
USE_REENTRANT_API
USE_THREAD_SAFE_LOCALE
Built under solaris
Compiled at Dec 12 2020 00:49:07
%ENV:
PERL="5.30.2"
PERL5LIB=""
PERL5OPT=""
PERL5_CPANPLUS_IS_RUNNING="19607"
PERL5_CPAN_IS_RUNNING="19607"
PERLBREW_HOME="/home/david/.perlbrew"
PERLBREW_MANPATH="/home/david/perl5/perlbrew/perls/perl-5.32.0/man"
PERLBREW_PATH="/home/david/perl5/perlbrew/bin:/home/david/perl5/perlbrew/perls/perl-5.32.0/bin"
PERLBREW_PERL="perl-5.32.0"
PERLBREW_ROOT="/home/david/perl5/perlbrew"
PERLBREW_SHELLRC_VERSION="0.89"
PERLBREW_VERSION="0.89"
PERLVER="5.30.2"
PERL_INLINE_DIRECTORY="/home/david/.Inline-5.30.2"
PERL_MM_USE_DEFAULT="1"
PERL_USE_UNSAFE_INC="0"
@INC:
/home/david/cpantesting/perl-5.30.2/lib/site_perl/5.30.2/i86pc-solaris-thread-multi-64
/home/david/cpantesting/perl-5.30.2/lib/site_perl/5.30.2
/home/david/cpantesting/perl-5.30.2/lib/5.30.2/i86pc-solaris-thread-multi-64
/home/david/cpantesting/perl-5.30.2/lib/5.30.2