Statocles v0.093 Perl 5 v5.31.3 x86_64-linux-thread-multi-ld
- Status
- Fail
- From
- Andreas J. König (ANDK)
- Dist
-
Statocles v0.093
- Platform
- Perl 5 v5.31.3 x86_64-linux-thread-multi-ld
- Date
- 2019-08-06 13:47:11
- ID
- b0efac50-b850-11e9-9c6e-f2f6a436eef6
This distribution has been tested as part of the CPAN Testers
project, supporting the Perl programming language. See
http://wiki.cpantesters.org/ for more information or email
questions to cpan-testers-discuss@perl.org
--
Dear Doug Bell,
This is a computer-generated report for Statocles-0.093
on perl 5.31.3, created by CPAN-Reporter-1.2018.
Thank you for uploading your work to CPAN. However, there was a problem
testing your distribution.
If you think this report is invalid, please consult the CPAN Testers Wiki
for suggestions on how to avoid getting FAIL reports for missing library
or binary dependencies, unsupported operating systems, and so on:
http://wiki.cpantesters.org/wiki/CPANAuthorNotes
Sections of this report:
* Tester comments
* Program output
* Prerequisites
* Environment and other context
------------------------------
TESTER COMMENTS
------------------------------
Additional comments from tester:
this report is from an automated smoke testing program
and was not reviewed by a human for accuracy
------------------------------
PROGRAM OUTPUT
------------------------------
Output from '/usr/bin/make test':
Skip blib/lib/auto/share/dist/Statocles/theme/bootstrap/plugin/highlight/solarized-light.css (unchanged)
Skip blib/lib/auto/share/dist/Statocles/theme/bootstrap/plugin/highlight/default.css (unchanged)
Skip blib/lib/auto/share/dist/Statocles/theme/bootstrap/blog/index.html.ep (unchanged)
Skip blib/lib/auto/share/dist/Statocles/create/site.yml (unchanged)
Skip blib/lib/auto/share/dist/Statocles/theme/bootstrap/layout/default.html.ep (unchanged)
Skip blib/lib/auto/share/dist/Statocles/theme/bootstrap/css/statocles-bootstrap.css (unchanged)
Skip blib/lib/auto/share/dist/Statocles/theme/bootstrap/plugin/highlight/solarized-dark.css (unchanged)
Skip blib/lib/auto/share/dist/Statocles/theme/bootstrap/layout/blank.html.ep (unchanged)
Skip blib/lib/auto/share/dist/Statocles/theme/bootstrap/site/header_after.html.ep (unchanged)
Skip blib/lib/auto/share/dist/Statocles/theme/bootstrap/site/navbar_extra.html.ep (unchanged)
Skip blib/lib/auto/share/dist/Statocles/create/blog/post.markdown (unchanged)
Skip blib/lib/auto/share/dist/Statocles/create/script.yml (unchanged)
Skip blib/lib/auto/share/dist/Statocles/theme/bootstrap/perldoc/pod.html.ep (unchanged)
Skip blib/lib/auto/share/dist/Statocles/theme/bootstrap/blog/index.atom.ep (unchanged)
Skip blib/lib/auto/share/dist/Statocles/theme/bootstrap/site/head_after.html.ep (unchanged)
Skip blib/lib/auto/share/dist/Statocles/theme/bootstrap/blog/index.rss.ep (unchanged)
Skip blib/lib/auto/share/dist/Statocles/theme/bootstrap/blog/post.html.ep (unchanged)
Skip blib/lib/auto/share/dist/Statocles/theme/bootstrap/perldoc/source.html.ep (unchanged)
Skip blib/lib/auto/share/dist/Statocles/theme/bootstrap/site/footer.html.ep (unchanged)
Skip blib/lib/auto/share/dist/Statocles/create/page/index.markdown (unchanged)
Skip blib/lib/auto/share/dist/Statocles/theme/bootstrap/layout/full-width.html.ep (unchanged)
Skip blib/lib/auto/share/dist/Statocles/theme/bootstrap/site/sidebar_before.html.ep (unchanged)
Skip blib/lib/auto/share/dist/Statocles/theme/bootstrap/site/sitemap.xml.ep (unchanged)
Skip blib/lib/auto/share/dist/Statocles/theme/default/perldoc/source.html.ep (unchanged)
Skip blib/lib/auto/share/dist/Statocles/theme/default/plugin/highlight/solarized-light.css (unchanged)
Skip blib/lib/auto/share/dist/Statocles/theme/default/css/statocles-default.css (unchanged)
Skip blib/lib/auto/share/dist/Statocles/theme/default/css/normalize.css (unchanged)
Skip blib/lib/auto/share/dist/Statocles/theme/default/blog/index.rss.ep (unchanged)
Skip blib/lib/auto/share/dist/Statocles/theme/default/layout/default.html.ep (unchanged)
Skip blib/lib/auto/share/dist/Statocles/theme/bootstrap/site/robots.txt.ep (unchanged)
Skip blib/lib/auto/share/dist/Statocles/theme/default/layout/full-width.html.ep (unchanged)
Skip blib/lib/auto/share/dist/Statocles/theme/default/plugin/highlight/solarized-dark.css (unchanged)
Skip blib/lib/auto/share/dist/Statocles/theme/default/site/footer.html.ep (unchanged)
Skip blib/lib/auto/share/dist/Statocles/theme/bootstrap/site/style.html (unchanged)
Skip blib/lib/auto/share/dist/Statocles/theme/default/perldoc/pod.html.ep (unchanged)
Skip blib/lib/auto/share/dist/Statocles/theme/default/css/skeleton.css (unchanged)
Skip blib/lib/auto/share/dist/Statocles/theme/default/plugin/highlight/default.css (unchanged)
Skip blib/lib/auto/share/dist/Statocles/theme/default/site/head_after.html.ep (unchanged)
Skip blib/lib/auto/share/dist/Statocles/theme/default/layout/blank.html.ep (unchanged)
Skip blib/lib/auto/share/dist/Statocles/theme/default/blog/post.html.ep (unchanged)
Skip blib/lib/auto/share/dist/Statocles/theme/default/blog/index.atom.ep (unchanged)
Skip blib/lib/auto/share/dist/Statocles/theme/default/blog/index.html.ep (unchanged)
Skip blib/lib/auto/share/dist/Statocles/theme/default/site/robots.txt.ep (unchanged)
Skip blib/lib/auto/share/dist/Statocles/theme/default/site/sidebar_before.html.ep (unchanged)
Skip blib/lib/auto/share/dist/Statocles/theme/default/site/header_after.html.ep (unchanged)
Skip blib/lib/auto/share/dist/Statocles/theme/default/site/sitemap.xml.ep (unchanged)
Skip blib/lib/auto/share/dist/Statocles/zsh/_statocles (unchanged)
Skip blib/lib/auto/share/dist/Statocles/theme/default/site/navbar_extra.html.ep (unchanged)
Skip blib/lib/auto/share/dist/Statocles/theme/default/site/style.html (unchanged)
PERL_DL_NONLAZY=1 "/tmp/basesmoker-reloperl-nu4x/bin/perl" "-MExtUtils::Command::MM" "-MTest::Harness" "-e" "undef *Test::Harness::Switches; test_harness(0, 'blib/lib', 'blib/arch')" t/*.t t/app/*.t t/app/basic/*.t t/app/blog/*.t t/app/perldoc/*.t t/app/role/*.t t/command/*.t t/deploy/*.t t/link/*.t t/page/*.t t/plugin/*.t t/template/*.t t/theme/*.t
# Failed test 'Statocles.pm loaded ok'
# at t/00-compile.t line 88.
# got: '65280'
# expected: '0'
Undefined subroutine &Statocles::Types::PagePath called at /home/sand/.cpan/privbuild/k93msid/Statocles-0.093-2/blib/lib/Statocles/Document.pm line 18.
Compilation failed in require at /home/sand/.cpan/privbuild/k93msid/Statocles-0.093-2/blib/lib/Statocles/Store.pm line 8.
BEGIN failed--compilation aborted at /home/sand/.cpan/privbuild/k93msid/Statocles-0.093-2/blib/lib/Statocles/Store.pm line 8.
Compilation failed in require at /home/sand/.cpan/privbuild/k93msid/Statocles-0.093-2/blib/lib/Statocles/Types.pm line 97.
Compilation failed in require at /home/sand/src/perl/repoperls/installed-perls/host/k93msid/v5.31.2-56-g442d4b523e/496c/lib/site_perl/5.31.3/Module/Runtime.pm line 314.
BEGIN failed--compilation aborted at /home/sand/.cpan/privbuild/k93msid/Statocles-0.093-2/blib/lib/Statocles.pm line 5.
Compilation failed in require at -e line 1.
# Failed test 'Statocles/App.pm loaded ok'
# at t/00-compile.t line 88.
# got: '65280'
# expected: '0'
Undefined subroutine &Statocles::Types::PagePath called at /home/sand/.cpan/privbuild/k93msid/Statocles-0.093-2/blib/lib/Statocles/Document.pm line 18.
Compilation failed in require at /home/sand/.cpan/privbuild/k93msid/Statocles-0.093-2/blib/lib/Statocles/Store.pm line 8.
BEGIN failed--compilation aborted at /home/sand/.cpan/privbuild/k93msid/Statocles-0.093-2/blib/lib/Statocles/Store.pm line 8.
Compilation failed in require at /home/sand/.cpan/privbuild/k93msid/Statocles-0.093-2/blib/lib/Statocles/Types.pm line 97.
Compilation failed in require at /home/sand/src/perl/repoperls/installed-perls/host/k93msid/v5.31.2-56-g442d4b523e/496c/lib/site_perl/5.31.3/Module/Runtime.pm line 314.
BEGIN failed--compilation aborted at /home/sand/.cpan/privbuild/k93msid/Statocles-0.093-2/blib/lib/Statocles/App.pm line 5.
Compilation failed in require at -e line 1.
# Failed test 'Statocles/App/Basic.pm loaded ok'
# at t/00-compile.t line 88.
# got: '65280'
# expected: '0'
Undefined subroutine &Statocles::Types::PagePath called at /home/sand/.cpan/privbuild/k93msid/Statocles-0.093-2/blib/lib/Statocles/Document.pm line 18.
Compilation failed in require at /home/sand/.cpan/privbuild/k93msid/Statocles-0.093-2/blib/lib/Statocles/Store.pm line 8.
BEGIN failed--compilation aborted at /home/sand/.cpan/privbuild/k93msid/Statocles-0.093-2/blib/lib/Statocles/Store.pm line 8.
Compilation failed in require at /home/sand/.cpan/privbuild/k93msid/Statocles-0.093-2/blib/lib/Statocles/Types.pm line 97.
Compilation failed in require at /home/sand/src/perl/repoperls/installed-perls/host/k93msid/v5.31.2-56-g442d4b523e/496c/lib/site_perl/5.31.3/Module/Runtime.pm line 314.
BEGIN failed--compilation aborted at /home/sand/.cpan/privbuild/k93msid/Statocles-0.093-2/blib/lib/Statocles/App/Basic.pm line 5.
Compilation failed in require at -e line 1.
# Failed test 'Statocles/App/Blog.pm loaded ok'
# at t/00-compile.t line 88.
# got: '65280'
# expected: '0'
Undefined subroutine &Statocles::Types::PagePath called at /home/sand/.cpan/privbuild/k93msid/Statocles-0.093-2/blib/lib/Statocles/Document.pm line 18.
Compilation failed in require at /home/sand/.cpan/privbuild/k93msid/Statocles-0.093-2/blib/lib/Statocles/Store.pm line 8.
BEGIN failed--compilation aborted at /home/sand/.cpan/privbuild/k93msid/Statocles-0.093-2/blib/lib/Statocles/Store.pm line 8.
Compilation failed in require at /home/sand/.cpan/privbuild/k93msid/Statocles-0.093-2/blib/lib/Statocles/Types.pm line 97.
Compilation failed in require at /home/sand/src/perl/repoperls/installed-perls/host/k93msid/v5.31.2-56-g442d4b523e/496c/lib/site_perl/5.31.3/Module/Runtime.pm line 314.
BEGIN failed--compilation aborted at /home/sand/.cpan/privbuild/k93msid/Statocles-0.093-2/blib/lib/Statocles/App/Blog.pm line 6.
Compilation failed in require at -e line 1.
# Failed test 'Statocles/App/Perldoc.pm loaded ok'
# at t/00-compile.t line 88.
# got: '65280'
# expected: '0'
Undefined subroutine &Statocles::Types::PagePath called at /home/sand/.cpan/privbuild/k93msid/Statocles-0.093-2/blib/lib/Statocles/Document.pm line 18.
Compilation failed in require at /home/sand/.cpan/privbuild/k93msid/Statocles-0.093-2/blib/lib/Statocles/Store.pm line 8.
BEGIN failed--compilation aborted at /home/sand/.cpan/privbuild/k93msid/Statocles-0.093-2/blib/lib/Statocles/Store.pm line 8.
Compilation failed in require at /home/sand/.cpan/privbuild/k93msid/Statocles-0.093-2/blib/lib/Statocles/Types.pm line 97.
Compilation failed in require at /home/sand/src/perl/repoperls/installed-perls/host/k93msid/v5.31.2-56-g442d4b523e/496c/lib/site_perl/5.31.3/Module/Runtime.pm line 314.
BEGIN failed--compilation aborted at /home/sand/.cpan/privbuild/k93msid/Statocles-0.093-2/blib/lib/Statocles/App/Perldoc.pm line 5.
Compilation failed in require at -e line 1.
# Failed test 'Statocles/App/Plain.pm loaded ok'
# at t/00-compile.t line 88.
# got: '65280'
# expected: '0'
Undefined subroutine &Statocles::Types::PagePath called at /home/sand/.cpan/privbuild/k93msid/Statocles-0.093-2/blib/lib/Statocles/Document.pm line 18.
Compilation failed in require at /home/sand/.cpan/privbuild/k93msid/Statocles-0.093-2/blib/lib/Statocles/Store.pm line 8.
BEGIN failed--compilation aborted at /home/sand/.cpan/privbuild/k93msid/Statocles-0.093-2/blib/lib/Statocles/Store.pm line 8.
Compilation failed in require at /home/sand/.cpan/privbuild/k93msid/Statocles-0.093-2/blib/lib/Statocles/Types.pm line 97.
Compilation failed in require at /home/sand/src/perl/repoperls/installed-perls/host/k93msid/v5.31.2-56-g442d4b523e/496c/lib/site_perl/5.31.3/Module/Runtime.pm line 314.
BEGIN failed--compilation aborted at /home/sand/.cpan/privbuild/k93msid/Statocles-0.093-2/blib/lib/Statocles/App/Plain.pm line 5.
Compilation failed in require at -e line 1.
# Failed test 'Statocles/App/Role/Store.pm loaded ok'
# at t/00-compile.t line 88.
# got: '65280'
# expected: '0'
Undefined subroutine &Statocles::Types::PagePath called at /home/sand/.cpan/privbuild/k93msid/Statocles-0.093-2/blib/lib/Statocles/Document.pm line 18.
Compilation failed in require at /home/sand/.cpan/privbuild/k93msid/Statocles-0.093-2/blib/lib/Statocles/Store.pm line 8.
BEGIN failed--compilation aborted at /home/sand/.cpan/privbuild/k93msid/Statocles-0.093-2/blib/lib/Statocles/Store.pm line 8.
Compilation failed in require at /home/sand/.cpan/privbuild/k93msid/Statocles-0.093-2/blib/lib/Statocles/Types.pm line 97.
Compilation failed in require at /home/sand/src/perl/repoperls/installed-perls/host/k93msid/v5.31.2-56-g442d4b523e/496c/lib/site_perl/5.31.3/Module/Runtime.pm line 314.
BEGIN failed--compilation aborted at /home/sand/.cpan/privbuild/k93msid/Statocles-0.093-2/blib/lib/Statocles/App/Role/Store.pm line 27.
Compilation failed in require at -e line 1.
# Failed test 'Statocles/App/Static.pm loaded ok'
# at t/00-compile.t line 88.
# got: '65280'
# expected: '0'
Undefined subroutine &Statocles::Types::PagePath called at /home/sand/.cpan/privbuild/k93msid/Statocles-0.093-2/blib/lib/Statocles/Document.pm line 18.
Compilation failed in require at /home/sand/.cpan/privbuild/k93msid/Statocles-0.093-2/blib/lib/Statocles/Store.pm line 8.
BEGIN failed--compilation aborted at /home/sand/.cpan/privbuild/k93msid/Statocles-0.093-2/blib/lib/Statocles/Store.pm line 8.
Compilation failed in require at /home/sand/.cpan/privbuild/k93msid/Statocles-0.093-2/blib/lib/Statocles/Types.pm line 97.
Compilation failed in require at /home/sand/src/perl/repoperls/installed-perls/host/k93msid/v5.31.2-56-g442d4b523e/496c/lib/site_perl/5.31.3/Module/Runtime.pm line 314.
BEGIN failed--compilation aborted at /home/sand/.cpan/privbuild/k93msid/Statocles-0.093-2/blib/lib/Statocles/App/Static.pm line 5.
Compilation failed in require at -e line 1.
# Failed test 'Statocles/Command.pm loaded ok'
# at t/00-compile.t line 88.
# got: '65280'
# expected: '0'
Undefined subroutine &Statocles::Types::PagePath called at /home/sand/.cpan/privbuild/k93msid/Statocles-0.093-2/blib/lib/Statocles/Document.pm line 18.
Compilation failed in require at /home/sand/.cpan/privbuild/k93msid/Statocles-0.093-2/blib/lib/Statocles/Store.pm line 8.
BEGIN failed--compilation aborted at /home/sand/.cpan/privbuild/k93msid/Statocles-0.093-2/blib/lib/Statocles/Store.pm line 8.
Compilation failed in require at /home/sand/.cpan/privbuild/k93msid/Statocles-0.093-2/blib/lib/Statocles/Types.pm line 97.
Compilation failed in require at /home/sand/src/perl/repoperls/installed-perls/host/k93msid/v5.31.2-56-g442d4b523e/496c/lib/site_perl/5.31.3/Module/Runtime.pm line 314.
BEGIN failed--compilation aborted at /home/sand/.cpan/privbuild/k93msid/Statocles-0.093-2/blib/lib/Statocles/Command.pm line 29.
Compilation failed in require at -e line 1.
# Failed test 'Statocles/Command/apps.pm loaded ok'
# at t/00-compile.t line 88.
# got: '65280'
# expected: '0'
Undefined subroutine &Statocles::Types::PagePath called at /home/sand/.cpan/privbuild/k93msid/Statocles-0.093-2/blib/lib/Statocles/Document.pm line 18.
Compilation failed in require at /home/sand/.cpan/privbuild/k93msid/Statocles-0.093-2/blib/lib/Statocles/Store.pm line 8.
BEGIN failed--compilation aborted at /home/sand/.cpan/privbuild/k93msid/Statocles-0.093-2/blib/lib/Statocles/Store.pm line 8.
Compilation failed in require at /home/sand/.cpan/privbuild/k93msid/Statocles-0.093-2/blib/lib/Statocles/Types.pm line 97.
Compilation failed in require at /home/sand/src/perl/repoperls/installed-perls/host/k93msid/v5.31.2-56-g442d4b523e/496c/lib/site_perl/5.31.3/Module/Runtime.pm line 314.
BEGIN failed--compilation aborted at /home/sand/.cpan/privbuild/k93msid/Statocles-0.093-2/blib/lib/Statocles/Command/apps.pm line 5.
Compilation failed in require at -e line 1.
# Failed test 'Statocles/Command/build.pm loaded ok'
# at t/00-compile.t line 88.
# got: '65280'
# expected: '0'
Undefined subroutine &Statocles::Types::PagePath called at /home/sand/.cpan/privbuild/k93msid/Statocles-0.093-2/blib/lib/Statocles/Document.pm line 18.
Compilation failed in require at /home/sand/.cpan/privbuild/k93msid/Statocles-0.093-2/blib/lib/Statocles/Store.pm line 8.
BEGIN failed--compilation aborted at /home/sand/.cpan/privbuild/k93msid/Statocles-0.093-2/blib/lib/Statocles/Store.pm line 8.
Compilation failed in require at /home/sand/.cpan/privbuild/k93msid/Statocles-0.093-2/blib/lib/Statocles/Types.pm line 97.
Compilation failed in require at /home/sand/src/perl/repoperls/installed-perls/host/k93msid/v5.31.2-56-g442d4b523e/496c/lib/site_perl/5.31.3/Module/Runtime.pm line 314.
BEGIN failed--compilation aborted at /home/sand/.cpan/privbuild/k93msid/Statocles-0.093-2/blib/lib/Statocles/Command/build.pm line 5.
Compilation failed in require at -e line 1.
# Failed test 'Statocles/Command/bundle.pm loaded ok'
# at t/00-compile.t line 88.
# got: '65280'
# expected: '0'
Undefined subroutine &Statocles::Types::PagePath called at /home/sand/.cpan/privbuild/k93msid/Statocles-0.093-2/blib/lib/Statocles/Document.pm line 18.
Compilation failed in require at /home/sand/.cpan/privbuild/k93msid/Statocles-0.093-2/blib/lib/Statocles/Store.pm line 8.
BEGIN failed--compilation aborted at /home/sand/.cpan/privbuild/k93msid/Statocles-0.093-2/blib/lib/Statocles/Store.pm line 8.
Compilation failed in require at /home/sand/.cpan/privbuild/k93msid/Statocles-0.093-2/blib/lib/Statocles/Types.pm line 97.
Compilation failed in require at /home/sand/src/perl/repoperls/installed-perls/host/k93msid/v5.31.2-56-g442d4b523e/496c/lib/site_perl/5.31.3/Module/Runtime.pm line 314.
BEGIN failed--compilation aborted at /home/sand/.cpan/privbuild/k93msid/Statocles-0.093-2/blib/lib/Statocles/Command/bundle.pm line 5.
Compilation failed in require at -e line 1.
# Failed test 'Statocles/Command/create.pm loaded ok'
# at t/00-compile.t line 88.
# got: '65280'
# expected: '0'
Undefined subroutine &Statocles::Types::PagePath called at /home/sand/.cpan/privbuild/k93msid/Statocles-0.093-2/blib/lib/Statocles/Document.pm line 18.
Compilation failed in require at /home/sand/.cpan/privbuild/k93msid/Statocles-0.093-2/blib/lib/Statocles/Store.pm line 8.
BEGIN failed--compilation aborted at /home/sand/.cpan/privbuild/k93msid/Statocles-0.093-2/blib/lib/Statocles/Store.pm line 8.
Compilation failed in require at /home/sand/.cpan/privbuild/k93msid/Statocles-0.093-2/blib/lib/Statocles/Types.pm line 97.
Compilation failed in require at /home/sand/src/perl/repoperls/installed-perls/host/k93msid/v5.31.2-56-g442d4b523e/496c/lib/site_perl/5.31.3/Module/Runtime.pm line 314.
BEGIN failed--compilation aborted at /home/sand/.cpan/privbuild/k93msid/Statocles-0.093-2/blib/lib/Statocles/Command/create.pm line 5.
Compilation failed in require at -e line 1.
# Failed test 'Statocles/Command/daemon.pm loaded ok'
# at t/00-compile.t line 88.
# got: '65280'
# expected: '0'
Undefined subroutine &Statocles::Types::PagePath called at /home/sand/.cpan/privbuild/k93msid/Statocles-0.093-2/blib/lib/Statocles/Document.pm line 18.
Compilation failed in require at /home/sand/.cpan/privbuild/k93msid/Statocles-0.093-2/blib/lib/Statocles/Store.pm line 8.
BEGIN failed--compilation aborted at /home/sand/.cpan/privbuild/k93msid/Statocles-0.093-2/blib/lib/Statocles/Store.pm line 8.
Compilation failed in require at /home/sand/.cpan/privbuild/k93msid/Statocles-0.093-2/blib/lib/Statocles/Types.pm line 97.
Compilation failed in require at /home/sand/src/perl/repoperls/installed-perls/host/k93msid/v5.31.2-56-g442d4b523e/496c/lib/site_perl/5.31.3/Module/Runtime.pm line 314.
BEGIN failed--compilation aborted at /home/sand/.cpan/privbuild/k93msid/Statocles-0.093-2/blib/lib/Statocles/Command/daemon.pm line 5.
Compilation failed in require at -e line 1.
# Failed test 'Statocles/Command/deploy.pm loaded ok'
# at t/00-compile.t line 88.
# got: '65280'
# expected: '0'
Undefined subroutine &Statocles::Types::PagePath called at /home/sand/.cpan/privbuild/k93msid/Statocles-0.093-2/blib/lib/Statocles/Document.pm line 18.
Compilation failed in require at /home/sand/.cpan/privbuild/k93msid/Statocles-0.093-2/blib/lib/Statocles/Store.pm line 8.
BEGIN failed--compilation aborted at /home/sand/.cpan/privbuild/k93msid/Statocles-0.093-2/blib/lib/Statocles/Store.pm line 8.
Compilation failed in require at /home/sand/.cpan/privbuild/k93msid/Statocles-0.093-2/blib/lib/Statocles/Types.pm line 97.
Compilation failed in require at /home/sand/src/perl/repoperls/installed-perls/host/k93msid/v5.31.2-56-g442d4b523e/496c/lib/site_perl/5.31.3/Module/Runtime.pm line 314.
BEGIN failed--compilation aborted at /home/sand/.cpan/privbuild/k93msid/Statocles-0.093-2/blib/lib/Statocles/Command/deploy.pm line 5.
Compilation failed in require at -e line 1.
# Failed test 'Statocles/Command/status.pm loaded ok'
# at t/00-compile.t line 88.
# got: '65280'
# expected: '0'
Undefined subroutine &Statocles::Types::PagePath called at /home/sand/.cpan/privbuild/k93msid/Statocles-0.093-2/blib/lib/Statocles/Document.pm line 18.
Compilation failed in require at /home/sand/.cpan/privbuild/k93msid/Statocles-0.093-2/blib/lib/Statocles/Store.pm line 8.
BEGIN failed--compilation aborted at /home/sand/.cpan/privbuild/k93msid/Statocles-0.093-2/blib/lib/Statocles/Store.pm line 8.
Compilation failed in require at /home/sand/.cpan/privbuild/k93msid/Statocles-0.093-2/blib/lib/Statocles/Types.pm line 97.
Compilation failed in require at /home/sand/src/perl/repoperls/installed-perls/host/k93msid/v5.31.2-56-g442d4b523e/496c/lib/site_perl/5.31.3/Module/Runtime.pm line 314.
BEGIN failed--compilation aborted at /home/sand/.cpan/privbuild/k93msid/Statocles-0.093-2/blib/lib/Statocles/Command/status.pm line 5.
Compilation failed in require at -e line 1.
# Failed test 'Statocles/Deploy.pm loaded ok'
# at t/00-compile.t line 88.
# got: '65280'
# expected: '0'
Undefined subroutine &Statocles::Types::PagePath called at /home/sand/.cpan/privbuild/k93msid/Statocles-0.093-2/blib/lib/Statocles/Document.pm line 18.
Compilation failed in require at /home/sand/.cpan/privbuild/k93msid/Statocles-0.093-2/blib/lib/Statocles/Store.pm line 8.
BEGIN failed--compilation aborted at /home/sand/.cpan/privbuild/k93msid/Statocles-0.093-2/blib/lib/Statocles/Store.pm line 8.
Compilation failed in require at /home/sand/.cpan/privbuild/k93msid/Statocles-0.093-2/blib/lib/Statocles/Types.pm line 97.
Compilation failed in require at /home/sand/src/perl/repoperls/installed-perls/host/k93msid/v5.31.2-56-g442d4b523e/496c/lib/site_perl/5.31.3/Module/Runtime.pm line 314.
BEGIN failed--compilation aborted at /home/sand/.cpan/privbuild/k93msid/Statocles-0.093-2/blib/lib/Statocles/Deploy.pm line 5.
Compilation failed in require at -e line 1.
# Failed test 'Statocles/Deploy/File.pm loaded ok'
# at t/00-compile.t line 88.
# got: '65280'
# expected: '0'
Undefined subroutine &Statocles::Types::PagePath called at /home/sand/.cpan/privbuild/k93msid/Statocles-0.093-2/blib/lib/Statocles/Document.pm line 18.
Compilation failed in require at /home/sand/.cpan/privbuild/k93msid/Statocles-0.093-2/blib/lib/Statocles/Store.pm line 8.
BEGIN failed--compilation aborted at /home/sand/.cpan/privbuild/k93msid/Statocles-0.093-2/blib/lib/Statocles/Store.pm line 8.
Compilation failed in require at /home/sand/.cpan/privbuild/k93msid/Statocles-0.093-2/blib/lib/Statocles/Types.pm line 97.
Compilation failed in require at /home/sand/src/perl/repoperls/installed-perls/host/k93msid/v5.31.2-56-g442d4b523e/496c/lib/site_perl/5.31.3/Module/Runtime.pm line 314.
BEGIN failed--compilation aborted at /home/sand/.cpan/privbuild/k93msid/Statocles-0.093-2/blib/lib/Statocles/Deploy/File.pm line 5.
Compilation failed in require at -e line 1.
# Failed test 'Statocles/Deploy/Git.pm loaded ok'
# at t/00-compile.t line 88.
# got: '65280'
# expected: '0'
Undefined subroutine &Statocles::Types::PagePath called at /home/sand/.cpan/privbuild/k93msid/Statocles-0.093-2/blib/lib/Statocles/Document.pm line 18.
Compilation failed in require at /home/sand/.cpan/privbuild/k93msid/Statocles-0.093-2/blib/lib/Statocles/Store.pm line 8.
BEGIN failed--compilation aborted at /home/sand/.cpan/privbuild/k93msid/Statocles-0.093-2/blib/lib/Statocles/Store.pm line 8.
Compilation failed in require at /home/sand/.cpan/privbuild/k93msid/Statocles-0.093-2/blib/lib/Statocles/Types.pm line 97.
Compilation failed in require at /home/sand/src/perl/repoperls/installed-perls/host/k93msid/v5.31.2-56-g442d4b523e/496c/lib/site_perl/5.31.3/Module/Runtime.pm line 314.
BEGIN failed--compilation aborted at /home/sand/.cpan/privbuild/k93msid/Statocles-0.093-2/blib/lib/Statocles/Deploy/Git.pm line 5.
Compilation failed in require at -e line 1.
# Failed test 'Statocles/Document.pm loaded ok'
# at t/00-compile.t line 88.
# got: '65280'
# expected: '0'
Undefined subroutine &Statocles::Types::PagePath called at /home/sand/.cpan/privbuild/k93msid/Statocles-0.093-2/blib/lib/Statocles/Document.pm line 18.
Compilation failed in require at -e line 1.
# Failed test 'Statocles/Event.pm loaded ok'
# at t/00-compile.t line 88.
# got: '65280'
# expected: '0'
Undefined subroutine &Statocles::Types::PagePath called at /home/sand/.cpan/privbuild/k93msid/Statocles-0.093-2/blib/lib/Statocles/Document.pm line 18.
Compilation failed in require at /home/sand/.cpan/privbuild/k93msid/Statocles-0.093-2/blib/lib/Statocles/Store.pm line 8.
BEGIN failed--compilation aborted at /home/sand/.cpan/privbuild/k93msid/Statocles-0.093-2/blib/lib/Statocles/Store.pm line 8.
Compilation failed in require at /home/sand/.cpan/privbuild/k93msid/Statocles-0.093-2/blib/lib/Statocles/Types.pm line 97.
Compilation failed in require at /home/sand/src/perl/repoperls/installed-perls/host/k93msid/v5.31.2-56-g442d4b523e/496c/lib/site_perl/5.31.3/Module/Runtime.pm line 314.
BEGIN failed--compilation aborted at /home/sand/.cpan/privbuild/k93msid/Statocles-0.093-2/blib/lib/Statocles/Event.pm line 15.
Compilation failed in require at -e line 1.
# Failed test 'Statocles/File.pm loaded ok'
# at t/00-compile.t line 88.
# got: '65280'
# expected: '0'
Undefined subroutine &Statocles::Types::PagePath called at /home/sand/.cpan/privbuild/k93msid/Statocles-0.093-2/blib/lib/Statocles/Document.pm line 18.
Compilation failed in require at /home/sand/.cpan/privbuild/k93msid/Statocles-0.093-2/blib/lib/Statocles/Store.pm line 8.
BEGIN failed--compilation aborted at /home/sand/.cpan/privbuild/k93msid/Statocles-0.093-2/blib/lib/Statocles/Store.pm line 8.
Compilation failed in require at /home/sand/.cpan/privbuild/k93msid/Statocles-0.093-2/blib/lib/Statocles/Types.pm line 97.
Compilation failed in require at /home/sand/src/perl/repoperls/installed-perls/host/k93msid/v5.31.2-56-g442d4b523e/496c/lib/site_perl/5.31.3/Module/Runtime.pm line 314.
BEGIN failed--compilation aborted at /home/sand/.cpan/privbuild/k93msid/Statocles-0.093-2/blib/lib/Statocles/File.pm line 24.
Compilation failed in require at -e line 1.
# Failed test 'Statocles/Image.pm loaded ok'
# at t/00-compile.t line 88.
# got: '65280'
# expected: '0'
Undefined subroutine &Statocles::Types::PagePath called at /home/sand/.cpan/privbuild/k93msid/Statocles-0.093-2/blib/lib/Statocles/Document.pm line 18.
Compilation failed in require at /home/sand/.cpan/privbuild/k93msid/Statocles-0.093-2/blib/lib/Statocles/Store.pm line 8.
BEGIN failed--compilation aborted at /home/sand/.cpan/privbuild/k93msid/Statocles-0.093-2/blib/lib/Statocles/Store.pm line 8.
Compilation failed in require at /home/sand/.cpan/privbuild/k93msid/Statocles-0.093-2/blib/lib/Statocles/Types.pm line 97.
Compilation failed in require at /home/sand/src/perl/repoperls/installed-perls/host/k93msid/v5.31.2-56-g442d4b523e/496c/lib/site_perl/5.31.3/Module/Runtime.pm line 314.
BEGIN failed--compilation aborted at /home/sand/.cpan/privbuild/k93msid/Statocles-0.093-2/blib/lib/Statocles/Image.pm line 20.
Compilation failed in require at -e line 1.
# Failed test 'Statocles/Link.pm loaded ok'
# at t/00-compile.t line 88.
# got: '65280'
# expected: '0'
Undefined subroutine &Statocles::Types::PagePath called at /home/sand/.cpan/privbuild/k93msid/Statocles-0.093-2/blib/lib/Statocles/Document.pm line 18.
Compilation failed in require at /home/sand/.cpan/privbuild/k93msid/Statocles-0.093-2/blib/lib/Statocles/Store.pm line 8.
BEGIN failed--compilation aborted at /home/sand/.cpan/privbuild/k93msid/Statocles-0.093-2/blib/lib/Statocles/Store.pm line 8.
Compilation failed in require at /home/sand/.cpan/privbuild/k93msid/Statocles-0.093-2/blib/lib/Statocles/Types.pm line 97.
Compilation failed in require at /home/sand/src/perl/repoperls/installed-perls/host/k93msid/v5.31.2-56-g442d4b523e/496c/lib/site_perl/5.31.3/Module/Runtime.pm line 314.
BEGIN failed--compilation aborted at /home/sand/.cpan/privbuild/k93msid/Statocles-0.093-2/blib/lib/Statocles/Link.pm line 5.
Compilation failed in require at -e line 1.
# Failed test 'Statocles/Link/Tree.pm loaded ok'
# at t/00-compile.t line 88.
# got: '65280'
# expected: '0'
Undefined subroutine &Statocles::Types::PagePath called at /home/sand/.cpan/privbuild/k93msid/Statocles-0.093-2/blib/lib/Statocles/Document.pm line 18.
Compilation failed in require at /home/sand/.cpan/privbuild/k93msid/Statocles-0.093-2/blib/lib/Statocles/Store.pm line 8.
BEGIN failed--compilation aborted at /home/sand/.cpan/privbuild/k93msid/Statocles-0.093-2/blib/lib/Statocles/Store.pm line 8.
Compilation failed in require at /home/sand/.cpan/privbuild/k93msid/Statocles-0.093-2/blib/lib/Statocles/Types.pm line 97.
Compilation failed in require at /home/sand/src/perl/repoperls/installed-perls/host/k93msid/v5.31.2-56-g442d4b523e/496c/lib/site_perl/5.31.3/Module/Runtime.pm line 314.
BEGIN failed--compilation aborted at /home/sand/.cpan/privbuild/k93msid/Statocles-0.093-2/blib/lib/Statocles/Link/Tree.pm line 33.
Compilation failed in require at -e line 1.
# Failed test 'Statocles/Page.pm loaded ok'
# at t/00-compile.t line 88.
# got: '65280'
# expected: '0'
Undefined subroutine &Statocles::Types::PagePath called at /home/sand/.cpan/privbuild/k93msid/Statocles-0.093-2/blib/lib/Statocles/Document.pm line 18.
Compilation failed in require at /home/sand/.cpan/privbuild/k93msid/Statocles-0.093-2/blib/lib/Statocles/Store.pm line 8.
BEGIN failed--compilation aborted at /home/sand/.cpan/privbuild/k93msid/Statocles-0.093-2/blib/lib/Statocles/Store.pm line 8.
Compilation failed in require at /home/sand/.cpan/privbuild/k93msid/Statocles-0.093-2/blib/lib/Statocles/Types.pm line 97.
Compilation failed in require at /home/sand/src/perl/repoperls/installed-perls/host/k93msid/v5.31.2-56-g442d4b523e/496c/lib/site_perl/5.31.3/Module/Runtime.pm line 314.
BEGIN failed--compilation aborted at /home/sand/.cpan/privbuild/k93msid/Statocles-0.093-2/blib/lib/Statocles/Page.pm line 5.
Compilation failed in require at -e line 1.
# Failed test 'Statocles/Page/Document.pm loaded ok'
# at t/00-compile.t line 88.
# got: '65280'
# expected: '0'
Undefined subroutine &Statocles::Types::PagePath called at /home/sand/.cpan/privbuild/k93msid/Statocles-0.093-2/blib/lib/Statocles/Document.pm line 18.
Compilation failed in require at /home/sand/.cpan/privbuild/k93msid/Statocles-0.093-2/blib/lib/Statocles/Store.pm line 8.
BEGIN failed--compilation aborted at /home/sand/.cpan/privbuild/k93msid/Statocles-0.093-2/blib/lib/Statocles/Store.pm line 8.
Compilation failed in require at /home/sand/.cpan/privbuild/k93msid/Statocles-0.093-2/blib/lib/Statocles/Types.pm line 97.
Compilation failed in require at /home/sand/src/perl/repoperls/installed-perls/host/k93msid/v5.31.2-56-g442d4b523e/496c/lib/site_perl/5.31.3/Module/Runtime.pm line 314.
BEGIN failed--compilation aborted at /home/sand/.cpan/privbuild/k93msid/Statocles-0.093-2/blib/lib/Statocles/Page/Document.pm line 5.
Compilation failed in require at -e line 1.
# Failed test 'Statocles/Page/File.pm loaded ok'
# at t/00-compile.t line 88.
# got: '65280'
# expected: '0'
Undefined subroutine &Statocles::Types::PagePath called at /home/sand/.cpan/privbuild/k93msid/Statocles-0.093-2/blib/lib/Statocles/Document.pm line 18.
Compilation failed in require at /home/sand/.cpan/privbuild/k93msid/Statocles-0.093-2/blib/lib/Statocles/Store.pm line 8.
BEGIN failed--compilation aborted at /home/sand/.cpan/privbuild/k93msid/Statocles-0.093-2/blib/lib/Statocles/Store.pm line 8.
Compilation failed in require at /home/sand/.cpan/privbuild/k93msid/Statocles-0.093-2/blib/lib/Statocles/Types.pm line 97.
Compilation failed in require at /home/sand/src/perl/repoperls/installed-perls/host/k93msid/v5.31.2-56-g442d4b523e/496c/lib/site_perl/5.31.3/Module/Runtime.pm line 314.
BEGIN failed--compilation aborted at /home/sand/.cpan/privbuild/k93msid/Statocles-0.093-2/blib/lib/Statocles/Page/File.pm line 5.
Compilation failed in require at -e line 1.
# Failed test 'Statocles/Page/List.pm loaded ok'
# at t/00-compile.t line 88.
# got: '65280'
# expected: '0'
Undefined subroutine &Statocles::Types::PagePath called at /home/sand/.cpan/privbuild/k93msid/Statocles-0.093-2/blib/lib/Statocles/Document.pm line 18.
Compilation failed in require at /home/sand/.cpan/privbuild/k93msid/Statocles-0.093-2/blib/lib/Statocles/Store.pm line 8.
BEGIN failed--compilation aborted at /home/sand/.cpan/privbuild/k93msid/Statocles-0.093-2/blib/lib/Statocles/Store.pm line 8.
Compilation failed in require at /home/sand/.cpan/privbuild/k93msid/Statocles-0.093-2/blib/lib/Statocles/Types.pm line 97.
Compilation failed in require at /home/sand/src/perl/repoperls/installed-perls/host/k93msid/v5.31.2-56-g442d4b523e/496c/lib/site_perl/5.31.3/Module/Runtime.pm line 314.
BEGIN failed--compilation aborted at /home/sand/.cpan/privbuild/k93msid/Statocles-0.093-2/blib/lib/Statocles/Page/List.pm line 5.
Compilation failed in require at -e line 1.
# Failed test 'Statocles/Page/ListItem.pm loaded ok'
# at t/00-compile.t line 88.
# got: '65280'
# expected: '0'
Undefined subroutine &Statocles::Types::PagePath called at /home/sand/.cpan/privbuild/k93msid/Statocles-0.093-2/blib/lib/Statocles/Document.pm line 18.
Compilation failed in require at /home/sand/.cpan/privbuild/k93msid/Statocles-0.093-2/blib/lib/Statocles/Store.pm line 8.
BEGIN failed--compilation aborted at /home/sand/.cpan/privbuild/k93msid/Statocles-0.093-2/blib/lib/Statocles/Store.pm line 8.
Compilation failed in require at /home/sand/.cpan/privbuild/k93msid/Statocles-0.093-2/blib/lib/Statocles/Types.pm line 97.
Compilation failed in require at /home/sand/src/perl/repoperls/installed-perls/host/k93msid/v5.31.2-56-g442d4b523e/496c/lib/site_perl/5.31.3/Module/Runtime.pm line 314.
BEGIN failed--compilation aborted at /home/sand/.cpan/privbuild/k93msid/Statocles-0.093-2/blib/lib/Statocles/Page/ListItem.pm line 5.
Compilation failed in require at -e line 1.
# Failed test 'Statocles/Page/Plain.pm loaded ok'
# at t/00-compile.t line 88.
# got: '65280'
# expected: '0'
Undefined subroutine &Statocles::Types::PagePath called at /home/sand/.cpan/privbuild/k93msid/Statocles-0.093-2/blib/lib/Statocles/Document.pm line 18.
Compilation failed in require at /home/sand/.cpan/privbuild/k93msid/Statocles-0.093-2/blib/lib/Statocles/Store.pm line 8.
BEGIN failed--compilation aborted at /home/sand/.cpan/privbuild/k93msid/Statocles-0.093-2/blib/lib/Statocles/Store.pm line 8.
Compilation failed in require at /home/sand/.cpan/privbuild/k93msid/Statocles-0.093-2/blib/lib/Statocles/Types.pm line 97.
Compilation failed in require at /home/sand/src/perl/repoperls/installed-perls/host/k93msid/v5.31.2-56-g442d4b523e/496c/lib/site_perl/5.31.3/Module/Runtime.pm line 314.
BEGIN failed--compilation aborted at /home/sand/.cpan/privbuild/k93msid/Statocles-0.093-2/blib/lib/Statocles/Page/Plain.pm line 5.
Compilation failed in require at -e line 1.
# Failed test 'Statocles/Person.pm loaded ok'
# at t/00-compile.t line 88.
# got: '65280'
# expected: '0'
Undefined subroutine &Statocles::Types::PagePath called at /home/sand/.cpan/privbuild/k93msid/Statocles-0.093-2/blib/lib/Statocles/Document.pm line 18.
Compilation failed in require at /home/sand/.cpan/privbuild/k93msid/Statocles-0.093-2/blib/lib/Statocles/Store.pm line 8.
BEGIN failed--compilation aborted at /home/sand/.cpan/privbuild/k93msid/Statocles-0.093-2/blib/lib/Statocles/Store.pm line 8.
Compilation failed in require at /home/sand/.cpan/privbuild/k93msid/Statocles-0.093-2/blib/lib/Statocles/Types.pm line 97.
Compilation failed in require at /home/sand/src/perl/repoperls/installed-perls/host/k93msid/v5.31.2-56-g442d4b523e/496c/lib/site_perl/5.31.3/Module/Runtime.pm line 314.
BEGIN failed--compilation aborted at /home/sand/.cpan/privbuild/k93msid/Statocles-0.093-2/blib/lib/Statocles/Person.pm line 44.
Compilation failed in require at -e line 1.
# Failed test 'Statocles/Plugin.pm loaded ok'
# at t/00-compile.t line 88.
# got: '65280'
# expected: '0'
Undefined subroutine &Statocles::Types::PagePath called at /home/sand/.cpan/privbuild/k93msid/Statocles-0.093-2/blib/lib/Statocles/Document.pm line 18.
Compilation failed in require at /home/sand/.cpan/privbuild/k93msid/Statocles-0.093-2/blib/lib/Statocles/Store.pm line 8.
BEGIN failed--compilation aborted at /home/sand/.cpan/privbuild/k93msid/Statocles-0.093-2/blib/lib/Statocles/Store.pm line 8.
Compilation failed in require at /home/sand/.cpan/privbuild/k93msid/Statocles-0.093-2/blib/lib/Statocles/Types.pm line 97.
Compilation failed in require at /home/sand/src/perl/repoperls/installed-perls/host/k93msid/v5.31.2-56-g442d4b523e/496c/lib/site_perl/5.31.3/Module/Runtime.pm line 314.
BEGIN failed--compilation aborted at /home/sand/.cpan/privbuild/k93msid/Statocles-0.093-2/blib/lib/Statocles/Plugin.pm line 35.
Compilation failed in require at -e line 1.
# Failed test 'Statocles/Plugin/Diagram/Mermaid.pm loaded ok'
# at t/00-compile.t line 88.
# got: '65280'
# expected: '0'
Undefined subroutine &Statocles::Types::PagePath called at /home/sand/.cpan/privbuild/k93msid/Statocles-0.093-2/blib/lib/Statocles/Document.pm line 18.
Compilation failed in require at /home/sand/.cpan/privbuild/k93msid/Statocles-0.093-2/blib/lib/Statocles/Store.pm line 8.
BEGIN failed--compilation aborted at /home/sand/.cpan/privbuild/k93msid/Statocles-0.093-2/blib/lib/Statocles/Store.pm line 8.
Compilation failed in require at /home/sand/.cpan/privbuild/k93msid/Statocles-0.093-2/blib/lib/Statocles/Types.pm line 97.
Compilation failed in require at /home/sand/src/perl/repoperls/installed-perls/host/k93msid/v5.31.2-56-g442d4b523e/496c/lib/site_perl/5.31.3/Module/Runtime.pm line 314.
BEGIN failed--compilation aborted at /home/sand/.cpan/privbuild/k93msid/Statocles-0.093-2/blib/lib/Statocles/Plugin/Diagram/Mermaid.pm line 35.
Compilation failed in require at -e line 1.
# Failed test 'Statocles/Plugin/LinkCheck.pm loaded ok'
# at t/00-compile.t line 88.
# got: '65280'
# expected: '0'
Undefined subroutine &Statocles::Types::PagePath called at /home/sand/.cpan/privbuild/k93msid/Statocles-0.093-2/blib/lib/Statocles/Document.pm line 18.
Compilation failed in require at /home/sand/.cpan/privbuild/k93msid/Statocles-0.093-2/blib/lib/Statocles/Store.pm line 8.
BEGIN failed--compilation aborted at /home/sand/.cpan/privbuild/k93msid/Statocles-0.093-2/blib/lib/Statocles/Store.pm line 8.
Compilation failed in require at /home/sand/.cpan/privbuild/k93msid/Statocles-0.093-2/blib/lib/Statocles/Types.pm line 97.
Compilation failed in require at /home/sand/src/perl/repoperls/installed-perls/host/k93msid/v5.31.2-56-g442d4b523e/496c/lib/site_perl/5.31.3/Module/Runtime.pm line 314.
BEGIN failed--compilation aborted at /home/sand/.cpan/privbuild/k93msid/Statocles-0.093-2/blib/lib/Statocles/Plugin/LinkCheck.pm line 5.
Compilation failed in require at -e line 1.
# Failed test 'Statocles/Role/PageAttrs.pm loaded ok'
# at t/00-compile.t line 88.
# got: '65280'
# expected: '0'
Undefined subroutine &Types::Standard::Str called at /home/sand/.cpan/privbuild/k93msid/Statocles-0.093-2/blib/lib/Statocles/Document.pm line 79.
Compilation failed in require at /home/sand/.cpan/privbuild/k93msid/Statocles-0.093-2/blib/lib/Statocles/Store.pm line 8.
BEGIN failed--compilation aborted at /home/sand/.cpan/privbuild/k93msid/Statocles-0.093-2/blib/lib/Statocles/Store.pm line 8.
Compilation failed in require at /home/sand/.cpan/privbuild/k93msid/Statocles-0.093-2/blib/lib/Statocles/Types.pm line 97.
Compilation failed in require at /home/sand/src/perl/repoperls/installed-perls/host/k93msid/v5.31.2-56-g442d4b523e/496c/lib/site_perl/5.31.3/Module/Runtime.pm line 314.
BEGIN failed--compilation aborted at /home/sand/.cpan/privbuild/k93msid/Statocles-0.093-2/blib/lib/Statocles/Role/PageAttrs.pm line 5.
Compilation failed in require at -e line 1.
# Failed test 'Statocles/Site.pm loaded ok'
# at t/00-compile.t line 88.
# got: '65280'
# expected: '0'
Undefined subroutine &Statocles::Types::PagePath called at /home/sand/.cpan/privbuild/k93msid/Statocles-0.093-2/blib/lib/Statocles/Document.pm line 18.
Compilation failed in require at /home/sand/.cpan/privbuild/k93msid/Statocles-0.093-2/blib/lib/Statocles/Store.pm line 8.
BEGIN failed--compilation aborted at /home/sand/.cpan/privbuild/k93msid/Statocles-0.093-2/blib/lib/Statocles/Store.pm line 8.
Compilation failed in require at /home/sand/.cpan/privbuild/k93msid/Statocles-0.093-2/blib/lib/Statocles/Types.pm line 97.
Compilation failed in require at /home/sand/src/perl/repoperls/installed-perls/host/k93msid/v5.31.2-56-g442d4b523e/496c/lib/site_perl/5.31.3/Module/Runtime.pm line 314.
BEGIN failed--compilation aborted at /home/sand/.cpan/privbuild/k93msid/Statocles-0.093-2/blib/lib/Statocles/Site.pm line 5.
Compilation failed in require at -e line 1.
# Failed test 'Statocles/Store.pm loaded ok'
# at t/00-compile.t line 88.
# got: '65280'
# expected: '0'
Undefined subroutine &Statocles::Types::PagePath called at /home/sand/.cpan/privbuild/k93msid/Statocles-0.093-2/blib/lib/Statocles/Document.pm line 18.
Compilation failed in require at /home/sand/.cpan/privbuild/k93msid/Statocles-0.093-2/blib/lib/Statocles/Store.pm line 8.
BEGIN failed--compilation aborted at /home/sand/.cpan/privbuild/k93msid/Statocles-0.093-2/blib/lib/Statocles/Store.pm line 8.
Compilation failed in require at -e line 1.
# Failed test 'Statocles/Template.pm loaded ok'
# at t/00-compile.t line 88.
# got: '65280'
# expected: '0'
Undefined subroutine &Statocles::Types::PagePath called at /home/sand/.cpan/privbuild/k93msid/Statocles-0.093-2/blib/lib/Statocles/Document.pm line 18.
Compilation failed in require at /home/sand/.cpan/privbuild/k93msid/Statocles-0.093-2/blib/lib/Statocles/Store.pm line 8.
BEGIN failed--compilation aborted at /home/sand/.cpan/privbuild/k93msid/Statocles-0.093-2/blib/lib/Statocles/Store.pm line 8.
Compilation failed in require at /home/sand/.cpan/privbuild/k93msid/Statocles-0.093-2/blib/lib/Statocles/Types.pm line 97.
Compilation failed in require at /home/sand/src/perl/repoperls/installed-perls/host/k93msid/v5.31.2-56-g442d4b523e/496c/lib/site_perl/5.31.3/Module/Runtime.pm line 314.
BEGIN failed--compilation aborted at /home/sand/.cpan/privbuild/k93msid/Statocles-0.093-2/blib/lib/Statocles/Template.pm line 5.
Compilation failed in require at -e line 1.
# Failed test 'Statocles/Theme.pm loaded ok'
# at t/00-compile.t line 88.
# got: '65280'
# expected: '0'
Undefined subroutine &Statocles::Types::PagePath called at /home/sand/.cpan/privbuild/k93msid/Statocles-0.093-2/blib/lib/Statocles/Document.pm line 18.
Compilation failed in require at /home/sand/.cpan/privbuild/k93msid/Statocles-0.093-2/blib/lib/Statocles/Store.pm line 8.
BEGIN failed--compilation aborted at /home/sand/.cpan/privbuild/k93msid/Statocles-0.093-2/blib/lib/Statocles/Store.pm line 8.
Compilation failed in require at /home/sand/.cpan/privbuild/k93msid/Statocles-0.093-2/blib/lib/Statocles/Types.pm line 97.
Compilation failed in require at /home/sand/src/perl/repoperls/installed-perls/host/k93msid/v5.31.2-56-g442d4b523e/496c/lib/site_perl/5.31.3/Module/Runtime.pm line 314.
BEGIN failed--compilation aborted at /home/sand/.cpan/privbuild/k93msid/Statocles-0.093-2/blib/lib/Statocles/Theme.pm line 5.
Compilation failed in require at -e line 1.
# Failed test 'Statocles/Types.pm loaded ok'
# at t/00-compile.t line 88.
# got: '65280'
# expected: '0'
Undefined subroutine &Statocles::Types::PagePath called at /home/sand/.cpan/privbuild/k93msid/Statocles-0.093-2/blib/lib/Statocles/Document.pm line 18.
Compilation failed in require at /home/sand/.cpan/privbuild/k93msid/Statocles-0.093-2/blib/lib/Statocles/Store.pm line 8.
BEGIN failed--compilation aborted at /home/sand/.cpan/privbuild/k93msid/Statocles-0.093-2/blib/lib/Statocles/Store.pm line 8.
Compilation failed in require at /home/sand/.cpan/privbuild/k93msid/Statocles-0.093-2/blib/lib/Statocles/Types.pm line 97.
Compilation failed in require at -e line 1.
# Looks like you failed 41 tests of 45.
t/00-compile.t ................
Dubious, test returned 41 (wstat 10496, 0x2900)
Failed 41/45 subtests
(less 1 skipped subtest: 3 okay)
#
# Versions for all modules listed in MYMETA.json (including optional ones):
#
# === Configure Requires ===
#
# Module Want Have
# ----------------------- ---- ----
# ExtUtils::MakeMaker any 7.36
# File::ShareDir::Install 0.06 0.13
#
# === Build Requires ===
#
# Module Want Have
# ------------------- ---- ----
# ExtUtils::MakeMaker any 7.36
#
# === Test Requires ===
#
# Module Want Have
# ------------------- -------- --------
# Capture::Tiny any 0.48
# Dir::Self any 0.11
# ExtUtils::MakeMaker any 7.36
# File::Spec any 3.78
# IO::Handle any 1.41
# IPC::Open3 any 1.20
# Storable any 3.16
# Test::Deep any 1.128
# Test::Differences 0.64 0.67
# Test::Exception 0.42 0.43
# Test::Lib any 0.002
# Test::More 1.001005 1.302164
#
# === Test Recommends ===
#
# Module Want Have
# ---------- -------- --------
# CPAN::Meta 2.120900 2.150010
#
# === Runtime Requires ===
#
# Module Want Have
# ------------------ -------- --------
# Beam::Emitter 0.007 1.007
# Beam::Wire 1.018 1.023
# DateTime::Moonpig any 1.03
# Encode any 3.01
# File::Share any 0.25
# Git::Repository any 1.323
# Import::Base 0.012 1.004
# JSON::PP any 4.04
# List::UtilsBy 0.09 0.11
# Mojolicious 6.54 8.22
# Moo 2.000001 2.003004
# Path::Tiny 0.084 0.108
# Pod::Simple 3.31 3.39
# Pod::Usage::Return any 0.003
# Text::Markdown any 1.000031
# Text::Unidecode any 1.30
# Type::Tiny any 1.004004
# Types::Path::Tiny any 0.006
# YAML any 1.29
# strict any 1.11
# warnings any 1.45
#
# === Runtime Recommends ===
#
# Module Want Have
# ------------------------------- ----- --------
# HTML::Lint::Pluggable 0.06 0.10
# PPI any 1.270
# Pod::Elemental any 0.103004
# Pod::Weaver 4.015 4.015
# Syntax::Highlight::Engine::Kate any 0.14
#
t/00-report-prereqs.t ......... ok
Undefined subroutine &Statocles::Types::PagePath called at /home/sand/.cpan/privbuild/k93msid/Statocles-0.093-2/blib/lib/Statocles/Document.pm line 18.
Compilation failed in require at /home/sand/.cpan/privbuild/k93msid/Statocles-0.093-2/blib/lib/Statocles/Store.pm line 8.
BEGIN failed--compilation aborted at /home/sand/.cpan/privbuild/k93msid/Statocles-0.093-2/blib/lib/Statocles/Store.pm line 8.
Compilation failed in require at /home/sand/.cpan/privbuild/k93msid/Statocles-0.093-2/blib/lib/Statocles/Types.pm line 97.
Compilation failed in require at /home/sand/src/perl/repoperls/installed-perls/host/k93msid/v5.31.2-56-g442d4b523e/496c/lib/site_perl/5.31.3/Module/Runtime.pm line 314.
BEGIN failed--compilation aborted at /home/sand/.cpan/privbuild/k93msid/Statocles-0.093-2/blib/lib/Statocles.pm line 5.
Compilation failed in require at /home/sand/src/perl/repoperls/installed-perls/host/k93msid/v5.31.2-56-g442d4b523e/496c/lib/site_perl/5.31.3/Module/Runtime.pm line 314.
BEGIN failed--compilation aborted at t/app/basic/command.t line 2.
t/app/basic/command.t .........
Dubious, test returned 255 (wstat 65280, 0xff00)
No subtests run
Undefined subroutine &Statocles::Types::PagePath called at /home/sand/.cpan/privbuild/k93msid/Statocles-0.093-2/blib/lib/Statocles/Document.pm line 18.
Compilation failed in require at /home/sand/.cpan/privbuild/k93msid/Statocles-0.093-2/blib/lib/Statocles/Store.pm line 8.
BEGIN failed--compilation aborted at /home/sand/.cpan/privbuild/k93msid/Statocles-0.093-2/blib/lib/Statocles/Store.pm line 8.
Compilation failed in require at /home/sand/.cpan/privbuild/k93msid/Statocles-0.093-2/blib/lib/Statocles/Types.pm line 97.
Compilation failed in require at /home/sand/src/perl/repoperls/installed-perls/host/k93msid/v5.31.2-56-g442d4b523e/496c/lib/site_perl/5.31.3/Module/Runtime.pm line 314.
BEGIN failed--compilation aborted at /home/sand/.cpan/privbuild/k93msid/Statocles-0.093-2/blib/lib/Statocles.pm line 5.
Compilation failed in require at /home/sand/src/perl/repoperls/installed-perls/host/k93msid/v5.31.2-56-g442d4b523e/496c/lib/site_perl/5.31.3/Module/Runtime.pm line 314.
BEGIN failed--compilation aborted at t/app/basic/constructor.t line 3.
t/app/basic/constructor.t .....
Dubious, test returned 255 (wstat 65280, 0xff00)
No subtests run
Undefined subroutine &Statocles::Types::PagePath called at /home/sand/.cpan/privbuild/k93msid/Statocles-0.093-2/blib/lib/Statocles/Document.pm line 18.
Compilation failed in require at /home/sand/.cpan/privbuild/k93msid/Statocles-0.093-2/blib/lib/Statocles/Store.pm line 8.
BEGIN failed--compilation aborted at /home/sand/.cpan/privbuild/k93msid/Statocles-0.093-2/blib/lib/Statocles/Store.pm line 8.
Compilation failed in require at /home/sand/.cpan/privbuild/k93msid/Statocles-0.093-2/blib/lib/Statocles/Types.pm line 97.
Compilation failed in require at /home/sand/src/perl/repoperls/installed-perls/host/k93msid/v5.31.2-56-g442d4b523e/496c/lib/site_perl/5.31.3/Module/Runtime.pm line 314.
BEGIN failed--compilation aborted at /home/sand/.cpan/privbuild/k93msid/Statocles-0.093-2/blib/lib/Statocles.pm line 5.
Compilation failed in require at /home/sand/src/perl/repoperls/installed-perls/host/k93msid/v5.31.2-56-g442d4b523e/496c/lib/site_perl/5.31.3/Module/Runtime.pm line 314.
BEGIN failed--compilation aborted at t/app/basic/pages.t line 3.
t/app/basic/pages.t ...........
Dubious, test returned 255 (wstat 65280, 0xff00)
No subtests run
Undefined subroutine &Statocles::Types::PagePath called at /home/sand/.cpan/privbuild/k93msid/Statocles-0.093-2/blib/lib/Statocles/Document.pm line 18.
Compilation failed in require at /home/sand/.cpan/privbuild/k93msid/Statocles-0.093-2/blib/lib/Statocles/Store.pm line 8.
BEGIN failed--compilation aborted at /home/sand/.cpan/privbuild/k93msid/Statocles-0.093-2/blib/lib/Statocles/Store.pm line 8.
Compilation failed in require at /home/sand/.cpan/privbuild/k93msid/Statocles-0.093-2/blib/lib/Statocles/Types.pm line 97.
Compilation failed in require at /home/sand/src/perl/repoperls/installed-perls/host/k93msid/v5.31.2-56-g442d4b523e/496c/lib/site_perl/5.31.3/Module/Runtime.pm line 314.
BEGIN failed--compilation aborted at /home/sand/.cpan/privbuild/k93msid/Statocles-0.093-2/blib/lib/Statocles.pm line 5.
Compilation failed in require at /home/sand/src/perl/repoperls/installed-perls/host/k93msid/v5.31.2-56-g442d4b523e/496c/lib/site_perl/5.31.3/Module/Runtime.pm line 314.
BEGIN failed--compilation aborted at t/app/blog/command.t line 3.
t/app/blog/command.t ..........
Dubious, test returned 255 (wstat 65280, 0xff00)
No subtests run
Undefined subroutine &Statocles::Types::PagePath called at /home/sand/.cpan/privbuild/k93msid/Statocles-0.093-2/blib/lib/Statocles/Document.pm line 18.
Compilation failed in require at /home/sand/.cpan/privbuild/k93msid/Statocles-0.093-2/blib/lib/Statocles/Store.pm line 8.
BEGIN failed--compilation aborted at /home/sand/.cpan/privbuild/k93msid/Statocles-0.093-2/blib/lib/Statocles/Store.pm line 8.
Compilation failed in require at /home/sand/.cpan/privbuild/k93msid/Statocles-0.093-2/blib/lib/Statocles/Types.pm line 97.
Compilation failed in require at /home/sand/src/perl/repoperls/installed-perls/host/k93msid/v5.31.2-56-g442d4b523e/496c/lib/site_perl/5.31.3/Module/Runtime.pm line 314.
BEGIN failed--compilation aborted at /home/sand/.cpan/privbuild/k93msid/Statocles-0.093-2/blib/lib/Statocles.pm line 5.
Compilation failed in require at /home/sand/src/perl/repoperls/installed-perls/host/k93msid/v5.31.2-56-g442d4b523e/496c/lib/site_perl/5.31.3/Module/Runtime.pm line 314.
BEGIN failed--compilation aborted at t/app/blog/constructor.t line 3.
t/app/blog/constructor.t ......
Dubious, test returned 255 (wstat 65280, 0xff00)
No subtests run
Undefined subroutine &Statocles::Types::PagePath called at /home/sand/.cpan/privbuild/k93msid/Statocles-0.093-2/blib/lib/Statocles/Document.pm line 18.
Compilation failed in require at /home/sand/.cpan/privbuild/k93msid/Statocles-0.093-2/blib/lib/Statocles/Store.pm line 8.
BEGIN failed--compilation aborted at /home/sand/.cpan/privbuild/k93msid/Statocles-0.093-2/blib/lib/Statocles/Store.pm line 8.
Compilation failed in require at /home/sand/.cpan/privbuild/k93msid/Statocles-0.093-2/blib/lib/Statocles/Types.pm line 97.
Compilation failed in require at /home/sand/src/perl/repoperls/installed-perls/host/k93msid/v5.31.2-56-g442d4b523e/496c/lib/site_perl/5.31.3/Module/Runtime.pm line 314.
BEGIN failed--compilation aborted at /home/sand/.cpan/privbuild/k93msid/Statocles-0.093-2/blib/lib/Statocles.pm line 5.
Compilation failed in require at /home/sand/src/perl/repoperls/installed-perls/host/k93msid/v5.31.2-56-g442d4b523e/496c/lib/site_perl/5.31.3/Module/Runtime.pm line 314.
BEGIN failed--compilation aborted at t/app/blog/pages.t line 3.
t/app/blog/pages.t ............
Dubious, test returned 255 (wstat 65280, 0xff00)
No subtests run
Undefined subroutine &Statocles::Types::PagePath called at /home/sand/.cpan/privbuild/k93msid/Statocles-0.093-2/blib/lib/Statocles/Document.pm line 18.
Compilation failed in require at /home/sand/.cpan/privbuild/k93msid/Statocles-0.093-2/blib/lib/Statocles/Store.pm line 8.
BEGIN failed--compilation aborted at /home/sand/.cpan/privbuild/k93msid/Statocles-0.093-2/blib/lib/Statocles/Store.pm line 8.
Compilation failed in require at /home/sand/.cpan/privbuild/k93msid/Statocles-0.093-2/blib/lib/Statocles/Types.pm line 97.
Compilation failed in require at /home/sand/src/perl/repoperls/installed-perls/host/k93msid/v5.31.2-56-g442d4b523e/496c/lib/site_perl/5.31.3/Module/Runtime.pm line 314.
BEGIN failed--compilation aborted at /home/sand/.cpan/privbuild/k93msid/Statocles-0.093-2/blib/lib/Statocles.pm line 5.
Compilation failed in require at /home/sand/src/perl/repoperls/installed-perls/host/k93msid/v5.31.2-56-g442d4b523e/496c/lib/site_perl/5.31.3/Module/Runtime.pm line 314.
BEGIN failed--compilation aborted at t/app/blog/post_date.t line 24.
t/app/blog/post_date.t ........
Dubious, test returned 255 (wstat 65280, 0xff00)
No subtests run
Undefined subroutine &Statocles::Types::PagePath called at /home/sand/.cpan/privbuild/k93msid/Statocles-0.093-2/blib/lib/Statocles/Document.pm line 18.
Compilation failed in require at /home/sand/.cpan/privbuild/k93msid/Statocles-0.093-2/blib/lib/Statocles/Store.pm line 8.
BEGIN failed--compilation aborted at /home/sand/.cpan/privbuild/k93msid/Statocles-0.093-2/blib/lib/Statocles/Store.pm line 8.
Compilation failed in require at /home/sand/.cpan/privbuild/k93msid/Statocles-0.093-2/blib/lib/Statocles/Types.pm line 97.
Compilation failed in require at /home/sand/src/perl/repoperls/installed-perls/host/k93msid/v5.31.2-56-g442d4b523e/496c/lib/site_perl/5.31.3/Module/Runtime.pm line 314.
BEGIN failed--compilation aborted at /home/sand/.cpan/privbuild/k93msid/Statocles-0.093-2/blib/lib/Statocles.pm line 5.
Compilation failed in require at /home/sand/src/perl/repoperls/installed-perls/host/k93msid/v5.31.2-56-g442d4b523e/496c/lib/site_perl/5.31.3/Module/Runtime.pm line 314.
BEGIN failed--compilation aborted at t/app/blog/recent_posts.t line 3.
t/app/blog/recent_posts.t .....
Dubious, test returned 255 (wstat 65280, 0xff00)
No subtests run
Undefined subroutine &Statocles::Types::PagePath called at /home/sand/.cpan/privbuild/k93msid/Statocles-0.093-2/blib/lib/Statocles/Document.pm line 18.
Compilation failed in require at /home/sand/.cpan/privbuild/k93msid/Statocles-0.093-2/blib/lib/Statocles/Store.pm line 8.
BEGIN failed--compilation aborted at /home/sand/.cpan/privbuild/k93msid/Statocles-0.093-2/blib/lib/Statocles/Store.pm line 8.
Compilation failed in require at /home/sand/.cpan/privbuild/k93msid/Statocles-0.093-2/blib/lib/Statocles/Types.pm line 97.
Compilation failed in require at /home/sand/src/perl/repoperls/installed-perls/host/k93msid/v5.31.2-56-g442d4b523e/496c/lib/site_perl/5.31.3/Module/Runtime.pm line 314.
BEGIN failed--compilation aborted at /home/sand/.cpan/privbuild/k93msid/Statocles-0.093-2/blib/lib/Statocles.pm line 5.
Compilation failed in require at /home/sand/src/perl/repoperls/installed-perls/host/k93msid/v5.31.2-56-g442d4b523e/496c/lib/site_perl/5.31.3/Module/Runtime.pm line 314.
BEGIN failed--compilation aborted at t/app/blog/slugs.t line 3.
t/app/blog/slugs.t ............
Dubious, test returned 255 (wstat 65280, 0xff00)
No subtests run
Undefined subroutine &Statocles::Types::PagePath called at /home/sand/.cpan/privbuild/k93msid/Statocles-0.093-2/blib/lib/Statocles/Document.pm line 18.
Compilation failed in require at /home/sand/.cpan/privbuild/k93msid/Statocles-0.093-2/blib/lib/Statocles/Store.pm line 8.
BEGIN failed--compilation aborted at /home/sand/.cpan/privbuild/k93msid/Statocles-0.093-2/blib/lib/Statocles/Store.pm line 8.
Compilation failed in require at /home/sand/.cpan/privbuild/k93msid/Statocles-0.093-2/blib/lib/Statocles/Types.pm line 97.
Compilation failed in require at /home/sand/src/perl/repoperls/installed-perls/host/k93msid/v5.31.2-56-g442d4b523e/496c/lib/site_perl/5.31.3/Module/Runtime.pm line 314.
BEGIN failed--compilation aborted at /home/sand/.cpan/privbuild/k93msid/Statocles-0.093-2/blib/lib/Statocles.pm line 5.
Compilation failed in require at /home/sand/src/perl/repoperls/installed-perls/host/k93msid/v5.31.2-56-g442d4b523e/496c/lib/site_perl/5.31.3/Module/Runtime.pm line 314.
BEGIN failed--compilation aborted at t/app/events.t line 3.
t/app/events.t ................
Dubious, test returned 255 (wstat 65280, 0xff00)
No subtests run
Undefined subroutine &Statocles::Types::PagePath called at /home/sand/.cpan/privbuild/k93msid/Statocles-0.093-2/blib/lib/Statocles/Document.pm line 18.
Compilation failed in require at /home/sand/.cpan/privbuild/k93msid/Statocles-0.093-2/blib/lib/Statocles/Store.pm line 8.
BEGIN failed--compilation aborted at /home/sand/.cpan/privbuild/k93msid/Statocles-0.093-2/blib/lib/Statocles/Store.pm line 8.
Compilation failed in require at /home/sand/.cpan/privbuild/k93msid/Statocles-0.093-2/blib/lib/Statocles/Types.pm line 97.
Compilation failed in require at /home/sand/src/perl/repoperls/installed-perls/host/k93msid/v5.31.2-56-g442d4b523e/496c/lib/site_perl/5.31.3/Module/Runtime.pm line 314.
BEGIN failed--compilation aborted at /home/sand/.cpan/privbuild/k93msid/Statocles-0.093-2/blib/lib/Statocles.pm line 5.
Compilation failed in require at /home/sand/src/perl/repoperls/installed-perls/host/k93msid/v5.31.2-56-g442d4b523e/496c/lib/site_perl/5.31.3/Module/Runtime.pm line 314.
BEGIN failed--compilation aborted at t/app/perldoc/constructor.t line 3.
t/app/perldoc/constructor.t ...
Dubious, test returned 255 (wstat 65280, 0xff00)
No subtests run
Undefined subroutine &Statocles::Types::PagePath called at /home/sand/.cpan/privbuild/k93msid/Statocles-0.093-2/blib/lib/Statocles/Document.pm line 18.
Compilation failed in require at /home/sand/.cpan/privbuild/k93msid/Statocles-0.093-2/blib/lib/Statocles/Store.pm line 8.
BEGIN failed--compilation aborted at /home/sand/.cpan/privbuild/k93msid/Statocles-0.093-2/blib/lib/Statocles/Store.pm line 8.
Compilation failed in require at /home/sand/.cpan/privbuild/k93msid/Statocles-0.093-2/blib/lib/Statocles/Types.pm line 97.
Compilation failed in require at /home/sand/src/perl/repoperls/installed-perls/host/k93msid/v5.31.2-56-g442d4b523e/496c/lib/site_perl/5.31.3/Module/Runtime.pm line 314.
BEGIN failed--compilation aborted at /home/sand/.cpan/privbuild/k93msid/Statocles-0.093-2/blib/lib/Statocles.pm line 5.
Compilation failed in require at /home/sand/src/perl/repoperls/installed-perls/host/k93msid/v5.31.2-56-g442d4b523e/496c/lib/site_perl/5.31.3/Module/Runtime.pm line 314.
BEGIN failed--compilation aborted at t/app/perldoc/highlight.t line 2.
t/app/perldoc/highlight.t .....
Dubious, test returned 255 (wstat 65280, 0xff00)
No subtests run
Undefined subroutine &Statocles::Types::PagePath called at /home/sand/.cpan/privbuild/k93msid/Statocles-0.093-2/blib/lib/Statocles/Document.pm line 18.
Compilation failed in require at /home/sand/.cpan/privbuild/k93msid/Statocles-0.093-2/blib/lib/Statocles/Store.pm line 8.
BEGIN failed--compilation aborted at /home/sand/.cpan/privbuild/k93msid/Statocles-0.093-2/blib/lib/Statocles/Store.pm line 8.
Compilation failed in require at /home/sand/.cpan/privbuild/k93msid/Statocles-0.093-2/blib/lib/Statocles/Types.pm line 97.
Compilation failed in require at /home/sand/src/perl/repoperls/installed-perls/host/k93msid/v5.31.2-56-g442d4b523e/496c/lib/site_perl/5.31.3/Module/Runtime.pm line 314.
BEGIN failed--compilation aborted at /home/sand/.cpan/privbuild/k93msid/Statocles-0.093-2/blib/lib/Statocles.pm line 5.
Compilation failed in require at /home/sand/src/perl/repoperls/installed-perls/host/k93msid/v5.31.2-56-g442d4b523e/496c/lib/site_perl/5.31.3/Module/Runtime.pm line 314.
BEGIN failed--compilation aborted at t/app/perldoc/pages.t line 3.
t/app/perldoc/pages.t .........
Dubious, test returned 255 (wstat 65280, 0xff00)
No subtests run
Undefined subroutine &Statocles::Types::PagePath called at /home/sand/.cpan/privbuild/k93msid/Statocles-0.093-2/blib/lib/Statocles/Document.pm line 18.
Compilation failed in require at /home/sand/.cpan/privbuild/k93msid/Statocles-0.093-2/blib/lib/Statocles/Store.pm line 8.
BEGIN failed--compilation aborted at /home/sand/.cpan/privbuild/k93msid/Statocles-0.093-2/blib/lib/Statocles/Store.pm line 8.
Compilation failed in require at /home/sand/.cpan/privbuild/k93msid/Statocles-0.093-2/blib/lib/Statocles/Types.pm line 97.
Compilation failed in require at /home/sand/src/perl/repoperls/installed-perls/host/k93msid/v5.31.2-56-g442d4b523e/496c/lib/site_perl/5.31.3/Module/Runtime.pm line 314.
BEGIN failed--compilation aborted at /home/sand/.cpan/privbuild/k93msid/Statocles-0.093-2/blib/lib/Statocles.pm line 5.
Compilation failed in require at /home/sand/src/perl/repoperls/installed-perls/host/k93msid/v5.31.2-56-g442d4b523e/496c/lib/site_perl/5.31.3/Module/Runtime.pm line 314.
BEGIN failed--compilation aborted at t/app/role/store.t line 3.
t/app/role/store.t ............
Dubious, test returned 255 (wstat 65280, 0xff00)
No subtests run
Undefined subroutine &Statocles::Types::PagePath called at /home/sand/.cpan/privbuild/k93msid/Statocles-0.093-2/blib/lib/Statocles/Document.pm line 18.
Compilation failed in require at /home/sand/.cpan/privbuild/k93msid/Statocles-0.093-2/blib/lib/Statocles/Store.pm line 8.
BEGIN failed--compilation aborted at /home/sand/.cpan/privbuild/k93msid/Statocles-0.093-2/blib/lib/Statocles/Store.pm line 8.
Compilation failed in require at /home/sand/.cpan/privbuild/k93msid/Statocles-0.093-2/blib/lib/Statocles/Types.pm line 97.
Compilation failed in require at /home/sand/src/perl/repoperls/installed-perls/host/k93msid/v5.31.2-56-g442d4b523e/496c/lib/site_perl/5.31.3/Module/Runtime.pm line 314.
BEGIN failed--compilation aborted at /home/sand/.cpan/privbuild/k93msid/Statocles-0.093-2/blib/lib/Statocles.pm line 5.
Compilation failed in require at /home/sand/src/perl/repoperls/installed-perls/host/k93msid/v5.31.2-56-g442d4b523e/496c/lib/site_perl/5.31.3/Module/Runtime.pm line 314.
BEGIN failed--compilation aborted at t/app/template.t line 3.
t/app/template.t ..............
Dubious, test returned 255 (wstat 65280, 0xff00)
No subtests run
Undefined subroutine &Statocles::Types::PagePath called at /home/sand/.cpan/privbuild/k93msid/Statocles-0.093-2/blib/lib/Statocles/Document.pm line 18.
Compilation failed in require at /home/sand/.cpan/privbuild/k93msid/Statocles-0.093-2/blib/lib/Statocles/Store.pm line 8.
BEGIN failed--compilation aborted at /home/sand/.cpan/privbuild/k93msid/Statocles-0.093-2/blib/lib/Statocles/Store.pm line 8.
Compilation failed in require at /home/sand/.cpan/privbuild/k93msid/Statocles-0.093-2/blib/lib/Statocles/Types.pm line 97.
Compilation failed in require at /home/sand/src/perl/repoperls/installed-perls/host/k93msid/v5.31.2-56-g442d4b523e/496c/lib/site_perl/5.31.3/Module/Runtime.pm line 314.
BEGIN failed--compilation aborted at /home/sand/.cpan/privbuild/k93msid/Statocles-0.093-2/blib/lib/Statocles.pm line 5.
Compilation failed in require at /home/sand/src/perl/repoperls/installed-perls/host/k93msid/v5.31.2-56-g442d4b523e/496c/lib/site_perl/5.31.3/Module/Runtime.pm line 314.
BEGIN failed--compilation aborted at t/app/url.t line 3.
t/app/url.t ...................
Dubious, test returned 255 (wstat 65280, 0xff00)
No subtests run
Undefined subroutine &Statocles::Types::PagePath called at /home/sand/.cpan/privbuild/k93msid/Statocles-0.093-2/blib/lib/Statocles/Document.pm line 18.
Compilation failed in require at /home/sand/.cpan/privbuild/k93msid/Statocles-0.093-2/blib/lib/Statocles/Store.pm line 8.
BEGIN failed--compilation aborted at /home/sand/.cpan/privbuild/k93msid/Statocles-0.093-2/blib/lib/Statocles/Store.pm line 8.
Compilation failed in require at /home/sand/.cpan/privbuild/k93msid/Statocles-0.093-2/blib/lib/Statocles/Types.pm line 97.
Compilation failed in require at /home/sand/src/perl/repoperls/installed-perls/host/k93msid/v5.31.2-56-g442d4b523e/496c/lib/site_perl/5.31.3/Module/Runtime.pm line 314.
BEGIN failed--compilation aborted at /home/sand/.cpan/privbuild/k93msid/Statocles-0.093-2/blib/lib/Statocles.pm line 5.
Compilation failed in require at /home/sand/src/perl/repoperls/installed-perls/host/k93msid/v5.31.2-56-g442d4b523e/496c/lib/site_perl/5.31.3/Module/Runtime.pm line 314.
BEGIN failed--compilation aborted at t/command/apps.t line 3.
t/command/apps.t ..............
Dubious, test returned 255 (wstat 65280, 0xff00)
No subtests run
Undefined subroutine &Statocles::Types::PagePath called at /home/sand/.cpan/privbuild/k93msid/Statocles-0.093-2/blib/lib/Statocles/Document.pm line 18.
Compilation failed in require at /home/sand/.cpan/privbuild/k93msid/Statocles-0.093-2/blib/lib/Statocles/Store.pm line 8.
BEGIN failed--compilation aborted at /home/sand/.cpan/privbuild/k93msid/Statocles-0.093-2/blib/lib/Statocles/Store.pm line 8.
Compilation failed in require at /home/sand/.cpan/privbuild/k93msid/Statocles-0.093-2/blib/lib/Statocles/Types.pm line 97.
Compilation failed in require at /home/sand/src/perl/repoperls/installed-perls/host/k93msid/v5.31.2-56-g442d4b523e/496c/lib/site_perl/5.31.3/Module/Runtime.pm line 314.
BEGIN failed--compilation aborted at /home/sand/.cpan/privbuild/k93msid/Statocles-0.093-2/blib/lib/Statocles.pm line 5.
Compilation failed in require at /home/sand/src/perl/repoperls/installed-perls/host/k93msid/v5.31.2-56-g442d4b523e/496c/lib/site_perl/5.31.3/Module/Runtime.pm line 314.
BEGIN failed--compilation aborted at t/command/build.t line 3.
t/command/build.t .............
Dubious, test returned 255 (wstat 65280, 0xff00)
No subtests run
Undefined subroutine &Statocles::Types::PagePath called at /home/sand/.cpan/privbuild/k93msid/Statocles-0.093-2/blib/lib/Statocles/Document.pm line 18.
Compilation failed in require at /home/sand/.cpan/privbuild/k93msid/Statocles-0.093-2/blib/lib/Statocles/Store.pm line 8.
BEGIN failed--compilation aborted at /home/sand/.cpan/privbuild/k93msid/Statocles-0.093-2/blib/lib/Statocles/Store.pm line 8.
Compilation failed in require at /home/sand/.cpan/privbuild/k93msid/Statocles-0.093-2/blib/lib/Statocles/Types.pm line 97.
Compilation failed in require at /home/sand/src/perl/repoperls/installed-perls/host/k93msid/v5.31.2-56-g442d4b523e/496c/lib/site_perl/5.31.3/Module/Runtime.pm line 314.
BEGIN failed--compilation aborted at /home/sand/.cpan/privbuild/k93msid/Statocles-0.093-2/blib/lib/Statocles.pm line 5.
Compilation failed in require at /home/sand/src/perl/repoperls/installed-perls/host/k93msid/v5.31.2-56-g442d4b523e/496c/lib/site_perl/5.31.3/Module/Runtime.pm line 314.
BEGIN failed--compilation aborted at t/command/bundle.t line 3.
t/command/bundle.t ............
Dubious, test returned 255 (wstat 65280, 0xff00)
No subtests run
Undefined subroutine &Statocles::Types::PagePath called at /home/sand/.cpan/privbuild/k93msid/Statocles-0.093-2/blib/lib/Statocles/Document.pm line 18.
Compilation failed in require at /home/sand/.cpan/privbuild/k93msid/Statocles-0.093-2/blib/lib/Statocles/Store.pm line 8.
BEGIN failed--compilation aborted at /home/sand/.cpan/privbuild/k93msid/Statocles-0.093-2/blib/lib/Statocles/Store.pm line 8.
Compilation failed in require at /home/sand/.cpan/privbuild/k93msid/Statocles-0.093-2/blib/lib/Statocles/Types.pm line 97.
Compilation failed in require at /home/sand/src/perl/repoperls/installed-perls/host/k93msid/v5.31.2-56-g442d4b523e/496c/lib/site_perl/5.31.3/Module/Runtime.pm line 314.
BEGIN failed--compilation aborted at /home/sand/.cpan/privbuild/k93msid/Statocles-0.093-2/blib/lib/Statocles.pm line 5.
Compilation failed in require at /home/sand/src/perl/repoperls/installed-perls/host/k93msid/v5.31.2-56-g442d4b523e/496c/lib/site_perl/5.31.3/Module/Runtime.pm line 314.
BEGIN failed--compilation aborted at t/command/create.t line 3.
t/command/create.t ............
Dubious, test returned 255 (wstat 65280, 0xff00)
No subtests run
Undefined subroutine &Statocles::Types::PagePath called at /home/sand/.cpan/privbuild/k93msid/Statocles-0.093-2/blib/lib/Statocles/Document.pm line 18.
Compilation failed in require at /home/sand/.cpan/privbuild/k93msid/Statocles-0.093-2/blib/lib/Statocles/Store.pm line 8.
BEGIN failed--compilation aborted at /home/sand/.cpan/privbuild/k93msid/Statocles-0.093-2/blib/lib/Statocles/Store.pm line 8.
Compilation failed in require at /home/sand/.cpan/privbuild/k93msid/Statocles-0.093-2/blib/lib/Statocles/Types.pm line 97.
Compilation failed in require at /home/sand/src/perl/repoperls/installed-perls/host/k93msid/v5.31.2-56-g442d4b523e/496c/lib/site_perl/5.31.3/Module/Runtime.pm line 314.
BEGIN failed--compilation aborted at /home/sand/.cpan/privbuild/k93msid/Statocles-0.093-2/blib/lib/Statocles.pm line 5.
Compilation failed in require at /home/sand/src/perl/repoperls/installed-perls/host/k93msid/v5.31.2-56-g442d4b523e/496c/lib/site_perl/5.31.3/Module/Runtime.pm line 314.
BEGIN failed--compilation aborted at t/command/daemon.t line 3.
t/command/daemon.t ............
Dubious, test returned 255 (wstat 65280, 0xff00)
No subtests run
Undefined subroutine &Statocles::Types::PagePath called at /home/sand/.cpan/privbuild/k93msid/Statocles-0.093-2/blib/lib/Statocles/Document.pm line 18.
Compilation failed in require at /home/sand/.cpan/privbuild/k93msid/Statocles-0.093-2/blib/lib/Statocles/Store.pm line 8.
BEGIN failed--compilation aborted at /home/sand/.cpan/privbuild/k93msid/Statocles-0.093-2/blib/lib/Statocles/Store.pm line 8.
Compilation failed in require at /home/sand/.cpan/privbuild/k93msid/Statocles-0.093-2/blib/lib/Statocles/Types.pm line 97.
Compilation failed in require at /home/sand/src/perl/repoperls/installed-perls/host/k93msid/v5.31.2-56-g442d4b523e/496c/lib/site_perl/5.31.3/Module/Runtime.pm line 314.
BEGIN failed--compilation aborted at /home/sand/.cpan/privbuild/k93msid/Statocles-0.093-2/blib/lib/Statocles.pm line 5.
Compilation failed in require at /home/sand/src/perl/repoperls/installed-perls/host/k93msid/v5.31.2-56-g442d4b523e/496c/lib/site_perl/5.31.3/Module/Runtime.pm line 314.
BEGIN failed--compilation aborted at t/command/deploy.t line 3.
t/command/deploy.t ............
Dubious, test returned 255 (wstat 65280, 0xff00)
No subtests run
Undefined subroutine &Statocles::Types::PagePath called at /home/sand/.cpan/privbuild/k93msid/Statocles-0.093-2/blib/lib/Statocles/Document.pm line 18.
Compilation failed in require at /home/sand/.cpan/privbuild/k93msid/Statocles-0.093-2/blib/lib/Statocles/Store.pm line 8.
BEGIN failed--compilation aborted at /home/sand/.cpan/privbuild/k93msid/Statocles-0.093-2/blib/lib/Statocles/Store.pm line 8.
Compilation failed in require at /home/sand/.cpan/privbuild/k93msid/Statocles-0.093-2/blib/lib/Statocles/Types.pm line 97.
Compilation failed in require at /home/sand/src/perl/repoperls/installed-perls/host/k93msid/v5.31.2-56-g442d4b523e/496c/lib/site_perl/5.31.3/Module/Runtime.pm line 314.
BEGIN failed--compilation aborted at /home/sand/.cpan/privbuild/k93msid/Statocles-0.093-2/blib/lib/Statocles.pm line 5.
Compilation failed in require at /home/sand/src/perl/repoperls/installed-perls/host/k93msid/v5.31.2-56-g442d4b523e/496c/lib/site_perl/5.31.3/Module/Runtime.pm line 314.
BEGIN failed--compilation aborted at t/command/error.t line 3.
t/command/error.t .............
Dubious, test returned 255 (wstat 65280, 0xff00)
No subtests run
Undefined subroutine &Statocles::Types::PagePath called at /home/sand/.cpan/privbuild/k93msid/Statocles-0.093-2/blib/lib/Statocles/Document.pm line 18.
Compilation failed in require at /home/sand/.cpan/privbuild/k93msid/Statocles-0.093-2/blib/lib/Statocles/Store.pm line 8.
BEGIN failed--compilation aborted at /home/sand/.cpan/privbuild/k93msid/Statocles-0.093-2/blib/lib/Statocles/Store.pm line 8.
Compilation failed in require at /home/sand/.cpan/privbuild/k93msid/Statocles-0.093-2/blib/lib/Statocles/Types.pm line 97.
Compilation failed in require at /home/sand/src/perl/repoperls/installed-perls/host/k93msid/v5.31.2-56-g442d4b523e/496c/lib/site_perl/5.31.3/Module/Runtime.pm line 314.
BEGIN failed--compilation aborted at /home/sand/.cpan/privbuild/k93msid/Statocles-0.093-2/blib/lib/Statocles.pm line 5.
Compilation failed in require at /home/sand/src/perl/repoperls/installed-perls/host/k93msid/v5.31.2-56-g442d4b523e/496c/lib/site_perl/5.31.3/Module/Runtime.pm line 314.
BEGIN failed--compilation aborted at t/command/help_and_version.t line 3.
t/command/help_and_version.t ..
Dubious, test returned 255 (wstat 65280, 0xff00)
No subtests run
Undefined subroutine &Statocles::Types::PagePath called at /home/sand/.cpan/privbuild/k93msid/Statocles-0.093-2/blib/lib/Statocles/Document.pm line 18.
Compilation failed in require at /home/sand/.cpan/privbuild/k93msid/Statocles-0.093-2/blib/lib/Statocles/Store.pm line 8.
BEGIN failed--compilation aborted at /home/sand/.cpan/privbuild/k93msid/Statocles-0.093-2/blib/lib/Statocles/Store.pm line 8.
Compilation failed in require at /home/sand/.cpan/privbuild/k93msid/Statocles-0.093-2/blib/lib/Statocles/Types.pm line 97.
Compilation failed in require at /home/sand/src/perl/repoperls/installed-perls/host/k93msid/v5.31.2-56-g442d4b523e/496c/lib/site_perl/5.31.3/Module/Runtime.pm line 314.
BEGIN failed--compilation aborted at /home/sand/.cpan/privbuild/k93msid/Statocles-0.093-2/blib/lib/Statocles.pm line 5.
Compilation failed in require at /home/sand/src/perl/repoperls/installed-perls/host/k93msid/v5.31.2-56-g442d4b523e/496c/lib/site_perl/5.31.3/Module/Runtime.pm line 314.
BEGIN failed--compilation aborted at t/command/mojo_app.t line 3.
t/command/mojo_app.t ..........
Dubious, test returned 255 (wstat 65280, 0xff00)
No subtests run
Undefined subroutine &Statocles::Types::PagePath called at /home/sand/.cpan/privbuild/k93msid/Statocles-0.093-2/blib/lib/Statocles/Document.pm line 18.
Compilation failed in require at /home/sand/.cpan/privbuild/k93msid/Statocles-0.093-2/blib/lib/Statocles/Store.pm line 8.
BEGIN failed--compilation aborted at /home/sand/.cpan/privbuild/k93msid/Statocles-0.093-2/blib/lib/Statocles/Store.pm line 8.
Compilation failed in require at /home/sand/.cpan/privbuild/k93msid/Statocles-0.093-2/blib/lib/Statocles/Types.pm line 97.
Compilation failed in require at /home/sand/src/perl/repoperls/installed-perls/host/k93msid/v5.31.2-56-g442d4b523e/496c/lib/site_perl/5.31.3/Module/Runtime.pm line 314.
BEGIN failed--compilation aborted at /home/sand/.cpan/privbuild/k93msid/Statocles-0.093-2/blib/lib/Statocles.pm line 5.
Compilation failed in require at /home/sand/src/perl/repoperls/installed-perls/host/k93msid/v5.31.2-56-g442d4b523e/496c/lib/site_perl/5.31.3/Module/Runtime.pm line 314.
BEGIN failed--compilation aborted at t/deploy/file.t line 3.
t/deploy/file.t ...............
Dubious, test returned 255 (wstat 65280, 0xff00)
No subtests run
Undefined subroutine &Statocles::Types::PagePath called at /home/sand/.cpan/privbuild/k93msid/Statocles-0.093-2/blib/lib/Statocles/Document.pm line 18.
Compilation failed in require at /home/sand/.cpan/privbuild/k93msid/Statocles-0.093-2/blib/lib/Statocles/Store.pm line 8.
BEGIN failed--compilation aborted at /home/sand/.cpan/privbuild/k93msid/Statocles-0.093-2/blib/lib/Statocles/Store.pm line 8.
Compilation failed in require at /home/sand/.cpan/privbuild/k93msid/Statocles-0.093-2/blib/lib/Statocles/Types.pm line 97.
Compilation failed in require at /home/sand/src/perl/repoperls/installed-perls/host/k93msid/v5.31.2-56-g442d4b523e/496c/lib/site_perl/5.31.3/Module/Runtime.pm line 314.
BEGIN failed--compilation aborted at /home/sand/.cpan/privbuild/k93msid/Statocles-0.093-2/blib/lib/Statocles.pm line 5.
Compilation failed in require at /home/sand/src/perl/repoperls/installed-perls/host/k93msid/v5.31.2-56-g442d4b523e/496c/lib/site_perl/5.31.3/Module/Runtime.pm line 314.
BEGIN failed--compilation aborted at t/deploy/git.t line 2.
t/deploy/git.t ................
Dubious, test returned 255 (wstat 65280, 0xff00)
No subtests run
Undefined subroutine &Statocles::Types::PagePath called at /home/sand/.cpan/privbuild/k93msid/Statocles-0.093-2/blib/lib/Statocles/Document.pm line 18.
Compilation failed in require at /home/sand/.cpan/privbuild/k93msid/Statocles-0.093-2/blib/lib/Statocles/Store.pm line 8.
BEGIN failed--compilation aborted at /home/sand/.cpan/privbuild/k93msid/Statocles-0.093-2/blib/lib/Statocles/Store.pm line 8.
Compilation failed in require at /home/sand/.cpan/privbuild/k93msid/Statocles-0.093-2/blib/lib/Statocles/Types.pm line 97.
Compilation failed in require at /home/sand/src/perl/repoperls/installed-perls/host/k93msid/v5.31.2-56-g442d4b523e/496c/lib/site_perl/5.31.3/Module/Runtime.pm line 314.
BEGIN failed--compilation aborted at /home/sand/.cpan/privbuild/k93msid/Statocles-0.093-2/blib/lib/Statocles.pm line 5.
Compilation failed in require at /home/sand/src/perl/repoperls/installed-perls/host/k93msid/v5.31.2-56-g442d4b523e/496c/lib/site_perl/5.31.3/Module/Runtime.pm line 314.
BEGIN failed--compilation aborted at t/deprecated.t line 2.
t/deprecated.t ................
Dubious, test returned 255 (wstat 65280, 0xff00)
No subtests run
Undefined subroutine &Statocles::Types::PagePath called at /home/sand/.cpan/privbuild/k93msid/Statocles-0.093-2/blib/lib/Statocles/Document.pm line 18.
Compilation failed in require at /home/sand/.cpan/privbuild/k93msid/Statocles-0.093-2/blib/lib/Statocles/Store.pm line 8.
BEGIN failed--compilation aborted at /home/sand/.cpan/privbuild/k93msid/Statocles-0.093-2/blib/lib/Statocles/Store.pm line 8.
Compilation failed in require at /home/sand/.cpan/privbuild/k93msid/Statocles-0.093-2/blib/lib/Statocles/Types.pm line 97.
Compilation failed in require at /home/sand/src/perl/repoperls/installed-perls/host/k93msid/v5.31.2-56-g442d4b523e/496c/lib/site_perl/5.31.3/Module/Runtime.pm line 314.
BEGIN failed--compilation aborted at /home/sand/.cpan/privbuild/k93msid/Statocles-0.093-2/blib/lib/Statocles.pm line 5.
Compilation failed in require at /home/sand/src/perl/repoperls/installed-perls/host/k93msid/v5.31.2-56-g442d4b523e/496c/lib/site_perl/5.31.3/Module/Runtime.pm line 314.
BEGIN failed--compilation aborted at t/document.t line 2.
t/document.t ..................
Dubious, test returned 255 (wstat 65280, 0xff00)
No subtests run
Undefined subroutine &Statocles::Types::PagePath called at /home/sand/.cpan/privbuild/k93msid/Statocles-0.093-2/blib/lib/Statocles/Document.pm line 18.
Compilation failed in require at /home/sand/.cpan/privbuild/k93msid/Statocles-0.093-2/blib/lib/Statocles/Store.pm line 8.
BEGIN failed--compilation aborted at /home/sand/.cpan/privbuild/k93msid/Statocles-0.093-2/blib/lib/Statocles/Store.pm line 8.
Compilation failed in require at /home/sand/.cpan/privbuild/k93msid/Statocles-0.093-2/blib/lib/Statocles/Types.pm line 97.
Compilation failed in require at /home/sand/src/perl/repoperls/installed-perls/host/k93msid/v5.31.2-56-g442d4b523e/496c/lib/site_perl/5.31.3/Module/Runtime.pm line 314.
BEGIN failed--compilation aborted at /home/sand/.cpan/privbuild/k93msid/Statocles-0.093-2/blib/lib/Statocles.pm line 5.
Compilation failed in require at /home/sand/src/perl/repoperls/installed-perls/host/k93msid/v5.31.2-56-g442d4b523e/496c/lib/site_perl/5.31.3/Module/Runtime.pm line 314.
BEGIN failed--compilation aborted at t/image.t line 2.
t/image.t .....................
Dubious, test returned 255 (wstat 65280, 0xff00)
No subtests run
Undefined subroutine &Statocles::Types::PagePath called at /home/sand/.cpan/privbuild/k93msid/Statocles-0.093-2/blib/lib/Statocles/Document.pm line 18.
Compilation failed in require at /home/sand/.cpan/privbuild/k93msid/Statocles-0.093-2/blib/lib/Statocles/Store.pm line 8.
BEGIN failed--compilation aborted at /home/sand/.cpan/privbuild/k93msid/Statocles-0.093-2/blib/lib/Statocles/Store.pm line 8.
Compilation failed in require at /home/sand/.cpan/privbuild/k93msid/Statocles-0.093-2/blib/lib/Statocles/Types.pm line 97.
Compilation failed in require at /home/sand/src/perl/repoperls/installed-perls/host/k93msid/v5.31.2-56-g442d4b523e/496c/lib/site_perl/5.31.3/Module/Runtime.pm line 314.
BEGIN failed--compilation aborted at /home/sand/.cpan/privbuild/k93msid/Statocles-0.093-2/blib/lib/Statocles.pm line 5.
Compilation failed in require at /home/sand/src/perl/repoperls/installed-perls/host/k93msid/v5.31.2-56-g442d4b523e/496c/lib/site_perl/5.31.3/Module/Runtime.pm line 314.
BEGIN failed--compilation aborted at t/link.t line 2.
t/link.t ......................
Dubious, test returned 255 (wstat 65280, 0xff00)
No subtests run
Undefined subroutine &Statocles::Types::PagePath called at /home/sand/.cpan/privbuild/k93msid/Statocles-0.093-2/blib/lib/Statocles/Document.pm line 18.
Compilation failed in require at /home/sand/.cpan/privbuild/k93msid/Statocles-0.093-2/blib/lib/Statocles/Store.pm line 8.
BEGIN failed--compilation aborted at /home/sand/.cpan/privbuild/k93msid/Statocles-0.093-2/blib/lib/Statocles/Store.pm line 8.
Compilation failed in require at /home/sand/.cpan/privbuild/k93msid/Statocles-0.093-2/blib/lib/Statocles/Types.pm line 97.
Compilation failed in require at /home/sand/src/perl/repoperls/installed-perls/host/k93msid/v5.31.2-56-g442d4b523e/496c/lib/site_perl/5.31.3/Module/Runtime.pm line 314.
BEGIN failed--compilation aborted at /home/sand/.cpan/privbuild/k93msid/Statocles-0.093-2/blib/lib/Statocles.pm line 5.
Compilation failed in require at /home/sand/src/perl/repoperls/installed-perls/host/k93msid/v5.31.2-56-g442d4b523e/496c/lib/site_perl/5.31.3/Module/Runtime.pm line 314.
BEGIN failed--compilation aborted at t/link/tree.t line 3.
t/link/tree.t .................
Dubious, test returned 255 (wstat 65280, 0xff00)
No subtests run
Undefined subroutine &Statocles::Types::PagePath called at /home/sand/.cpan/privbuild/k93msid/Statocles-0.093-2/blib/lib/Statocles/Document.pm line 18.
Compilation failed in require at /home/sand/.cpan/privbuild/k93msid/Statocles-0.093-2/blib/lib/Statocles/Store.pm line 8.
BEGIN failed--compilation aborted at /home/sand/.cpan/privbuild/k93msid/Statocles-0.093-2/blib/lib/Statocles/Store.pm line 8.
Compilation failed in require at /home/sand/.cpan/privbuild/k93msid/Statocles-0.093-2/blib/lib/Statocles/Types.pm line 97.
Compilation failed in require at /home/sand/src/perl/repoperls/installed-perls/host/k93msid/v5.31.2-56-g442d4b523e/496c/lib/site_perl/5.31.3/Module/Runtime.pm line 314.
BEGIN failed--compilation aborted at /home/sand/.cpan/privbuild/k93msid/Statocles-0.093-2/blib/lib/Statocles.pm line 5.
Compilation failed in require at /home/sand/src/perl/repoperls/installed-perls/host/k93msid/v5.31.2-56-g442d4b523e/496c/lib/site_perl/5.31.3/Module/Runtime.pm line 314.
BEGIN failed--compilation aborted at t/page/basename.t line 3.
t/page/basename.t .............
Dubious, test returned 255 (wstat 65280, 0xff00)
No subtests run
Undefined subroutine &Statocles::Types::PagePath called at /home/sand/.cpan/privbuild/k93msid/Statocles-0.093-2/blib/lib/Statocles/Document.pm line 18.
Compilation failed in require at /home/sand/.cpan/privbuild/k93msid/Statocles-0.093-2/blib/lib/Statocles/Store.pm line 8.
BEGIN failed--compilation aborted at /home/sand/.cpan/privbuild/k93msid/Statocles-0.093-2/blib/lib/Statocles/Store.pm line 8.
Compilation failed in require at /home/sand/.cpan/privbuild/k93msid/Statocles-0.093-2/blib/lib/Statocles/Types.pm line 97.
Compilation failed in require at /home/sand/src/perl/repoperls/installed-perls/host/k93msid/v5.31.2-56-g442d4b523e/496c/lib/site_perl/5.31.3/Module/Runtime.pm line 314.
BEGIN failed--compilation aborted at /home/sand/.cpan/privbuild/k93msid/Statocles-0.093-2/blib/lib/Statocles.pm line 5.
Compilation failed in require at /home/sand/src/perl/repoperls/installed-perls/host/k93msid/v5.31.2-56-g442d4b523e/496c/lib/site_perl/5.31.3/Module/Runtime.pm line 314.
BEGIN failed--compilation aborted at t/page/content_sections.t line 3.
t/page/content_sections.t .....
Dubious, test returned 255 (wstat 65280, 0xff00)
No subtests run
Undefined subroutine &Statocles::Types::PagePath called at /home/sand/.cpan/privbuild/k93msid/Statocles-0.093-2/blib/lib/Statocles/Document.pm line 18.
Compilation failed in require at /home/sand/.cpan/privbuild/k93msid/Statocles-0.093-2/blib/lib/Statocles/Store.pm line 8.
BEGIN failed--compilation aborted at /home/sand/.cpan/privbuild/k93msid/Statocles-0.093-2/blib/lib/Statocles/Store.pm line 8.
Compilation failed in require at /home/sand/.cpan/privbuild/k93msid/Statocles-0.093-2/blib/lib/Statocles/Types.pm line 97.
Compilation failed in require at /home/sand/src/perl/repoperls/installed-perls/host/k93msid/v5.31.2-56-g442d4b523e/496c/lib/site_perl/5.31.3/Module/Runtime.pm line 314.
BEGIN failed--compilation aborted at /home/sand/.cpan/privbuild/k93msid/Statocles-0.093-2/blib/lib/Statocles.pm line 5.
Compilation failed in require at /home/sand/src/perl/repoperls/installed-perls/host/k93msid/v5.31.2-56-g442d4b523e/496c/lib/site_perl/5.31.3/Module/Runtime.pm line 314.
BEGIN failed--compilation aborted at t/page/document.t line 3.
t/page/document.t .............
Dubious, test returned 255 (wstat 65280, 0xff00)
No subtests run
Undefined subroutine &Statocles::Types::PagePath called at /home/sand/.cpan/privbuild/k93msid/Statocles-0.093-2/blib/lib/Statocles/Document.pm line 18.
Compilation failed in require at /home/sand/.cpan/privbuild/k93msid/Statocles-0.093-2/blib/lib/Statocles/Store.pm line 8.
BEGIN failed--compilation aborted at /home/sand/.cpan/privbuild/k93msid/Statocles-0.093-2/blib/lib/Statocles/Store.pm line 8.
Compilation failed in require at /home/sand/.cpan/privbuild/k93msid/Statocles-0.093-2/blib/lib/Statocles/Types.pm line 97.
Compilation failed in require at /home/sand/src/perl/repoperls/installed-perls/host/k93msid/v5.31.2-56-g442d4b523e/496c/lib/site_perl/5.31.3/Module/Runtime.pm line 314.
BEGIN failed--compilation aborted at /home/sand/.cpan/privbuild/k93msid/Statocles-0.093-2/blib/lib/Statocles.pm line 5.
Compilation failed in require at /home/sand/src/perl/repoperls/installed-perls/host/k93msid/v5.31.2-56-g442d4b523e/496c/lib/site_perl/5.31.3/Module/Runtime.pm line 314.
BEGIN failed--compilation aborted at t/page/file.t line 2.
t/page/file.t .................
Dubious, test returned 255 (wstat 65280, 0xff00)
No subtests run
Undefined subroutine &Statocles::Types::PagePath called at /home/sand/.cpan/privbuild/k93msid/Statocles-0.093-2/blib/lib/Statocles/Document.pm line 18.
Compilation failed in require at /home/sand/.cpan/privbuild/k93msid/Statocles-0.093-2/blib/lib/Statocles/Store.pm line 8.
BEGIN failed--compilation aborted at /home/sand/.cpan/privbuild/k93msid/Statocles-0.093-2/blib/lib/Statocles/Store.pm line 8.
Compilation failed in require at /home/sand/.cpan/privbuild/k93msid/Statocles-0.093-2/blib/lib/Statocles/Types.pm line 97.
Compilation failed in require at /home/sand/src/perl/repoperls/installed-perls/host/k93msid/v5.31.2-56-g442d4b523e/496c/lib/site_perl/5.31.3/Module/Runtime.pm line 314.
BEGIN failed--compilation aborted at /home/sand/.cpan/privbuild/k93msid/Statocles-0.093-2/blib/lib/Statocles.pm line 5.
Compilation failed in require at /home/sand/src/perl/repoperls/installed-perls/host/k93msid/v5.31.2-56-g442d4b523e/496c/lib/site_perl/5.31.3/Module/Runtime.pm line 314.
BEGIN failed--compilation aborted at t/page/images.t line 3.
t/page/images.t ...............
Dubious, test returned 255 (wstat 65280, 0xff00)
No subtests run
Undefined subroutine &Statocles::Types::PagePath called at /home/sand/.cpan/privbuild/k93msid/Statocles-0.093-2/blib/lib/Statocles/Document.pm line 18.
Compilation failed in require at /home/sand/.cpan/privbuild/k93msid/Statocles-0.093-2/blib/lib/Statocles/Store.pm line 8.
BEGIN failed--compilation aborted at /home/sand/.cpan/privbuild/k93msid/Statocles-0.093-2/blib/lib/Statocles/Store.pm line 8.
Compilation failed in require at /home/sand/.cpan/privbuild/k93msid/Statocles-0.093-2/blib/lib/Statocles/Types.pm line 97.
Compilation failed in require at /home/sand/src/perl/repoperls/installed-perls/host/k93msid/v5.31.2-56-g442d4b523e/496c/lib/site_perl/5.31.3/Module/Runtime.pm line 314.
BEGIN failed--compilation aborted at /home/sand/.cpan/privbuild/k93msid/Statocles-0.093-2/blib/lib/Statocles.pm line 5.
Compilation failed in require at /home/sand/src/perl/repoperls/installed-perls/host/k93msid/v5.31.2-56-g442d4b523e/496c/lib/site_perl/5.31.3/Module/Runtime.pm line 314.
BEGIN failed--compilation aborted at t/page/links.t line 3.
t/page/links.t ................
Dubious, test returned 255 (wstat 65280, 0xff00)
No subtests run
Undefined subroutine &Statocles::Types::PagePath called at /home/sand/.cpan/privbuild/k93msid/Statocles-0.093-2/blib/lib/Statocles/Document.pm line 18.
Compilation failed in require at /home/sand/.cpan/privbuild/k93msid/Statocles-0.093-2/blib/lib/Statocles/Store.pm line 8.
BEGIN failed--compilation aborted at /home/sand/.cpan/privbuild/k93msid/Statocles-0.093-2/blib/lib/Statocles/Store.pm line 8.
Compilation failed in require at /home/sand/.cpan/privbuild/k93msid/Statocles-0.093-2/blib/lib/Statocles/Types.pm line 97.
Compilation failed in require at /home/sand/src/perl/repoperls/installed-perls/host/k93msid/v5.31.2-56-g442d4b523e/496c/lib/site_perl/5.31.3/Module/Runtime.pm line 314.
BEGIN failed--compilation aborted at /home/sand/.cpan/privbuild/k93msid/Statocles-0.093-2/blib/lib/Statocles.pm line 5.
Compilation failed in require at /home/sand/src/perl/repoperls/installed-perls/host/k93msid/v5.31.2-56-g442d4b523e/496c/lib/site_perl/5.31.3/Module/Runtime.pm line 314.
BEGIN failed--compilation aborted at t/page/list.t line 2.
t/page/list.t .................
Dubious, test returned 255 (wstat 65280, 0xff00)
No subtests run
Undefined subroutine &Statocles::Types::PagePath called at /home/sand/.cpan/privbuild/k93msid/Statocles-0.093-2/blib/lib/Statocles/Document.pm line 18.
Compilation failed in require at /home/sand/.cpan/privbuild/k93msid/Statocles-0.093-2/blib/lib/Statocles/Store.pm line 8.
BEGIN failed--compilation aborted at /home/sand/.cpan/privbuild/k93msid/Statocles-0.093-2/blib/lib/Statocles/Store.pm line 8.
Compilation failed in require at /home/sand/.cpan/privbuild/k93msid/Statocles-0.093-2/blib/lib/Statocles/Types.pm line 97.
Compilation failed in require at /home/sand/src/perl/repoperls/installed-perls/host/k93msid/v5.31.2-56-g442d4b523e/496c/lib/site_perl/5.31.3/Module/Runtime.pm line 314.
BEGIN failed--compilation aborted at /home/sand/.cpan/privbuild/k93msid/Statocles-0.093-2/blib/lib/Statocles.pm line 5.
Compilation failed in require at /home/sand/src/perl/repoperls/installed-perls/host/k93msid/v5.31.2-56-g442d4b523e/496c/lib/site_perl/5.31.3/Module/Runtime.pm line 314.
BEGIN failed--compilation aborted at t/page/list_item.t line 3.
t/page/list_item.t ............
Dubious, test returned 255 (wstat 65280, 0xff00)
No subtests run
Undefined subroutine &Statocles::Types::PagePath called at /home/sand/.cpan/privbuild/k93msid/Statocles-0.093-2/blib/lib/Statocles/Document.pm line 18.
Compilation failed in require at /home/sand/.cpan/privbuild/k93msid/Statocles-0.093-2/blib/lib/Statocles/Store.pm line 8.
BEGIN failed--compilation aborted at /home/sand/.cpan/privbuild/k93msid/Statocles-0.093-2/blib/lib/Statocles/Store.pm line 8.
Compilation failed in require at /home/sand/.cpan/privbuild/k93msid/Statocles-0.093-2/blib/lib/Statocles/Types.pm line 97.
Compilation failed in require at /home/sand/src/perl/repoperls/installed-perls/host/k93msid/v5.31.2-56-g442d4b523e/496c/lib/site_perl/5.31.3/Module/Runtime.pm line 314.
BEGIN failed--compilation aborted at /home/sand/.cpan/privbuild/k93msid/Statocles-0.093-2/blib/lib/Statocles.pm line 5.
Compilation failed in require at /home/sand/src/perl/repoperls/installed-perls/host/k93msid/v5.31.2-56-g442d4b523e/496c/lib/site_perl/5.31.3/Module/Runtime.pm line 314.
BEGIN failed--compilation aborted at t/page/plain.t line 3.
t/page/plain.t ................
Dubious, test returned 255 (wstat 65280, 0xff00)
No subtests run
Undefined subroutine &Statocles::Types::PagePath called at /home/sand/.cpan/privbuild/k93msid/Statocles-0.093-2/blib/lib/Statocles/Document.pm line 18.
Compilation failed in require at /home/sand/.cpan/privbuild/k93msid/Statocles-0.093-2/blib/lib/Statocles/Store.pm line 8.
BEGIN failed--compilation aborted at /home/sand/.cpan/privbuild/k93msid/Statocles-0.093-2/blib/lib/Statocles/Store.pm line 8.
Compilation failed in require at /home/sand/.cpan/privbuild/k93msid/Statocles-0.093-2/blib/lib/Statocles/Types.pm line 97.
Compilation failed in require at /home/sand/src/perl/repoperls/installed-perls/host/k93msid/v5.31.2-56-g442d4b523e/496c/lib/site_perl/5.31.3/Module/Runtime.pm line 314.
BEGIN failed--compilation aborted at /home/sand/.cpan/privbuild/k93msid/Statocles-0.093-2/blib/lib/Statocles.pm line 5.
Compilation failed in require at /home/sand/src/perl/repoperls/installed-perls/host/k93msid/v5.31.2-56-g442d4b523e/496c/lib/site_perl/5.31.3/Module/Runtime.pm line 314.
BEGIN failed--compilation aborted at t/page/type.t line 3.
t/page/type.t .................
Dubious, test returned 255 (wstat 65280, 0xff00)
No subtests run
Undefined subroutine &Statocles::Types::PagePath called at /home/sand/.cpan/privbuild/k93msid/Statocles-0.093-2/blib/lib/Statocles/Document.pm line 18.
Compilation failed in require at /home/sand/.cpan/privbuild/k93msid/Statocles-0.093-2/blib/lib/Statocles/Store.pm line 8.
BEGIN failed--compilation aborted at /home/sand/.cpan/privbuild/k93msid/Statocles-0.093-2/blib/lib/Statocles/Store.pm line 8.
Compilation failed in require at /home/sand/.cpan/privbuild/k93msid/Statocles-0.093-2/blib/lib/Statocles/Types.pm line 97.
Compilation failed in require at /home/sand/src/perl/repoperls/installed-perls/host/k93msid/v5.31.2-56-g442d4b523e/496c/lib/site_perl/5.31.3/Module/Runtime.pm line 314.
BEGIN failed--compilation aborted at /home/sand/.cpan/privbuild/k93msid/Statocles-0.093-2/blib/lib/Statocles.pm line 5.
Compilation failed in require at /home/sand/src/perl/repoperls/installed-perls/host/k93msid/v5.31.2-56-g442d4b523e/496c/lib/site_perl/5.31.3/Module/Runtime.pm line 314.
BEGIN failed--compilation aborted at t/person.t line 3.
t/person.t ....................
Dubious, test returned 255 (wstat 65280, 0xff00)
No subtests run
Undefined subroutine &Statocles::Types::PagePath called at /home/sand/.cpan/privbuild/k93msid/Statocles-0.093-2/blib/lib/Statocles/Document.pm line 18.
Compilation failed in require at /home/sand/.cpan/privbuild/k93msid/Statocles-0.093-2/blib/lib/Statocles/Store.pm line 8.
BEGIN failed--compilation aborted at /home/sand/.cpan/privbuild/k93msid/Statocles-0.093-2/blib/lib/Statocles/Store.pm line 8.
Compilation failed in require at /home/sand/.cpan/privbuild/k93msid/Statocles-0.093-2/blib/lib/Statocles/Types.pm line 97.
Compilation failed in require at /home/sand/src/perl/repoperls/installed-perls/host/k93msid/v5.31.2-56-g442d4b523e/496c/lib/site_perl/5.31.3/Module/Runtime.pm line 314.
BEGIN failed--compilation aborted at /home/sand/.cpan/privbuild/k93msid/Statocles-0.093-2/blib/lib/Statocles.pm line 5.
Compilation failed in require at /home/sand/src/perl/repoperls/installed-perls/host/k93msid/v5.31.2-56-g442d4b523e/496c/lib/site_perl/5.31.3/Module/Runtime.pm line 314.
BEGIN failed--compilation aborted at t/plugin.t line 3.
t/plugin.t ....................
Dubious, test returned 255 (wstat 65280, 0xff00)
No subtests run
Undefined subroutine &Statocles::Types::PagePath called at /home/sand/.cpan/privbuild/k93msid/Statocles-0.093-2/blib/lib/Statocles/Document.pm line 18.
Compilation failed in require at /home/sand/.cpan/privbuild/k93msid/Statocles-0.093-2/blib/lib/Statocles/Store.pm line 8.
BEGIN failed--compilation aborted at /home/sand/.cpan/privbuild/k93msid/Statocles-0.093-2/blib/lib/Statocles/Store.pm line 8.
Compilation failed in require at /home/sand/.cpan/privbuild/k93msid/Statocles-0.093-2/blib/lib/Statocles/Types.pm line 97.
Compilation failed in require at /home/sand/src/perl/repoperls/installed-perls/host/k93msid/v5.31.2-56-g442d4b523e/496c/lib/site_perl/5.31.3/Module/Runtime.pm line 314.
BEGIN failed--compilation aborted at /home/sand/.cpan/privbuild/k93msid/Statocles-0.093-2/blib/lib/Statocles.pm line 5.
Compilation failed in require at /home/sand/src/perl/repoperls/installed-perls/host/k93msid/v5.31.2-56-g442d4b523e/496c/lib/site_perl/5.31.3/Module/Runtime.pm line 314.
BEGIN failed--compilation aborted at t/plugin/highlight.t line 3.
t/plugin/highlight.t ..........
Dubious, test returned 255 (wstat 65280, 0xff00)
No subtests run
Undefined subroutine &Statocles::Types::PagePath called at /home/sand/.cpan/privbuild/k93msid/Statocles-0.093-2/blib/lib/Statocles/Document.pm line 18.
Compilation failed in require at /home/sand/.cpan/privbuild/k93msid/Statocles-0.093-2/blib/lib/Statocles/Store.pm line 8.
BEGIN failed--compilation aborted at /home/sand/.cpan/privbuild/k93msid/Statocles-0.093-2/blib/lib/Statocles/Store.pm line 8.
Compilation failed in require at /home/sand/.cpan/privbuild/k93msid/Statocles-0.093-2/blib/lib/Statocles/Types.pm line 97.
Compilation failed in require at /home/sand/src/perl/repoperls/installed-perls/host/k93msid/v5.31.2-56-g442d4b523e/496c/lib/site_perl/5.31.3/Module/Runtime.pm line 314.
BEGIN failed--compilation aborted at /home/sand/.cpan/privbuild/k93msid/Statocles-0.093-2/blib/lib/Statocles.pm line 5.
Compilation failed in require at /home/sand/src/perl/repoperls/installed-perls/host/k93msid/v5.31.2-56-g442d4b523e/496c/lib/site_perl/5.31.3/Module/Runtime.pm line 314.
BEGIN failed--compilation aborted at t/plugin/html_lint.t line 3.
t/plugin/html_lint.t ..........
Dubious, test returned 255 (wstat 65280, 0xff00)
No subtests run
Undefined subroutine &Statocles::Types::PagePath called at /home/sand/.cpan/privbuild/k93msid/Statocles-0.093-2/blib/lib/Statocles/Document.pm line 18.
Compilation failed in require at /home/sand/.cpan/privbuild/k93msid/Statocles-0.093-2/blib/lib/Statocles/Store.pm line 8.
BEGIN failed--compilation aborted at /home/sand/.cpan/privbuild/k93msid/Statocles-0.093-2/blib/lib/Statocles/Store.pm line 8.
Compilation failed in require at /home/sand/.cpan/privbuild/k93msid/Statocles-0.093-2/blib/lib/Statocles/Types.pm line 97.
Compilation failed in require at /home/sand/src/perl/repoperls/installed-perls/host/k93msid/v5.31.2-56-g442d4b523e/496c/lib/site_perl/5.31.3/Module/Runtime.pm line 314.
BEGIN failed--compilation aborted at /home/sand/.cpan/privbuild/k93msid/Statocles-0.093-2/blib/lib/Statocles.pm line 5.
Compilation failed in require at /home/sand/src/perl/repoperls/installed-perls/host/k93msid/v5.31.2-56-g442d4b523e/496c/lib/site_perl/5.31.3/Module/Runtime.pm line 314.
BEGIN failed--compilation aborted at t/plugin/link_check.t line 3.
t/plugin/link_check.t .........
Dubious, test returned 255 (wstat 65280, 0xff00)
No subtests run
Undefined subroutine &Statocles::Types::PagePath called at /home/sand/.cpan/privbuild/k93msid/Statocles-0.093-2/blib/lib/Statocles/Document.pm line 18.
Compilation failed in require at /home/sand/.cpan/privbuild/k93msid/Statocles-0.093-2/blib/lib/Statocles/Store.pm line 8.
BEGIN failed--compilation aborted at /home/sand/.cpan/privbuild/k93msid/Statocles-0.093-2/blib/lib/Statocles/Store.pm line 8.
Compilation failed in require at /home/sand/.cpan/privbuild/k93msid/Statocles-0.093-2/blib/lib/Statocles/Types.pm line 97.
Compilation failed in require at /home/sand/src/perl/repoperls/installed-perls/host/k93msid/v5.31.2-56-g442d4b523e/496c/lib/site_perl/5.31.3/Module/Runtime.pm line 314.
BEGIN failed--compilation aborted at /home/sand/.cpan/privbuild/k93msid/Statocles-0.093-2/blib/lib/Statocles.pm line 5.
Compilation failed in require at /home/sand/src/perl/repoperls/installed-perls/host/k93msid/v5.31.2-56-g442d4b523e/496c/lib/site_perl/5.31.3/Module/Runtime.pm line 314.
BEGIN failed--compilation aborted at t/plugin/mermaid.t line 3.
t/plugin/mermaid.t ............
Dubious, test returned 255 (wstat 65280, 0xff00)
No subtests run
Undefined subroutine &Statocles::Types::PagePath called at /home/sand/.cpan/privbuild/k93msid/Statocles-0.093-2/blib/lib/Statocles/Document.pm line 18.
Compilation failed in require at /home/sand/.cpan/privbuild/k93msid/Statocles-0.093-2/blib/lib/Statocles/Store.pm line 8.
BEGIN failed--compilation aborted at /home/sand/.cpan/privbuild/k93msid/Statocles-0.093-2/blib/lib/Statocles/Store.pm line 8.
Compilation failed in require at /home/sand/.cpan/privbuild/k93msid/Statocles-0.093-2/blib/lib/Statocles/Types.pm line 97.
Compilation failed in require at /home/sand/src/perl/repoperls/installed-perls/host/k93msid/v5.31.2-56-g442d4b523e/496c/lib/site_perl/5.31.3/Module/Runtime.pm line 314.
BEGIN failed--compilation aborted at /home/sand/.cpan/privbuild/k93msid/Statocles-0.093-2/blib/lib/Statocles.pm line 5.
Compilation failed in require at /home/sand/src/perl/repoperls/installed-perls/host/k93msid/v5.31.2-56-g442d4b523e/496c/lib/site_perl/5.31.3/Module/Runtime.pm line 314.
BEGIN failed--compilation aborted at t/site.t line 3.
t/site.t ......................
Dubious, test returned 255 (wstat 65280, 0xff00)
No subtests run
Undefined subroutine &Statocles::Types::PagePath called at /home/sand/.cpan/privbuild/k93msid/Statocles-0.093-2/blib/lib/Statocles/Document.pm line 18.
Compilation failed in require at /home/sand/.cpan/privbuild/k93msid/Statocles-0.093-2/blib/lib/Statocles/Store.pm line 8.
BEGIN failed--compilation aborted at /home/sand/.cpan/privbuild/k93msid/Statocles-0.093-2/blib/lib/Statocles/Store.pm line 8.
Compilation failed in require at /home/sand/.cpan/privbuild/k93msid/Statocles-0.093-2/blib/lib/Statocles/Types.pm line 97.
Compilation failed in require at /home/sand/src/perl/repoperls/installed-perls/host/k93msid/v5.31.2-56-g442d4b523e/496c/lib/site_perl/5.31.3/Module/Runtime.pm line 314.
BEGIN failed--compilation aborted at /home/sand/.cpan/privbuild/k93msid/Statocles-0.093-2/blib/lib/Statocles.pm line 5.
Compilation failed in require at /home/sand/src/perl/repoperls/installed-perls/host/k93msid/v5.31.2-56-g442d4b523e/496c/lib/site_perl/5.31.3/Module/Runtime.pm line 314.
BEGIN failed--compilation aborted at t/store.t line 3.
t/store.t .....................
Dubious, test returned 255 (wstat 65280, 0xff00)
No subtests run
Undefined subroutine &Statocles::Types::PagePath called at /home/sand/.cpan/privbuild/k93msid/Statocles-0.093-2/blib/lib/Statocles/Document.pm line 18.
Compilation failed in require at /home/sand/.cpan/privbuild/k93msid/Statocles-0.093-2/blib/lib/Statocles/Store.pm line 8.
BEGIN failed--compilation aborted at /home/sand/.cpan/privbuild/k93msid/Statocles-0.093-2/blib/lib/Statocles/Store.pm line 8.
Compilation failed in require at /home/sand/.cpan/privbuild/k93msid/Statocles-0.093-2/blib/lib/Statocles/Types.pm line 97.
Compilation failed in require at /home/sand/src/perl/repoperls/installed-perls/host/k93msid/v5.31.2-56-g442d4b523e/496c/lib/site_perl/5.31.3/Module/Runtime.pm line 314.
BEGIN failed--compilation aborted at /home/sand/.cpan/privbuild/k93msid/Statocles-0.093-2/blib/lib/Statocles.pm line 5.
Compilation failed in require at /home/sand/src/perl/repoperls/installed-perls/host/k93msid/v5.31.2-56-g442d4b523e/496c/lib/site_perl/5.31.3/Module/Runtime.pm line 314.
BEGIN failed--compilation aborted at t/template/basic.t line 3.
t/template/basic.t ............
Dubious, test returned 255 (wstat 65280, 0xff00)
No subtests run
Undefined subroutine &Statocles::Types::PagePath called at /home/sand/.cpan/privbuild/k93msid/Statocles-0.093-2/blib/lib/Statocles/Document.pm line 18.
Compilation failed in require at /home/sand/.cpan/privbuild/k93msid/Statocles-0.093-2/blib/lib/Statocles/Store.pm line 8.
BEGIN failed--compilation aborted at /home/sand/.cpan/privbuild/k93msid/Statocles-0.093-2/blib/lib/Statocles/Store.pm line 8.
Compilation failed in require at /home/sand/.cpan/privbuild/k93msid/Statocles-0.093-2/blib/lib/Statocles/Types.pm line 97.
Compilation failed in require at /home/sand/src/perl/repoperls/installed-perls/host/k93msid/v5.31.2-56-g442d4b523e/496c/lib/site_perl/5.31.3/Module/Runtime.pm line 314.
BEGIN failed--compilation aborted at /home/sand/.cpan/privbuild/k93msid/Statocles-0.093-2/blib/lib/Statocles.pm line 5.
Compilation failed in require at /home/sand/src/perl/repoperls/installed-perls/host/k93msid/v5.31.2-56-g442d4b523e/496c/lib/site_perl/5.31.3/Module/Runtime.pm line 314.
BEGIN failed--compilation aborted at t/template/content.t line 3.
t/template/content.t ..........
Dubious, test returned 255 (wstat 65280, 0xff00)
No subtests run
Undefined subroutine &Statocles::Types::PagePath called at /home/sand/.cpan/privbuild/k93msid/Statocles-0.093-2/blib/lib/Statocles/Document.pm line 18.
Compilation failed in require at /home/sand/.cpan/privbuild/k93msid/Statocles-0.093-2/blib/lib/Statocles/Store.pm line 8.
BEGIN failed--compilation aborted at /home/sand/.cpan/privbuild/k93msid/Statocles-0.093-2/blib/lib/Statocles/Store.pm line 8.
Compilation failed in require at /home/sand/.cpan/privbuild/k93msid/Statocles-0.093-2/blib/lib/Statocles/Types.pm line 97.
Compilation failed in require at /home/sand/src/perl/repoperls/installed-perls/host/k93msid/v5.31.2-56-g442d4b523e/496c/lib/site_perl/5.31.3/Module/Runtime.pm line 314.
BEGIN failed--compilation aborted at /home/sand/.cpan/privbuild/k93msid/Statocles-0.093-2/blib/lib/Statocles.pm line 5.
Compilation failed in require at /home/sand/src/perl/repoperls/installed-perls/host/k93msid/v5.31.2-56-g442d4b523e/496c/lib/site_perl/5.31.3/Module/Runtime.pm line 314.
BEGIN failed--compilation aborted at t/template/include.t line 3.
t/template/include.t ..........
Dubious, test returned 255 (wstat 65280, 0xff00)
No subtests run
Undefined subroutine &Statocles::Types::PagePath called at /home/sand/.cpan/privbuild/k93msid/Statocles-0.093-2/blib/lib/Statocles/Document.pm line 18.
Compilation failed in require at /home/sand/.cpan/privbuild/k93msid/Statocles-0.093-2/blib/lib/Statocles/Store.pm line 8.
BEGIN failed--compilation aborted at /home/sand/.cpan/privbuild/k93msid/Statocles-0.093-2/blib/lib/Statocles/Store.pm line 8.
Compilation failed in require at /home/sand/.cpan/privbuild/k93msid/Statocles-0.093-2/blib/lib/Statocles/Types.pm line 97.
Compilation failed in require at /home/sand/src/perl/repoperls/installed-perls/host/k93msid/v5.31.2-56-g442d4b523e/496c/lib/site_perl/5.31.3/Module/Runtime.pm line 314.
BEGIN failed--compilation aborted at /home/sand/.cpan/privbuild/k93msid/Statocles-0.093-2/blib/lib/Statocles.pm line 5.
Compilation failed in require at /home/sand/src/perl/repoperls/installed-perls/host/k93msid/v5.31.2-56-g442d4b523e/496c/lib/site_perl/5.31.3/Module/Runtime.pm line 314.
BEGIN failed--compilation aborted at t/template/markdown.t line 3.
t/template/markdown.t .........
Dubious, test returned 255 (wstat 65280, 0xff00)
No subtests run
Undefined subroutine &Statocles::Types::PagePath called at /home/sand/.cpan/privbuild/k93msid/Statocles-0.093-2/blib/lib/Statocles/Document.pm line 18.
Compilation failed in require at /home/sand/.cpan/privbuild/k93msid/Statocles-0.093-2/blib/lib/Statocles/Store.pm line 8.
BEGIN failed--compilation aborted at /home/sand/.cpan/privbuild/k93msid/Statocles-0.093-2/blib/lib/Statocles/Store.pm line 8.
Compilation failed in require at /home/sand/.cpan/privbuild/k93msid/Statocles-0.093-2/blib/lib/Statocles/Types.pm line 97.
Compilation failed in require at /home/sand/src/perl/repoperls/installed-perls/host/k93msid/v5.31.2-56-g442d4b523e/496c/lib/site_perl/5.31.3/Module/Runtime.pm line 314.
BEGIN failed--compilation aborted at /home/sand/.cpan/privbuild/k93msid/Statocles-0.093-2/blib/lib/Statocles.pm line 5.
Compilation failed in require at /home/sand/src/perl/repoperls/installed-perls/host/k93msid/v5.31.2-56-g442d4b523e/496c/lib/site_perl/5.31.3/Module/Runtime.pm line 314.
BEGIN failed--compilation aborted at t/theme/check.t line 4.
t/theme/check.t ...............
Dubious, test returned 255 (wstat 65280, 0xff00)
No subtests run
Undefined subroutine &Statocles::Types::PagePath called at /home/sand/.cpan/privbuild/k93msid/Statocles-0.093-2/blib/lib/Statocles/Document.pm line 18.
Compilation failed in require at /home/sand/.cpan/privbuild/k93msid/Statocles-0.093-2/blib/lib/Statocles/Store.pm line 8.
BEGIN failed--compilation aborted at /home/sand/.cpan/privbuild/k93msid/Statocles-0.093-2/blib/lib/Statocles/Store.pm line 8.
Compilation failed in require at /home/sand/.cpan/privbuild/k93msid/Statocles-0.093-2/blib/lib/Statocles/Types.pm line 97.
Compilation failed in require at /home/sand/src/perl/repoperls/installed-perls/host/k93msid/v5.31.2-56-g442d4b523e/496c/lib/site_perl/5.31.3/Module/Runtime.pm line 314.
BEGIN failed--compilation aborted at /home/sand/.cpan/privbuild/k93msid/Statocles-0.093-2/blib/lib/Statocles.pm line 5.
Compilation failed in require at /home/sand/src/perl/repoperls/installed-perls/host/k93msid/v5.31.2-56-g442d4b523e/496c/lib/site_perl/5.31.3/Module/Runtime.pm line 314.
BEGIN failed--compilation aborted at t/theme/helper.t line 3.
t/theme/helper.t ..............
Dubious, test returned 255 (wstat 65280, 0xff00)
No subtests run
Undefined subroutine &Statocles::Types::PagePath called at /home/sand/.cpan/privbuild/k93msid/Statocles-0.093-2/blib/lib/Statocles/Document.pm line 18.
Compilation failed in require at /home/sand/.cpan/privbuild/k93msid/Statocles-0.093-2/blib/lib/Statocles/Store.pm line 8.
BEGIN failed--compilation aborted at /home/sand/.cpan/privbuild/k93msid/Statocles-0.093-2/blib/lib/Statocles/Store.pm line 8.
Compilation failed in require at /home/sand/.cpan/privbuild/k93msid/Statocles-0.093-2/blib/lib/Statocles/Types.pm line 97.
Compilation failed in require at /home/sand/src/perl/repoperls/installed-perls/host/k93msid/v5.31.2-56-g442d4b523e/496c/lib/site_perl/5.31.3/Module/Runtime.pm line 314.
BEGIN failed--compilation aborted at /home/sand/.cpan/privbuild/k93msid/Statocles-0.093-2/blib/lib/Statocles.pm line 5.
Compilation failed in require at /home/sand/src/perl/repoperls/installed-perls/host/k93msid/v5.31.2-56-g442d4b523e/496c/lib/site_perl/5.31.3/Module/Runtime.pm line 314.
BEGIN failed--compilation aborted at t/theme/pages.t line 3.
t/theme/pages.t ...............
Dubious, test returned 255 (wstat 65280, 0xff00)
No subtests run
Undefined subroutine &Statocles::Types::PagePath called at /home/sand/.cpan/privbuild/k93msid/Statocles-0.093-2/blib/lib/Statocles/Document.pm line 18.
Compilation failed in require at /home/sand/.cpan/privbuild/k93msid/Statocles-0.093-2/blib/lib/Statocles/Store.pm line 8.
BEGIN failed--compilation aborted at /home/sand/.cpan/privbuild/k93msid/Statocles-0.093-2/blib/lib/Statocles/Store.pm line 8.
Compilation failed in require at /home/sand/.cpan/privbuild/k93msid/Statocles-0.093-2/blib/lib/Statocles/Types.pm line 97.
Compilation failed in require at /home/sand/src/perl/repoperls/installed-perls/host/k93msid/v5.31.2-56-g442d4b523e/496c/lib/site_perl/5.31.3/Module/Runtime.pm line 314.
BEGIN failed--compilation aborted at /home/sand/.cpan/privbuild/k93msid/Statocles-0.093-2/blib/lib/Statocles.pm line 5.
Compilation failed in require at /home/sand/src/perl/repoperls/installed-perls/host/k93msid/v5.31.2-56-g442d4b523e/496c/lib/site_perl/5.31.3/Module/Runtime.pm line 314.
BEGIN failed--compilation aborted at t/theme/template.t line 2.
t/theme/template.t ............
Dubious, test returned 255 (wstat 65280, 0xff00)
No subtests run
Undefined subroutine &Statocles::Types::PagePath called at /home/sand/.cpan/privbuild/k93msid/Statocles-0.093-2/blib/lib/Statocles/Document.pm line 18.
Compilation failed in require at /home/sand/.cpan/privbuild/k93msid/Statocles-0.093-2/blib/lib/Statocles/Store.pm line 8.
BEGIN failed--compilation aborted at /home/sand/.cpan/privbuild/k93msid/Statocles-0.093-2/blib/lib/Statocles/Store.pm line 8.
Compilation failed in require at /home/sand/.cpan/privbuild/k93msid/Statocles-0.093-2/blib/lib/Statocles/Types.pm line 97.
Compilation failed in require at /home/sand/src/perl/repoperls/installed-perls/host/k93msid/v5.31.2-56-g442d4b523e/496c/lib/site_perl/5.31.3/Module/Runtime.pm line 314.
BEGIN failed--compilation aborted at /home/sand/.cpan/privbuild/k93msid/Statocles-0.093-2/blib/lib/Statocles.pm line 5.
Compilation failed in require at /home/sand/src/perl/repoperls/installed-perls/host/k93msid/v5.31.2-56-g442d4b523e/496c/lib/site_perl/5.31.3/Module/Runtime.pm line 314.
BEGIN failed--compilation aborted at t/types.t line 2.
t/types.t .....................
Dubious, test returned 255 (wstat 65280, 0xff00)
No subtests run
Undefined subroutine &Statocles::Types::PagePath called at /home/sand/.cpan/privbuild/k93msid/Statocles-0.093-2/blib/lib/Statocles/Document.pm line 18.
Compilation failed in require at /home/sand/.cpan/privbuild/k93msid/Statocles-0.093-2/blib/lib/Statocles/Store.pm line 8.
BEGIN failed--compilation aborted at /home/sand/.cpan/privbuild/k93msid/Statocles-0.093-2/blib/lib/Statocles/Store.pm line 8.
Compilation failed in require at /home/sand/.cpan/privbuild/k93msid/Statocles-0.093-2/blib/lib/Statocles/Types.pm line 97.
Compilation failed in require at /home/sand/src/perl/repoperls/installed-perls/host/k93msid/v5.31.2-56-g442d4b523e/496c/lib/site_perl/5.31.3/Module/Runtime.pm line 314.
BEGIN failed--compilation aborted at /home/sand/.cpan/privbuild/k93msid/Statocles-0.093-2/blib/lib/Statocles.pm line 5.
Compilation failed in require at /home/sand/src/perl/repoperls/installed-perls/host/k93msid/v5.31.2-56-g442d4b523e/496c/lib/site_perl/5.31.3/Module/Runtime.pm line 314.
BEGIN failed--compilation aborted at t/util.t line 2.
t/util.t ......................
Dubious, test returned 255 (wstat 65280, 0xff00)
No subtests run
Test Summary Report
-------------------
t/00-compile.t (Wstat: 10496 Tests: 45 Failed: 41)
Failed tests: 1-8, 10-40, 42-43
Non-zero exit status: 41
t/app/basic/command.t (Wstat: 65280 Tests: 0 Failed: 0)
Non-zero exit status: 255
Parse errors: No plan found in TAP output
t/app/basic/constructor.t (Wstat: 65280 Tests: 0 Failed: 0)
Non-zero exit status: 255
Parse errors: No plan found in TAP output
t/app/basic/pages.t (Wstat: 65280 Tests: 0 Failed: 0)
Non-zero exit status: 255
Parse errors: No plan found in TAP output
t/app/blog/command.t (Wstat: 65280 Tests: 0 Failed: 0)
Non-zero exit status: 255
Parse errors: No plan found in TAP output
t/app/blog/constructor.t (Wstat: 65280 Tests: 0 Failed: 0)
Non-zero exit status: 255
Parse errors: No plan found in TAP output
t/app/blog/pages.t (Wstat: 65280 Tests: 0 Failed: 0)
Non-zero exit status: 255
Parse errors: No plan found in TAP output
t/app/blog/post_date.t (Wstat: 65280 Tests: 0 Failed: 0)
Non-zero exit status: 255
Parse errors: No plan found in TAP output
t/app/blog/recent_posts.t (Wstat: 65280 Tests: 0 Failed: 0)
Non-zero exit status: 255
Parse errors: No plan found in TAP output
t/app/blog/slugs.t (Wstat: 65280 Tests: 0 Failed: 0)
Non-zero exit status: 255
Parse errors: No plan found in TAP output
t/app/events.t (Wstat: 65280 Tests: 0 Failed: 0)
Non-zero exit status: 255
Parse errors: No plan found in TAP output
t/app/perldoc/constructor.t (Wstat: 65280 Tests: 0 Failed: 0)
Non-zero exit status: 255
Parse errors: No plan found in TAP output
t/app/perldoc/highlight.t (Wstat: 65280 Tests: 0 Failed: 0)
Non-zero exit status: 255
Parse errors: No plan found in TAP output
t/app/perldoc/pages.t (Wstat: 65280 Tests: 0 Failed: 0)
Non-zero exit status: 255
Parse errors: No plan found in TAP output
t/app/role/store.t (Wstat: 65280 Tests: 0 Failed: 0)
Non-zero exit status: 255
Parse errors: No plan found in TAP output
t/app/template.t (Wstat: 65280 Tests: 0 Failed: 0)
Non-zero exit status: 255
Parse errors: No plan found in TAP output
t/app/url.t (Wstat: 65280 Tests: 0 Failed: 0)
Non-zero exit status: 255
Parse errors: No plan found in TAP output
t/command/apps.t (Wstat: 65280 Tests: 0 Failed: 0)
Non-zero exit status: 255
Parse errors: No plan found in TAP output
t/command/build.t (Wstat: 65280 Tests: 0 Failed: 0)
Non-zero exit status: 255
Parse errors: No plan found in TAP output
t/command/bundle.t (Wstat: 65280 Tests: 0 Failed: 0)
Non-zero exit status: 255
Parse errors: No plan found in TAP output
t/command/create.t (Wstat: 65280 Tests: 0 Failed: 0)
Non-zero exit status: 255
Parse errors: No plan found in TAP output
t/command/daemon.t (Wstat: 65280 Tests: 0 Failed: 0)
Non-zero exit status: 255
Parse errors: No plan found in TAP output
t/command/deploy.t (Wstat: 65280 Tests: 0 Failed: 0)
Non-zero exit status: 255
Parse errors: No plan found in TAP output
t/command/error.t (Wstat: 65280 Tests: 0 Failed: 0)
Non-zero exit status: 255
Parse errors: No plan found in TAP output
t/command/help_and_version.t (Wstat: 65280 Tests: 0 Failed: 0)
Non-zero exit status: 255
Parse errors: No plan found in TAP output
t/command/mojo_app.t (Wstat: 65280 Tests: 0 Failed: 0)
Non-zero exit status: 255
Parse errors: No plan found in TAP output
t/deploy/file.t (Wstat: 65280 Tests: 0 Failed: 0)
Non-zero exit status: 255
Parse errors: No plan found in TAP output
t/deploy/git.t (Wstat: 65280 Tests: 0 Failed: 0)
Non-zero exit status: 255
Parse errors: No plan found in TAP output
t/deprecated.t (Wstat: 65280 Tests: 0 Failed: 0)
Non-zero exit status: 255
Parse errors: No plan found in TAP output
t/document.t (Wstat: 65280 Tests: 0 Failed: 0)
Non-zero exit status: 255
Parse errors: No plan found in TAP output
t/image.t (Wstat: 65280 Tests: 0 Failed: 0)
Non-zero exit status: 255
Parse errors: No plan found in TAP output
t/link.t (Wstat: 65280 Tests: 0 Failed: 0)
Non-zero exit status: 255
Parse errors: No plan found in TAP output
t/link/tree.t (Wstat: 65280 Tests: 0 Failed: 0)
Non-zero exit status: 255
Parse errors: No plan found in TAP output
t/page/basename.t (Wstat: 65280 Tests: 0 Failed: 0)
Non-zero exit status: 255
Parse errors: No plan found in TAP output
t/page/content_sections.t (Wstat: 65280 Tests: 0 Failed: 0)
Non-zero exit status: 255
Parse errors: No plan found in TAP output
t/page/document.t (Wstat: 65280 Tests: 0 Failed: 0)
Non-zero exit status: 255
Parse errors: No plan found in TAP output
t/page/file.t (Wstat: 65280 Tests: 0 Failed: 0)
Non-zero exit status: 255
Parse errors: No plan found in TAP output
t/page/images.t (Wstat: 65280 Tests: 0 Failed: 0)
Non-zero exit status: 255
Parse errors: No plan found in TAP output
t/page/links.t (Wstat: 65280 Tests: 0 Failed: 0)
Non-zero exit status: 255
Parse errors: No plan found in TAP output
t/page/list.t (Wstat: 65280 Tests: 0 Failed: 0)
Non-zero exit status: 255
Parse errors: No plan found in TAP output
t/page/list_item.t (Wstat: 65280 Tests: 0 Failed: 0)
Non-zero exit status: 255
Parse errors: No plan found in TAP output
t/page/plain.t (Wstat: 65280 Tests: 0 Failed: 0)
Non-zero exit status: 255
Parse errors: No plan found in TAP output
t/page/type.t (Wstat: 65280 Tests: 0 Failed: 0)
Non-zero exit status: 255
Parse errors: No plan found in TAP output
t/person.t (Wstat: 65280 Tests: 0 Failed: 0)
Non-zero exit status: 255
Parse errors: No plan found in TAP output
t/plugin.t (Wstat: 65280 Tests: 0 Failed: 0)
Non-zero exit status: 255
Parse errors: No plan found in TAP output
t/plugin/highlight.t (Wstat: 65280 Tests: 0 Failed: 0)
Non-zero exit status: 255
Parse errors: No plan found in TAP output
t/plugin/html_lint.t (Wstat: 65280 Tests: 0 Failed: 0)
Non-zero exit status: 255
Parse errors: No plan found in TAP output
t/plugin/link_check.t (Wstat: 65280 Tests: 0 Failed: 0)
Non-zero exit status: 255
Parse errors: No plan found in TAP output
t/plugin/mermaid.t (Wstat: 65280 Tests: 0 Failed: 0)
Non-zero exit status: 255
Parse errors: No plan found in TAP output
t/site.t (Wstat: 65280 Tests: 0 Failed: 0)
Non-zero exit status: 255
Parse errors: No plan found in TAP output
t/store.t (Wstat: 65280 Tests: 0 Failed: 0)
Non-zero exit status: 255
Parse errors: No plan found in TAP output
t/template/basic.t (Wstat: 65280 Tests: 0 Failed: 0)
Non-zero exit status: 255
Parse errors: No plan found in TAP output
t/template/content.t (Wstat: 65280 Tests: 0 Failed: 0)
Non-zero exit status: 255
Parse errors: No plan found in TAP output
t/template/include.t (Wstat: 65280 Tests: 0 Failed: 0)
Non-zero exit status: 255
Parse errors: No plan found in TAP output
t/template/markdown.t (Wstat: 65280 Tests: 0 Failed: 0)
Non-zero exit status: 255
Parse errors: No plan found in TAP output
t/theme/check.t (Wstat: 65280 Tests: 0 Failed: 0)
Non-zero exit status: 255
Parse errors: No plan found in TAP output
t/theme/helper.t (Wstat: 65280 Tests: 0 Failed: 0)
Non-zero exit status: 255
Parse errors: No plan found in TAP output
t/theme/pages.t (Wstat: 65280 Tests: 0 Failed: 0)
Non-zero exit status: 255
Parse errors: No plan found in TAP output
t/theme/template.t (Wstat: 65280 Tests: 0 Failed: 0)
Non-zero exit status: 255
Parse errors: No plan found in TAP output
t/types.t (Wstat: 65280 Tests: 0 Failed: 0)
Non-zero exit status: 255
Parse errors: No plan found in TAP output
t/util.t (Wstat: 65280 Tests: 0 Failed: 0)
Non-zero exit status: 255
Parse errors: No plan found in TAP output
Files=62, Tests=46, 50 wallclock secs ( 0.11 usr 0.30 sys + 37.16 cusr 6.26 csys = 43.83 CPU)
Result: FAIL
Failed 61/62 test programs. 41/46 subtests failed.
make: *** [Makefile:1160: test_dynamic] Error 255
------------------------------
PREREQUISITES
------------------------------
Prerequisite modules loaded:
requires:
Module Need Have
------------------------------- -------- --------
Beam::Emitter 0.007 1.007
Beam::Wire 1.018 1.023
DateTime::Moonpig 0 1.03
Encode 0 3.01
File::Share 0 0.25
Git::Repository 0 1.323
Import::Base 0.012 1.004
JSON::PP 0 4.04
List::UtilsBy 0.09 0.11
Mojolicious 6.54 8.22
Moo 2.000001 2.003004
Path::Tiny 0.084 0.108
perl 5.010 5.031003
Pod::Simple 3.31 3.39
Pod::Usage::Return 0 0.003
strict 0 1.11
Text::Markdown 0 1.000031
Text::Unidecode 0 1.30
Type::Tiny 0 1.004004
Types::Path::Tiny 0 0.006
warnings 0 1.45
YAML 0 1.29
build_requires:
Module Need Have
------------------------------- -------- --------
Capture::Tiny 0 0.48
Dir::Self 0 0.11
ExtUtils::MakeMaker 0 7.36
File::Spec 0 3.78
IO::Handle 0 1.41
IPC::Open3 0 1.20
Storable 0 3.16
Test::Deep 0 1.128
Test::Differences 0.64 0.67
Test::Exception 0.42 0.43
Test::Lib 0 0.002
Test::More 1.001005 1.302164
configure_requires:
Module Need Have
------------------------------- -------- --------
ExtUtils::MakeMaker 0 7.36
File::ShareDir::Install 0.06 0.13
opt_requires:
Module Need Have
------------------------------- -------- --------
HTML::Lint::Pluggable 0.06 0.10
Pod::Elemental 0 0.103004
Pod::Weaver 4.015 4.015
PPI 0 1.270
Syntax::Highlight::Engine::Kate 0 0.14
------------------------------
ENVIRONMENT AND OTHER CONTEXT
------------------------------
Environment variables:
AUTOMATED_TESTING = 1
LANG = en_US.UTF-8
PATH = /home/sand/bin:/usr/local/bin:/usr/bin:/bin:/usr/games:/usr/local/perl/bin:/usr/X11/bin:/sbin:/usr/sbin
PERL5LIB =
PERL5OPT =
PERL5_CPANPLUS_IS_RUNNING = 15171
PERL5_CPAN_IS_RUNNING = 15171
PERL_CANARY_STABILITY_NOPROMPT = 1
PERL_MM_USE_DEFAULT = 1
PERL_USE_UNSAFE_INC = 1
SHELL = /usr/bin/zsh
TERM = screen
Perl special variables (and OS-specific diagnostics, for MSWin32):
$^X = /tmp/basesmoker-reloperl-nu4x/bin/perl
$UID/$EUID = 1005 / 1005
$GID = 1005 1005
$EGID = 1005 1005
Perl module toolchain versions installed:
Module Have
------------------- --------
CPAN 2.27
CPAN::Meta 2.150010
Cwd 3.78
ExtUtils::CBuilder 0.280232
ExtUtils::Command 7.36
ExtUtils::Install 2.14
ExtUtils::MakeMaker 7.36
ExtUtils::Manifest 1.72
ExtUtils::ParseXS 3.40
File::Spec 3.78
JSON 4.02
JSON::PP 4.04
Module::Build 0.4229
Module::Signature 0.83
Parse::CPAN::Meta 2.150010
Test::Harness 3.42
Test::More 1.302164
YAML 1.29
YAML::Syck 1.31
version 0.9924
--
Summary of my perl5 (revision 5 version 31 subversion 3) configuration:
Derived from: 442d4b523eda1f5c8549c30d32b6539ec1c65ef9
Platform:
osname=linux
osvers=4.18.0-2-amd64
archname=x86_64-linux-thread-multi-ld
uname='linux k93msid 4.18.0-2-amd64 #1 smp debian 4.18.10-2 (2018-10-07) x86_64 gnulinux '
config_args='-Dprefix=/home/sand/src/perl/repoperls/installed-perls/host/k93msid/v5.31.2-56-g442d4b523e/496c -Dmyhostname=k93msid -Dinstallusrbinperl=n -Uversiononly -Dusedevel -des -Ui_db -Dlibswanted=cl pthread socket inet nsl gdbm dbm malloc dl ld sun m crypt sec util c cposix posix ucb BSD gdbm_compat -Duseithreads -Duselongdouble -DEBUGGING=none'
hint=recommended
useposix=true
d_sigaction=define
useithreads=define
usemultiplicity=define
use64bitint=define
use64bitall=define
uselongdouble=define
usemymalloc=n
default_inc_excludes_dot=define
bincompat5005=undef
Compiler:
cc='cc'
ccflags ='-D_REENTRANT -D_GNU_SOURCE -fwrapv -fno-strict-aliasing -pipe -fstack-protector-strong -I/usr/local/include -D_LARGEFILE_SOURCE -D_FILE_OFFSET_BITS=64 -D_FORTIFY_SOURCE=2'
optimize='-O2'
cppflags='-D_REENTRANT -D_GNU_SOURCE -fwrapv -fno-strict-aliasing -pipe -fstack-protector-strong -I/usr/local/include'
ccversion=''
gccversion='8.2.0'
gccosandvers=''
intsize=4
longsize=8
ptrsize=8
doublesize=8
byteorder=12345678
doublekind=3
d_longlong=define
longlongsize=8
d_longdbl=define
longdblsize=16
longdblkind=3
ivtype='long'
ivsize=8
nvtype='long double'
nvsize=16
Off_t='off_t'
lseeksize=8
alignbytes=16
prototype=define
Linker and Libraries:
ld='cc'
ldflags =' -fstack-protector-strong -L/usr/local/lib'
libpth=/usr/local/lib /usr/lib/gcc/x86_64-linux-gnu/8/include-fixed /usr/include/x86_64-linux-gnu /usr/lib /lib/x86_64-linux-gnu /lib/../lib /usr/lib/x86_64-linux-gnu /usr/lib/../lib /lib
libs=-lpthread -lnsl -ldl -lm -lcrypt -lutil -lc
perllibs=-lpthread -lnsl -ldl -lm -lcrypt -lutil -lc
libc=libc-2.27.so
so=so
useshrplib=false
libperl=libperl.a
gnulibc_version='2.27'
Dynamic Linking:
dlsrc=dl_dlopen.xs
dlext=so
d_dlsymun=undef
ccdlflags='-Wl,-E'
cccdlflags='-fPIC'
lddlflags='-shared -O2 -L/usr/local/lib -fstack-protector-strong'
Characteristics of this binary (from libperl):
Compile-time options:
HAS_TIMES
MULTIPLICITY
PERLIO_LAYERS
PERL_COPY_ON_WRITE
PERL_DONT_CREATE_GVSV
PERL_IMPLICIT_CONTEXT
PERL_MALLOC_WRAP
PERL_OP_PARENT
PERL_PRESERVE_IVUV
PERL_USE_DEVEL
USE_64_BIT_ALL
USE_64_BIT_INT
USE_ITHREADS
USE_LARGE_FILES
USE_LOCALE
USE_LOCALE_COLLATE
USE_LOCALE_CTYPE
USE_LOCALE_NUMERIC
USE_LOCALE_TIME
USE_LONG_DOUBLE
USE_PERLIO
USE_PERL_ATOF
USE_REENTRANT_API
USE_THREAD_SAFE_LOCALE
Locally applied patches:
uncommitted-changes
Built under linux
Compiled at Aug 5 2019 10:50:11
%ENV:
PERL5LIB=""
PERL5OPT=""
PERL5_CPANPLUS_IS_RUNNING="15171"
PERL5_CPAN_IS_RUNNING="15171"
PERL_CANARY_STABILITY_NOPROMPT="1"
PERL_MM_USE_DEFAULT="1"
PERL_USE_UNSAFE_INC="1"
@INC:
/home/sand/src/perl/repoperls/installed-perls/host/k93msid/v5.31.2-56-g442d4b523e/496c/lib/site_perl/5.31.3/x86_64-linux-thread-multi-ld
/home/sand/src/perl/repoperls/installed-perls/host/k93msid/v5.31.2-56-g442d4b523e/496c/lib/site_perl/5.31.3
/home/sand/src/perl/repoperls/installed-perls/host/k93msid/v5.31.2-56-g442d4b523e/496c/lib/5.31.3/x86_64-linux-thread-multi-ld
/home/sand/src/perl/repoperls/installed-perls/host/k93msid/v5.31.2-56-g442d4b523e/496c/lib/5.31.3
.