FunctionalPerl v0.72.76 Perl 5 v5.32.1 amd64-openbsd

Status
Fail
From
Alceu Rodrigues de Freitas Junior
Dist
FunctionalPerl v0.72.76
Platform
Perl 5 v5.32.1 amd64-openbsd
Date
2023-04-29 15:44:12
ID
b029b154-e6a4-11ed-8ab5-367c5758adf6
This distribution has been tested as part of the CPAN Testers
project, supporting the Perl programming language.  See
http://wiki.cpantesters.org/ for more information or email
questions to cpan-testers-discuss@perl.org


--
Dear Christian Jaeger,

This is a computer-generated report for FunctionalPerl-0.72.76
on perl 5.32.1, created by CPAN-Reporter-1.2018.

Thank you for uploading your work to CPAN.  However, there was a problem
testing your distribution.

If you think this report is invalid, please consult the CPAN Testers Wiki
for suggestions on how to avoid getting FAIL reports for missing library
or binary dependencies, unsupported operating systems, and so on:

http://wiki.cpantesters.org/wiki/CPANAuthorNotes

Sections of this report:

    * Tester comments
    * Program output
    * Prerequisites
    * Environment and other context

------------------------------
TESTER COMMENTS
------------------------------

Additional comments from tester:

this report is from an automated smoke testing program
and was not reviewed by a human for accuracy

If you would like to try to reproduce this report results or even to work with
the same environment for a bug fix, please refer to
https://github.com/glasswalk3r/cpan-openbsd-smoker to see how to use the
prebuilt virtual machines available.

------------------------------
PROGRAM OUTPUT
------------------------------

Output from '/usr/bin/make test':

PERL_DL_NONLAZY=1 "/usr/bin/perl" "-MExtUtils::Command::MM" "-MTest::Harness" "-e" "undef *Test::Harness::Switches; test_harness(0, 'blib/lib', 'blib/arch')" t/*.t
t/csv_to_xml.t ........................... ok
t/dbi.t .................................. ok
t/examples-csv-to-json.t ................. ok
times for fib: user = 0.17, system = 0, cuser = 0, csystem = 0
times for fibonacci: user = 0.14, system = 0, cuser = 0, csystem = 0
t/examples-fibs.t ........................ ok
t/examples-functional-classes.t .......... ok
not activating since running in test mode at examples//../lib/FP/Repl/Trap.pm line 47.
t/examples-hiring-without-whiteboards.t .. ok
not activating since running in test mode at examples//../lib/FP/Repl/Trap.pm line 47.
t/examples-logic.t ....................... ok
t/examples-perlweekly-111-1.t ............ ok
times: user = 0.04, system = 0, cuser = 0, csystem = 0
times: user = 0.07, system = 0.01, cuser = 0, csystem = 0
times: user = 0.0700000000000001, system = 0, cuser = 0, csystem = 0
t/examples-perlweekly-113-1.t ............ ok
t/examples-perlweekly-113-2.t ............ ok
t/examples-primes.t ...................... ok
t/functional_XML-t-div.t ................. ok
t/functional_XML-test.t .................. ok
t/htmlgen.t .............................. ok
not activating since running in test mode at intro//../lib/FP/Repl/AutoTrap.pm line 64.
t/intro-basics.t ......................... ok
t/perl-goto-leak.t ....................... ok
t/perl-weaken-coderef-correctness.t ...... ok
t/perl-weaken-coderef.t .................. ok
Exception: Label not found for "last T2_SUBTEST_WRAPPER" at /home/goku/perl5/lib/perl5/Test2/Hub/Subtest.pm line 67.
 at /home/goku/perl5/lib/perl5/Test2/Hub/Subtest.pm line 67.
	Test2::Hub::Subtest::terminate(Test2::Hub::Subtest=HASH(0x68ac5b0c7c0), 0, Test2::Event::Plan=HASH(0x68a95d5d7f0), HASH(0x68a95d5d880)) called at /home/goku/perl5/lib/perl5/Test2/Hub.pm line 386
	Test2::Hub::process(Test2::Hub::Subtest=HASH(0x68ac5b0c7c0), Test2::Event::Plan=HASH(0x68a95d5d7f0)) called at /home/goku/perl5/lib/perl5/Test2/Hub.pm line 306
	Test2::Hub::send(Test2::Hub::Subtest=HASH(0x68ac5b0c7c0), Test2::Event::Plan=HASH(0x68a95d5d7f0)) called at /home/goku/perl5/lib/perl5/Test2/Hub/Subtest.pm line 34
	Test2::Hub::Subtest::send(Test2::Hub::Subtest=HASH(0x68ac5b0c7c0), Test2::Event::Plan=HASH(0x68a95d5d7f0)) called at /home/goku/perl5/lib/perl5/Test2/API/Context.pm line 272
	Test2::API::Context::send_event(Test2::API::Context=HASH(0x68a95d5d7d8), "Plan", "max", 0, "directive", "SKIP", "reason", "FunctionalPerl::Dependencies::ChjBin import: these programs a"...) called at /home/goku/perl5/lib/perl5/Test2/API/Context.pm line 448
	Test2::API::Context::plan(Test2::API::Context=HASH(0x68a95d5d7d8), 0, "SKIP", "FunctionalPerl::Dependencies::ChjBin import: these programs a"...) called at /home/goku/perl5/lib/perl5/Test/Builder.pm line 660
	Test::Builder::skip_all(Test::Builder=HASH(0x68a292fb718), "FunctionalPerl::Dependencies::ChjBin import: these programs a"...) called at /usr/local/libdata/perl5/site_perl/Test/Requires.pm line 44
	Test::Requires::__ANON__("FunctionalPerl::Dependencies::ChjBin import: these programs a"...) called at /usr/local/libdata/perl5/site_perl/Test/Requires.pm line 71
	Test::Requires::test_requires("FunctionalPerl::Dependencies::ChjBin", "\"trigger-listen\"", "t_pod_snippets_112") called at /usr/local/libdata/perl5/site_perl/Test/Requires.pm line 21
	Test::Requires::import("Test::Requires", HASH(0x68a40dbd280)) called at meta/FunctionalPerl/Dependencies/ChjBin.pm line 19
	t_pod_snippets_112::BEGIN() called at meta/FunctionalPerl/Dependencies/ChjBin.pm line 19
	eval {...} called at meta/FunctionalPerl/Dependencies/ChjBin.pm line 19
	eval 'package main; package t_pod_snippets_112; use Test::More ;
{
no warnings;
use strict;    # things are likely to be sloppy

ok 1 => \'the tests compile\';   


#line 16 meta/FunctionalPerl/Dependencies/ChjBin.pm
use Chj::TEST use => \'FunctionalPerl::Dependencies::ChjBin\';
# or
use Test::Requires +{
    \'FunctionalPerl::Dependencies::ChjBin\' => \'"trigger-listen"\' };
# or
#  list in FunctionalPerl::Dependencies\'s %dependencies

;


ok 1 => \'we reached the end!\';

}
; 
1' called at lib/FP/Repl/WithRepl.pm line 75
	FP::Repl::WithRepl::WithRepl_eval("package t_pod_snippets_112; use Test::More ;\x{a}{\x{a}no warnings;\x{a}u"...) called at t/pod_snippets.t line 37
	main::myeval("package t_pod_snippets_112; use Test::More ;\x{a}{\x{a}no warnings;\x{a}u"...) called at t/pod_snippets.t line 158
	main::__ANON__() called at /home/goku/perl5/lib/perl5/Test/Builder.pm line 374
	eval {...} called at /home/goku/perl5/lib/perl5/Test/Builder.pm line 374
	Test::Builder::subtest(Test::Builder=HASH(0x68a292fb718), "pod snippets in FunctionalPerl::Dependencies::ChjBin", CODE(0x68a9ff0fad8)) called at /home/goku/perl5/lib/perl5/Test/More.pm line 831
	Test::More::subtest("pod snippets in FunctionalPerl::Dependencies::ChjBin", CODE(0x68a9ff0fad8)) called at t/pod_snippets.t line 183
BEGIN failed--compilation aborted at meta/FunctionalPerl/Dependencies/ChjBin.pm line 19.
 at meta/FunctionalPerl/Dependencies/ChjBin.pm line 19.
	eval 'package main; package t_pod_snippets_112; use Test::More ;
{
no warnings;
use strict;    # things are likely to be sloppy

ok 1 => \'the tests compile\';   


#line 16 meta/FunctionalPerl/Dependencies/ChjBin.pm
use Chj::TEST use => \'FunctionalPerl::Dependencies::ChjBin\';
# or
use Test::Requires +{
    \'FunctionalPerl::Dependencies::ChjBin\' => \'"trigger-listen"\' };
# or
#  list in FunctionalPerl::Dependencies\'s %dependencies

;


ok 1 => \'we reached the end!\';

}
; 
1' called at lib/FP/Repl/WithRepl.pm line 75
	FP::Repl::WithRepl::WithRepl_eval("package t_pod_snippets_112; use Test::More ;\x{a}{\x{a}no warnings;\x{a}u"...) called at t/pod_snippets.t line 37
	main::myeval("package t_pod_snippets_112; use Test::More ;\x{a}{\x{a}no warnings;\x{a}u"...) called at t/pod_snippets.t line 158
	main::__ANON__() called at /home/goku/perl5/lib/perl5/Test/Builder.pm line 374
	eval {...} called at /home/goku/perl5/lib/perl5/Test/Builder.pm line 374
	Test::Builder::subtest(Test::Builder=HASH(0x68a292fb718), "pod snippets in FunctionalPerl::Dependencies::ChjBin", CODE(0x68a9ff0fad8)) called at /home/goku/perl5/lib/perl5/Test/More.pm line 831
	Test::More::subtest("pod snippets in FunctionalPerl::Dependencies::ChjBin", CODE(0x68a9ff0fad8)) called at t/pod_snippets.t line 183


    #   Failed test 'pod snippets in FunctionalPerl::Dependencies::ChjBin'
    #   at t/pod_snippets.t line 177.
    # Looks like you failed 1 test of 1.
t/pod_snippets.t ......................... ok
t/predicates.t ........................... ok

#   Failed test at t/repl.t line 122.
#          got: 'main> $VAR1 = 3;
# '
#     expected: 'main> 3 # 4
# $VAR1 = 3;
# '

#   Failed test at t/repl.t line 138.
#          got: 'main> $HOME = '<HOME>';
# $input = ',e';
# $inr = bless( \*Symbol::GEN2, 'Chj::IO::Pipe' );
# $inw = bless( \*Symbol::GEN3, 'Chj::IO::Pipe' );
# $output = 'DUMMY';
# $outr = bless( \*Symbol::GEN4, 'Chj::IO::Pipe' );
# $outw = bless( \*Symbol::GEN5, 'Chj::IO::Pipe' );
# \@filters = [sub { 'DUMMY: main::__ANON__ at "t/repl.t" line 0' }, sub { 'DUMMY: main::__ANON__ at "t/repl.t" line 1' }];
# '
#     expected: 'main> ,e
# $HOME = '<HOME>';
# $input = ',e';
# $inr = bless( \*Symbol::GEN2, 'Chj::IO::Pipe' );
# $inw = bless( \*Symbol::GEN3, 'Chj::IO::Pipe' );
# $output = 'DUMMY';
# $outr = bless( \*Symbol::GEN4, 'Chj::IO::Pipe' );
# $outw = bless( \*Symbol::GEN5, 'Chj::IO::Pipe' );
# \@filters = [sub { 'DUMMY: main::__ANON__ at "t/repl.t" line 0' }, sub { 'DUMMY: main::__ANON__ at "t/repl.t" line 1' }];
# '

#   Failed test at t/repl.t line 141.
#          got: 'main> Exception: 'fun at (eval 0) line 1.
# '
# main 1> $x = 99;
# $z = undef;
# main 1> 
# 'fun at (eval 0) line 1.
# '
# '
#     expected: 'main> do {my $z=123; sub { my ($x)=@_; die "fun" }}->(99)
# Exception: 'fun at (eval 0) line 1.
# '
# main 1> ,e
# $x = 99;
# $z = undef;
# main 1> 
# 'fun at (eval 0) line 1.
# '
# '

#   Failed test at t/repl.t line 156.
#          got: 'main> Exception: 'fun at (eval 0) line 1.
# '
# main 1> 0	FP::Repl::WithRepl::__ANON__('fun at (eval 0) line 1.\x{a}') called at (eval 0) line 1
# 1	main::__ANON__('99') called at (eval 0) line 1
# 2	main::__ANON__() called at lib/FP/Repl/Repl.pm line 2
# 3	FP::Repl::Repl::__ANON__() called at lib/FP/Repl/Repl.pm line 3
# 4	(eval)() called at lib/FP/Repl/Repl.pm line 3
# 5	FP::Repl::Repl::WithRepl_eval('CODE(0x11)') called at lib/FP/Repl/Repl.pm line 4
# 6	FP::Repl::Repl::eval_code('FP::Repl::Repl=ARRAY(0x12)', 'do {my $z=123; sub { my ($x)=@_; die "fun" }}->(99)', 'CODE(0x13)', 'HASH(0x14)', undef, undef) called at lib/FP/Repl/Repl.pm line 5
# 7	FP::Repl::Repl::__ANON__() called at lib/FP/Repl/Repl.pm line 6
# 8	FP::Repl::Repl::__ANON__() called at lib/FP/Repl/Repl.pm line 7
# 9	FP::Repl::Repl::__ANON__() called at lib/FP/Repl/Repl.pm line 8
# 10	FP::Repl::Repl::run('FP::Repl::Repl=ARRAY(0x12)', undef) called at t/repl.t line 9
# 11	main::t('\x{a}do {my $z=123; sub { my ($x)=@_; die "fun" }}->(99)\x{a},b', '\x{a}main> do {my $z=123; sub { my ($x)=@_; die "fun" }}->(99)\x{a}Ex...') called at t/repl.t line 10
# main 1> 
# 'fun at (eval 0) line 1.
# '
# '
#     expected: 'main> do {my $z=123; sub { my ($x)=@_; die "fun" }}->(99)
# Exception: 'fun at (eval 0) line 1.
# '
# main 1> ,b
# 0	FP::Repl::WithRepl::__ANON__('fun at (eval 0) line 1.\x{a}') called at (eval 0) line 1
# 1	main::__ANON__('99') called at (eval 0) line 1
# 2	main::__ANON__() called at lib/FP/Repl/Repl.pm line 2
# 3	FP::Repl::Repl::__ANON__() called at lib/FP/Repl/Repl.pm line 3
# 4	(eval)() called at lib/FP/Repl/Repl.pm line 3
# 5	FP::Repl::Repl::WithRepl_eval('CODE(0x11)') called at lib/FP/Repl/Repl.pm line 4
# 6	FP::Repl::Repl::eval_code('FP::Repl::Repl=ARRAY(0x12)', 'do {my $z=123; sub { my ($x)=@_; die "fun" }}->(99)', 'CODE(0x13)', 'HASH(0x14)', undef, undef) called at lib/FP/Repl/Repl.pm line 5
# 7	FP::Repl::Repl::__ANON__() called at lib/FP/Repl/Repl.pm line 6
# 8	FP::Repl::Repl::__ANON__() called at lib/FP/Repl/Repl.pm line 7
# 9	FP::Repl::Repl::__ANON__() called at lib/FP/Repl/Repl.pm line 8
# 10	FP::Repl::Repl::run('FP::Repl::Repl=ARRAY(0x12)', undef) called at t/repl.t line 9
# 11	main::t('\x{a}do {my $z=123; sub { my ($x)=@_; die "fun" }}->(99)\x{a},b', '\x{a}main> do {my $z=123; sub { my ($x)=@_; die "fun" }}->(99)\x{a}Ex...') called at t/repl.t line 10
# main 1> 
# 'fun at (eval 0) line 1.
# '
# '

#   Failed test at t/repl.t line 182.
#          got: 'main> $VAR1 = [bless(['<HOME>/.fp-repl_history', undef, 500, undef, undef, 1, 1, undef, 1, ['cat'], 'l', 's', 'a', 'X', bless( \*Symbol::GEN0, 'Chj::IO::Pipe' ), bless( \*Symbol::GEN1, 'Chj::IO::Pipe' )], 'FP::Repl::Repl'), undef];
# '
#     expected: 'main> $FP::Repl::Repl::argsn
# $VAR1 = [bless(['<HOME>/.fp-repl_history', undef, 500, undef, undef, 1, 1, undef, 1, ['cat'], 'l', 's', 'a', 'X', bless( \*Symbol::GEN0, 'Chj::IO::Pipe' ), bless( \*Symbol::GEN1, 'Chj::IO::Pipe' )], 'FP::Repl::Repl'), undef];
# '

#   Failed test at t/repl.t line 192.
#          got: 'main> main 1> $VAR1 = [bless(['<HOME>/.fp-repl_history', undef, 500, undef, undef, 1, 1, undef, 1, ['cat'], 'l', 's', 'a', 'X'], 'FP::Repl::Repl'), undef];
# main 1> $VAR1 = [99];
# main 1> FP::Repl::Repl::run(
#   bless(['<HOME>/.fp-repl_history', undef, 500, undef, undef, 1, 1, undef, 1, ['cat'], 'l', 's', 'a', 'X'], 'FP::Repl::Repl'),
#   undef
# ) called at (eval 0) line 1
# main 1> $x = 99;
# $z = undef;
# main 1> $VAR1 = 99;
# main 1> 
# $VAR1 = '';
# '
#     expected: 'main> do {my $z=123; sub { my ($x)=@_; repl }}->(99)
# main 1> $FP::Repl::Repl::argsn
# $VAR1 = [bless(['<HOME>/.fp-repl_history', undef, 500, undef, undef, 1, 1, undef, 1, ['cat'], 'l', 's', 'a', 'X'], 'FP::Repl::Repl'), undef];
# main 1> $FP::Repl::Repl::args
# $VAR1 = [99];
# main 1> ,0
# FP::Repl::Repl::run(
#   bless(['<HOME>/.fp-repl_history', undef, 500, undef, undef, 1, 1, undef, 1, ['cat'], 'l', 's', 'a', 'X'], 'FP::Repl::Repl'),
#   undef
# ) called at (eval 0) line 1
# main 1> ,e
# $x = 99;
# $z = undef;
# main 1> $x
# $VAR1 = 99;
# main 1> 
# $VAR1 = '';
# '

#   Failed test at t/repl.t line 220.
#          got: 'main> Exception: 'fun at (eval 0) line 1.
# '
# main 1> $VAR1 = ['fun at (eval 0) line 1.
# '];
# main 1> $VAR1 = [99];
# main 1> FP::Repl::WithRepl::__ANON__(
#   'fun at (eval 0) line 1.
#   '
# ) called at (eval 0) line 1
# main 1> $x = 99;
# $z = undef;
# main 1> $VAR1 = 99;
# main 1> 
# 'fun at (eval 0) line 1.
# '
# '
#     expected: 'main> do {my $z=123; sub { my ($x)=@_; die "fun" }}->(99)
# Exception: 'fun at (eval 0) line 1.
# '
# main 1> $FP::Repl::Repl::argsn
# $VAR1 = ['fun at (eval 0) line 1.
# '];
# main 1> $FP::Repl::Repl::args
# $VAR1 = [99];
# main 1> ,0
# FP::Repl::WithRepl::__ANON__(
#   'fun at (eval 0) line 1.
#   '
# ) called at (eval 0) line 1
# main 1> ,e
# $x = 99;
# $z = undef;
# main 1> $x
# $VAR1 = 99;
# main 1> 
# 'fun at (eval 0) line 1.
# '
# '
# Looks like you failed 7 tests of 7.
t/repl.t ................................. 
Dubious, test returned 7 (wstat 1792, 0x700)
Failed 7/7 subtests 
not activating since running in test mode at lib/FP/Repl/AutoTrap.pm line 64.
not activating since running in test mode at lib/FP/Repl/Trap.pm line 47.
Reference is already weak at lib/FP/Stream.pm line 770.
t/require_and_run_tests.t ................ ok
t/skip-internal.t ........................ ok
t/skip-leak.t ............................ ok
t/skip.t ................................. ok
t/testlazy.t ............................. ok
t/testlazy10.t ........................... ok
times for T: user = 0.21, system = 0, cuser = 0, csystem = 0
times for TC: user = 0.16, system = 0, cuser = 0, csystem = 0
t/trampoline-fix.t ....................... ok

Test Summary Report
-------------------
t/repl.t                               (Wstat: 1792 (exited 7) Tests: 7 Failed: 7)
  Failed tests:  1-7
  Non-zero exit status: 7
Files=28, Tests=184, 27 wallclock secs ( 0.21 usr  0.03 sys + 23.63 cusr  2.60 csys = 26.47 CPU)
Result: FAIL
Failed 1/28 test programs. 7/184 subtests failed.
*** Error 255 in /mnt/cpan_build_dir/goku/FunctionalPerl-0.72.76-0 (Makefile:1542 'test_dynamic')

------------------------------
PREREQUISITES
------------------------------

Prerequisite modules loaded:

requires:

    Module              Need     Have    
    ------------------- -------- --------
    autobox             0        v3.0.1  
    base                0        2.27    
    Digest              0        1.17_01 
    File::Path          0        2.18    
    Getopt::Long        0        2.51    
    Import::Into        0        1.002005
    Math::BigInt        0        1.999838
    NEXT                0        0.67_01 
    perl                5.016004 5.032001
    PerlIO::utf8_strict 0        0.007   
    Safe::Isa           0        1.000010
    Scalar::Util        0        1.63    
    Symbol              0        1.08    
    Test::More          0.96     1.302194
    utf8                0        1.22    

build_requires:

    Module              Need     Have    
    ------------------- -------- --------
    BSD::Resource       0        1.2911  
    Capture::Tiny       0        0.48    
    DBD::CSV            0        0.60    
    DBI                 0        1.643   
    ExtUtils::MakeMaker 0        7.70    
    File::chdir         0        0.1011  
    Sub::Util           0        1.63    
    Test::Pod::Snippets 0        0.07    
    Test::Requires      0        0.10    
    Text::CSV           0        2.01    
    URI                 0        5.17    

configure_requires:

    Module              Need     Have    
    ------------------- -------- --------
    ExtUtils::MakeMaker 0        7.70    

opt_requires:

    Module              Need     Have    
    ------------------- -------- --------
    B::Deparse          0        1.54    
    Clone               0        0.46    
    Encode              0        3.19    
    Eval::WithLexicals  0        1.003006
    JSON                0        4.10    
    LWP::UserAgent      0        6.68    
    Method::Signatures  0        20170211
    PadWalker           0        2.5     
    Term::ReadLine::Gnu 0        1.45    
    Text::Markdown      0        1.000031


------------------------------
ENVIRONMENT AND OTHER CONTEXT
------------------------------

Environment variables:

    AUTOMATED_TESTING = 1
    PATH = /home/goku/perl5/bin:/usr/bin:/bin:/usr/sbin:/sbin:/usr/X11R6/bin:/usr/local/bin:/usr/local/sbin
    PERL5LIB = /home/goku/perl5/lib/perl5
    PERL5OPT = 
    PERL5_CPANPLUS_IS_RUNNING = 97168
    PERL5_CPAN_IS_RUNNING = 97168
    PERL5_CPAN_IS_RUNNING_IN_RECURSION = 11465,97168
    PERL_CR_SMOKER_CURRENT = FunctionalPerl-0.72.76
    PERL_EXTUTILS_AUTOINSTALL = --defaultdeps
    PERL_LOCAL_LIB_ROOT = /home/goku/perl5
    PERL_MB_OPT = --install_base "/home/goku/perl5"
    PERL_MM_OPT = INSTALL_BASE=/home/goku/perl5
    PERL_MM_USE_DEFAULT = 1
    PERL_USE_UNSAFE_INC = 1
    SHELL = /bin/ksh
    TERM = xterm-256color

Perl special variables (and OS-specific diagnostics, for MSWin32):

    $^X = /usr/bin/perl
    $UID/$EUID = 1001 / 1001
    $GID = 1002 1002 1001
    $EGID = 1002 1002 1001

Perl module toolchain versions installed:

    Module              Have    
    ------------------- --------
    CPAN                2.35    
    CPAN::Meta          2.150010
    Cwd                 3.78    
    ExtUtils::CBuilder  0.280236
    ExtUtils::Command   7.70    
    ExtUtils::Install   2.14    
    ExtUtils::MakeMaker 7.70    
    ExtUtils::Manifest  1.72    
    ExtUtils::ParseXS   3.40    
    File::Spec          3.78    
    JSON                4.10    
    JSON::PP            4.16    
    Module::Build       0.4232  
    Module::Signature   n/a     
    Parse::CPAN::Meta   2.150010
    Test::Harness       3.44    
    Test::More          1.302194
    YAML                1.30    
    YAML::Syck          1.34    
    version             0.9929  


--

Summary of my perl5 (revision 5 version 32 subversion 1) configuration:
   
  Platform:
    osname=openbsd
    osvers=7.2
    archname=amd64-openbsd
    uname='openbsd'
    config_args='-dse -Dopenbsd_distribution=defined -Dmksymlinks'
    hint=recommended
    useposix=true
    d_sigaction=define
    useithreads=undef
    usemultiplicity=undef
    use64bitint=define
    use64bitall=define
    uselongdouble=undef
    usemymalloc=n
    default_inc_excludes_dot=define
    bincompat5005=undef
  Compiler:
    cc='cc'
    ccflags ='-DNO_LOCALE_NUMERIC -DNO_LOCALE_COLLATE -fno-strict-aliasing -fno-delete-null-pointer-checks -pipe -fstack-protector-strong -I/usr/local/include'
    optimize='-O2'
    cppflags='-DBIG_TIME -DNO_LOCALE_NUMERIC -DNO_LOCALE_COLLATE -fno-strict-aliasing -fno-delete-null-pointer-checks -pipe -fstack-protector-strong -I/usr/local/include'
    ccversion=''
    gccversion='OpenBSD Clang 13.0.0'
    gccosandvers=''
    intsize=4
    longsize=8
    ptrsize=8
    doublesize=8
    byteorder=12345678
    doublekind=3
    d_longlong=define
    longlongsize=8
    d_longdbl=define
    longdblsize=16
    longdblkind=3
    ivtype='long'
    ivsize=8
    nvtype='double'
    nvsize=8
    Off_t='off_t'
    lseeksize=8
    alignbytes=8
    prototype=define
  Linker and Libraries:
    ld='cc'
    ldflags ='-Wl,-E  -fstack-protector-strong -L/usr/local/lib'
    libpth=/usr/lib /usr/lib/clang/13.0.0/lib /usr/lib
    libs=-lm -lc
    perllibs=-lm -lc
    libc=/usr/lib/libc.so.96.2
    so=so
    useshrplib=true
    libperl=libperl.so.22.0
    gnulibc_version=''
  Dynamic Linking:
    dlsrc=dl_dlopen.xs
    dlext=so
    d_dlsymun=undef
    ccdlflags='-Wl,-R/usr/libdata/perl5/amd64-openbsd/CORE'
    cccdlflags='-DPIC -fpic '
    lddlflags='-shared -fpic  -fstack-protector-strong -L/usr/local/lib'


Characteristics of this binary (from libperl): 
  Compile-time options:
    HAS_TIMES
    PERLIO_LAYERS
    PERL_COPY_ON_WRITE
    PERL_DONT_CREATE_GVSV
    PERL_MALLOC_WRAP
    PERL_OP_PARENT
    PERL_PRESERVE_IVUV
    USE_64_BIT_ALL
    USE_64_BIT_INT
    USE_LARGE_FILES
    USE_LOCALE
    USE_LOCALE_CTYPE
    USE_LOCALE_TIME
    USE_PERLIO
    USE_PERL_ATOF
  Built under openbsd
  %ENV:
    PERL5LIB="/home/goku/perl5/lib/perl5"
    PERL5OPT=""
    PERL5_CPANPLUS_IS_RUNNING="97168"
    PERL5_CPAN_IS_RUNNING="97168"
    PERL5_CPAN_IS_RUNNING_IN_RECURSION="11465,97168"
    PERL_CR_SMOKER_CURRENT="FunctionalPerl-0.72.76"
    PERL_EXTUTILS_AUTOINSTALL="--defaultdeps"
    PERL_LOCAL_LIB_ROOT="/home/goku/perl5"
    PERL_MB_OPT="--install_base "/home/goku/perl5""
    PERL_MM_OPT="INSTALL_BASE=/home/goku/perl5"
    PERL_MM_USE_DEFAULT="1"
    PERL_USE_UNSAFE_INC="1"
  @INC:
    /home/goku/perl5/lib/perl5/amd64-openbsd
    /home/goku/perl5/lib/perl5
    /usr/local/libdata/perl5/site_perl/amd64-openbsd
    /usr/local/libdata/perl5/site_perl
    /usr/libdata/perl5/amd64-openbsd
    /usr/libdata/perl5
    .