App-perlimports v0.000049 Perl 5 v5.20.3 x86_64-linux-thread-multi

Status
Fail
From
Andreas J. König (ANDK)
Dist
App-perlimports v0.000049
Platform
Perl 5 v5.20.3 x86_64-linux-thread-multi
Date
2022-10-25 19:31:52
ID
adb83166-549b-11ed-ae3f-eb8966ca80ec
This distribution has been tested as part of the CPAN Testers
project, supporting the Perl programming language.  See
http://wiki.cpantesters.org/ for more information or email
questions to cpan-testers-discuss@perl.org


--
Dear Olaf Alders,

This is a computer-generated report for App-perlimports-0.000049
on perl 5.20.3, created by CPAN-Reporter-1.2018.

Thank you for uploading your work to CPAN.  However, there was a problem
testing your distribution.

If you think this report is invalid, please consult the CPAN Testers Wiki
for suggestions on how to avoid getting FAIL reports for missing library
or binary dependencies, unsupported operating systems, and so on:

http://wiki.cpantesters.org/wiki/CPANAuthorNotes

Sections of this report:

    * Tester comments
    * Program output
    * Prerequisites
    * Environment and other context

------------------------------
TESTER COMMENTS
------------------------------

Additional comments from tester:

this report is from an automated smoke testing program
and was not reviewed by a human for accuracy

------------------------------
PROGRAM OUTPUT
------------------------------

Output from '/usr/bin/make test':

PERL_DL_NONLAZY=1 "/home/sand/src/perl/repoperls/installed-perls/host/k93msid/v5.20.3/29fb/bin/perl" "-MExtUtils::Command::MM" "-MTest::Harness" "-e" "undef *Test::Harness::Switches; test_harness(0, 'blib/lib', 'blib/arch')" t/*.t t/ExportInspector/*.t t/cpan-modules/*.t
# 
# Versions for all modules listed in MYMETA.json (including optional ones):
# 
# === Configure Requires ===
# 
#     Module              Want Have
#     ------------------- ---- ----
#     ExtUtils::MakeMaker  any 7.64
# 
# === Build Requires ===
# 
#     Module              Want Have
#     ------------------- ---- ----
#     ExtUtils::MakeMaker  any 7.64
# 
# === Test Requires ===
# 
#     Module                 Want     Have
#     ---------------------- ---- --------
#     DDP                     any    undef
#     ExtUtils::MakeMaker     any     7.64
#     File::Spec              any     3.75
#     File::pushd             any    1.016
#     Log::Dispatch::Array    any    1.003
#     PPI::Dumper             any    1.276
#     Sub::Exporter           any    0.988
#     Test::Differences       any     0.69
#     Test::Fatal             any    0.016
#     Test::More              any 1.302191
#     Test::Needs             any 0.002009
#     Test::RequiresInternet  any     0.05
#     Test::Script           1.29     1.29
#     Test::Warnings          any    0.031
#     lib                     any     0.63
# 
# === Test Recommends ===
# 
#     Module         Want     Have
#     ---------- -------- --------
#     CPAN::Meta 2.120900 2.150010
# 
# === Runtime Requires ===
# 
#     Module                           Want      Have
#     ---------------------------- -------- ---------
#     Capture::Tiny                     any      0.48
#     Class::Inspector                 1.36      1.36
#     Cpanel::JSON::XS                  any      4.30
#     Data::Dumper                      any     2.183
#     Data::UUID                        any     1.226
#     File::Basename                    any      2.85
#     File::XDG                        1.01      1.01
#     Getopt::Long::Descriptive         any     0.110
#     List::Util                        any      1.62
#     Log::Dispatch                    2.70      2.70
#     Memoize                           any      1.13
#     Module::Runtime                   any     0.016
#     Moo                               any  2.005004
#     Moo::Role                         any  2.005004
#     MooX::StrictConstructor           any     0.011
#     PPI                             1.276     1.276
#     PPI::Document                     any     1.276
#     PPIx::Utils::Classification       any     0.003
#     Path::Iterator::Rule              any     1.015
#     Path::Tiny                        any     0.122
#     Perl::Tidy                   20220613  20220613
#     Pod::Usage                        any      2.01
#     Ref::Util                         any     0.204
#     Sereal::Decoder                   any     5.001
#     Sereal::Encoder                   any     5.001
#     Sub::HandlesVia                   any     0.034
#     Symbol::Get                      0.10      0.10
#     TOML::Tiny                        any      0.15
#     Text::Diff                        any      1.45
#     Text::SimpleTable::AutoWidth      any      0.09
#     Try::Tiny                         any      0.31
#     Types::Standard                   any 2.001_001
#     feature                           any   1.36_01
#     strict                            any      1.08
#     utf8                              any   1.13_01
#     warnings                          any      1.23
# 
t/00-report-prereqs.t ............ ok

#   Failed test 'Moose::after() is not assigned to List::AllUtils'
#   at t/after.t line 28.
#          got: 'package Local::After;
# 
# use Moose;
# use List::AllUtils qw( after uniq );
# 
# my @foo = uniq { 1..10 };
# 
# after run => sub { my @foo = uniq ( 1..9 ) };
# 
# sub run { 1; }
# 1;
# '
#     expected: 'package Local::After;
# 
# use Moose;
# use List::AllUtils qw( uniq );
# 
# my @foo = uniq { 1..10 };
# 
# after run => sub { my @foo = uniq ( 1..9 ) };
# 
# sub run { 1; }
# 1;
# '
# Looks like you failed 1 test of 1.
t/after.t ........................ 
Dubious, test returned 1 (wstat 256, 0x100)
Failed 1/1 subtests 
t/annotations.t .................. ok
t/args-in-import.t ............... ok
t/builtin.t ...................... ok
t/carp.t ......................... ok
t/cast-in-regex.t ................ ok
t/cast.t ......................... ok
t/cli-args.t ..................... ok
t/cli.t .......................... ok
t/config-in-import.t ............. ok
t/Config.t ....................... ok
t/cpan-modules/pithub.t .......... ok
t/cpan-modules/test2-v0.t ........ ok
t/datetime.t ..................... ok
t/do-block.t ..................... ok
t/Document.t ..................... ok
t/dump-perl-exports.t ............ skipped: Need Moose
t/dupes.t ........................ ok
t/english.t ...................... ok
t/explodes.t ..................... ok
t/export-tags.t .................. ok
t/exported-variables.t ........... ok
t/ExportInspector/load.t ......... skipped: Need Moose
t/ExportInspector/SubExporter.t .. skipped: Need MetaCPAN::Moose, Moose, MooseX::Types::Moose, MooseX::Types::Path::Class
t/find-bin.t ..................... ok
t/fully-qualified.t .............. ok
t/func-in-use.t .................. ok
t/func-in-var.t .................. ok
t/geo-ip.t ....................... ok
t/hash-in-regex.t ................ ok
t/hash-key.t ..................... ok
t/heredoc.t ...................... ok
t/ignored-modules.t .............. ok
t/import-error.t ................. ok
t/interpolation.t ................ ok
t/is-ignored.t ................... ok
t/lookalike-words.t .............. ok
t/memoize.t ...................... skipped: Need MooseX::Types::UUID, UUID
t/meta.t ......................... ok
t/method.t ....................... ok
t/missing-semicolon-in-import.t .. ok
t/module-with-inner-packages.t ... ok
t/moo.t .......................... ok
t/moose-types.t .................. skipped: Need MooseX::Types::Path::Class
t/moose.t ........................ skipped: Need Moose
t/moosex-types-moose.t ........... skipped: Need MooseX::Types, MooseX::Types::Moose
t/nested-quotes.t ................ ok
t/never-exports.t ................ ok
t/original-imports.t ............. ok
t/padding.t ...................... ok
t/perl-imports.t ................. ok
t/perl.t ......................... ok
t/perlimports.t .................. skipped: Need Moose
t/pragma.t ....................... ok
t/preserve-some-padding.t ........ ok
t/preserve-spaces.t .............. ok
t/qualified-bareword.t ........... ok
t/quoted-var.t ................... ok
t/re-export-via-sub-exporter.t ... ok
t/regex-replacement.t ............ skipped: Need IP::Random 1.200230
t/require.t ...................... ok
t/respace-include.t .............. ok
t/Sandbox.t ...................... ok
t/script-with-inner-packages.t ... ok
t/signatures.t ................... ok
t/skip-all.t ..................... skipped: Test is broken
t/socket.t ....................... ok
t/sort-imports.t ................. ok
t/switches-in-import.t ........... ok
t/symbol-as-method-call.t ........ skipped: Need HTML::TableExtract, Object::Tap
t/symbol-in-export.t ............. ok
t/test-builder.t ................. skipped: Need Test::HTML::Lint
t/test-most.t .................... ok
t/typeglob.t ..................... ok
t/unnest-quotes.t ................ ok
t/use-and-require.t .............. ok
t/var-in-hash-key.t .............. ok
t/var-in-regex.t ................. ok
t/variable.t ..................... ok
t/warning.t ...................... ok
t/with-version.t ................. ok

Test Summary Report
-------------------
t/after.t                      (Wstat: 256 (exited 1) Tests: 1 Failed: 1)
  Failed test:  1
  Non-zero exit status: 1
Files=82, Tests=154, 111 wallclock secs ( 0.24 usr  0.32 sys + 49.81 cusr 14.86 csys = 65.23 CPU)
Result: FAIL
Failed 1/82 test programs. 1/154 subtests failed.
make: *** [Makefile:1011: test_dynamic] Error 255

------------------------------
PREREQUISITES
------------------------------

Prerequisite modules loaded:

requires:

    Module                       Need     Have     
    ---------------------------- -------- ---------
    Capture::Tiny                0        0.48     
    Class::Inspector             1.36     1.36     
    Cpanel::JSON::XS             0        4.30     
    Data::Dumper                 0        2.183    
    Data::UUID                   0        1.226    
    feature                      0        1.36_01  
    File::Basename               0        2.85     
    File::XDG                    1.01     1.01     
    Getopt::Long::Descriptive    0        0.110    
    List::Util                   0        1.62     
    Log::Dispatch                2.70     2.70     
    Memoize                      0        1.13     
    Module::Runtime              0        0.016    
    Moo                          0        2.005004 
    Moo::Role                    0        2.005004 
    MooX::StrictConstructor      0        0.011    
    Path::Iterator::Rule         0        1.015    
    Path::Tiny                   0        0.122    
    perl                         5.018000 5.020003 
    Perl::Tidy                   20220613 20220613 
    Pod::Usage                   0        2.01     
    PPI                          1.276    1.276    
    PPI::Document                0        1.276    
    PPIx::Utils::Classification  0        0.003    
    Ref::Util                    0        0.204    
    Sereal::Decoder              0        5.001    
    Sereal::Encoder              0        5.001    
    strict                       0        1.08     
    Sub::HandlesVia              0        0.034    
    Symbol::Get                  0.10     0.10     
    Text::Diff                   0        1.45     
    Text::SimpleTable::AutoWidth 0        0.09     
    TOML::Tiny                   0        0.15     
    Try::Tiny                    0        0.31     
    Types::Standard              0        2.001_001
    utf8                         0        1.13_01  
    warnings                     0        1.23     

build_requires:

    Module                       Need     Have     
    ---------------------------- -------- ---------
    DDP                          0        1.000004 
    ExtUtils::MakeMaker          0        7.64     
    File::pushd                  0        1.016    
    File::Spec                   0        3.75     
    lib                          0        0.63     
    Log::Dispatch::Array         0        1.003    
    PPI::Dumper                  0        1.276    
    Sub::Exporter                0        0.988    
    Test::Differences            0        0.69     
    Test::Fatal                  0        0.016    
    Test::More                   0        1.302191 
    Test::Needs                  0        0.002009 
    Test::RequiresInternet       0        0.05     
    Test::Script                 1.29     1.29     
    Test::Warnings               0        0.031    

configure_requires:

    Module                       Need     Have     
    ---------------------------- -------- ---------
    ExtUtils::MakeMaker          0        7.64     
    perl                         v5.10.0  5.020003 


------------------------------
ENVIRONMENT AND OTHER CONTEXT
------------------------------

Environment variables:

    AUTOMATED_TESTING = 1
    LANG = en_US.UTF-8
    LANGUAGE = en_US:en
    PATH = /home/sand/bin:/usr/local/bin:/usr/bin:/bin:/usr/games:/usr/local/perl/bin:/usr/X11/bin:/sbin:/usr/sbin
    PERL5LIB = 
    PERL5OPT = 
    PERL5_CPANPLUS_IS_RUNNING = 2685226
    PERL5_CPAN_IS_RUNNING = 2685226
    PERL_CANARY_STABILITY_NOPROMPT = 1
    PERL_MM_USE_DEFAULT = 1
    PERL_USE_UNSAFE_INC = 1
    SHELL = /usr/bin/zsh
    TERM = screen

Perl special variables (and OS-specific diagnostics, for MSWin32):

    $^X = /home/sand/src/perl/repoperls/installed-perls/host/k93msid/v5.20.3/29fb/bin/perl
    $UID/$EUID = 1005 / 1005
    $GID = 1005 1005
    $EGID = 1005 1005

Perl module toolchain versions installed:

    Module              Have    
    ------------------- --------
    CPAN                2.34    
    CPAN::Meta          2.150010
    Cwd                 3.75    
    ExtUtils::CBuilder  0.280236
    ExtUtils::Command   7.64    
    ExtUtils::Install   2.06    
    ExtUtils::MakeMaker 7.64    
    ExtUtils::Manifest  1.70    
    ExtUtils::ParseXS   3.44    
    File::Spec          3.75    
    JSON                4.10    
    JSON::PP            4.10    
    Module::Build       0.4231  
    Module::Signature   0.88    
    Parse::CPAN::Meta   2.150010
    Test::Harness       3.44    
    Test::More          1.302191
    YAML                1.30    
    YAML::Syck          1.34    
    version             0.9929  


--

Summary of my perl5 (revision 5 version 20 subversion 3) configuration:
  Derived from: b67331aafd6eff33e3fd904c45e811f69cbfb0b2
  Platform:
    osname=linux, osvers=5.3.0-2-amd64, archname=x86_64-linux-thread-multi
    uname='linux k93msid 5.3.0-2-amd64 #1 smp debian 5.3.9-3 (2019-11-19) x86_64 gnulinux '
    config_args='-Dprefix=/home/sand/src/perl/repoperls/installed-perls/host/k93msid/v5.20.3/29fb -Dmyhostname=k93msid -Dinstallusrbinperl=n -Uversiononly -Dusedevel -des -Ui_db -Dlibswanted=cl pthread socket inet nsl gdbm dbm malloc dl ld sun m crypt sec util c cposix posix ucb BSD gdbm_compat -Duseithreads -Uuselongdouble -DEBUGGING=both'
    hint=recommended, useposix=true, d_sigaction=define
    useithreads=define, usemultiplicity=define
    use64bitint=define, use64bitall=define, uselongdouble=undef
    usemymalloc=n, bincompat5005=undef
  Compiler:
    cc='cc', ccflags ='-D_REENTRANT -D_GNU_SOURCE -fwrapv -DDEBUGGING -fno-strict-aliasing -pipe -fstack-protector -I/usr/local/include -D_LARGEFILE_SOURCE -D_FILE_OFFSET_BITS=64',
    optimize='-O2 -g',
    cppflags='-D_REENTRANT -D_GNU_SOURCE -fwrapv -DDEBUGGING -fno-strict-aliasing -pipe -fstack-protector -I/usr/local/include'
    ccversion='', gccversion='9.2.1 20191109', gccosandvers=''
    intsize=4, longsize=8, ptrsize=8, doublesize=8, byteorder=12345678
    d_longlong=define, longlongsize=8, d_longdbl=define, longdblsize=16
    ivtype='long', ivsize=8, nvtype='double', nvsize=8, Off_t='off_t', lseeksize=8
    alignbytes=8, prototype=define
  Linker and Libraries:
    ld='cc', ldflags =' -fstack-protector -L/usr/local/lib'
    libpth=/usr/local/lib /usr/lib/gcc/x86_64-linux-gnu/9/include-fixed /usr/include/x86_64-linux-gnu /usr/lib /lib/x86_64-linux-gnu /lib/../lib /usr/lib/x86_64-linux-gnu /usr/lib/../lib /lib
    libs=-lpthread -lnsl -ldl -lm -lcrypt -lutil -lc
    perllibs=-lpthread -lnsl -ldl -lm -lcrypt -lutil -lc
    libc=libc-2.29.so, so=so, useshrplib=false, libperl=libperl.a
    gnulibc_version='2.29'
  Dynamic Linking:
    dlsrc=dl_dlopen.xs, dlext=so, d_dlsymun=undef, ccdlflags='-Wl,-E'
    cccdlflags='-fPIC', lddlflags='-shared -O2 -g -L/usr/local/lib -fstack-protector'


Characteristics of this binary (from libperl): 
  Compile-time options: DEBUGGING HAS_TIMES MULTIPLICITY PERLIO_LAYERS
                        PERL_DONT_CREATE_GVSV
                        PERL_HASH_FUNC_ONE_AT_A_TIME_HARD
                        PERL_IMPLICIT_CONTEXT PERL_MALLOC_WRAP
                        PERL_NEW_COPY_ON_WRITE PERL_PRESERVE_IVUV
                        PERL_TRACK_MEMPOOL PERL_USE_DEVEL USE_64_BIT_ALL
                        USE_64_BIT_INT USE_ITHREADS USE_LARGE_FILES
                        USE_LOCALE USE_LOCALE_COLLATE USE_LOCALE_CTYPE
                        USE_LOCALE_NUMERIC USE_PERLIO USE_PERL_ATOF
                        USE_REENTRANT_API
  Locally applied patches:
	uncommitted-changes
  Built under linux
  Compiled at May 15 2020 09:28:51
  %ENV:
    PERL5LIB=""
    PERL5OPT=""
    PERL5_CPANPLUS_IS_RUNNING="2685226"
    PERL5_CPAN_IS_RUNNING="2685226"
    PERL_CANARY_STABILITY_NOPROMPT="1"
    PERL_MM_USE_DEFAULT="1"
    PERL_USE_UNSAFE_INC="1"
  @INC:
    /home/sand/src/perl/repoperls/installed-perls/host/k93msid/v5.20.3/29fb/lib/site_perl/5.20.3/x86_64-linux-thread-multi
    /home/sand/src/perl/repoperls/installed-perls/host/k93msid/v5.20.3/29fb/lib/site_perl/5.20.3
    /home/sand/src/perl/repoperls/installed-perls/host/k93msid/v5.20.3/29fb/lib/5.20.3/x86_64-linux-thread-multi
    /home/sand/src/perl/repoperls/installed-perls/host/k93msid/v5.20.3/29fb/lib/5.20.3
    .