FunctionalPerl v0.72.76 Perl 5 v5.20.1 amd64-freebsd-ld

Status
Fail
From
Slaven Rezić
Dist
FunctionalPerl v0.72.76
Platform
Perl 5 v5.20.1 amd64-freebsd-ld
Date
2023-02-05 10:48:49
ID
abfdce10-a542-11ed-8148-da306e8775ea
This distribution has been tested as part of the CPAN Testers
project, supporting the Perl programming language.  See
http://wiki.cpantesters.org/ for more information or email
questions to cpan-testers-discuss@perl.org


--
Dear Christian Jaeger,

This is a computer-generated report for FunctionalPerl-0.72.76
on perl 5.20.1, created by CPAN-Reporter-1.2018.

Thank you for uploading your work to CPAN.  However, there was a problem
testing your distribution.

If you think this report is invalid, please consult the CPAN Testers Wiki
for suggestions on how to avoid getting FAIL reports for missing library
or binary dependencies, unsupported operating systems, and so on:

http://wiki.cpantesters.org/wiki/CPANAuthorNotes

Sections of this report:

    * Tester comments
    * Program output
    * Prerequisites
    * Environment and other context

------------------------------
TESTER COMMENTS
------------------------------

Additional comments from tester:

none provided

------------------------------
PROGRAM OUTPUT
------------------------------

Output from '/usr/bin/make test':

PERL_DL_NONLAZY=1 "/usr/perl5.20.1Dp/bin/perl" "-MExtUtils::Command::MM" "-MTest::Harness" "-e" "undef *Test::Harness::Switches; test_harness(0, 'blib/lib', 'blib/arch')" t/*.t
t/csv_to_xml.t ........................... ok
t/dbi.t .................................. ok
t/examples-csv-to-json.t ................. ok
times for fib: user = 0.1015625, system = 0, cuser = 0, csystem = 0
times for fibonacci: user = 0.921875, system = 0, cuser = 0, csystem = 0
t/examples-fibs.t ........................ ok
t/examples-functional-classes.t .......... ok
not activating since running in test mode at examples//../lib/FP/Repl/Trap.pm line 47.
t/examples-hiring-without-whiteboards.t .. ok
not activating since running in test mode at examples//../lib/FP/Repl/Trap.pm line 47.
t/examples-logic.t ....................... ok
t/examples-perlweekly-111-1.t ............ skipped: Perl v5.32.1 required--this is only v5.20.1, stopped at (eval 71) line 2.
times: user = 0.015625, system = 0, cuser = 0, csystem = 0
times: user = 0.03125, system = 0.0078125, cuser = 0, csystem = 0
times: user = 0.0234375, system = 0, cuser = 0, csystem = 0
t/examples-perlweekly-113-1.t ............ ok
t/examples-perlweekly-113-2.t ............ ok
t/examples-primes.t ...................... skipped: could not use Method::Signatures
t/functional_XML-t-div.t ................. ok
t/functional_XML-test.t .................. ok
Unknown warnings category 'shadow' at ../.htmlgen//../meta/FunctionalPerl/Indexing.pm line 46.
 at /usr/perl5.20.1Dp/lib/5.20.1/warnings.pm line 955.
	warnings::Croaker("Unknown warnings category 'shadow'") called at /usr/perl5.20.1Dp/lib/5.20.1/warnings.pm line 1033
	warnings::unimport("warnings", "shadow") called at ../.htmlgen//../meta/FunctionalPerl/Indexing.pm line 46
	FunctionalPerl::Indexing::BEGIN() called at ../.htmlgen//../meta/FunctionalPerl/Indexing.pm line 46
	eval {...} called at ../.htmlgen//../meta/FunctionalPerl/Indexing.pm line 46
	require FunctionalPerl/Indexing.pm called at ../.htmlgen/FunctionalPerl/Htmlgen/Linking.pm line 73
	FunctionalPerl::Htmlgen::Linking::code::BEGIN() called at ../.htmlgen//../meta/FunctionalPerl/Indexing.pm line 46
	eval {...} called at ../.htmlgen//../meta/FunctionalPerl/Indexing.pm line 46
	require FunctionalPerl/Htmlgen/Linking.pm called at ../.htmlgen/gen line 126
	main::BEGIN() called at ../.htmlgen//../meta/FunctionalPerl/Indexing.pm line 46
	eval {...} called at ../.htmlgen//../meta/FunctionalPerl/Indexing.pm line 46
BEGIN failed--compilation aborted at ../.htmlgen//../meta/FunctionalPerl/Indexing.pm line 46.
 at ../.htmlgen//../meta/FunctionalPerl/Indexing.pm line 46.
	require FunctionalPerl/Indexing.pm called at ../.htmlgen/FunctionalPerl/Htmlgen/Linking.pm line 73
	FunctionalPerl::Htmlgen::Linking::code::BEGIN() called at ../.htmlgen//../meta/FunctionalPerl/Indexing.pm line 46
	eval {...} called at ../.htmlgen//../meta/FunctionalPerl/Indexing.pm line 46
	require FunctionalPerl/Htmlgen/Linking.pm called at ../.htmlgen/gen line 126
	main::BEGIN() called at ../.htmlgen//../meta/FunctionalPerl/Indexing.pm line 46
	eval {...} called at ../.htmlgen//../meta/FunctionalPerl/Indexing.pm line 46
Compilation failed in require at ../.htmlgen/FunctionalPerl/Htmlgen/Linking.pm line 73.
 at ../.htmlgen/FunctionalPerl/Htmlgen/Linking.pm line 73.
	FunctionalPerl::Htmlgen::Linking::code::BEGIN() called at ../.htmlgen/FunctionalPerl/Htmlgen/Linking.pm line 73
	eval {...} called at ../.htmlgen/FunctionalPerl/Htmlgen/Linking.pm line 73
	require FunctionalPerl/Htmlgen/Linking.pm called at ../.htmlgen/gen line 126
	main::BEGIN() called at ../.htmlgen/FunctionalPerl/Htmlgen/Linking.pm line 73
	eval {...} called at ../.htmlgen/FunctionalPerl/Htmlgen/Linking.pm line 73
BEGIN failed--compilation aborted at ../.htmlgen/FunctionalPerl/Htmlgen/Linking.pm line 73.
 at ../.htmlgen/FunctionalPerl/Htmlgen/Linking.pm line 73.
	require FunctionalPerl/Htmlgen/Linking.pm called at ../.htmlgen/gen line 126
	main::BEGIN() called at ../.htmlgen/FunctionalPerl/Htmlgen/Linking.pm line 73
	eval {...} called at ../.htmlgen/FunctionalPerl/Htmlgen/Linking.pm line 73
Compilation failed in require at ../.htmlgen/gen line 126.
 at ../.htmlgen/gen line 126.
	main::BEGIN() called at ../.htmlgen/gen line 126
	eval {...} called at ../.htmlgen/gen line 126
BEGIN failed--compilation aborted at ../.htmlgen/gen line 126.
 at ../.htmlgen/gen line 126.
t/htmlgen.t .............................. 
Dubious, test returned 255 (wstat 65280, 0xff00)
No subtests run 
not activating since running in test mode at intro//../lib/FP/Repl/AutoTrap.pm line 64.
t/intro-basics.t ......................... ok
t/perl-goto-leak.t ....................... ok
t/perl-weaken-coderef-correctness.t ...... ok
t/perl-weaken-coderef.t .................. ok
Argument "2/8" isn't numeric in numeric eq (==) at lib/FP/Collection.pm line 104.
Argument "2/8" isn't numeric in numeric eq (==) at lib/FP/Collection.pm line 104.
Argument "2/8" isn't numeric in numeric eq (==) at lib/FP/Collection.pm line 104.
Argument "2/8" isn't numeric in numeric eq (==) at lib/FP/Collection.pm line 104.

    #   Failed test at lib/FP/Collection.pm line 29.
Argument "2/8" isn't numeric in numeric eq (==) at lib/FP/Collection.pm line 104.
Argument "2/8" isn't numeric in numeric eq (==) at lib/FP/Collection.pm line 104.

    #   Failed test at lib/FP/Collection.pm line 30.
    # Looks like you failed 2 tests of 8.

#   Failed test 'pod snippets in FP::Collection'
#   at t/pod_snippets.t line 183.
Exception: Label not found for "last T2_SUBTEST_WRAPPER" at /usr/perl5.20.1Dp/lib/site_perl/5.20.1/Test2/Hub/Subtest.pm line 67.
 at /usr/perl5.20.1Dp/lib/site_perl/5.20.1/Test2/Hub/Subtest.pm line 67.
	Test2::Hub::Subtest::terminate(Test2::Hub::Subtest=HASH(0x80af8d3d8), 0, Test2::Event::Plan=HASH(0x80bd91ae0), HASH(0x80bcac6c0)) called at /usr/perl5.20.1Dp/lib/site_perl/5.20.1/Test2/Hub.pm line 386
	Test2::Hub::process(Test2::Hub::Subtest=HASH(0x80af8d3d8), Test2::Event::Plan=HASH(0x80bd91ae0)) called at /usr/perl5.20.1Dp/lib/site_perl/5.20.1/Test2/Hub.pm line 306
	Test2::Hub::send(Test2::Hub::Subtest=HASH(0x80af8d3d8), Test2::Event::Plan=HASH(0x80bd91ae0)) called at /usr/perl5.20.1Dp/lib/site_perl/5.20.1/Test2/Hub/Subtest.pm line 34
	Test2::Hub::Subtest::send(Test2::Hub::Subtest=HASH(0x80af8d3d8), Test2::Event::Plan=HASH(0x80bd91ae0)) called at /usr/perl5.20.1Dp/lib/site_perl/5.20.1/Test2/API/Context.pm line 272
	Test2::API::Context::send_event(Test2::API::Context=HASH(0x80bcac3f0), "Plan", "max", 0, "directive", "SKIP", "reason", "FunctionalPerl::Dependencies::ChjBin import: these programs a"...) called at /usr/perl5.20.1Dp/lib/site_perl/5.20.1/Test2/API/Context.pm line 448
	Test2::API::Context::plan(Test2::API::Context=HASH(0x80bcac3f0), 0, "SKIP", "FunctionalPerl::Dependencies::ChjBin import: these programs a"...) called at /usr/perl5.20.1Dp/lib/site_perl/5.20.1/Test/Builder.pm line 658
	Test::Builder::skip_all(Test::Builder=HASH(0x801cf5780), "FunctionalPerl::Dependencies::ChjBin import: these programs a"...) called at /usr/perl5.20.1Dp/lib/site_perl/5.20.1/Test/Requires.pm line 44
	Test::Requires::__ANON__("FunctionalPerl::Dependencies::ChjBin import: these programs a"...) called at /usr/perl5.20.1Dp/lib/site_perl/5.20.1/Test/Requires.pm line 71
	Test::Requires::test_requires("FunctionalPerl::Dependencies::ChjBin", "\"trigger-listen\"", "t_pod_snippets_111") called at /usr/perl5.20.1Dp/lib/site_perl/5.20.1/Test/Requires.pm line 21
	Test::Requires::import("Test::Requires", HASH(0x80bc774e0)) called at meta/FunctionalPerl/Dependencies/ChjBin.pm line 19
	t_pod_snippets_111::BEGIN() called at meta/FunctionalPerl/Dependencies/ChjBin.pm line 19
	eval {...} called at meta/FunctionalPerl/Dependencies/ChjBin.pm line 19
	eval 'package main; package t_pod_snippets_111; use Test::More ;
{
no warnings;
use strict;    # things are likely to be sloppy

ok 1 => \'the tests compile\';   


#line 16 meta/FunctionalPerl/Dependencies/ChjBin.pm
use Chj::TEST use => \'FunctionalPerl::Dependencies::ChjBin\';
# or
use Test::Requires +{
    \'FunctionalPerl::Dependencies::ChjBin\' => \'"trigger-listen"\' };
# or
#  list in FunctionalPerl::Dependencies\'s %dependencies

;


ok 1 => \'we reached the end!\';

}
; 
1' called at lib/FP/Repl/WithRepl.pm line 75
	FP::Repl::WithRepl::WithRepl_eval("package t_pod_snippets_111; use Test::More ;\x{a}{\x{a}no warnings;\x{a}u"...) called at t/pod_snippets.t line 37
	main::myeval("package t_pod_snippets_111; use Test::More ;\x{a}{\x{a}no warnings;\x{a}u"...) called at t/pod_snippets.t line 158
	main::__ANON__() called at /usr/perl5.20.1Dp/lib/site_perl/5.20.1/Test/Builder.pm line 374
	eval {...} called at /usr/perl5.20.1Dp/lib/site_perl/5.20.1/Test/Builder.pm line 374
	Test::Builder::subtest(Test::Builder=HASH(0x801cf5780), "pod snippets in FunctionalPerl::Dependencies::ChjBin", CODE(0x80742d138)) called at /usr/perl5.20.1Dp/lib/site_perl/5.20.1/Test/More.pm line 809
	Test::More::subtest("pod snippets in FunctionalPerl::Dependencies::ChjBin", CODE(0x80742d138)) called at t/pod_snippets.t line 183
BEGIN failed--compilation aborted at meta/FunctionalPerl/Dependencies/ChjBin.pm line 19.
 at meta/FunctionalPerl/Dependencies/ChjBin.pm line 19.
	eval 'package main; package t_pod_snippets_111; use Test::More ;
{
no warnings;
use strict;    # things are likely to be sloppy

ok 1 => \'the tests compile\';   


#line 16 meta/FunctionalPerl/Dependencies/ChjBin.pm
use Chj::TEST use => \'FunctionalPerl::Dependencies::ChjBin\';
# or
use Test::Requires +{
    \'FunctionalPerl::Dependencies::ChjBin\' => \'"trigger-listen"\' };
# or
#  list in FunctionalPerl::Dependencies\'s %dependencies

;


ok 1 => \'we reached the end!\';

}
; 
1' called at lib/FP/Repl/WithRepl.pm line 75
	FP::Repl::WithRepl::WithRepl_eval("package t_pod_snippets_111; use Test::More ;\x{a}{\x{a}no warnings;\x{a}u"...) called at t/pod_snippets.t line 37
	main::myeval("package t_pod_snippets_111; use Test::More ;\x{a}{\x{a}no warnings;\x{a}u"...) called at t/pod_snippets.t line 158
	main::__ANON__() called at /usr/perl5.20.1Dp/lib/site_perl/5.20.1/Test/Builder.pm line 374
	eval {...} called at /usr/perl5.20.1Dp/lib/site_perl/5.20.1/Test/Builder.pm line 374
	Test::Builder::subtest(Test::Builder=HASH(0x801cf5780), "pod snippets in FunctionalPerl::Dependencies::ChjBin", CODE(0x80742d138)) called at /usr/perl5.20.1Dp/lib/site_perl/5.20.1/Test/More.pm line 809
	Test::More::subtest("pod snippets in FunctionalPerl::Dependencies::ChjBin", CODE(0x80742d138)) called at t/pod_snippets.t line 183


    #   Failed test 'pod snippets in FunctionalPerl::Dependencies::ChjBin'
    #   at t/pod_snippets.t line 177.
    # Looks like you failed 1 test of 1.
# Looks like you failed 1 test of 115.
t/pod_snippets.t ......................... 
Dubious, test returned 1 (wstat 256, 0x100)
Failed 1/115 subtests 
	(less 4 skipped subtests: 110 okay)
t/predicates.t ........................... ok
t/repl.t ................................. ok

    #   Failed test 'require FunctionalPerl::Htmlgen::Linking;'
    #   at t/require_and_run_tests.t line 52.
    #     Tried to require 'FunctionalPerl::Htmlgen::Linking'.
    #     Error:  Unknown warnings category 'shadow' at meta/FunctionalPerl/Indexing.pm line 46.
    # BEGIN failed--compilation aborted at meta/FunctionalPerl/Indexing.pm line 46.
    # Compilation failed in require at .htmlgen/FunctionalPerl/Htmlgen/Linking.pm line 73.
    # BEGIN failed--compilation aborted at .htmlgen/FunctionalPerl/Htmlgen/Linking.pm line 73.
    # Compilation failed in require at (eval 82) line 2.
not activating since running in test mode at lib/FP/Repl/AutoTrap.pm line 64.
not activating since running in test mode at lib/FP/Repl/Trap.pm line 47.
    # Looks like you failed 1 test of 166.

#   Failed test 'require'
#   at t/require_and_run_tests.t line 55.
Reference is already weak at lib/FP/Stream.pm line 770.
# Looks like you failed 1 test of 2.
t/require_and_run_tests.t ................ 
Dubious, test returned 1 (wstat 256, 0x100)
Failed 1/2 subtests 
t/skip-internal.t ........................ ok
t/skip-leak.t ............................ ok
t/skip.t ................................. ok
t/testlazy.t ............................. ok
t/testlazy10.t ........................... ok
t/trampoline-fix.t ....................... skipped: Test requires module 'Method::Signatures' but it's not found

Test Summary Report
-------------------
t/htmlgen.t                            (Wstat: 65280 Tests: 0 Failed: 0)
  Non-zero exit status: 255
  Parse errors: No plan found in TAP output
t/pod_snippets.t                       (Wstat: 256 Tests: 115 Failed: 1)
  Failed test:  44
  Non-zero exit status: 1
t/require_and_run_tests.t              (Wstat: 256 Tests: 2 Failed: 1)
  Failed test:  1
  Non-zero exit status: 1
Files=28, Tests=180, 19 wallclock secs ( 0.14 usr  0.11 sys + 11.12 cusr  6.82 csys = 18.19 CPU)
Result: FAIL
Failed 3/28 test programs. 2/180 subtests failed.
*** Error code 255

Stop.
make: stopped in /home/cpansand/.cpan/build/2023012308/FunctionalPerl-0.72.76-IY0rd7

------------------------------
PREREQUISITES
------------------------------

Prerequisite modules loaded:

requires:

    Module              Need     Have    
    ------------------- -------- --------
    autobox             0        v3.0.1  
    base                0        2.22    
    Digest              0        1.17    
    File::Path          0        2.09    
    Getopt::Long        0        2.42    
    Import::Into        0        1.002004
    Math::BigInt        0        1.9993  
    NEXT                0        0.65    
    perl                5.016004 5.020001
    PerlIO::utf8_strict 0        0.005   
    Safe::Isa           0        1.000005
    Scalar::Util        0        1.63    
    Symbol              0        1.07    
    Test::More          0.96     1.302183
    utf8                0        1.13_01 

build_requires:

    Module              Need     Have    
    ------------------- -------- --------
    BSD::Resource       0        1.2907  
    Capture::Tiny       0        0.28    
    DBD::CSV            0        0.60    
    DBI                 0        1.633   
    ExtUtils::MakeMaker 0        7.58    
    File::chdir         0        0.1010  
    Sub::Util           0        1.63    
    Test::Pod::Snippets 0        0.07    
    Test::Requires      0        0.08    
    Text::CSV           0        1.33    
    URI                 0        1.65    

configure_requires:

    Module              Need     Have    
    ------------------- -------- --------
    ExtUtils::MakeMaker 0        7.58    


------------------------------
ENVIRONMENT AND OTHER CONTEXT
------------------------------

Environment variables:

    LC_ALL = de_DE.ISO8859-1
    PATH = /usr/local/bin:/usr/bin:/bin:/usr/local/sbin:/usr/sbin:/sbin:/home/cpansand/bin/freebsd10.3:/home/cpansand/bin/sh:/home/cpansand/bin:/usr/games:/home/cpansand/devel:/home/eserte/src/srezic-misc/scripts
    PERL5LIB = /home/cpansand/.cpan/build/2023012308/Test-Pod-Snippets-0.07-8hzzwk/blib/arch:/home/cpansand/.cpan/build/2023012308/Test-Pod-Snippets-0.07-8hzzwk/blib/lib:/home/cpansand/.cpan/build/2023012308/Module-Locate-1.80-4Jzfgg/blib/arch:/home/cpansand/.cpan/build/2023012308/Module-Locate-1.80-4Jzfgg/blib/lib:/home/cpansand/.cpan/build/2023012308/DBD-CSV-0.60-x0ijUl/blib/arch:/home/cpansand/.cpan/build/2023012308/DBD-CSV-0.60-x0ijUl/blib/lib:/home/cpansand/.cpan/build/2023012308/SQL-Statement-1.414-n_0pur/blib/arch:/home/cpansand/.cpan/build/2023012308/SQL-Statement-1.414-n_0pur/blib/lib:/home/cpansand/.cpan/build/2023012308/autobox-v3.0.1-gS9_sy/blib/arch:/home/cpansand/.cpan/build/2023012308/autobox-v3.0.1-gS9_sy/blib/lib:/home/cpansand/.cpan/build/2023012308/Scope-Guard-0.21-QTWrPD/blib/arch:/home/cpansand/.cpan/build/2023012308/Scope-Guard-0.21-QTWrPD/blib/lib:/home/cpansand/.cpan/build/2023012308/Scalar-List-Utils-1.63-sJg1LQ/blib/arch:/home/cpansand/.cpan/build/2023012308/Scalar-List-Utils-1.63-sJg1LQ/blib/lib
    PERL5OPT = 
    PERL5_CPANPLUS_IS_RUNNING = 44426
    PERL5_CPAN_IS_RUNNING = 44426
    PERL5_CPAN_IS_RUNNING_IN_RECURSION = 29616,44426
    PERLDOC = -MPod::Perldoc::ToTextOverstrike
    PERL_BATCH = yes
    PERL_CANARY_STABILITY_NOPROMPT = 1
    PERL_CPAN_REPORTER_CONFIG = /var/tmp/cpansmoker-1023/2023012308/cpanreporter_000_config.ini
    PERL_EXTUTILS_AUTOINSTALL = --defaultdeps
    SHELL = /usr/local/bin/zsh
    TERM = screen
    TMPDIR = /var/tmp/cpansmoker-1023/2023012308

Perl special variables (and OS-specific diagnostics, for MSWin32):

    $^X = /usr/perl5.20.1Dp/bin/perl
    $UID/$EUID = 1023 / 1023
    $GID = 1023 1023
    $EGID = 1023 1023

Perl module toolchain versions installed:

    Module              Have    
    ------------------- --------
    CPAN                2.05    
    CPAN::Meta          2.143240
    Cwd                 3.48    
    ExtUtils::CBuilder  0.280217
    ExtUtils::Command   7.58    
    ExtUtils::Install   2.06    
    ExtUtils::MakeMaker 7.58    
    ExtUtils::Manifest  1.70    
    ExtUtils::ParseXS   3.35    
    File::Spec          3.48    
    JSON                2.90    
    JSON::PP            2.27400 
    Module::Build       0.4211  
    Module::Signature   n/a     
    Parse::CPAN::Meta   1.4422  
    Test::Harness       3.30    
    Test::More          1.302183
    YAML                1.14    
    YAML::Syck          1.29    
    version             0.9909  


--

Summary of my perl5 (revision 5 version 20 subversion 1) configuration:
   
  Platform:
    osname=freebsd, osvers=10.1-release, archname=amd64-freebsd-ld
    uname='freebsd cvrsnica-freebsd-101.herceg.de 10.1-release freebsd 10.1-release #0 r274401: tue nov 11 21:02:49 utc 2014 root@releng1.nyi.freebsd.org:usrobjusrsrcsysgeneric amd64 '
    config_args='-ds -e -Dprefix=/usr/perl5.20.1Dp -Duselongdouble'
    hint=recommended, useposix=true, d_sigaction=define
    useithreads=undef, usemultiplicity=undef
    use64bitint=define, use64bitall=define, uselongdouble=define
    usemymalloc=n, bincompat5005=undef
  Compiler:
    cc='cc', ccflags ='-DHAS_FPSETMASK -DHAS_FLOATINGPOINT_H -fno-strict-aliasing -pipe -fstack-protector -I/usr/local/include',
    optimize='-O',
    cppflags='-DHAS_FPSETMASK -DHAS_FLOATINGPOINT_H -fno-strict-aliasing -pipe -fstack-protector -I/usr/local/include'
    ccversion='', gccversion='4.2.1 Compatible FreeBSD Clang 3.4.1 (tags/RELEASE_34/dot1-final 208032)', gccosandvers=''
    intsize=4, longsize=8, ptrsize=8, doublesize=8, byteorder=12345678
    d_longlong=define, longlongsize=8, d_longdbl=define, longdblsize=16
    ivtype='long', ivsize=8, nvtype='long double', nvsize=16, Off_t='off_t', lseeksize=8
    alignbytes=16, prototype=define
  Linker and Libraries:
    ld='cc', ldflags ='-pthread -Wl,-E  -fstack-protector -L/usr/local/lib'
    libpth=/usr/lib /usr/local/lib /usr/include/clang/3.4.1 /usr/lib
    libs=-lgdbm -lm -lcrypt -lutil -lc
    perllibs=-lm -lcrypt -lutil -lc
    libc=, so=so, useshrplib=false, libperl=libperl.a
    gnulibc_version=''
  Dynamic Linking:
    dlsrc=dl_dlopen.xs, dlext=so, d_dlsymun=undef, ccdlflags=' '
    cccdlflags='-DPIC -fPIC', lddlflags='-shared  -L/usr/local/lib -fstack-protector'


Characteristics of this binary (from libperl): 
  Compile-time options: HAS_TIMES PERLIO_LAYERS PERL_DONT_CREATE_GVSV
                        PERL_HASH_FUNC_ONE_AT_A_TIME_HARD PERL_MALLOC_WRAP
                        PERL_NEW_COPY_ON_WRITE PERL_PRESERVE_IVUV
                        USE_64_BIT_ALL USE_64_BIT_INT USE_LARGE_FILES
                        USE_LOCALE USE_LOCALE_COLLATE USE_LOCALE_CTYPE
                        USE_LOCALE_NUMERIC USE_LONG_DOUBLE USE_PERLIO
                        USE_PERL_ATOF
  Built under freebsd
  Compiled at Feb 13 2015 08:17:27
  %ENV:
    PERL5LIB="/home/cpansand/.cpan/build/2023012308/Test-Pod-Snippets-0.07-8hzzwk/blib/arch:/home/cpansand/.cpan/build/2023012308/Test-Pod-Snippets-0.07-8hzzwk/blib/lib:/home/cpansand/.cpan/build/2023012308/Module-Locate-1.80-4Jzfgg/blib/arch:/home/cpansand/.cpan/build/2023012308/Module-Locate-1.80-4Jzfgg/blib/lib:/home/cpansand/.cpan/build/2023012308/DBD-CSV-0.60-x0ijUl/blib/arch:/home/cpansand/.cpan/build/2023012308/DBD-CSV-0.60-x0ijUl/blib/lib:/home/cpansand/.cpan/build/2023012308/SQL-Statement-1.414-n_0pur/blib/arch:/home/cpansand/.cpan/build/2023012308/SQL-Statement-1.414-n_0pur/blib/lib:/home/cpansand/.cpan/build/2023012308/autobox-v3.0.1-gS9_sy/blib/arch:/home/cpansand/.cpan/build/2023012308/autobox-v3.0.1-gS9_sy/blib/lib:/home/cpansand/.cpan/build/2023012308/Scope-Guard-0.21-QTWrPD/blib/arch:/home/cpansand/.cpan/build/2023012308/Scope-Guard-0.21-QTWrPD/blib/lib:/home/cpansand/.cpan/build/2023012308/Scalar-List-Utils-1.63-sJg1LQ/blib/arch:/home/cpansand/.cpan/build/2023012308/Scalar-List-Utils-1.63-sJg1LQ/blib/lib"
    PERL5OPT=""
    PERL5_CPANPLUS_IS_RUNNING="44426"
    PERL5_CPAN_IS_RUNNING="44426"
    PERL5_CPAN_IS_RUNNING_IN_RECURSION="29616,44426"
    PERLDOC="-MPod::Perldoc::ToTextOverstrike"
    PERL_BATCH="yes"
    PERL_CANARY_STABILITY_NOPROMPT="1"
    PERL_CPAN_REPORTER_CONFIG="/var/tmp/cpansmoker-1023/2023012308/cpanreporter_000_config.ini"
    PERL_EXTUTILS_AUTOINSTALL="--defaultdeps"
  @INC:
    /home/cpansand/.cpan/build/2023012308/Test-Pod-Snippets-0.07-8hzzwk/blib/arch
    /home/cpansand/.cpan/build/2023012308/Test-Pod-Snippets-0.07-8hzzwk/blib/lib
    /home/cpansand/.cpan/build/2023012308/Module-Locate-1.80-4Jzfgg/blib/arch
    /home/cpansand/.cpan/build/2023012308/Module-Locate-1.80-4Jzfgg/blib/lib
    /home/cpansand/.cpan/build/2023012308/DBD-CSV-0.60-x0ijUl/blib/arch
    /home/cpansand/.cpan/build/2023012308/DBD-CSV-0.60-x0ijUl/blib/lib
    /home/cpansand/.cpan/build/2023012308/SQL-Statement-1.414-n_0pur/blib/arch
    /home/cpansand/.cpan/build/2023012308/SQL-Statement-1.414-n_0pur/blib/lib
    /home/cpansand/.cpan/build/2023012308/autobox-v3.0.1-gS9_sy/blib/arch
    /home/cpansand/.cpan/build/2023012308/autobox-v3.0.1-gS9_sy/blib/lib
    /home/cpansand/.cpan/build/2023012308/Scope-Guard-0.21-QTWrPD/blib/arch
    /home/cpansand/.cpan/build/2023012308/Scope-Guard-0.21-QTWrPD/blib/lib
    /home/cpansand/.cpan/build/2023012308/Scalar-List-Utils-1.63-sJg1LQ/blib/arch
    /home/cpansand/.cpan/build/2023012308/Scalar-List-Utils-1.63-sJg1LQ/blib/lib
    /usr/perl5.20.1Dp/lib/site_perl/5.20.1/amd64-freebsd-ld
    /usr/perl5.20.1Dp/lib/site_perl/5.20.1
    /usr/perl5.20.1Dp/lib/5.20.1/amd64-freebsd-ld
    /usr/perl5.20.1Dp/lib/5.20.1
    .