FFI-Platypus v2.08 Perl 5 v5.34.1 darwin-thread-multi-2level

Status
Fail
From
Gintautas Grigelionis
Dist
FFI-Platypus v2.08
Platform
Perl 5 v5.34.1 darwin-thread-multi-2level
Date
2024-07-30 14:04:43
ID
aba94590-4e7c-11ef-bf71-c033dd8a8279
This distribution has been tested as part of the CPAN Testers
project, supporting the Perl programming language.  See
http://wiki.cpantesters.org/ for more information or email
questions to cpan-testers-discuss@perl.org


--
Dear Graham Ollis,

This is a computer-generated report for FFI-Platypus-2.08
on perl 5.34.1, created by CPAN-Reporter-1.2019.

Thank you for uploading your work to CPAN.  However, there was a problem
testing your distribution.

If you think this report is invalid, please consult the CPAN Testers Wiki
for suggestions on how to avoid getting FAIL reports for missing library
or binary dependencies, unsupported operating systems, and so on:

http://wiki.cpantesters.org/wiki/CPANAuthorNotes

Sections of this report:

    * Tester comments
    * Program output
    * Prerequisites
    * Environment and other context

------------------------------
TESTER COMMENTS
------------------------------

Additional comments from tester:

none provided

------------------------------
PROGRAM OUTPUT
------------------------------

Output from '/usr/bin/make test':

"/usr/bin/perl" -MExtUtils::Command::MM -e 'cp_nonempty' -- lib/FFI/Platypus.bs blib/arch/auto/FFI/Platypus/Platypus.bs 644
CC t/ffi/align.c
CC t/ffi/align_array.c
CC t/ffi/align_fixed.c
CC t/ffi/align_string.c
CC t/ffi/basic.c
CC t/ffi/closure.c
CC t/ffi/color.c
CC t/ffi/complex_double.c
CC t/ffi/complex_float.c
CC t/ffi/double.c
CC t/ffi/float.c
CC t/ffi/gh117.c
CC t/ffi/gh174.c
CC t/ffi/longdouble.c
CC t/ffi/memcmp4.c
CC t/ffi/meta.c
CC t/ffi/pointer.c
CC t/ffi/record.c
CC t/ffi/sint16.c
CC t/ffi/sint32.c
CC t/ffi/sint64.c
CC t/ffi/sint8.c
CC t/ffi/string.c
CC t/ffi/string_array.c
CC t/ffi/uint16.c
CC t/ffi/uint32.c
CC t/ffi/uint64.c
CC t/ffi/uint8.c
CC t/ffi/variadic.c
LD t/ffi/libtest.dylib
PERL_DL_NONLAZY=1 "/usr/bin/perl" "-MExtUtils::Command::MM" "-MTest::Harness" "-e" "undef *Test::Harness::Switches; test_harness(0, 'blib/lib', 'blib/arch')" t/*.t
# 
# 
# 
# HARNESS_ACTIVE=1
# HARNESS_VERSION=3.48
# LC_CTYPE=UTF-8
# PERL5LIB=/Users/giegri/.cpan/build/FFI-Platypus-2.08-0/blib/lib:/Users/giegri/.cpan/build/FFI-Platypus-2.08-0/blib/arch:
# PERL5OPT=
# PERL5_CPANPLUS_IS_RUNNING=32442
# PERL5_CPAN_IS_RUNNING=32442
# PERL_DL_NONLAZY=1
# PERL_USE_UNSAFE_INC=1
# SHELL=/bin/bash
# 
# 
# 
# PERL5LIB path
# /Users/giegri/.cpan/build/FFI-Platypus-2.08-0/blib/lib
# /Users/giegri/.cpan/build/FFI-Platypus-2.08-0/blib/arch
# 
# 
# 
# perl                  5.034001 darwin darwin-thread-multi-2level
# Alien::Base           2.83
# Alien::FFI            -
# Capture::Tiny         0.48
# Devel::Hide           -
# ExtUtils::CBuilder    0.280236
# ExtUtils::MakeMaker   7.70
# ExtUtils::ParseXS     3.43
# FFI::CheckLib         0.31
# File::Spec::Functions 3.80
# IPC::Cmd              1.04
# JSON::PP              4.06
# List::Util            1.63
# Math::LongDouble      -
# PkgConfig             0.25026
# Test2::API            1.302198
# Test2::V0             0.000138
# autodie               2.37
# constant              1.33
# forks                 -
# parent                0.241
# 
# 
# 
# extended diagnostic failed: Can't load '/Users/giegri/.cpan/build/FFI-Platypus-2.08-0/blib/arch/auto/FFI/Platypus/Platypus.bundle' for module FFI::Platypus: dlopen(/Users/giegri/.cpan/build/FFI-Platypus-2.08-0/blib/arch/auto/FFI/Platypus/Platypus.bundle, 0x0002): symbol not found in flat namespace '_ffi_type_double' at /System/Library/Perl/5.34/darwin-thread-multi-2level/DynaLoader.pm line 197.
#  at /Users/giegri/.cpan/build/FFI-Platypus-2.08-0/blib/lib/FFI/Platypus.pm line 28.
# Compilation failed in require at t/00_diag.t line 49.
# 
# 
# 
# [PLATFORM]
# osname            : darwin
# cc                : cc
# cxx               : c++
# cxxld             : c++
# for               : ---
# ld                : cc
# ccflags           : -g -pipe -fno-strict-aliasing -fstack-protector-strong -DPERL_USE_SAFE_PUTENV -Os -I/Users/giegri/.cpan/build/FFI-Platypus-2.08-0/blib/lib/auto/share/dist/FFI-Platypus/include
# ldflags           : -dynamiclib -undefined dynamic_lookup -fstack-protector-strong
# object suffix     : .o
# library prefix    : lib
# library suffix    : .dylib,.bundle
# cc mm works       : -MM
# 
# 
# 
t/00_diag.t .............................. ok
t/ffi_build.t ............................ ok
t/ffi_build_file_base.t .................. ok
t/ffi_build_file_c.t ..................... ok
t/ffi_build_file_cxx.t ................... ok
t/ffi_build_file_library.t ............... ok
t/ffi_build_file_object.t ................ ok
t/ffi_build_mm.t ......................... ok
t/ffi_build_platform.t ................... ok
t/ffi_build_plugin.t ..................... ok
t/ffi_build_plugindata.t ................. ok
Can't load '/Users/giegri/.cpan/build/FFI-Platypus-2.08-0/blib/arch/auto/FFI/Platypus/Platypus.bundle' for module FFI::Platypus: dlopen(/Users/giegri/.cpan/build/FFI-Platypus-2.08-0/blib/arch/auto/FFI/Platypus/Platypus.bundle, 0x0002): symbol not found in flat namespace '_ffi_type_double' at /System/Library/Perl/5.34/darwin-thread-multi-2level/DynaLoader.pm line 197.
 at /Users/giegri/.cpan/build/FFI-Platypus-2.08-0/blib/lib/FFI/Platypus.pm line 28.
Compilation failed in require at t/ffi_platypus.t line 2.
BEGIN failed--compilation aborted at t/ffi_platypus.t line 2.
t/ffi_platypus.t ......................... 
Dubious, test returned 2 (wstat 512, 0x200)
No subtests run 
Can't load '/Users/giegri/.cpan/build/FFI-Platypus-2.08-0/blib/arch/auto/FFI/Platypus/Platypus.bundle' for module FFI::Platypus: dlopen(/Users/giegri/.cpan/build/FFI-Platypus-2.08-0/blib/arch/auto/FFI/Platypus/Platypus.bundle, 0x0002): symbol not found in flat namespace '_ffi_type_double' at /System/Library/Perl/5.34/darwin-thread-multi-2level/DynaLoader.pm line 197.
 at /Users/giegri/.cpan/build/FFI-Platypus-2.08-0/blib/lib/FFI/Platypus.pm line 28.
Compilation failed in require at /Users/giegri/.cpan/build/FFI-Platypus-2.08-0/blib/lib/FFI/Platypus/API.pm line 6.
BEGIN failed--compilation aborted at /Users/giegri/.cpan/build/FFI-Platypus-2.08-0/blib/lib/FFI/Platypus/API.pm line 6.
Compilation failed in require at t/ffi_platypus_api.t line 2.
BEGIN failed--compilation aborted at t/ffi_platypus_api.t line 2.
t/ffi_platypus_api.t ..................... 
Dubious, test returned 2 (wstat 512, 0x200)
No subtests run 
Can't load '/Users/giegri/.cpan/build/FFI-Platypus-2.08-0/blib/arch/auto/FFI/Platypus/Platypus.bundle' for module FFI::Platypus: dlopen(/Users/giegri/.cpan/build/FFI-Platypus-2.08-0/blib/arch/auto/FFI/Platypus/Platypus.bundle, 0x0002): symbol not found in flat namespace '_ffi_type_double' at /System/Library/Perl/5.34/darwin-thread-multi-2level/DynaLoader.pm line 197.
 at /Users/giegri/.cpan/build/FFI-Platypus-2.08-0/blib/lib/FFI/Platypus.pm line 28.
Compilation failed in require at /Users/giegri/.cpan/build/FFI-Platypus-2.08-0/blib/lib/FFI/Platypus/Buffer.pm line 6.
BEGIN failed--compilation aborted at /Users/giegri/.cpan/build/FFI-Platypus-2.08-0/blib/lib/FFI/Platypus/Buffer.pm line 6.
Compilation failed in require at t/ffi_platypus_buffer.t line 5.
BEGIN failed--compilation aborted at t/ffi_platypus_buffer.t line 5.
t/ffi_platypus_buffer.t .................. 
Dubious, test returned 2 (wstat 512, 0x200)
No subtests run 
Can't load '/Users/giegri/.cpan/build/FFI-Platypus-2.08-0/blib/arch/auto/FFI/Platypus/Platypus.bundle' for module FFI::Platypus: dlopen(/Users/giegri/.cpan/build/FFI-Platypus-2.08-0/blib/arch/auto/FFI/Platypus/Platypus.bundle, 0x0002): symbol not found in flat namespace '_ffi_type_double' at /System/Library/Perl/5.34/darwin-thread-multi-2level/DynaLoader.pm line 197.
 at /Users/giegri/.cpan/build/FFI-Platypus-2.08-0/blib/lib/FFI/Platypus.pm line 28.
Compilation failed in require at t/ffi_platypus_bundle.t line 4.
BEGIN failed--compilation aborted at t/ffi_platypus_bundle.t line 4.
t/ffi_platypus_bundle.t .................. 
Dubious, test returned 2 (wstat 512, 0x200)
No subtests run 
Can't load '/Users/giegri/.cpan/build/FFI-Platypus-2.08-0/blib/arch/auto/FFI/Platypus/Platypus.bundle' for module FFI::Platypus: dlopen(/Users/giegri/.cpan/build/FFI-Platypus-2.08-0/blib/arch/auto/FFI/Platypus/Platypus.bundle, 0x0002): symbol not found in flat namespace '_ffi_type_double' at /System/Library/Perl/5.34/darwin-thread-multi-2level/DynaLoader.pm line 197.
 at /Users/giegri/.cpan/build/FFI-Platypus-2.08-0/blib/lib/FFI/Platypus.pm line 28.
Compilation failed in require at /Users/giegri/.cpan/build/FFI-Platypus-2.08-0/blib/lib/FFI/Platypus/Closure.pm line 6.
BEGIN failed--compilation aborted at /Users/giegri/.cpan/build/FFI-Platypus-2.08-0/blib/lib/FFI/Platypus/Closure.pm line 6.
Compilation failed in require at t/ffi_platypus_closure.t line 2.
BEGIN failed--compilation aborted at t/ffi_platypus_closure.t line 2.
t/ffi_platypus_closure.t ................. 
Dubious, test returned 2 (wstat 512, 0x200)
No subtests run 
Can't load '/Users/giegri/.cpan/build/FFI-Platypus-2.08-0/blib/arch/auto/FFI/Platypus/Platypus.bundle' for module FFI::Platypus: dlopen(/Users/giegri/.cpan/build/FFI-Platypus-2.08-0/blib/arch/auto/FFI/Platypus/Platypus.bundle, 0x0002): symbol not found in flat namespace '_ffi_type_double' at /System/Library/Perl/5.34/darwin-thread-multi-2level/DynaLoader.pm line 197.
 at /Users/giegri/.cpan/build/FFI-Platypus-2.08-0/blib/lib/FFI/Platypus.pm line 28.
Compilation failed in require at /Users/giegri/.cpan/build/FFI-Platypus-2.08-0/blib/lib/FFI/Platypus/Constant.pm line 7.
BEGIN failed--compilation aborted at /Users/giegri/.cpan/build/FFI-Platypus-2.08-0/blib/lib/FFI/Platypus/Constant.pm line 7.
Compilation failed in require at t/ffi_platypus_constant.t line 2.
BEGIN failed--compilation aborted at t/ffi_platypus_constant.t line 2.
t/ffi_platypus_constant.t ................ 
Dubious, test returned 2 (wstat 512, 0x200)
No subtests run 
Can't load '/Users/giegri/.cpan/build/FFI-Platypus-2.08-0/blib/arch/auto/FFI/Platypus/Platypus.bundle' for module FFI::Platypus: dlopen(/Users/giegri/.cpan/build/FFI-Platypus-2.08-0/blib/arch/auto/FFI/Platypus/Platypus.bundle, 0x0002): symbol not found in flat namespace '_ffi_type_double' at /System/Library/Perl/5.34/darwin-thread-multi-2level/DynaLoader.pm line 197.
 at /Users/giegri/.cpan/build/FFI-Platypus-2.08-0/blib/lib/FFI/Platypus.pm line 28.
Compilation failed in require at /Users/giegri/.cpan/build/FFI-Platypus-2.08-0/blib/lib/FFI/Platypus/DL.pm line 8.
Compilation failed in require at t/ffi_platypus_dl.t line 2.
BEGIN failed--compilation aborted at t/ffi_platypus_dl.t line 2.
t/ffi_platypus_dl.t ...................... 
Dubious, test returned 2 (wstat 512, 0x200)
No subtests run 
Can't load '/Users/giegri/.cpan/build/FFI-Platypus-2.08-0/blib/arch/auto/FFI/Platypus/Platypus.bundle' for module FFI::Platypus: dlopen(/Users/giegri/.cpan/build/FFI-Platypus-2.08-0/blib/arch/auto/FFI/Platypus/Platypus.bundle, 0x0002): symbol not found in flat namespace '_ffi_type_double' at /System/Library/Perl/5.34/darwin-thread-multi-2level/DynaLoader.pm line 197.
 at /Users/giegri/.cpan/build/FFI-Platypus-2.08-0/blib/lib/FFI/Platypus.pm line 28.
Compilation failed in require at /Users/giegri/.cpan/build/FFI-Platypus-2.08-0/blib/lib/FFI/Platypus/Function.pm line 6.
BEGIN failed--compilation aborted at /Users/giegri/.cpan/build/FFI-Platypus-2.08-0/blib/lib/FFI/Platypus/Function.pm line 6.
Compilation failed in require at t/ffi_platypus_function.t line 2.
BEGIN failed--compilation aborted at t/ffi_platypus_function.t line 2.
t/ffi_platypus_function.t ................ 
Dubious, test returned 2 (wstat 512, 0x200)
No subtests run 
Can't load '/Users/giegri/.cpan/build/FFI-Platypus-2.08-0/blib/arch/auto/FFI/Platypus/Platypus.bundle' for module FFI::Platypus: dlopen(/Users/giegri/.cpan/build/FFI-Platypus-2.08-0/blib/arch/auto/FFI/Platypus/Platypus.bundle, 0x0002): symbol not found in flat namespace '_ffi_type_double' at /System/Library/Perl/5.34/darwin-thread-multi-2level/DynaLoader.pm line 197.
 at /Users/giegri/.cpan/build/FFI-Platypus-2.08-0/blib/lib/FFI/Platypus.pm line 28.
Compilation failed in require at /Users/giegri/.cpan/build/FFI-Platypus-2.08-0/blib/lib/FFI/Platypus/Function.pm line 6.
BEGIN failed--compilation aborted at /Users/giegri/.cpan/build/FFI-Platypus-2.08-0/blib/lib/FFI/Platypus/Function.pm line 6.
Compilation failed in require at t/ffi_platypus_function_wrapper.t line 2.
BEGIN failed--compilation aborted at t/ffi_platypus_function_wrapper.t line 2.
t/ffi_platypus_function_wrapper.t ........ 
Dubious, test returned 2 (wstat 512, 0x200)
No subtests run 
Can't load '/Users/giegri/.cpan/build/FFI-Platypus-2.08-0/blib/arch/auto/FFI/Platypus/Platypus.bundle' for module FFI::Platypus: dlopen(/Users/giegri/.cpan/build/FFI-Platypus-2.08-0/blib/arch/auto/FFI/Platypus/Platypus.bundle, 0x0002): symbol not found in flat namespace '_ffi_type_double' at /System/Library/Perl/5.34/darwin-thread-multi-2level/DynaLoader.pm line 197.
 at /Users/giegri/.cpan/build/FFI-Platypus-2.08-0/blib/lib/FFI/Platypus.pm line 28.
Compilation failed in require at /Users/giegri/.cpan/build/FFI-Platypus-2.08-0/blib/lib/FFI/Platypus/Internal.pm line 6.
BEGIN failed--compilation aborted at /Users/giegri/.cpan/build/FFI-Platypus-2.08-0/blib/lib/FFI/Platypus/Internal.pm line 6.
Compilation failed in require at t/ffi_platypus_internal.t line 2.
BEGIN failed--compilation aborted at t/ffi_platypus_internal.t line 2.
t/ffi_platypus_internal.t ................ 
Dubious, test returned 2 (wstat 512, 0x200)
No subtests run 
Can't load '/Users/giegri/.cpan/build/FFI-Platypus-2.08-0/blib/arch/auto/FFI/Platypus/Platypus.bundle' for module FFI::Platypus: dlopen(/Users/giegri/.cpan/build/FFI-Platypus-2.08-0/blib/arch/auto/FFI/Platypus/Platypus.bundle, 0x0002): symbol not found in flat namespace '_ffi_type_double' at /System/Library/Perl/5.34/darwin-thread-multi-2level/DynaLoader.pm line 197.
 at /Users/giegri/.cpan/build/FFI-Platypus-2.08-0/blib/lib/FFI/Platypus.pm line 28.
Compilation failed in require at t/ffi_platypus_lang.t line 4.
BEGIN failed--compilation aborted at t/ffi_platypus_lang.t line 4.
t/ffi_platypus_lang.t .................... 
Dubious, test returned 2 (wstat 512, 0x200)
No subtests run 
Can't load '/Users/giegri/.cpan/build/FFI-Platypus-2.08-0/blib/arch/auto/FFI/Platypus/Platypus.bundle' for module FFI::Platypus: dlopen(/Users/giegri/.cpan/build/FFI-Platypus-2.08-0/blib/arch/auto/FFI/Platypus/Platypus.bundle, 0x0002): symbol not found in flat namespace '_ffi_type_double' at /System/Library/Perl/5.34/darwin-thread-multi-2level/DynaLoader.pm line 197.
 at /Users/giegri/.cpan/build/FFI-Platypus-2.08-0/blib/lib/FFI/Platypus.pm line 28.
Compilation failed in require at t/ffi_platypus_lang_asm.t line 3.
BEGIN failed--compilation aborted at t/ffi_platypus_lang_asm.t line 3.
t/ffi_platypus_lang_asm.t ................ 
Dubious, test returned 2 (wstat 512, 0x200)
No subtests run 
Can't load '/Users/giegri/.cpan/build/FFI-Platypus-2.08-0/blib/arch/auto/FFI/Platypus/Platypus.bundle' for module FFI::Platypus: dlopen(/Users/giegri/.cpan/build/FFI-Platypus-2.08-0/blib/arch/auto/FFI/Platypus/Platypus.bundle, 0x0002): symbol not found in flat namespace '_ffi_type_double' at /System/Library/Perl/5.34/darwin-thread-multi-2level/DynaLoader.pm line 197.
 at /Users/giegri/.cpan/build/FFI-Platypus-2.08-0/blib/lib/FFI/Platypus.pm line 28.
Compilation failed in require at t/ffi_platypus_lang_c.t line 3.
BEGIN failed--compilation aborted at t/ffi_platypus_lang_c.t line 3.
t/ffi_platypus_lang_c.t .................. 
Dubious, test returned 2 (wstat 512, 0x200)
No subtests run 
Can't load '/Users/giegri/.cpan/build/FFI-Platypus-2.08-0/blib/arch/auto/FFI/Platypus/Platypus.bundle' for module FFI::Platypus: dlopen(/Users/giegri/.cpan/build/FFI-Platypus-2.08-0/blib/arch/auto/FFI/Platypus/Platypus.bundle, 0x0002): symbol not found in flat namespace '_ffi_type_double' at /System/Library/Perl/5.34/darwin-thread-multi-2level/DynaLoader.pm line 197.
 at /Users/giegri/.cpan/build/FFI-Platypus-2.08-0/blib/lib/FFI/Platypus.pm line 28.
Compilation failed in require at /Users/giegri/.cpan/build/FFI-Platypus-2.08-0/blib/lib/FFI/Platypus/Type/WideString.pm line 6.
BEGIN failed--compilation aborted at /Users/giegri/.cpan/build/FFI-Platypus-2.08-0/blib/lib/FFI/Platypus/Type/WideString.pm line 6.
Compilation failed in require at t/ffi_platypus_lang_win32.t line 5.
t/ffi_platypus_lang_win32.t .............. 
Dubious, test returned 2 (wstat 512, 0x200)
No subtests run 
Can't load '/Users/giegri/.cpan/build/FFI-Platypus-2.08-0/blib/arch/auto/FFI/Platypus/Platypus.bundle' for module FFI::Platypus: dlopen(/Users/giegri/.cpan/build/FFI-Platypus-2.08-0/blib/arch/auto/FFI/Platypus/Platypus.bundle, 0x0002): symbol not found in flat namespace '_ffi_type_double' at /System/Library/Perl/5.34/darwin-thread-multi-2level/DynaLoader.pm line 197.
 at /Users/giegri/.cpan/build/FFI-Platypus-2.08-0/blib/lib/FFI/Platypus.pm line 28.
Compilation failed in require at t/ffi_platypus_legacy.t line 2.
BEGIN failed--compilation aborted at t/ffi_platypus_legacy.t line 2.
t/ffi_platypus_legacy.t .................. 
Dubious, test returned 2 (wstat 512, 0x200)
No subtests run 
Can't load '/Users/giegri/.cpan/build/FFI-Platypus-2.08-0/blib/arch/auto/FFI/Platypus/Platypus.bundle' for module FFI::Platypus: dlopen(/Users/giegri/.cpan/build/FFI-Platypus-2.08-0/blib/arch/auto/FFI/Platypus/Platypus.bundle, 0x0002): symbol not found in flat namespace '_ffi_type_double' at /System/Library/Perl/5.34/darwin-thread-multi-2level/DynaLoader.pm line 197.
 at /Users/giegri/.cpan/build/FFI-Platypus-2.08-0/blib/lib/FFI/Platypus.pm line 28.
Compilation failed in require at t/ffi_platypus_memory.t line 2.
BEGIN failed--compilation aborted at t/ffi_platypus_memory.t line 2.
t/ffi_platypus_memory.t .................. 
Dubious, test returned 2 (wstat 512, 0x200)
No subtests run 
Can't load '/Users/giegri/.cpan/build/FFI-Platypus-2.08-0/blib/arch/auto/FFI/Platypus/Platypus.bundle' for module FFI::Platypus: dlopen(/Users/giegri/.cpan/build/FFI-Platypus-2.08-0/blib/arch/auto/FFI/Platypus/Platypus.bundle, 0x0002): symbol not found in flat namespace '_ffi_type_double' at /System/Library/Perl/5.34/darwin-thread-multi-2level/DynaLoader.pm line 197.
 at /Users/giegri/.cpan/build/FFI-Platypus-2.08-0/blib/lib/FFI/Platypus.pm line 28.
Compilation failed in require at t/ffi_platypus_record.t line 2.
BEGIN failed--compilation aborted at t/ffi_platypus_record.t line 2.
t/ffi_platypus_record.t .................. 
Dubious, test returned 2 (wstat 512, 0x200)
No subtests run 
Can't load '/Users/giegri/.cpan/build/FFI-Platypus-2.08-0/blib/arch/auto/FFI/Platypus/Platypus.bundle' for module FFI::Platypus: dlopen(/Users/giegri/.cpan/build/FFI-Platypus-2.08-0/blib/arch/auto/FFI/Platypus/Platypus.bundle, 0x0002): symbol not found in flat namespace '_ffi_type_double' at /System/Library/Perl/5.34/darwin-thread-multi-2level/DynaLoader.pm line 197.
 at /Users/giegri/.cpan/build/FFI-Platypus-2.08-0/blib/lib/FFI/Platypus.pm line 28.
Compilation failed in require at t/ffi_platypus_record_meta.t line 2.
BEGIN failed--compilation aborted at t/ffi_platypus_record_meta.t line 2.
t/ffi_platypus_record_meta.t ............. 
Dubious, test returned 2 (wstat 512, 0x200)
No subtests run 
Can't load '/Users/giegri/.cpan/build/FFI-Platypus-2.08-0/blib/arch/auto/FFI/Platypus/Platypus.bundle' for module FFI::Platypus: dlopen(/Users/giegri/.cpan/build/FFI-Platypus-2.08-0/blib/arch/auto/FFI/Platypus/Platypus.bundle, 0x0002): symbol not found in flat namespace '_ffi_type_double' at /System/Library/Perl/5.34/darwin-thread-multi-2level/DynaLoader.pm line 197.
 at /Users/giegri/.cpan/build/FFI-Platypus-2.08-0/blib/lib/FFI/Platypus.pm line 28.
Compilation failed in require at /Users/giegri/.cpan/build/FFI-Platypus-2.08-0/blib/lib/FFI/Platypus/Record.pm line 7.
BEGIN failed--compilation aborted at /Users/giegri/.cpan/build/FFI-Platypus-2.08-0/blib/lib/FFI/Platypus/Record.pm line 7.
Compilation failed in require at t/ffi_platypus_record_tiearray.t line 7.
BEGIN failed--compilation aborted at t/ffi_platypus_record_tiearray.t line 7.
t/ffi_platypus_record_tiearray.t ......... 
Dubious, test returned 2 (wstat 512, 0x200)
No subtests run 
t/ffi_platypus_shareconfig.t ............. ok
Can't load '/Users/giegri/.cpan/build/FFI-Platypus-2.08-0/blib/arch/auto/FFI/Platypus/Platypus.bundle' for module FFI::Platypus: dlopen(/Users/giegri/.cpan/build/FFI-Platypus-2.08-0/blib/arch/auto/FFI/Platypus/Platypus.bundle, 0x0002): symbol not found in flat namespace '_ffi_type_double' at /System/Library/Perl/5.34/darwin-thread-multi-2level/DynaLoader.pm line 197.
 at /Users/giegri/.cpan/build/FFI-Platypus-2.08-0/blib/lib/FFI/Platypus.pm line 28.
Compilation failed in require at /Users/giegri/.cpan/build/FFI-Platypus-2.08-0/blib/lib/FFI/Platypus/Internal.pm line 6.
BEGIN failed--compilation aborted at /Users/giegri/.cpan/build/FFI-Platypus-2.08-0/blib/lib/FFI/Platypus/Internal.pm line 6.
Compilation failed in require at t/ffi_platypus_type.t line 2.
BEGIN failed--compilation aborted at t/ffi_platypus_type.t line 2.
t/ffi_platypus_type.t .................... 
Dubious, test returned 2 (wstat 512, 0x200)
No subtests run 
Can't load '/Users/giegri/.cpan/build/FFI-Platypus-2.08-0/blib/arch/auto/FFI/Platypus/Platypus.bundle' for module FFI::Platypus: dlopen(/Users/giegri/.cpan/build/FFI-Platypus-2.08-0/blib/arch/auto/FFI/Platypus/Platypus.bundle, 0x0002): symbol not found in flat namespace '_ffi_type_double' at /System/Library/Perl/5.34/darwin-thread-multi-2level/DynaLoader.pm line 197.
 at /Users/giegri/.cpan/build/FFI-Platypus-2.08-0/blib/lib/FFI/Platypus.pm line 28.
Compilation failed in require at t/ffi_platypus_type_pointersizebuffer.t line 3.
BEGIN failed--compilation aborted at t/ffi_platypus_type_pointersizebuffer.t line 3.
t/ffi_platypus_type_pointersizebuffer.t .. 
Dubious, test returned 2 (wstat 512, 0x200)
No subtests run 
Can't load '/Users/giegri/.cpan/build/FFI-Platypus-2.08-0/blib/arch/auto/FFI/Platypus/Platypus.bundle' for module FFI::Platypus: dlopen(/Users/giegri/.cpan/build/FFI-Platypus-2.08-0/blib/arch/auto/FFI/Platypus/Platypus.bundle, 0x0002): symbol not found in flat namespace '_ffi_type_double' at /System/Library/Perl/5.34/darwin-thread-multi-2level/DynaLoader.pm line 197.
 at /Users/giegri/.cpan/build/FFI-Platypus-2.08-0/blib/lib/FFI/Platypus.pm line 28.
Compilation failed in require at t/ffi_platypus_type_stringarray.t line 3.
BEGIN failed--compilation aborted at t/ffi_platypus_type_stringarray.t line 3.
t/ffi_platypus_type_stringarray.t ........ 
Dubious, test returned 2 (wstat 512, 0x200)
No subtests run 
Can't load '/Users/giegri/.cpan/build/FFI-Platypus-2.08-0/blib/arch/auto/FFI/Platypus/Platypus.bundle' for module FFI::Platypus: dlopen(/Users/giegri/.cpan/build/FFI-Platypus-2.08-0/blib/arch/auto/FFI/Platypus/Platypus.bundle, 0x0002): symbol not found in flat namespace '_ffi_type_double' at /System/Library/Perl/5.34/darwin-thread-multi-2level/DynaLoader.pm line 197.
 at /Users/giegri/.cpan/build/FFI-Platypus-2.08-0/blib/lib/FFI/Platypus.pm line 28.
Compilation failed in require at t/ffi_platypus_type_stringpointer.t line 2.
BEGIN failed--compilation aborted at t/ffi_platypus_type_stringpointer.t line 2.
t/ffi_platypus_type_stringpointer.t ...... 
Dubious, test returned 2 (wstat 512, 0x200)
No subtests run 
Can't load '/Users/giegri/.cpan/build/FFI-Platypus-2.08-0/blib/arch/auto/FFI/Platypus/Platypus.bundle' for module FFI::Platypus: dlopen(/Users/giegri/.cpan/build/FFI-Platypus-2.08-0/blib/arch/auto/FFI/Platypus/Platypus.bundle, 0x0002): symbol not found in flat namespace '_ffi_type_double' at /System/Library/Perl/5.34/darwin-thread-multi-2level/DynaLoader.pm line 197.
 at /Users/giegri/.cpan/build/FFI-Platypus-2.08-0/blib/lib/FFI/Platypus.pm line 28.
Compilation failed in require at t/ffi_platypus_type_widestring.t line 4.
BEGIN failed--compilation aborted at t/ffi_platypus_type_widestring.t line 4.
t/ffi_platypus_type_widestring.t ......... 
Dubious, test returned 2 (wstat 512, 0x200)
No subtests run 
Can't load '/Users/giegri/.cpan/build/FFI-Platypus-2.08-0/blib/arch/auto/FFI/Platypus/Platypus.bundle' for module FFI::Platypus: dlopen(/Users/giegri/.cpan/build/FFI-Platypus-2.08-0/blib/arch/auto/FFI/Platypus/Platypus.bundle, 0x0002): symbol not found in flat namespace '_ffi_type_double' at /System/Library/Perl/5.34/darwin-thread-multi-2level/DynaLoader.pm line 197.
 at /Users/giegri/.cpan/build/FFI-Platypus-2.08-0/blib/lib/FFI/Platypus.pm line 28.
Compilation failed in require at t/ffi_platypus_typeparser.t line 2.
BEGIN failed--compilation aborted at t/ffi_platypus_typeparser.t line 2.
t/ffi_platypus_typeparser.t .............. 
Dubious, test returned 2 (wstat 512, 0x200)
No subtests run 
Can't load '/Users/giegri/.cpan/build/FFI-Platypus-2.08-0/blib/arch/auto/FFI/Platypus/Platypus.bundle' for module FFI::Platypus: dlopen(/Users/giegri/.cpan/build/FFI-Platypus-2.08-0/blib/arch/auto/FFI/Platypus/Platypus.bundle, 0x0002): symbol not found in flat namespace '_ffi_type_double' at /System/Library/Perl/5.34/darwin-thread-multi-2level/DynaLoader.pm line 197.
 at /Users/giegri/.cpan/build/FFI-Platypus-2.08-0/blib/lib/FFI/Platypus.pm line 28.
Compilation failed in require at t/ffi_platypus_typeparser_version0.t line 2.
BEGIN failed--compilation aborted at t/ffi_platypus_typeparser_version0.t line 2.
t/ffi_platypus_typeparser_version0.t ..... 
Dubious, test returned 2 (wstat 512, 0x200)
No subtests run 
Can't load '/Users/giegri/.cpan/build/FFI-Platypus-2.08-0/blib/arch/auto/FFI/Platypus/Platypus.bundle' for module FFI::Platypus: dlopen(/Users/giegri/.cpan/build/FFI-Platypus-2.08-0/blib/arch/auto/FFI/Platypus/Platypus.bundle, 0x0002): symbol not found in flat namespace '_ffi_type_double' at /System/Library/Perl/5.34/darwin-thread-multi-2level/DynaLoader.pm line 197.
 at /Users/giegri/.cpan/build/FFI-Platypus-2.08-0/blib/lib/FFI/Platypus.pm line 28.
Compilation failed in require at t/ffi_platypus_typeparser_version1.t line 2.
BEGIN failed--compilation aborted at t/ffi_platypus_typeparser_version1.t line 2.
t/ffi_platypus_typeparser_version1.t ..... 
Dubious, test returned 2 (wstat 512, 0x200)
No subtests run 
Can't load '/Users/giegri/.cpan/build/FFI-Platypus-2.08-0/blib/arch/auto/FFI/Platypus/Platypus.bundle' for module FFI::Platypus: dlopen(/Users/giegri/.cpan/build/FFI-Platypus-2.08-0/blib/arch/auto/FFI/Platypus/Platypus.bundle, 0x0002): symbol not found in flat namespace '_ffi_type_double' at /System/Library/Perl/5.34/darwin-thread-multi-2level/DynaLoader.pm line 197.
 at /Users/giegri/.cpan/build/FFI-Platypus-2.08-0/blib/lib/FFI/Platypus.pm line 28.
Compilation failed in require at t/ffi_platypus_typeparser_version2.t line 2.
BEGIN failed--compilation aborted at t/ffi_platypus_typeparser_version2.t line 2.
t/ffi_platypus_typeparser_version2.t ..... 
Dubious, test returned 2 (wstat 512, 0x200)
No subtests run 
t/ffi_probe.t ............................ ok
t/ffi_probe_runner.t ..................... ok
t/ffi_probe_runner_builder.t ............. ok
t/ffi_probe_runner_result.t .............. ok
t/ffi_temp.t ............................. ok
Can't load '/Users/giegri/.cpan/build/FFI-Platypus-2.08-0/blib/arch/auto/FFI/Platypus/Platypus.bundle' for module FFI::Platypus: dlopen(/Users/giegri/.cpan/build/FFI-Platypus-2.08-0/blib/arch/auto/FFI/Platypus/Platypus.bundle, 0x0002): symbol not found in flat namespace '_ffi_type_double' at /System/Library/Perl/5.34/darwin-thread-multi-2level/DynaLoader.pm line 197.
 at /Users/giegri/.cpan/build/FFI-Platypus-2.08-0/blib/lib/FFI/Platypus.pm line 28.
Compilation failed in require at t/forks.t line 3.
BEGIN failed--compilation aborted at t/forks.t line 3.
t/forks.t ................................ 
Dubious, test returned 2 (wstat 512, 0x200)
No subtests run 
Can't load '/Users/giegri/.cpan/build/FFI-Platypus-2.08-0/blib/arch/auto/FFI/Platypus/Platypus.bundle' for module FFI::Platypus: dlopen(/Users/giegri/.cpan/build/FFI-Platypus-2.08-0/blib/arch/auto/FFI/Platypus/Platypus.bundle, 0x0002): symbol not found in flat namespace '_ffi_type_double' at /System/Library/Perl/5.34/darwin-thread-multi-2level/DynaLoader.pm line 197.
 at /Users/giegri/.cpan/build/FFI-Platypus-2.08-0/blib/lib/FFI/Platypus.pm line 28.
Compilation failed in require at t/gh117.t line 3.
BEGIN failed--compilation aborted at t/gh117.t line 3.
t/gh117.t ................................ 
Dubious, test returned 2 (wstat 512, 0x200)
No subtests run 
Can't load '/Users/giegri/.cpan/build/FFI-Platypus-2.08-0/blib/arch/auto/FFI/Platypus/Platypus.bundle' for module FFI::Platypus: dlopen(/Users/giegri/.cpan/build/FFI-Platypus-2.08-0/blib/arch/auto/FFI/Platypus/Platypus.bundle, 0x0002): symbol not found in flat namespace '_ffi_type_double' at /System/Library/Perl/5.34/darwin-thread-multi-2level/DynaLoader.pm line 197.
 at /Users/giegri/.cpan/build/FFI-Platypus-2.08-0/blib/lib/FFI/Platypus.pm line 28.
Compilation failed in require at t/gh129.t line 3.
BEGIN failed--compilation aborted at t/gh129.t line 3.
t/gh129.t ................................ 
Dubious, test returned 2 (wstat 512, 0x200)
No subtests run 
Can't load '/Users/giegri/.cpan/build/FFI-Platypus-2.08-0/blib/arch/auto/FFI/Platypus/Platypus.bundle' for module FFI::Platypus: dlopen(/Users/giegri/.cpan/build/FFI-Platypus-2.08-0/blib/arch/auto/FFI/Platypus/Platypus.bundle, 0x0002): symbol not found in flat namespace '_ffi_type_double' at /System/Library/Perl/5.34/darwin-thread-multi-2level/DynaLoader.pm line 197.
 at /Users/giegri/.cpan/build/FFI-Platypus-2.08-0/blib/lib/FFI/Platypus.pm line 28.
Compilation failed in require at t/gh323.t line 2.
BEGIN failed--compilation aborted at t/gh323.t line 2.
t/gh323.t ................................ 
Dubious, test returned 2 (wstat 512, 0x200)
No subtests run 
t/memory.t ............................... skipped: tested only in CI
Can't load '/Users/giegri/.cpan/build/FFI-Platypus-2.08-0/blib/arch/auto/FFI/Platypus/Platypus.bundle' for module FFI::Platypus: dlopen(/Users/giegri/.cpan/build/FFI-Platypus-2.08-0/blib/arch/auto/FFI/Platypus/Platypus.bundle, 0x0002): symbol not found in flat namespace '_ffi_type_double' at /System/Library/Perl/5.34/darwin-thread-multi-2level/DynaLoader.pm line 197.
 at /Users/giegri/.cpan/build/FFI-Platypus-2.08-0/blib/lib/FFI/Platypus.pm line 28.
Compilation failed in require at t/threads.t line 4.
BEGIN failed--compilation aborted at t/threads.t line 4.
t/threads.t .............................. 
Dubious, test returned 2 (wstat 512, 0x200)
No subtests run 
Can't load '/Users/giegri/.cpan/build/FFI-Platypus-2.08-0/blib/arch/auto/FFI/Platypus/Platypus.bundle' for module FFI::Platypus: dlopen(/Users/giegri/.cpan/build/FFI-Platypus-2.08-0/blib/arch/auto/FFI/Platypus/Platypus.bundle, 0x0002): symbol not found in flat namespace '_ffi_type_double' at /System/Library/Perl/5.34/darwin-thread-multi-2level/DynaLoader.pm line 197.
 at /Users/giegri/.cpan/build/FFI-Platypus-2.08-0/blib/lib/FFI/Platypus.pm line 28.
Compilation failed in require at t/type_complex_double.t line 7.
BEGIN failed--compilation aborted at t/type_complex_double.t line 7.
t/type_complex_double.t .................. 
Dubious, test returned 2 (wstat 512, 0x200)
No subtests run 
Can't load '/Users/giegri/.cpan/build/FFI-Platypus-2.08-0/blib/arch/auto/FFI/Platypus/Platypus.bundle' for module FFI::Platypus: dlopen(/Users/giegri/.cpan/build/FFI-Platypus-2.08-0/blib/arch/auto/FFI/Platypus/Platypus.bundle, 0x0002): symbol not found in flat namespace '_ffi_type_double' at /System/Library/Perl/5.34/darwin-thread-multi-2level/DynaLoader.pm line 197.
 at /Users/giegri/.cpan/build/FFI-Platypus-2.08-0/blib/lib/FFI/Platypus.pm line 28.
Compilation failed in require at t/type_complex_float.t line 2.
BEGIN failed--compilation aborted at t/type_complex_float.t line 2.
t/type_complex_float.t ................... 
Dubious, test returned 2 (wstat 512, 0x200)
No subtests run 
Can't load '/Users/giegri/.cpan/build/FFI-Platypus-2.08-0/blib/arch/auto/FFI/Platypus/Platypus.bundle' for module FFI::Platypus: dlopen(/Users/giegri/.cpan/build/FFI-Platypus-2.08-0/blib/arch/auto/FFI/Platypus/Platypus.bundle, 0x0002): symbol not found in flat namespace '_ffi_type_double' at /System/Library/Perl/5.34/darwin-thread-multi-2level/DynaLoader.pm line 197.
 at /Users/giegri/.cpan/build/FFI-Platypus-2.08-0/blib/lib/FFI/Platypus.pm line 28.
Compilation failed in require at t/type_custom.t line 2.
BEGIN failed--compilation aborted at t/type_custom.t line 2.
t/type_custom.t .......................... 
Dubious, test returned 2 (wstat 512, 0x200)
No subtests run 
Can't load '/Users/giegri/.cpan/build/FFI-Platypus-2.08-0/blib/arch/auto/FFI/Platypus/Platypus.bundle' for module FFI::Platypus: dlopen(/Users/giegri/.cpan/build/FFI-Platypus-2.08-0/blib/arch/auto/FFI/Platypus/Platypus.bundle, 0x0002): symbol not found in flat namespace '_ffi_type_double' at /System/Library/Perl/5.34/darwin-thread-multi-2level/DynaLoader.pm line 197.
 at /Users/giegri/.cpan/build/FFI-Platypus-2.08-0/blib/lib/FFI/Platypus.pm line 28.
Compilation failed in require at t/type_double.t line 7.
BEGIN failed--compilation aborted at t/type_double.t line 7.
t/type_double.t .......................... 
Dubious, test returned 2 (wstat 512, 0x200)
No subtests run 
Can't load '/Users/giegri/.cpan/build/FFI-Platypus-2.08-0/blib/arch/auto/FFI/Platypus/Platypus.bundle' for module FFI::Platypus: dlopen(/Users/giegri/.cpan/build/FFI-Platypus-2.08-0/blib/arch/auto/FFI/Platypus/Platypus.bundle, 0x0002): symbol not found in flat namespace '_ffi_type_double' at /System/Library/Perl/5.34/darwin-thread-multi-2level/DynaLoader.pm line 197.
 at /Users/giegri/.cpan/build/FFI-Platypus-2.08-0/blib/lib/FFI/Platypus.pm line 28.
Compilation failed in require at t/type_float.t line 2.
BEGIN failed--compilation aborted at t/type_float.t line 2.
t/type_float.t ........................... 
Dubious, test returned 2 (wstat 512, 0x200)
No subtests run 
Can't load '/Users/giegri/.cpan/build/FFI-Platypus-2.08-0/blib/arch/auto/FFI/Platypus/Platypus.bundle' for module FFI::Platypus: dlopen(/Users/giegri/.cpan/build/FFI-Platypus-2.08-0/blib/arch/auto/FFI/Platypus/Platypus.bundle, 0x0002): symbol not found in flat namespace '_ffi_type_double' at /System/Library/Perl/5.34/darwin-thread-multi-2level/DynaLoader.pm line 197.
 at /Users/giegri/.cpan/build/FFI-Platypus-2.08-0/blib/lib/FFI/Platypus.pm line 28.
Compilation failed in require at t/type_longdouble.t line 2.
BEGIN failed--compilation aborted at t/type_longdouble.t line 2.
t/type_longdouble.t ...................... 
Dubious, test returned 2 (wstat 512, 0x200)
No subtests run 
Can't load '/Users/giegri/.cpan/build/FFI-Platypus-2.08-0/blib/arch/auto/FFI/Platypus/Platypus.bundle' for module FFI::Platypus: dlopen(/Users/giegri/.cpan/build/FFI-Platypus-2.08-0/blib/arch/auto/FFI/Platypus/Platypus.bundle, 0x0002): symbol not found in flat namespace '_ffi_type_double' at /System/Library/Perl/5.34/darwin-thread-multi-2level/DynaLoader.pm line 197.
 at /Users/giegri/.cpan/build/FFI-Platypus-2.08-0/blib/lib/FFI/Platypus.pm line 28.
Compilation failed in require at t/type_longdouble__array.t line 2.
BEGIN failed--compilation aborted at t/type_longdouble__array.t line 2.
t/type_longdouble__array.t ............... 
Dubious, test returned 2 (wstat 512, 0x200)
No subtests run 
Can't load '/Users/giegri/.cpan/build/FFI-Platypus-2.08-0/blib/arch/auto/FFI/Platypus/Platypus.bundle' for module FFI::Platypus: dlopen(/Users/giegri/.cpan/build/FFI-Platypus-2.08-0/blib/arch/auto/FFI/Platypus/Platypus.bundle, 0x0002): symbol not found in flat namespace '_ffi_type_double' at /System/Library/Perl/5.34/darwin-thread-multi-2level/DynaLoader.pm line 197.
 at /Users/giegri/.cpan/build/FFI-Platypus-2.08-0/blib/lib/FFI/Platypus.pm line 28.
Compilation failed in require at t/type_longdouble__hide.t line 2.
BEGIN failed--compilation aborted at t/type_longdouble__hide.t line 2.
t/type_longdouble__hide.t ................ 
Dubious, test returned 2 (wstat 512, 0x200)
No subtests run 
Can't load '/Users/giegri/.cpan/build/FFI-Platypus-2.08-0/blib/arch/auto/FFI/Platypus/Platypus.bundle' for module FFI::Platypus: dlopen(/Users/giegri/.cpan/build/FFI-Platypus-2.08-0/blib/arch/auto/FFI/Platypus/Platypus.bundle, 0x0002): symbol not found in flat namespace '_ffi_type_double' at /System/Library/Perl/5.34/darwin-thread-multi-2level/DynaLoader.pm line 197.
 at /Users/giegri/.cpan/build/FFI-Platypus-2.08-0/blib/lib/FFI/Platypus.pm line 28.
Compilation failed in require at t/type_longdouble__ptr.t line 2.
BEGIN failed--compilation aborted at t/type_longdouble__ptr.t line 2.
t/type_longdouble__ptr.t ................. 
Dubious, test returned 2 (wstat 512, 0x200)
No subtests run 
Can't load '/Users/giegri/.cpan/build/FFI-Platypus-2.08-0/blib/arch/auto/FFI/Platypus/Platypus.bundle' for module FFI::Platypus: dlopen(/Users/giegri/.cpan/build/FFI-Platypus-2.08-0/blib/arch/auto/FFI/Platypus/Platypus.bundle, 0x0002): symbol not found in flat namespace '_ffi_type_double' at /System/Library/Perl/5.34/darwin-thread-multi-2level/DynaLoader.pm line 197.
 at /Users/giegri/.cpan/build/FFI-Platypus-2.08-0/blib/lib/FFI/Platypus.pm line 28.
Compilation failed in require at t/type_opaque.t line 3.
BEGIN failed--compilation aborted at t/type_opaque.t line 3.
t/type_opaque.t .......................... 
Dubious, test returned 2 (wstat 512, 0x200)
No subtests run 
Can't load '/Users/giegri/.cpan/build/FFI-Platypus-2.08-0/blib/arch/auto/FFI/Platypus/Platypus.bundle' for module FFI::Platypus: dlopen(/Users/giegri/.cpan/build/FFI-Platypus-2.08-0/blib/arch/auto/FFI/Platypus/Platypus.bundle, 0x0002): symbol not found in flat namespace '_ffi_type_double' at /System/Library/Perl/5.34/darwin-thread-multi-2level/DynaLoader.pm line 197.
 at /Users/giegri/.cpan/build/FFI-Platypus-2.08-0/blib/lib/FFI/Platypus.pm line 28.
Compilation failed in require at t/type_record.t line 2.
BEGIN failed--compilation aborted at t/type_record.t line 2.
t/type_record.t .......................... 
Dubious, test returned 2 (wstat 512, 0x200)
No subtests run 
Can't load '/Users/giegri/.cpan/build/FFI-Platypus-2.08-0/blib/arch/auto/FFI/Platypus/Platypus.bundle' for module FFI::Platypus: dlopen(/Users/giegri/.cpan/build/FFI-Platypus-2.08-0/blib/arch/auto/FFI/Platypus/Platypus.bundle, 0x0002): symbol not found in flat namespace '_ffi_type_double' at /System/Library/Perl/5.34/darwin-thread-multi-2level/DynaLoader.pm line 197.
 at /Users/giegri/.cpan/build/FFI-Platypus-2.08-0/blib/lib/FFI/Platypus.pm line 28.
Compilation failed in require at t/type_record_value.t line 2.
BEGIN failed--compilation aborted at t/type_record_value.t line 2.
t/type_record_value.t .................... 
Dubious, test returned 2 (wstat 512, 0x200)
No subtests run 
Can't load '/Users/giegri/.cpan/build/FFI-Platypus-2.08-0/blib/arch/auto/FFI/Platypus/Platypus.bundle' for module FFI::Platypus: dlopen(/Users/giegri/.cpan/build/FFI-Platypus-2.08-0/blib/arch/auto/FFI/Platypus/Platypus.bundle, 0x0002): symbol not found in flat namespace '_ffi_type_double' at /System/Library/Perl/5.34/darwin-thread-multi-2level/DynaLoader.pm line 197.
 at /Users/giegri/.cpan/build/FFI-Platypus-2.08-0/blib/lib/FFI/Platypus.pm line 28.
Compilation failed in require at t/type_sint16.t line 7.
BEGIN failed--compilation aborted at t/type_sint16.t line 7.
t/type_sint16.t .......................... 
Dubious, test returned 2 (wstat 512, 0x200)
No subtests run 
Can't load '/Users/giegri/.cpan/build/FFI-Platypus-2.08-0/blib/arch/auto/FFI/Platypus/Platypus.bundle' for module FFI::Platypus: dlopen(/Users/giegri/.cpan/build/FFI-Platypus-2.08-0/blib/arch/auto/FFI/Platypus/Platypus.bundle, 0x0002): symbol not found in flat namespace '_ffi_type_double' at /System/Library/Perl/5.34/darwin-thread-multi-2level/DynaLoader.pm line 197.
 at /Users/giegri/.cpan/build/FFI-Platypus-2.08-0/blib/lib/FFI/Platypus.pm line 28.
Compilation failed in require at t/type_sint32.t line 7.
BEGIN failed--compilation aborted at t/type_sint32.t line 7.
t/type_sint32.t .......................... 
Dubious, test returned 2 (wstat 512, 0x200)
No subtests run 
Can't load '/Users/giegri/.cpan/build/FFI-Platypus-2.08-0/blib/arch/auto/FFI/Platypus/Platypus.bundle' for module FFI::Platypus: dlopen(/Users/giegri/.cpan/build/FFI-Platypus-2.08-0/blib/arch/auto/FFI/Platypus/Platypus.bundle, 0x0002): symbol not found in flat namespace '_ffi_type_double' at /System/Library/Perl/5.34/darwin-thread-multi-2level/DynaLoader.pm line 197.
 at /Users/giegri/.cpan/build/FFI-Platypus-2.08-0/blib/lib/FFI/Platypus.pm line 28.
Compilation failed in require at t/type_sint64.t line 7.
BEGIN failed--compilation aborted at t/type_sint64.t line 7.
t/type_sint64.t .......................... 
Dubious, test returned 2 (wstat 512, 0x200)
No subtests run 
Can't load '/Users/giegri/.cpan/build/FFI-Platypus-2.08-0/blib/arch/auto/FFI/Platypus/Platypus.bundle' for module FFI::Platypus: dlopen(/Users/giegri/.cpan/build/FFI-Platypus-2.08-0/blib/arch/auto/FFI/Platypus/Platypus.bundle, 0x0002): symbol not found in flat namespace '_ffi_type_double' at /System/Library/Perl/5.34/darwin-thread-multi-2level/DynaLoader.pm line 197.
 at /Users/giegri/.cpan/build/FFI-Platypus-2.08-0/blib/lib/FFI/Platypus.pm line 28.
Compilation failed in require at t/type_sint8.t line 2.
BEGIN failed--compilation aborted at t/type_sint8.t line 2.
t/type_sint8.t ........................... 
Dubious, test returned 2 (wstat 512, 0x200)
No subtests run 
Can't load '/Users/giegri/.cpan/build/FFI-Platypus-2.08-0/blib/arch/auto/FFI/Platypus/Platypus.bundle' for module FFI::Platypus: dlopen(/Users/giegri/.cpan/build/FFI-Platypus-2.08-0/blib/arch/auto/FFI/Platypus/Platypus.bundle, 0x0002): symbol not found in flat namespace '_ffi_type_double' at /System/Library/Perl/5.34/darwin-thread-multi-2level/DynaLoader.pm line 197.
 at /Users/giegri/.cpan/build/FFI-Platypus-2.08-0/blib/lib/FFI/Platypus.pm line 28.
Compilation failed in require at t/type_string.t line 2.
BEGIN failed--compilation aborted at t/type_string.t line 2.
t/type_string.t .......................... 
Dubious, test returned 2 (wstat 512, 0x200)
No subtests run 
Can't load '/Users/giegri/.cpan/build/FFI-Platypus-2.08-0/blib/arch/auto/FFI/Platypus/Platypus.bundle' for module FFI::Platypus: dlopen(/Users/giegri/.cpan/build/FFI-Platypus-2.08-0/blib/arch/auto/FFI/Platypus/Platypus.bundle, 0x0002): symbol not found in flat namespace '_ffi_type_double' at /System/Library/Perl/5.34/darwin-thread-multi-2level/DynaLoader.pm line 197.
 at /Users/giegri/.cpan/build/FFI-Platypus-2.08-0/blib/lib/FFI/Platypus.pm line 28.
Compilation failed in require at t/type_uint16.t line 7.
BEGIN failed--compilation aborted at t/type_uint16.t line 7.
t/type_uint16.t .......................... 
Dubious, test returned 2 (wstat 512, 0x200)
No subtests run 
Can't load '/Users/giegri/.cpan/build/FFI-Platypus-2.08-0/blib/arch/auto/FFI/Platypus/Platypus.bundle' for module FFI::Platypus: dlopen(/Users/giegri/.cpan/build/FFI-Platypus-2.08-0/blib/arch/auto/FFI/Platypus/Platypus.bundle, 0x0002): symbol not found in flat namespace '_ffi_type_double' at /System/Library/Perl/5.34/darwin-thread-multi-2level/DynaLoader.pm line 197.
 at /Users/giegri/.cpan/build/FFI-Platypus-2.08-0/blib/lib/FFI/Platypus.pm line 28.
Compilation failed in require at t/type_uint32.t line 7.
BEGIN failed--compilation aborted at t/type_uint32.t line 7.
t/type_uint32.t .......................... 
Dubious, test returned 2 (wstat 512, 0x200)
No subtests run 
Can't load '/Users/giegri/.cpan/build/FFI-Platypus-2.08-0/blib/arch/auto/FFI/Platypus/Platypus.bundle' for module FFI::Platypus: dlopen(/Users/giegri/.cpan/build/FFI-Platypus-2.08-0/blib/arch/auto/FFI/Platypus/Platypus.bundle, 0x0002): symbol not found in flat namespace '_ffi_type_double' at /System/Library/Perl/5.34/darwin-thread-multi-2level/DynaLoader.pm line 197.
 at /Users/giegri/.cpan/build/FFI-Platypus-2.08-0/blib/lib/FFI/Platypus.pm line 28.
Compilation failed in require at t/type_uint64.t line 7.
BEGIN failed--compilation aborted at t/type_uint64.t line 7.
t/type_uint64.t .......................... 
Dubious, test returned 2 (wstat 512, 0x200)
No subtests run 
Can't load '/Users/giegri/.cpan/build/FFI-Platypus-2.08-0/blib/arch/auto/FFI/Platypus/Platypus.bundle' for module FFI::Platypus: dlopen(/Users/giegri/.cpan/build/FFI-Platypus-2.08-0/blib/arch/auto/FFI/Platypus/Platypus.bundle, 0x0002): symbol not found in flat namespace '_ffi_type_double' at /System/Library/Perl/5.34/darwin-thread-multi-2level/DynaLoader.pm line 197.
 at /Users/giegri/.cpan/build/FFI-Platypus-2.08-0/blib/lib/FFI/Platypus.pm line 28.
Compilation failed in require at t/type_uint8.t line 2.
BEGIN failed--compilation aborted at t/type_uint8.t line 2.
t/type_uint8.t ........................... 
Dubious, test returned 2 (wstat 512, 0x200)
No subtests run 

Test Summary Report
-------------------
t/ffi_platypus.t                       (Wstat: 512 (exited 2) Tests: 0 Failed: 0)
  Non-zero exit status: 2
  Parse errors: No plan found in TAP output
t/ffi_platypus_api.t                   (Wstat: 512 (exited 2) Tests: 0 Failed: 0)
  Non-zero exit status: 2
  Parse errors: No plan found in TAP output
t/ffi_platypus_buffer.t                (Wstat: 512 (exited 2) Tests: 0 Failed: 0)
  Non-zero exit status: 2
  Parse errors: No plan found in TAP output
t/ffi_platypus_bundle.t                (Wstat: 512 (exited 2) Tests: 0 Failed: 0)
  Non-zero exit status: 2
  Parse errors: No plan found in TAP output
t/ffi_platypus_closure.t               (Wstat: 512 (exited 2) Tests: 0 Failed: 0)
  Non-zero exit status: 2
  Parse errors: No plan found in TAP output
t/ffi_platypus_constant.t              (Wstat: 512 (exited 2) Tests: 0 Failed: 0)
  Non-zero exit status: 2
  Parse errors: No plan found in TAP output
t/ffi_platypus_dl.t                    (Wstat: 512 (exited 2) Tests: 0 Failed: 0)
  Non-zero exit status: 2
  Parse errors: No plan found in TAP output
t/ffi_platypus_function.t              (Wstat: 512 (exited 2) Tests: 0 Failed: 0)
  Non-zero exit status: 2
  Parse errors: No plan found in TAP output
t/ffi_platypus_function_wrapper.t      (Wstat: 512 (exited 2) Tests: 0 Failed: 0)
  Non-zero exit status: 2
  Parse errors: No plan found in TAP output
t/ffi_platypus_internal.t              (Wstat: 512 (exited 2) Tests: 0 Failed: 0)
  Non-zero exit status: 2
  Parse errors: No plan found in TAP output
t/ffi_platypus_lang.t                  (Wstat: 512 (exited 2) Tests: 0 Failed: 0)
  Non-zero exit status: 2
  Parse errors: No plan found in TAP output
t/ffi_platypus_lang_asm.t              (Wstat: 512 (exited 2) Tests: 0 Failed: 0)
  Non-zero exit status: 2
  Parse errors: No plan found in TAP output
t/ffi_platypus_lang_c.t                (Wstat: 512 (exited 2) Tests: 0 Failed: 0)
  Non-zero exit status: 2
  Parse errors: No plan found in TAP output
t/ffi_platypus_lang_win32.t            (Wstat: 512 (exited 2) Tests: 0 Failed: 0)
  Non-zero exit status: 2
  Parse errors: No plan found in TAP output
t/ffi_platypus_legacy.t                (Wstat: 512 (exited 2) Tests: 0 Failed: 0)
  Non-zero exit status: 2
  Parse errors: No plan found in TAP output
t/ffi_platypus_memory.t                (Wstat: 512 (exited 2) Tests: 0 Failed: 0)
  Non-zero exit status: 2
  Parse errors: No plan found in TAP output
t/ffi_platypus_record.t                (Wstat: 512 (exited 2) Tests: 0 Failed: 0)
  Non-zero exit status: 2
  Parse errors: No plan found in TAP output
t/ffi_platypus_record_meta.t           (Wstat: 512 (exited 2) Tests: 0 Failed: 0)
  Non-zero exit status: 2
  Parse errors: No plan found in TAP output
t/ffi_platypus_record_tiearray.t       (Wstat: 512 (exited 2) Tests: 0 Failed: 0)
  Non-zero exit status: 2
  Parse errors: No plan found in TAP output
t/ffi_platypus_type.t                  (Wstat: 512 (exited 2) Tests: 0 Failed: 0)
  Non-zero exit status: 2
  Parse errors: No plan found in TAP output
t/ffi_platypus_type_pointersizebuffer.t (Wstat: 512 (exited 2) Tests: 0 Failed: 0)
  Non-zero exit status: 2
  Parse errors: No plan found in TAP output
t/ffi_platypus_type_stringarray.t      (Wstat: 512 (exited 2) Tests: 0 Failed: 0)
  Non-zero exit status: 2
  Parse errors: No plan found in TAP output
t/ffi_platypus_type_stringpointer.t    (Wstat: 512 (exited 2) Tests: 0 Failed: 0)
  Non-zero exit status: 2
  Parse errors: No plan found in TAP output
t/ffi_platypus_type_widestring.t       (Wstat: 512 (exited 2) Tests: 0 Failed: 0)
  Non-zero exit status: 2
  Parse errors: No plan found in TAP output
t/ffi_platypus_typeparser.t            (Wstat: 512 (exited 2) Tests: 0 Failed: 0)
  Non-zero exit status: 2
  Parse errors: No plan found in TAP output
t/ffi_platypus_typeparser_version0.t   (Wstat: 512 (exited 2) Tests: 0 Failed: 0)
  Non-zero exit status: 2
  Parse errors: No plan found in TAP output
t/ffi_platypus_typeparser_version1.t   (Wstat: 512 (exited 2) Tests: 0 Failed: 0)
  Non-zero exit status: 2
  Parse errors: No plan found in TAP output
t/ffi_platypus_typeparser_version2.t   (Wstat: 512 (exited 2) Tests: 0 Failed: 0)
  Non-zero exit status: 2
  Parse errors: No plan found in TAP output
t/forks.t                              (Wstat: 512 (exited 2) Tests: 0 Failed: 0)
  Non-zero exit status: 2
  Parse errors: No plan found in TAP output
t/gh117.t                              (Wstat: 512 (exited 2) Tests: 0 Failed: 0)
  Non-zero exit status: 2
  Parse errors: No plan found in TAP output
t/gh129.t                              (Wstat: 512 (exited 2) Tests: 0 Failed: 0)
  Non-zero exit status: 2
  Parse errors: No plan found in TAP output
t/gh323.t                              (Wstat: 512 (exited 2) Tests: 0 Failed: 0)
  Non-zero exit status: 2
  Parse errors: No plan found in TAP output
t/threads.t                            (Wstat: 512 (exited 2) Tests: 0 Failed: 0)
  Non-zero exit status: 2
  Parse errors: No plan found in TAP output
t/type_complex_double.t                (Wstat: 512 (exited 2) Tests: 0 Failed: 0)
  Non-zero exit status: 2
  Parse errors: No plan found in TAP output
t/type_complex_float.t                 (Wstat: 512 (exited 2) Tests: 0 Failed: 0)
  Non-zero exit status: 2
  Parse errors: No plan found in TAP output
t/type_custom.t                        (Wstat: 512 (exited 2) Tests: 0 Failed: 0)
  Non-zero exit status: 2
  Parse errors: No plan found in TAP output
t/type_double.t                        (Wstat: 512 (exited 2) Tests: 0 Failed: 0)
  Non-zero exit status: 2
  Parse errors: No plan found in TAP output
t/type_float.t                         (Wstat: 512 (exited 2) Tests: 0 Failed: 0)
  Non-zero exit status: 2
  Parse errors: No plan found in TAP output
t/type_longdouble.t                    (Wstat: 512 (exited 2) Tests: 0 Failed: 0)
  Non-zero exit status: 2
  Parse errors: No plan found in TAP output
t/type_longdouble__array.t             (Wstat: 512 (exited 2) Tests: 0 Failed: 0)
  Non-zero exit status: 2
  Parse errors: No plan found in TAP output
t/type_longdouble__hide.t              (Wstat: 512 (exited 2) Tests: 0 Failed: 0)
  Non-zero exit status: 2
  Parse errors: No plan found in TAP output
t/type_longdouble__ptr.t               (Wstat: 512 (exited 2) Tests: 0 Failed: 0)
  Non-zero exit status: 2
  Parse errors: No plan found in TAP output
t/type_opaque.t                        (Wstat: 512 (exited 2) Tests: 0 Failed: 0)
  Non-zero exit status: 2
  Parse errors: No plan found in TAP output
t/type_record.t                        (Wstat: 512 (exited 2) Tests: 0 Failed: 0)
  Non-zero exit status: 2
  Parse errors: No plan found in TAP output
t/type_record_value.t                  (Wstat: 512 (exited 2) Tests: 0 Failed: 0)
  Non-zero exit status: 2
  Parse errors: No plan found in TAP output
t/type_sint16.t                        (Wstat: 512 (exited 2) Tests: 0 Failed: 0)
  Non-zero exit status: 2
  Parse errors: No plan found in TAP output
t/type_sint32.t                        (Wstat: 512 (exited 2) Tests: 0 Failed: 0)
  Non-zero exit status: 2
  Parse errors: No plan found in TAP output
t/type_sint64.t                        (Wstat: 512 (exited 2) Tests: 0 Failed: 0)
  Non-zero exit status: 2
  Parse errors: No plan found in TAP output
t/type_sint8.t                         (Wstat: 512 (exited 2) Tests: 0 Failed: 0)
  Non-zero exit status: 2
  Parse errors: No plan found in TAP output
t/type_string.t                        (Wstat: 512 (exited 2) Tests: 0 Failed: 0)
  Non-zero exit status: 2
  Parse errors: No plan found in TAP output
t/type_uint16.t                        (Wstat: 512 (exited 2) Tests: 0 Failed: 0)
  Non-zero exit status: 2
  Parse errors: No plan found in TAP output
t/type_uint32.t                        (Wstat: 512 (exited 2) Tests: 0 Failed: 0)
  Non-zero exit status: 2
  Parse errors: No plan found in TAP output
t/type_uint64.t                        (Wstat: 512 (exited 2) Tests: 0 Failed: 0)
  Non-zero exit status: 2
  Parse errors: No plan found in TAP output
t/type_uint8.t                         (Wstat: 512 (exited 2) Tests: 0 Failed: 0)
  Non-zero exit status: 2
  Parse errors: No plan found in TAP output
Files=72, Tests=46, 21 wallclock secs ( 0.08 usr  0.10 sys +  5.28 cusr  2.22 csys =  7.68 CPU)
Result: FAIL
Failed 54/72 test programs. 0/46 subtests failed.
make: *** [test_dynamic] Error 2

------------------------------
PREREQUISITES
------------------------------

Prerequisite modules loaded:

requires:

    Module                Need     Have    
    --------------------- -------- --------
    autodie               0        2.37    
    Capture::Tiny         0        0.48    
    constant              1.32     1.33    
    ExtUtils::MakeMaker   7.12     7.70    
    FFI::CheckLib         0.05     0.31    
    File::Spec::Functions 0        3.80    
    IPC::Cmd              0        1.04    
    JSON::PP              0        4.06    
    List::Util            1.45     1.63    
    parent                0        0.241   
    perl                  5.008004 5.034001

build_requires:

    Module                Need     Have    
    --------------------- -------- --------
    Capture::Tiny         0        0.48    
    ExtUtils::CBuilder    0        0.280236
    Test2::API            1.302015 1.302198
    Test2::V0             0.000121 0.000138

configure_requires:

    Module                Need     Have    
    --------------------- -------- --------
    Capture::Tiny         0        0.48    
    ExtUtils::MakeMaker   7.12     7.70    
    ExtUtils::ParseXS     3.30     3.43    
    IPC::Cmd              0        1.04    
    JSON::PP              0        4.06    
    parent                0        0.241   
    perl                  5.006    5.034001


------------------------------
ENVIRONMENT AND OTHER CONTEXT
------------------------------

Environment variables:

    LC_CTYPE = UTF-8
    PATH = /usr/local/bin:/System/Cryptexes/App/usr/bin:/usr/bin:/bin:/usr/sbin:/sbin:/var/run/com.apple.security.cryptexd/codex.system/bootstrap/usr/local/bin:/var/run/com.apple.security.cryptexd/codex.system/bootstrap/usr/bin:/var/run/com.apple.security.cryptexd/codex.system/bootstrap/usr/appleinternal/bin:/opt/X11/bin:/Library/Apple/usr/bin:/usr/local/MacGPG2/bin
    PERL5LIB = 
    PERL5OPT = 
    PERL5_CPANPLUS_IS_RUNNING = 32442
    PERL5_CPAN_IS_RUNNING = 32442
    PERL_USE_UNSAFE_INC = 1
    SHELL = /bin/bash
    TERM = xterm-256color
    TMPDIR = /var/folders/hx/26hh2yhs7tq_qq03g1d2vff80000gp/T/

Perl special variables (and OS-specific diagnostics, for MSWin32):

    $^X = /usr/bin/perl
    $UID/$EUID = 502 / 502
    $GID = 20 20 12 61 79 80 81 98 702 701 33 100 204 250 395 398 399 400
    $EGID = 20 20 12 61 79 80 81 98 702 701 33 100 204 250 395 398 399 400

Perl module toolchain versions installed:

    Module              Have    
    ------------------- --------
    CPAN                2.28    
    CPAN::Meta          2.150010
    Cwd                 3.80    
    ExtUtils::CBuilder  0.280236
    ExtUtils::Command   7.70    
    ExtUtils::Install   2.20    
    ExtUtils::MakeMaker 7.70    
    ExtUtils::Manifest  1.73    
    ExtUtils::ParseXS   3.43    
    File::Spec          3.80    
    JSON                4.02    
    JSON::PP            4.06    
    Module::Build       0.4234  
    Module::Signature   0.88    
    Parse::CPAN::Meta   2.150010
    Test2               1.302198
    Test::Harness       3.48    
    Test::More          1.302198
    YAML                1.31    
    YAML::Syck          1.32    
    version             0.9932  


--

Summary of my perl5 (revision 5 version 34 subversion 1) configuration:
   
  Platform:
    osname=darwin
    osvers=23.0
    archname=darwin-thread-multi-2level
    uname='darwin svjpp.p1s.plx.sd.apple.com 23.0 darwin kernel version 22.1.0: thu dec 15 17:42:24 pst 2022; root:xnu-8792.41.9.100.2~1development_x86_64 x86_64 '
    config_args='-ds -e -Dprefix=/usr -Dccflags=-g  -pipe  -Dldflags= -Dman3ext=3pm -Duseithreads -Duseshrplib -Dinc_version_list=none -Dcc=cc'
    hint=recommended
    useposix=true
    d_sigaction=define
    useithreads=define
    usemultiplicity=define
    use64bitint=define
    use64bitall=define
    uselongdouble=undef
    usemymalloc=n
    default_inc_excludes_dot=define
  Compiler:
    cc='cc'
    ccflags =' -g -pipe -fno-strict-aliasing -fstack-protector-strong -DPERL_USE_SAFE_PUTENV'
    optimize='-Os'
    cppflags='-g -pipe -fno-strict-aliasing -fstack-protector-strong'
    ccversion=''
    gccversion='Apple LLVM 15.0.0 (clang-1500.3.9.1) [+internal-os]'
    gccosandvers=''
    intsize=4
    longsize=8
    ptrsize=8
    doublesize=8
    byteorder=12345678
    doublekind=3
    d_longlong=define
    longlongsize=8
    d_longdbl=define
    longdblsize=16
    longdblkind=3
    ivtype='long'
    ivsize=8
    nvtype='double'
    nvsize=8
    Off_t='off_t'
    lseeksize=8
    alignbytes=8
    prototype=define
  Linker and Libraries:
    ld='cc'
    ldflags =' -fstack-protector-strong'
    libpth=/AppleInternal/Library/BuildRoots/91a344b1-f985-11ee-b563-fe8bc7981bff/Applications/Xcode.app/Contents/Developer/Platforms/MacOSX.platform/Developer/SDKs/MacOSX14.5.Internal.sdk/usr/local/lib /AppleInternal/Library/BuildRoots/91a344b1-f985-11ee-b563-fe8bc7981bff/Applications/Xcode.app/Contents/Developer/Toolchains/OSX14.5.xctoolchain/usr/lib/clang/15.0.0/lib /AppleInternal/Library/BuildRoots/91a344b1-f985-11ee-b563-fe8bc7981bff/Applications/Xcode.app/Contents/Developer/Platforms/MacOSX.platform/Developer/SDKs/MacOSX14.5.Internal.sdk/usr/lib /AppleInternal/Library/BuildRoots/91a344b1-f985-11ee-b563-fe8bc7981bff/Applications/Xcode.app/Contents/Developer/Toolchains/XcodeDefault.xctoolchain/usr/lib /usr/lib /usr/local/lib
    libs= 
    perllibs=
    libc=
    so=dylib
    useshrplib=true
    libperl=libperl.dylib
    gnulibc_version=''
  Dynamic Linking:
    dlsrc=dl_dlopen.xs
    dlext=bundle
    d_dlsymun=undef
    ccdlflags=' '
    cccdlflags=' '
    lddlflags=' -bundle -undefined dynamic_lookup -fstack-protector-strong'


Characteristics of this binary (from libperl): 
  Compile-time options:
    HAS_TIMES
    MULTIPLICITY
    PERLIO_LAYERS
    PERL_COPY_ON_WRITE
    PERL_DONT_CREATE_GVSV
    PERL_IMPLICIT_CONTEXT
    PERL_MALLOC_WRAP
    PERL_OP_PARENT
    PERL_PRESERVE_IVUV
    PERL_USE_SAFE_PUTENV
    USE_64_BIT_ALL
    USE_64_BIT_INT
    USE_ITHREADS
    USE_LARGE_FILES
    USE_LOCALE
    USE_LOCALE_COLLATE
    USE_LOCALE_CTYPE
    USE_LOCALE_NUMERIC
    USE_LOCALE_TIME
    USE_PERLIO
    USE_PERL_ATOF
    USE_REENTRANT_API
    USE_THREAD_SAFE_LOCALE
  Locally applied patches:
    /Library/Perl/Updates/<version> comes before system perl directories
    installprivlib and installarchlib points to the Updates directory
  Built under darwin
  Compiled at Apr 13 2024 07:30:55
  %ENV:
    PERL5LIB=""
    PERL5OPT=""
    PERL5_CPANPLUS_IS_RUNNING="32442"
    PERL5_CPAN_IS_RUNNING="32442"
    PERL_USE_UNSAFE_INC="1"
  @INC:
    /Library/Perl/5.34/darwin-thread-multi-2level
    /Library/Perl/5.34
    /Network/Library/Perl/5.34/darwin-thread-multi-2level
    /Network/Library/Perl/5.34
    /Library/Perl/Updates/5.34.1/darwin-thread-multi-2level
    /Library/Perl/Updates/5.34.1
    /System/Library/Perl/5.34/darwin-thread-multi-2level
    /System/Library/Perl/5.34
    /System/Library/Perl/Extras/5.34/darwin-thread-multi-2level
    /System/Library/Perl/Extras/5.34
    .