App-perlimports v0.000048 Perl 5 v5.37.4 darwin-2level

Status
Na
From
David Cantrell (DCANTRELL)
Dist
App-perlimports v0.000048
Platform
Perl 5 v5.37.4 darwin-2level
Date
2022-09-14 09:00:19
ID
a8a0a8d0-340b-11ed-90af-902c6ffda8b9
This distribution has been tested as part of the CPAN Testers
project, supporting the Perl programming language.  See
http://wiki.cpantesters.org/ for more information or email
questions to cpan-testers-discuss@perl.org


--
Dear Olaf Alders,

This is a computer-generated report for App-perlimports-0.000048
on perl 5.37.4, created by CPAN-Reporter-1.2018.

Thank you for uploading your work to CPAN.  While attempting to build or test
this distribution, the distribution signaled that support is not available
either for this operating system or this version of Perl.  Nevertheless, any
diagnostic output produced is provided below for reference.  If this is not
what you expect, you may wish to consult the CPAN Testers Wiki:

http://wiki.cpantesters.org/wiki/CPANAuthorNotes

Sections of this report:

    * Tester comments
    * Program output
    * Prerequisites
    * Environment and other context

------------------------------
TESTER COMMENTS
------------------------------

Additional comments from tester:

this report is from an automated smoke testing program
and was not reviewed by a human for accuracy

------------------------------
PROGRAM OUTPUT
------------------------------

Output from '/usr/bin/make test':

PERL_DL_NONLAZY=1 "/Users/cpantesting/cpantesting/perl-blead/bin/perl5.37.4" "-MExtUtils::Command::MM" "-MTest::Harness" "-e" "undef *Test::Harness::Switches; test_harness(0, 'blib/lib', 'blib/arch')" t/*.t t/ExportInspector/*.t t/cpan-modules/*.t
# 
# Versions for all modules listed in MYMETA.json (including optional ones):
# 
# === Configure Requires ===
# 
#     Module              Want Have
#     ------------------- ---- ----
#     ExtUtils::MakeMaker  any 7.64
# 
# === Build Requires ===
# 
#     Module              Want Have
#     ------------------- ---- ----
#     ExtUtils::MakeMaker  any 7.64
# 
# === Test Requires ===
# 
#     Module                 Want     Have
#     ---------------------- ---- --------
#     DDP                     any    undef
#     ExtUtils::MakeMaker     any     7.64
#     File::Spec              any     3.87
#     File::pushd             any    1.016
#     Log::Dispatch::Array    any  missing
#     PPI::Dumper             any    1.276
#     Sub::Exporter           any    0.988
#     Test::Differences       any     0.69
#     Test::Fatal             any    0.016
#     Test::More              any 1.302191
#     Test::Needs             any 0.002009
#     Test::RequiresInternet  any     0.05
#     Test::Script           1.29     1.29
#     Test::Warnings          any    0.031
#     lib                     any     0.65
# 
# === Test Recommends ===
# 
#     Module         Want     Have
#     ---------- -------- --------
#     CPAN::Meta 2.120900 2.150010
# 
# === Runtime Requires ===
# 
#     Module                           Want     Have
#     ---------------------------- -------- --------
#     Capture::Tiny                     any     0.48
#     Class::Inspector                 1.36     1.36
#     Data::Dumper                      any    2.186
#     Data::UUID                        any    1.226
#     File::Basename                    any     2.86
#     File::XDG                        1.01     1.02
#     Getopt::Long::Descriptive         any    0.110
#     List::Util                        any     1.63
#     Log::Dispatch                    2.70  missing
#     Memoize                           any     1.10
#     Module::Runtime                   any    0.016
#     Moo                               any 2.005004
#     Moo::Role                         any 2.005004
#     MooX::StrictConstructor           any    0.011
#     PPI                             1.276    1.276
#     PPI::Document                     any    1.276
#     PPIx::Utils::Classification       any    0.003
#     Path::Iterator::Rule              any    1.015
#     Path::Tiny                        any    0.124
#     Perl::Tidy                   20220613 20220613
#     Pod::Usage                        any     2.03
#     Ref::Util                         any    0.204
#     Sereal::Decoder                   any    5.001
#     Sereal::Encoder                   any    5.001
#     Sub::HandlesVia                   any    0.036
#     Symbol::Get                      0.10     0.10
#     TOML::Tiny                        any  missing
#     Text::Diff                        any     1.45
#     Text::SimpleTable::AutoWidth      any     0.09
#     Try::Tiny                         any     0.31
#     Types::Standard                   any 1.016010
#     feature                           any     1.76
#     strict                            any     1.12
#     utf8                              any     1.24
#     warnings                          any     1.58
# 
# 
# *** WARNING WARNING WARNING WARNING WARNING WARNING WARNING WARNING ***
# 
# The following REQUIRED prerequisites were not satisfied:
# 
# Log::Dispatch::Array is not installed (any version required)
# Log::Dispatch is not installed (version '2.70' required)
# TOML::Tiny is not installed (any version required)
# 
t/00-report-prereqs.t ............ ok
t/after.t ........................ 
No subtests run 
t/annotations.t .................. 
No subtests run 
t/args-in-import.t ............... 
No subtests run 
t/builtin.t ...................... 
No subtests run 
t/carp.t ......................... 
No subtests run 
t/cast-in-regex.t ................ 
No subtests run 
t/cast.t ......................... 
No subtests run 
t/cli-args.t ..................... 
No subtests run 
t/cli.t .......................... 
No subtests run 
t/config-in-import.t ............. 
No subtests run 
t/Config.t ....................... 
No subtests run 
t/cpan-modules/pithub.t .......... 
No subtests run 
t/cpan-modules/test2-v0.t ........ 
No subtests run 
t/datetime.t ..................... 
No subtests run 
t/do-block.t ..................... 
No subtests run 
t/Document.t ..................... 
No subtests run 
t/dump-perl-exports.t ............ skipped: Need Moose
t/dupes.t ........................ 
No subtests run 
t/english.t ...................... 
No subtests run 
t/explodes.t ..................... 
No subtests run 
t/export-tags.t .................. 
No subtests run 
t/exported-variables.t ........... 
No subtests run 
t/ExportInspector/load.t ......... 
No subtests run 
t/ExportInspector/SubExporter.t .. 
No subtests run 
t/find-bin.t ..................... 
No subtests run 
t/fully-qualified.t .............. 
No subtests run 
t/func-in-use.t .................. 
No subtests run 
t/func-in-var.t .................. 
No subtests run 
t/geo-ip.t ....................... 
No subtests run 
t/hash-in-regex.t ................ 
No subtests run 
t/hash-key.t ..................... 
No subtests run 
t/heredoc.t ...................... skipped: Need Perl::Critic::Utils
t/ignored-modules.t .............. 
No subtests run 
t/import-error.t ................. 
No subtests run 
t/interpolation.t ................ 
No subtests run 
t/is-ignored.t ................... 
No subtests run 
t/lookalike-words.t .............. 
No subtests run 
t/memoize.t ...................... 
No subtests run 
t/meta.t ......................... 
No subtests run 
t/method.t ....................... 
No subtests run 
t/missing-semicolon-in-import.t .. 
No subtests run 
t/module-with-inner-packages.t ... 
No subtests run 
t/moo.t .......................... 
No subtests run 
t/moose-types.t .................. 
No subtests run 
t/moose.t ........................ 
No subtests run 
t/moosex-types-moose.t ........... 
No subtests run 
t/nested-quotes.t ................ 
No subtests run 
t/never-exports.t ................ 
No subtests run 
t/original-imports.t ............. 
No subtests run 
t/padding.t ...................... 
No subtests run 
t/perl-imports.t ................. 
No subtests run 
t/perl.t ......................... 
No subtests run 
t/perlimports.t .................. skipped: Need Moose
t/pragma.t ....................... 
No subtests run 
t/preserve-some-padding.t ........ 
No subtests run 
t/preserve-spaces.t .............. 
No subtests run 
t/qualified-bareword.t ........... 
No subtests run 
t/quoted-var.t ................... 
No subtests run 
t/re-export-via-sub-exporter.t ... 
No subtests run 
t/regex-replacement.t ............ 
No subtests run 
t/require.t ...................... 
No subtests run 
t/respace-include.t .............. 
No subtests run 
t/Sandbox.t ...................... 
No subtests run 
t/script-with-inner-packages.t ... 
No subtests run 
t/signatures.t ................... 
No subtests run 
t/skip-all.t ..................... 
No subtests run 
t/socket.t ....................... 
No subtests run 
t/sort-imports.t ................. 
No subtests run 
t/switches-in-import.t ........... 
No subtests run 
t/symbol-as-method-call.t ........ 
No subtests run 
t/symbol-in-export.t ............. 
No subtests run 
t/test-builder.t ................. 
No subtests run 
t/test-most.t .................... 
No subtests run 
t/typeglob.t ..................... 
No subtests run 
t/unnest-quotes.t ................ 
No subtests run 
t/use-and-require.t .............. 
No subtests run 
t/var-in-hash-key.t .............. skipped: Need Perl::Critic::Utils
t/var-in-regex.t ................. 
No subtests run 
t/variable.t ..................... 
No subtests run 
t/warning.t ...................... 
No subtests run 
t/with-version.t ................. 
No subtests run 

Test Summary Report
-------------------
t/after.t                      (Wstat: 11 (Signal: SEGV) Tests: 0 Failed: 0)
  Non-zero wait status: 11
  Parse errors: No plan found in TAP output
t/annotations.t                (Wstat: 11 (Signal: SEGV) Tests: 0 Failed: 0)
  Non-zero wait status: 11
  Parse errors: No plan found in TAP output
t/args-in-import.t             (Wstat: 11 (Signal: SEGV) Tests: 0 Failed: 0)
  Non-zero wait status: 11
  Parse errors: No plan found in TAP output
t/builtin.t                    (Wstat: 11 (Signal: SEGV) Tests: 0 Failed: 0)
  Non-zero wait status: 11
  Parse errors: No plan found in TAP output
t/carp.t                       (Wstat: 11 (Signal: SEGV) Tests: 0 Failed: 0)
  Non-zero wait status: 11
  Parse errors: No plan found in TAP output
t/cast-in-regex.t              (Wstat: 11 (Signal: SEGV) Tests: 0 Failed: 0)
  Non-zero wait status: 11
  Parse errors: No plan found in TAP output
t/cast.t                       (Wstat: 11 (Signal: SEGV) Tests: 0 Failed: 0)
  Non-zero wait status: 11
  Parse errors: No plan found in TAP output
t/cli-args.t                   (Wstat: 11 (Signal: SEGV) Tests: 0 Failed: 0)
  Non-zero wait status: 11
  Parse errors: No plan found in TAP output
t/cli.t                        (Wstat: 11 (Signal: SEGV) Tests: 0 Failed: 0)
  Non-zero wait status: 11
  Parse errors: No plan found in TAP output
t/config-in-import.t           (Wstat: 11 (Signal: SEGV) Tests: 0 Failed: 0)
  Non-zero wait status: 11
  Parse errors: No plan found in TAP output
t/Config.t                     (Wstat: 11 (Signal: SEGV) Tests: 0 Failed: 0)
  Non-zero wait status: 11
  Parse errors: No plan found in TAP output
t/cpan-modules/pithub.t        (Wstat: 11 (Signal: SEGV) Tests: 0 Failed: 0)
  Non-zero wait status: 11
  Parse errors: No plan found in TAP output
t/cpan-modules/test2-v0.t      (Wstat: 11 (Signal: SEGV) Tests: 0 Failed: 0)
  Non-zero wait status: 11
  Parse errors: No plan found in TAP output
t/datetime.t                   (Wstat: 11 (Signal: SEGV) Tests: 0 Failed: 0)
  Non-zero wait status: 11
  Parse errors: No plan found in TAP output
t/do-block.t                   (Wstat: 11 (Signal: SEGV) Tests: 0 Failed: 0)
  Non-zero wait status: 11
  Parse errors: No plan found in TAP output
t/Document.t                   (Wstat: 11 (Signal: SEGV) Tests: 0 Failed: 0)
  Non-zero wait status: 11
  Parse errors: No plan found in TAP output
t/dupes.t                      (Wstat: 11 (Signal: SEGV) Tests: 0 Failed: 0)
  Non-zero wait status: 11
  Parse errors: No plan found in TAP output
t/english.t                    (Wstat: 11 (Signal: SEGV) Tests: 0 Failed: 0)
  Non-zero wait status: 11
  Parse errors: No plan found in TAP output
t/explodes.t                   (Wstat: 11 (Signal: SEGV) Tests: 0 Failed: 0)
  Non-zero wait status: 11
  Parse errors: No plan found in TAP output
t/export-tags.t                (Wstat: 11 (Signal: SEGV) Tests: 0 Failed: 0)
  Non-zero wait status: 11
  Parse errors: No plan found in TAP output
t/exported-variables.t         (Wstat: 11 (Signal: SEGV) Tests: 0 Failed: 0)
  Non-zero wait status: 11
  Parse errors: No plan found in TAP output
t/ExportInspector/load.t       (Wstat: 11 (Signal: SEGV) Tests: 0 Failed: 0)
  Non-zero wait status: 11
  Parse errors: No plan found in TAP output
t/ExportInspector/SubExporter.t (Wstat: 11 (Signal: SEGV) Tests: 0 Failed: 0)
  Non-zero wait status: 11
  Parse errors: No plan found in TAP output
t/find-bin.t                   (Wstat: 11 (Signal: SEGV) Tests: 0 Failed: 0)
  Non-zero wait status: 11
  Parse errors: No plan found in TAP output
t/fully-qualified.t            (Wstat: 11 (Signal: SEGV) Tests: 0 Failed: 0)
  Non-zero wait status: 11
  Parse errors: No plan found in TAP output
t/func-in-use.t                (Wstat: 11 (Signal: SEGV) Tests: 0 Failed: 0)
  Non-zero wait status: 11
  Parse errors: No plan found in TAP output
t/func-in-var.t                (Wstat: 11 (Signal: SEGV) Tests: 0 Failed: 0)
  Non-zero wait status: 11
  Parse errors: No plan found in TAP output
t/geo-ip.t                     (Wstat: 11 (Signal: SEGV) Tests: 0 Failed: 0)
  Non-zero wait status: 11
  Parse errors: No plan found in TAP output
t/hash-in-regex.t              (Wstat: 11 (Signal: SEGV) Tests: 0 Failed: 0)
  Non-zero wait status: 11
  Parse errors: No plan found in TAP output
t/hash-key.t                   (Wstat: 11 (Signal: SEGV) Tests: 0 Failed: 0)
  Non-zero wait status: 11
  Parse errors: No plan found in TAP output
t/ignored-modules.t            (Wstat: 11 (Signal: SEGV) Tests: 0 Failed: 0)
  Non-zero wait status: 11
  Parse errors: No plan found in TAP output
t/import-error.t               (Wstat: 11 (Signal: SEGV) Tests: 0 Failed: 0)
  Non-zero wait status: 11
  Parse errors: No plan found in TAP output
t/interpolation.t              (Wstat: 11 (Signal: SEGV) Tests: 0 Failed: 0)
  Non-zero wait status: 11
  Parse errors: No plan found in TAP output
t/is-ignored.t                 (Wstat: 11 (Signal: SEGV) Tests: 0 Failed: 0)
  Non-zero wait status: 11
  Parse errors: No plan found in TAP output
t/lookalike-words.t            (Wstat: 11 (Signal: SEGV) Tests: 0 Failed: 0)
  Non-zero wait status: 11
  Parse errors: No plan found in TAP output
t/memoize.t                    (Wstat: 11 (Signal: SEGV) Tests: 0 Failed: 0)
  Non-zero wait status: 11
  Parse errors: No plan found in TAP output
t/meta.t                       (Wstat: 11 (Signal: SEGV) Tests: 0 Failed: 0)
  Non-zero wait status: 11
  Parse errors: No plan found in TAP output
t/method.t                     (Wstat: 11 (Signal: SEGV) Tests: 0 Failed: 0)
  Non-zero wait status: 11
  Parse errors: No plan found in TAP output
t/missing-semicolon-in-import.t (Wstat: 11 (Signal: SEGV) Tests: 0 Failed: 0)
  Non-zero wait status: 11
  Parse errors: No plan found in TAP output
t/module-with-inner-packages.t (Wstat: 11 (Signal: SEGV) Tests: 0 Failed: 0)
  Non-zero wait status: 11
  Parse errors: No plan found in TAP output
t/moo.t                        (Wstat: 11 (Signal: SEGV) Tests: 0 Failed: 0)
  Non-zero wait status: 11
  Parse errors: No plan found in TAP output
t/moose-types.t                (Wstat: 11 (Signal: SEGV) Tests: 0 Failed: 0)
  Non-zero wait status: 11
  Parse errors: No plan found in TAP output
t/moose.t                      (Wstat: 11 (Signal: SEGV) Tests: 0 Failed: 0)
  Non-zero wait status: 11
  Parse errors: No plan found in TAP output
t/moosex-types-moose.t         (Wstat: 11 (Signal: SEGV) Tests: 0 Failed: 0)
  Non-zero wait status: 11
  Parse errors: No plan found in TAP output
t/nested-quotes.t              (Wstat: 11 (Signal: SEGV) Tests: 0 Failed: 0)
  Non-zero wait status: 11
  Parse errors: No plan found in TAP output
t/never-exports.t              (Wstat: 11 (Signal: SEGV) Tests: 0 Failed: 0)
  Non-zero wait status: 11
  Parse errors: No plan found in TAP output
t/original-imports.t           (Wstat: 11 (Signal: SEGV) Tests: 0 Failed: 0)
  Non-zero wait status: 11
  Parse errors: No plan found in TAP output
t/padding.t                    (Wstat: 11 (Signal: SEGV) Tests: 0 Failed: 0)
  Non-zero wait status: 11
  Parse errors: No plan found in TAP output
t/perl-imports.t               (Wstat: 11 (Signal: SEGV) Tests: 0 Failed: 0)
  Non-zero wait status: 11
  Parse errors: No plan found in TAP output
t/perl.t                       (Wstat: 11 (Signal: SEGV) Tests: 0 Failed: 0)
  Non-zero wait status: 11
  Parse errors: No plan found in TAP output
t/pragma.t                     (Wstat: 11 (Signal: SEGV) Tests: 0 Failed: 0)
  Non-zero wait status: 11
  Parse errors: No plan found in TAP output
t/preserve-some-padding.t      (Wstat: 11 (Signal: SEGV) Tests: 0 Failed: 0)
  Non-zero wait status: 11
  Parse errors: No plan found in TAP output
t/preserve-spaces.t            (Wstat: 11 (Signal: SEGV) Tests: 0 Failed: 0)
  Non-zero wait status: 11
  Parse errors: No plan found in TAP output
t/qualified-bareword.t         (Wstat: 11 (Signal: SEGV) Tests: 0 Failed: 0)
  Non-zero wait status: 11
  Parse errors: No plan found in TAP output
t/quoted-var.t                 (Wstat: 11 (Signal: SEGV) Tests: 0 Failed: 0)
  Non-zero wait status: 11
  Parse errors: No plan found in TAP output
t/re-export-via-sub-exporter.t (Wstat: 11 (Signal: SEGV) Tests: 0 Failed: 0)
  Non-zero wait status: 11
  Parse errors: No plan found in TAP output
t/regex-replacement.t          (Wstat: 11 (Signal: SEGV) Tests: 0 Failed: 0)
  Non-zero wait status: 11
  Parse errors: No plan found in TAP output
t/require.t                    (Wstat: 11 (Signal: SEGV) Tests: 0 Failed: 0)
  Non-zero wait status: 11
  Parse errors: No plan found in TAP output
t/respace-include.t            (Wstat: 11 (Signal: SEGV) Tests: 0 Failed: 0)
  Non-zero wait status: 11
  Parse errors: No plan found in TAP output
t/Sandbox.t                    (Wstat: 11 (Signal: SEGV) Tests: 0 Failed: 0)
  Non-zero wait status: 11
  Parse errors: No plan found in TAP output
t/script-with-inner-packages.t (Wstat: 11 (Signal: SEGV) Tests: 0 Failed: 0)
  Non-zero wait status: 11
  Parse errors: No plan found in TAP output
t/signatures.t                 (Wstat: 11 (Signal: SEGV) Tests: 0 Failed: 0)
  Non-zero wait status: 11
  Parse errors: No plan found in TAP output
t/skip-all.t                   (Wstat: 11 (Signal: SEGV) Tests: 0 Failed: 0)
  Non-zero wait status: 11
  Parse errors: No plan found in TAP output
t/socket.t                     (Wstat: 11 (Signal: SEGV) Tests: 0 Failed: 0)
  Non-zero wait status: 11
  Parse errors: No plan found in TAP output
t/sort-imports.t               (Wstat: 11 (Signal: SEGV) Tests: 0 Failed: 0)
  Non-zero wait status: 11
  Parse errors: No plan found in TAP output
t/switches-in-import.t         (Wstat: 11 (Signal: SEGV) Tests: 0 Failed: 0)
  Non-zero wait status: 11
  Parse errors: No plan found in TAP output
t/symbol-as-method-call.t      (Wstat: 11 (Signal: SEGV) Tests: 0 Failed: 0)
  Non-zero wait status: 11
  Parse errors: No plan found in TAP output
t/symbol-in-export.t           (Wstat: 11 (Signal: SEGV) Tests: 0 Failed: 0)
  Non-zero wait status: 11
  Parse errors: No plan found in TAP output
t/test-builder.t               (Wstat: 11 (Signal: SEGV) Tests: 0 Failed: 0)
  Non-zero wait status: 11
  Parse errors: No plan found in TAP output
t/test-most.t                  (Wstat: 11 (Signal: SEGV) Tests: 0 Failed: 0)
  Non-zero wait status: 11
  Parse errors: No plan found in TAP output
t/typeglob.t                   (Wstat: 11 (Signal: SEGV) Tests: 0 Failed: 0)
  Non-zero wait status: 11
  Parse errors: No plan found in TAP output
t/unnest-quotes.t              (Wstat: 11 (Signal: SEGV) Tests: 0 Failed: 0)
  Non-zero wait status: 11
  Parse errors: No plan found in TAP output
t/use-and-require.t            (Wstat: 11 (Signal: SEGV) Tests: 0 Failed: 0)
  Non-zero wait status: 11
  Parse errors: No plan found in TAP output
t/var-in-regex.t               (Wstat: 11 (Signal: SEGV) Tests: 0 Failed: 0)
  Non-zero wait status: 11
  Parse errors: No plan found in TAP output
t/variable.t                   (Wstat: 11 (Signal: SEGV) Tests: 0 Failed: 0)
  Non-zero wait status: 11
  Parse errors: No plan found in TAP output
t/warning.t                    (Wstat: 11 (Signal: SEGV) Tests: 0 Failed: 0)
  Non-zero wait status: 11
  Parse errors: No plan found in TAP output
t/with-version.t               (Wstat: 11 (Signal: SEGV) Tests: 0 Failed: 0)
  Non-zero wait status: 11
  Parse errors: No plan found in TAP output
Files=82, Tests=1, 13 wallclock secs ( 0.27 usr  0.29 sys + 10.80 cusr  1.67 csys = 13.03 CPU)
Result: FAIL
Failed 77/82 test programs. 0/1 subtests failed.
make: *** [test_dynamic] Error 255

------------------------------
PREREQUISITES
------------------------------

Prerequisite modules loaded:

requires:

    Module                       Need     Have    
    ---------------------------- -------- --------
  ! Capture::Tiny                0                
  ! Class::Inspector             1.36             
  ! Data::Dumper                 0                
  ! Data::UUID                   0                
  ! feature                      0                
  ! File::Basename               0                
  ! File::XDG                    1.01             
  ! Getopt::Long::Descriptive    0                
  ! List::Util                   0                
  ! Log::Dispatch                2.70             
  ! Memoize                      0                
  ! Module::Runtime              0                
  ! Moo                          0                
  ! Moo::Role                    0                
  ! MooX::StrictConstructor      0                
  ! Path::Iterator::Rule         0                
  ! Path::Tiny                   0                
  ! perl                         5.018000         
  ! Perl::Tidy                   20220613         
  ! Pod::Usage                   0                
  ! PPI                          1.276            
  ! PPI::Document                0                
  ! PPIx::Utils::Classification  0                
  ! Ref::Util                    0                
  ! Sereal::Decoder              0                
  ! Sereal::Encoder              0                
  ! strict                       0                
  ! Sub::HandlesVia              0                
  ! Symbol::Get                  0.10             
  ! Text::Diff                   0                
  ! Text::SimpleTable::AutoWidth 0                
  ! TOML::Tiny                   0                
  ! Try::Tiny                    0                
  ! Types::Standard              0                
  ! utf8                         0                
  ! warnings                     0                

build_requires:

    Module                       Need     Have    
    ---------------------------- -------- --------
    DDP                          0        1.000004
    ExtUtils::MakeMaker          0        7.64    
    File::pushd                  0        1.016   
    File::Spec                   0        3.87    
    lib                          0        0.65    
  ! Log::Dispatch::Array         0        n/a     
    PPI::Dumper                  0        1.276   
    Sub::Exporter                0        0.988   
    Test::Differences            0        0.69    
    Test::Fatal                  0        0.016   
    Test::More                   0        1.302191
    Test::Needs                  0        0.002009
    Test::RequiresInternet       0        0.05    
    Test::Script                 1.29     1.29    
    Test::Warnings               0        0.031   

configure_requires:

    Module                       Need     Have    
    ---------------------------- -------- --------
    ExtUtils::MakeMaker          0        7.64    
    perl                         v5.10.0  5.037004

opt_build_requires:

    Module                       Need     Have    
    ---------------------------- -------- --------
    CPAN::Meta                   2.120900 2.150010


------------------------------
ENVIRONMENT AND OTHER CONTEXT
------------------------------

Environment variables:

    AUTOMATED_TESTING = 1
    NONINTERACTIVE_TESTING = 1
    PATH = /Users/cpantesting/perl5/perlbrew/bin:/Users/cpantesting/perl5/perlbrew/perls/perl-5.32.0/bin:/usr/local/bin:/usr/bin:/bin:/usr/sbin:/sbin:/Library/Apple/usr/bin
    PERL = blead
    PERL5LIB = 
    PERL5OPT = 
    PERL5_CPANPLUS_IS_RUNNING = 19395
    PERL5_CPAN_IS_RUNNING = 19395
    PERLBREW_HOME = /Users/cpantesting/.perlbrew
    PERLBREW_MANPATH = /Users/cpantesting/perl5/perlbrew/perls/perl-5.32.0/man
    PERLBREW_PATH = /Users/cpantesting/perl5/perlbrew/bin:/Users/cpantesting/perl5/perlbrew/perls/perl-5.32.0/bin
    PERLBREW_PERL = perl-5.32.0
    PERLBREW_ROOT = /Users/cpantesting/perl5/perlbrew
    PERLBREW_SHELLRC_VERSION = 0.94
    PERLBREW_VERSION = 0.94
    PERLVER = blead
    PERL_INLINE_DIRECTORY = /Users/cpantesting/.Inline-blead
    PERL_MM_USE_DEFAULT = 1
    PERL_USE_UNSAFE_INC = 0
    SHELL = /bin/bash
    TERM = screen

Perl special variables (and OS-specific diagnostics, for MSWin32):

    $^X = /Users/cpantesting/cpantesting/perl-blead/bin/perl5.37.4
    $UID/$EUID = 503 / 503
    $GID = 20 20 12 61 703 702 701 100
    $EGID = 20 20 12 61 703 702 701 100

Perl module toolchain versions installed:

    Module              Have    
    ------------------- --------
    CPAN                2.34    
    CPAN::Meta          2.150010
    Cwd                 3.86    
    ExtUtils::CBuilder  0.280237
    ExtUtils::Command   7.64    
    ExtUtils::Install   2.20    
    ExtUtils::MakeMaker 7.64    
    ExtUtils::Manifest  1.73    
    ExtUtils::ParseXS   3.46    
    File::Spec          3.87    
    JSON                4.09    
    JSON::PP            4.11    
    Module::Build       0.4231  
    Module::Signature   n/a     
    Parse::CPAN::Meta   2.150010
    Test::Harness       3.44    
    Test::More          1.302191
    YAML                n/a     
    YAML::Syck          n/a     
    version             0.9929  


--

Summary of my perl5 (revision 5 version 37 subversion 4) configuration:
  Commit id: a760196638a4338f0a19155c78b1011e58784d8b
  Platform:
    osname=darwin
    osvers=21.6.0
    archname=darwin-2level
    uname='darwin harrow.local 21.6.0 darwin kernel version 21.6.0: sat jun 18 17:07:25 pdt 2022; root:xnu-8020.140.41~1release_x86_64 x86_64 '
    config_args='-de -Dprefix=/Users/cpantesting/cpantesting/perl-blead -Dusedevel'
    hint=recommended
    useposix=true
    d_sigaction=define
    useithreads=undef
    usemultiplicity=undef
    use64bitint=define
    use64bitall=define
    uselongdouble=undef
    usemymalloc=n
    default_inc_excludes_dot=define
  Compiler:
    cc='cc'
    ccflags ='-fno-common -DPERL_DARWIN -mmacosx-version-min=12.5 -fno-strict-aliasing -pipe -fstack-protector-strong -I/usr/local/include'
    optimize='-O3'
    cppflags='-fno-common -DPERL_DARWIN -mmacosx-version-min=12.5 -fno-strict-aliasing -pipe -fstack-protector-strong -I/usr/local/include'
    ccversion=''
    gccversion='Apple LLVM 13.1.6 (clang-1316.0.21.2.5)'
    gccosandvers=''
    intsize=4
    longsize=8
    ptrsize=8
    doublesize=8
    byteorder=12345678
    doublekind=3
    d_longlong=define
    longlongsize=8
    d_longdbl=define
    longdblsize=16
    longdblkind=3
    ivtype='long'
    ivsize=8
    nvtype='double'
    nvsize=8
    Off_t='off_t'
    lseeksize=8
    alignbytes=8
    prototype=define
  Linker and Libraries:
    ld='cc'
    ldflags =' -mmacosx-version-min=12.5 -fstack-protector-strong -L/usr/local/lib'
    libpth=/usr/local/lib /Applications/Xcode.app/Contents/Developer/Toolchains/XcodeDefault.xctoolchain/usr/lib/clang/13.1.6/lib /Applications/Xcode.app/Contents/Developer/Platforms/MacOSX.platform/Developer/SDKs/MacOSX.sdk/usr/lib /Applications/Xcode.app/Contents/Developer/Toolchains/XcodeDefault.xctoolchain/usr/lib /usr/lib
    libs=-lgdbm
    perllibs=
    libc=
    so=dylib
    useshrplib=false
    libperl=libperl.a
    gnulibc_version=''
  Dynamic Linking:
    dlsrc=dl_dlopen.xs
    dlext=bundle
    d_dlsymun=undef
    ccdlflags=' '
    cccdlflags=' '
    lddlflags=' -mmacosx-version-min=12.5 -bundle -undefined dynamic_lookup -L/usr/local/lib -fstack-protector-strong'


Characteristics of this binary (from libperl): 
  Compile-time options:
    HAS_TIMES
    PERLIO_LAYERS
    PERL_COPY_ON_WRITE
    PERL_DONT_CREATE_GVSV
    PERL_HASH_FUNC_SIPHASH13
    PERL_HASH_USE_SBOX32
    PERL_MALLOC_WRAP
    PERL_OP_PARENT
    PERL_PRESERVE_IVUV
    PERL_USE_DEVEL
    PERL_USE_SAFE_PUTENV
    USE_64_BIT_ALL
    USE_64_BIT_INT
    USE_LARGE_FILES
    USE_LOCALE
    USE_LOCALE_COLLATE
    USE_LOCALE_CTYPE
    USE_LOCALE_NUMERIC
    USE_LOCALE_TIME
    USE_PERLIO
    USE_PERL_ATOF
  Built under darwin
  Compiled at Sep 10 2022 20:23:45
  %ENV:
    PERL="blead"
    PERL5LIB=""
    PERL5OPT=""
    PERL5_CPANPLUS_IS_RUNNING="19395"
    PERL5_CPAN_IS_RUNNING="19395"
    PERLBREW_HOME="/Users/cpantesting/.perlbrew"
    PERLBREW_MANPATH="/Users/cpantesting/perl5/perlbrew/perls/perl-5.32.0/man"
    PERLBREW_PATH="/Users/cpantesting/perl5/perlbrew/bin:/Users/cpantesting/perl5/perlbrew/perls/perl-5.32.0/bin"
    PERLBREW_PERL="perl-5.32.0"
    PERLBREW_ROOT="/Users/cpantesting/perl5/perlbrew"
    PERLBREW_SHELLRC_VERSION="0.94"
    PERLBREW_VERSION="0.94"
    PERLVER="blead"
    PERL_INLINE_DIRECTORY="/Users/cpantesting/.Inline-blead"
    PERL_MM_USE_DEFAULT="1"
    PERL_USE_UNSAFE_INC="0"
  @INC:
    /Users/cpantesting/cpantesting/perl-blead/lib/site_perl/5.37.4/darwin-2level
    /Users/cpantesting/cpantesting/perl-blead/lib/site_perl/5.37.4
    /Users/cpantesting/cpantesting/perl-blead/lib/5.37.4/darwin-2level
    /Users/cpantesting/cpantesting/perl-blead/lib/5.37.4