PDK-Utils v0.002 Perl 5 v5.38.2 OpenBSD.amd64-openbsd-thread-multi

Status
Fail
From
David Cantrell (DCANTRELL)
Dist
PDK-Utils v0.002
Platform
Perl 5 v5.38.2 OpenBSD.amd64-openbsd-thread-multi
Date
2024-10-28 01:12:08
ID
a6ffffdc-94c9-11ef-8b5e-89f1a982c236
This distribution has been tested as part of the CPAN Testers
project, supporting the Perl programming language.  See
http://wiki.cpantesters.org/ for more information or email
questions to cpan-testers-discuss@perl.org


--
Dear CARELINE,

This is a computer-generated report for PDK-Utils-0.002
on perl 5.38.2, created by CPAN-Reporter-1.2019.

Thank you for uploading your work to CPAN.  However, there was a problem
testing your distribution.

If you think this report is invalid, please consult the CPAN Testers Wiki
for suggestions on how to avoid getting FAIL reports for missing library
or binary dependencies, unsupported operating systems, and so on:

http://wiki.cpantesters.org/wiki/CPANAuthorNotes

Sections of this report:

    * Tester comments
    * Program output
    * Prerequisites
    * Environment and other context

------------------------------
TESTER COMMENTS
------------------------------

Additional comments from tester:

this report is from an automated smoke testing program
and was not reviewed by a human for accuracy

------------------------------
PROGRAM OUTPUT
------------------------------

Output from '/usr/bin/make test':

PERL_DL_NONLAZY=1 "/home/david/cpantesting/perl-5.38.2/bin/perl" "-MExtUtils::Command::MM" "-MTest::Harness" "-e" "undef *Test::Harness::Switches; test_harness(0, 'blib/lib', 'blib/arch')" t/*.t
t/Cache.t .. ok

    #   Failed test '使用指定时间戳格式化日期'
    #   at t/Date.t line 28.
    #          got: '2013-12-19 05:30:15'
    #     expected: '2013-12-19 13:30:15'
    # Looks like you failed 1 test of 2.

#   Failed test 'getFormatedDate 方法测试'
#   at t/Date.t line 34.
# Looks like you failed 1 test of 2.
t/Date.t ... 
Dubious, test returned 1 (wstat 256, 0x100)
Failed 1/2 subtests 
t/Email.t .. skipped: Skipping this test file
Smartmatch is deprecated at /home/david/cpantesting/perl-5.38.2/.cpan/build/PDK-Utils-0.002-0/blib/lib/PDK/Utils/Set.pm line 216.
Smartmatch is deprecated at /home/david/cpantesting/perl-5.38.2/.cpan/build/PDK-Utils-0.002-0/blib/lib/PDK/Utils/Set.pm line 216.
Smartmatch is deprecated at /home/david/cpantesting/perl-5.38.2/.cpan/build/PDK-Utils-0.002-0/blib/lib/PDK/Utils/Set.pm line 221.
Smartmatch is deprecated at /home/david/cpantesting/perl-5.38.2/.cpan/build/PDK-Utils-0.002-0/blib/lib/PDK/Utils/Set.pm line 221.
t/Ip.t ..... ok
Smartmatch is deprecated at /home/david/cpantesting/perl-5.38.2/.cpan/build/PDK-Utils-0.002-0/blib/lib/PDK/Utils/Set.pm line 216.
Smartmatch is deprecated at /home/david/cpantesting/perl-5.38.2/.cpan/build/PDK-Utils-0.002-0/blib/lib/PDK/Utils/Set.pm line 216.
Smartmatch is deprecated at /home/david/cpantesting/perl-5.38.2/.cpan/build/PDK-Utils-0.002-0/blib/lib/PDK/Utils/Set.pm line 221.
Smartmatch is deprecated at /home/david/cpantesting/perl-5.38.2/.cpan/build/PDK-Utils-0.002-0/blib/lib/PDK/Utils/Set.pm line 221.
t/Set.t .... ok
Smartmatch is deprecated at /home/david/cpantesting/perl-5.38.2/.cpan/build/PDK-Utils-0.002-0/blib/lib/PDK/Utils/Set.pm line 216.
Smartmatch is deprecated at /home/david/cpantesting/perl-5.38.2/.cpan/build/PDK-Utils-0.002-0/blib/lib/PDK/Utils/Set.pm line 216.
Smartmatch is deprecated at /home/david/cpantesting/perl-5.38.2/.cpan/build/PDK-Utils-0.002-0/blib/lib/PDK/Utils/Set.pm line 221.
Smartmatch is deprecated at /home/david/cpantesting/perl-5.38.2/.cpan/build/PDK-Utils-0.002-0/blib/lib/PDK/Utils/Set.pm line 221.
t/smoke.t .. ok

Test Summary Report
-------------------
t/Date.t (Wstat: 256 (exited 1) Tests: 2 Failed: 1)
  Failed test:  2
  Non-zero exit status: 1
Files=6, Tests=45, 19 wallclock secs ( 0.14 usr  0.12 sys +  6.64 cusr  1.15 csys =  8.05 CPU)
Result: FAIL
Failed 1/6 test programs. 1/45 subtests failed.
*** Error 255 in /home/david/cpantesting/perl-5.38.2/.cpan/build/PDK-Utils-0.002-0 (Makefile:886 'test_dynamic')

------------------------------
PREREQUISITES
------------------------------

Prerequisite modules loaded:

requires:

    Module                         Need     Have    
    ------------------------------ -------- --------
    Carp                           0        1.50    
    Email::Sender::Simple          0        2.601   
    Email::Sender::Transport::SMTP 0        2.601   
    Email::Simple                  0        2.218   
    experimental                   0        0.031   
    Moose                          0        2.2207  
    namespace::autoclean           0        0.29    
    perl                           5.030000 5.038002
    POSIX                          0        2.13    
    utf8                           0        1.25    

build_requires:

    Module                         Need     Have    
    ------------------------------ -------- --------
    Data::Dumper                   0        2.183   
    Data::Printer                  0        1.002001
    ExtUtils::MakeMaker            0        7.70    
    strict                         0        1.12    
    Test::More                     0        1.302198
    Test::Simple                   0        1.302198
    warnings                       0        1.65    

configure_requires:

    Module                         Need     Have    
    ------------------------------ -------- --------
    ExtUtils::MakeMaker            0        7.70    


------------------------------
ENVIRONMENT AND OTHER CONTEXT
------------------------------

Environment variables:

    AUTOMATED_TESTING = 1
    NONINTERACTIVE_TESTING = 1
    PATH = /home/david/perl5/perlbrew/bin:/home/david/perl5/perlbrew/perls/perl-5.32.0/bin:/home/david/bin:/bin:/sbin:/usr/bin:/usr/sbin:/usr/X11R6/bin:/usr/local/bin:/usr/local/sbin:/usr/games:/home/david/.fzf/bin
    PERL = 5.38.2
    PERL5LIB = 
    PERL5OPT = 
    PERL5_CPANPLUS_IS_RUNNING = 47160
    PERL5_CPAN_IS_RUNNING = 47160
    PERLBREW_HOME = /home/david/.perlbrew
    PERLBREW_MANPATH = /home/david/perl5/perlbrew/perls/perl-5.32.0/man
    PERLBREW_PATH = /home/david/perl5/perlbrew/bin:/home/david/perl5/perlbrew/perls/perl-5.32.0/bin
    PERLBREW_PERL = perl-5.32.0
    PERLBREW_ROOT = /home/david/perl5/perlbrew
    PERLBREW_SHELLRC_VERSION = 0.92
    PERLBREW_VERSION = 0.92
    PERLVER = 5.38.2
    PERL_INLINE_DIRECTORY = /home/david/.Inline-5.38.2
    PERL_MM_USE_DEFAULT = 1
    PERL_USE_UNSAFE_INC = 0
    SHELL = /usr/local/bin/bash
    TERM = screen

Perl special variables (and OS-specific diagnostics, for MSWin32):

    $^X = /home/david/cpantesting/perl-5.38.2/bin/perl
    $UID/$EUID = 1000 / 1000
    $GID = 1000 1000 0
    $EGID = 1000 1000 0

Perl module toolchain versions installed:

    Module              Have    
    ------------------- --------
    CPAN                2.36    
    CPAN::Meta          2.150010
    Cwd                 3.89    
    ExtUtils::CBuilder  0.280236
    ExtUtils::Command   7.70    
    ExtUtils::Install   2.22    
    ExtUtils::MakeMaker 7.70    
    ExtUtils::Manifest  1.75    
    ExtUtils::ParseXS   3.51    
    File::Spec          3.88    
    JSON                4.10    
    JSON::PP            4.16    
    Module::Build       0.4234  
    Module::Signature   n/a     
    Parse::CPAN::Meta   2.150010
    Test2               1.302198
    Test::Harness       3.48    
    Test::More          1.302198
    YAML                1.31    
    YAML::Syck          n/a     
    version             0.9930  


--

Summary of my perl5 (revision 5 version 38 subversion 2) configuration:
   
  Platform:
    osname=openbsd
    osvers=7.4
    archname=OpenBSD.amd64-openbsd-thread-multi
    uname='openbsd cpantesting-openbsd 7.4 generic#3 amd64 '
    config_args='-de -Dprefix=/home/david/cpantesting/perl-5.38.2 -Dusethreads'
    hint=recommended
    useposix=true
    d_sigaction=define
    useithreads=define
    usemultiplicity=define
    use64bitint=define
    use64bitall=define
    uselongdouble=undef
    usemymalloc=n
    default_inc_excludes_dot=define
  Compiler:
    cc='cc'
    ccflags ='-pthread -fno-strict-aliasing -pipe -fstack-protector-strong -I/usr/local/include'
    optimize='-O2'
    cppflags='-pthread -fno-strict-aliasing -pipe -fstack-protector-strong -I/usr/local/include'
    ccversion=''
    gccversion='OpenBSD Clang 13.0.0'
    gccosandvers=''
    intsize=4
    longsize=8
    ptrsize=8
    doublesize=8
    byteorder=12345678
    doublekind=3
    d_longlong=define
    longlongsize=8
    d_longdbl=define
    longdblsize=16
    longdblkind=3
    ivtype='long'
    ivsize=8
    nvtype='double'
    nvsize=8
    Off_t='off_t'
    lseeksize=8
    alignbytes=8
    prototype=define
  Linker and Libraries:
    ld='cc'
    ldflags ='-pthread -Wl,-E  -fstack-protector-strong -L/usr/local/lib'
    libpth=/usr/lib/clang/13.0.0/lib /usr/lib /usr/local/lib
    libs=-lpthread -lm -lutil -lc
    perllibs=-lpthread -lm -lutil -lc
    libc=/usr/lib/libc.so.97.1
    so=so
    useshrplib=false
    libperl=libperl.a
    gnulibc_version=''
  Dynamic Linking:
    dlsrc=dl_dlopen.xs
    dlext=so
    d_dlsymun=undef
    ccdlflags=' '
    cccdlflags='-DPIC -fPIC '
    lddlflags='-shared -fPIC  -L/usr/local/lib -fstack-protector-strong'


Characteristics of this binary (from libperl): 
  Compile-time options:
    HAS_LONG_DOUBLE
    HAS_STRTOLD
    HAS_TIMES
    MULTIPLICITY
    PERLIO_LAYERS
    PERL_COPY_ON_WRITE
    PERL_DONT_CREATE_GVSV
    PERL_HASH_FUNC_SIPHASH13
    PERL_HASH_USE_SBOX32
    PERL_MALLOC_WRAP
    PERL_OP_PARENT
    PERL_PRESERVE_IVUV
    PERL_USE_SAFE_PUTENV
    USE_64_BIT_ALL
    USE_64_BIT_INT
    USE_ITHREADS
    USE_LARGE_FILES
    USE_LOCALE
    USE_LOCALE_COLLATE
    USE_LOCALE_CTYPE
    USE_LOCALE_NUMERIC
    USE_LOCALE_TIME
    USE_PERLIO
    USE_PERL_ATOF
    USE_REENTRANT_API
  Built under openbsd
  Compiled at Apr 23 2024 20:44:31
  %ENV:
    PERL="5.38.2"
    PERL5LIB=""
    PERL5OPT=""
    PERL5_CPANPLUS_IS_RUNNING="47160"
    PERL5_CPAN_IS_RUNNING="47160"
    PERLBREW_HOME="/home/david/.perlbrew"
    PERLBREW_MANPATH="/home/david/perl5/perlbrew/perls/perl-5.32.0/man"
    PERLBREW_PATH="/home/david/perl5/perlbrew/bin:/home/david/perl5/perlbrew/perls/perl-5.32.0/bin"
    PERLBREW_PERL="perl-5.32.0"
    PERLBREW_ROOT="/home/david/perl5/perlbrew"
    PERLBREW_SHELLRC_VERSION="0.92"
    PERLBREW_VERSION="0.92"
    PERLVER="5.38.2"
    PERL_INLINE_DIRECTORY="/home/david/.Inline-5.38.2"
    PERL_MM_USE_DEFAULT="1"
    PERL_USE_UNSAFE_INC="0"
  @INC:
    /home/david/cpantesting/perl-5.38.2/lib/site_perl/5.38.2/OpenBSD.amd64-openbsd-thread-multi
    /home/david/cpantesting/perl-5.38.2/lib/site_perl/5.38.2
    /home/david/cpantesting/perl-5.38.2/lib/5.38.2/OpenBSD.amd64-openbsd-thread-multi
    /home/david/cpantesting/perl-5.38.2/lib/5.38.2