Text-ANSI-Printf v2.07 Perl 5 v5.14.4 MSWin32-x86-multi-thread

Status
Fail
From
NONAME
Dist
Text-ANSI-Printf v2.07
Platform
Perl 5 v5.14.4 MSWin32-x86-multi-thread
Date
2025-06-24 11:28:55
ID
a5982bfd-702b-1014-86fe-79cc07c19ce6
This distribution has been tested as part of the CPAN Testers
project, supporting the Perl programming language.  See
http://wiki.cpantesters.org/ for more information or email
questions to cpan-testers-discuss@perl.org


--
Dear Kaz Utashiro,

This is a computer-generated report for Text-ANSI-Printf-2.07
on perl 5.14.4, created by CPAN-Reporter-1.2020.

Thank you for uploading your work to CPAN.  However, there was a problem
testing your distribution.

If you think this report is invalid, please consult the CPAN Testers Wiki
for suggestions on how to avoid getting FAIL reports for missing library
or binary dependencies, unsupported operating systems, and so on:

http://wiki.cpantesters.org/wiki/CPANAuthorNotes

Sections of this report:

    * Tester comments
    * Program output
    * Prerequisites
    * Environment and other context

------------------------------
TESTER COMMENTS
------------------------------

Additional comments from tester:

none provided

------------------------------
PROGRAM OUTPUT
------------------------------

Output from 'C:\Strawberry\perl\bin\perl.exe ./Build test':

t/00_compile.t ............. ok
t/01_simple.t .............. ok
t/02_export.t .............. ok
t/03_shorten.t ............. ok
t/04_backspace.t ........... ok
t/05_reorder.t ............. ok
t/06_fallback.t ............ ok
t/ansiprintf/00_compile.t .. ok

#   Failed test 'a'
#   at t/ansiprintf/02_exec.t line 17.
#          got: ''
#     expected: 'a'

#   Failed test 'a\n'
#   at t/ansiprintf/02_exec.t line 17.
#          got: ''
#     expected: 'a
# '

#   Failed test '%s a'
#   at t/ansiprintf/02_exec.t line 17.
#          got: ''
#     expected: 'a'

#   Failed test '%s\n a'
#   at t/ansiprintf/02_exec.t line 17.
#          got: ''
#     expected: 'a
# '

#   Failed test '%s%s a b'
#   at t/ansiprintf/02_exec.t line 17.
#          got: ''
#     expected: 'ab'

#   Failed test '%s Red'
#   at t/ansiprintf/02_exec.t line 17.
#          got: ''
#     expected: 'Red'

#   Failed test '%s%s Red Green'
#   at t/ansiprintf/02_exec.t line 17.
#          got: ''
#     expected: 'RedGreen'

#   Failed test '%-5s%-5s Red Green'
#   at t/ansiprintf/02_exec.t line 17.
#          got: ''
#     expected: 'Red  Green'

#   Failed test '%2$-*3$s%1$-*4$s Red Green 5 6'
#   at t/ansiprintf/02_exec.t line 17.
#          got: ''
#     expected: 'GreenRed   '
# Looks like you failed 9 tests of 9.
t/ansiprintf/02_exec.t ..... 
Dubious, test returned 9 (wstat 2304, 0x900)
Failed 9/9 subtests 

Test Summary Report
-------------------
t/ansiprintf/02_exec.t   (Wstat: 2304 (exited 9) Tests: 9 Failed: 9)
  Failed tests:  1-9
  Non-zero exit status: 9
Files=9, Tests=105,  9 wallclock secs ( 0.23 usr +  0.01 sys =  0.25 CPU)
Result: FAIL

------------------------------
PREREQUISITES
------------------------------

Prerequisite modules loaded:

requires:

    Module                   Need    Have    
    ------------------------ ------- --------
    perl                     v5.14.0 5.014004
    Text::ANSI::Fold         2.28    2.30    
    Text::ANSI::Fold::Util   1.05    1.05    
    Text::Conceal            1.04    1.05    

build_requires:

    Module                   Need    Have    
    ------------------------ ------- --------
    Command::Runner          0       0.002   
    Term::ANSIColor::Concise 0       2.08    
    Test::More               0.98    1.302214

configure_requires:

    Module                   Need    Have    
    ------------------------ ------- --------
    Module::Build::Tiny      0.035   0.051   


------------------------------
ENVIRONMENT AND OTHER CONTEXT
------------------------------

Environment variables:

    COMSPEC = C:\windows\system32\cmd.exe
    NONINTERACTIVE_TESTING = 1
    NUMBER_OF_PROCESSORS = 4
    PATH = C:\home\heaven\perl5\bin;C:\windows\system32;C:\windows;C:\windows\System32\Wbem;C:\windows\System32\WindowsPowerShell\v1.0\;C:\Strawberry\c\bin;C:\Strawberry\perl\site\bin;C:\Strawberry\perl\bin
    PERL5LIB = C:\home\heaven\perl5\lib\perl5
    PERL5OPT = 
    PERL5_CPANPLUS_IS_RUNNING = 9876
    PERL5_CPAN_IS_RUNNING = 9876
    PERL_LOCAL_LIB_ROOT = C:\home\heaven\perl5
    PERL_MB_OPT = --install_base "C:\\home\\heaven\\perl5"
    PERL_MM_OPT = INSTALL_BASE=C:\\home\\heaven\\perl5
    PERL_MM_USE_DEFAULT = 1
    PERL_USE_UNSAFE_INC = 1
    PROCESSOR_IDENTIFIER = x86 Family 6 Model 37 Stepping 5, GenuineIntel
    TEMP = C:\Users\user\AppData\Local\Temp
    TERM = dumb

Perl special variables (and OS-specific diagnostics, for MSWin32):

    $^X = C:\Strawberry\perl\bin\perl.exe
    $UID/$EUID = 0 / 0
    $GID = 0
    $EGID = 0
    Win32::GetOSName = Win7
    Win32::GetOSVersion = Service Pack 1, 6, 1, 7601, 2, 1, 0, 256, 1
    Win32::FsType = NTFS
    Win32::IsAdminUser = 0

Perl module toolchain versions installed:

    Module              Have    
    ------------------- --------
    CPAN                2.34    
    CPAN::Meta          2.150010
    Cwd                 3.75    
    ExtUtils::CBuilder  0.280236
    ExtUtils::Command   7.76    
    ExtUtils::Install   2.22    
    ExtUtils::MakeMaker 7.76    
    ExtUtils::Manifest  1.75    
    ExtUtils::ParseXS   3.57    
    File::Spec          3.75    
    JSON                4.10    
    JSON::PP            4.17_01 
    Module::Build       0.4234  
    Module::Signature   0.89    
    Parse::CPAN::Meta   2.150010
    Test2               1.302214
    Test::Harness       3.52    
    Test::More          1.302214
    YAML                1.31    
    YAML::Syck          1.34    
    version             0.9933  


--

Summary of my perl5 (revision 5 version 14 subversion 4) configuration:
   
  Platform:
    osname=MSWin32, osvers=4.0, archname=MSWin32-x86-multi-thread
    uname='Win32 strawberry-perl 5.14.4.1 #1 Mon Mar 11 19:56:31 2013 i386'
    config_args='undef'
    hint=recommended, useposix=true, d_sigaction=undef
    useithreads=define, usemultiplicity=define
    useperlio=define, d_sfio=undef, uselargefiles=define, usesocks=undef
    use64bitint=undef, use64bitall=undef, uselongdouble=undef
    usemymalloc=n, bincompat5005=undef
  Compiler:
    cc='gcc', ccflags =' -s -O2 -DWIN32  -DPERL_TEXTMODE_SCRIPTS -DPERL_IMPLICIT_CONTEXT -DPERL_IMPLICIT_SYS -fno-strict-aliasing -mms-bitfields',
    optimize='-s -O2',
    cppflags='-DWIN32'
    ccversion='', gccversion='4.6.3', gccosandvers=''
    intsize=4, longsize=4, ptrsize=4, doublesize=8, byteorder=1234
    d_longlong=undef, longlongsize=8, d_longdbl=define, longdblsize=12
    ivtype='long', ivsize=4, nvtype='double', nvsize=8, Off_t='long long', lseeksize=8
    alignbytes=8, prototype=define
  Linker and Libraries:
    ld='g++', ldflags ='-s -L"C:\Strawberry\perl\lib\CORE" -L"C:\Strawberry\c\lib"'
    libpth=C:\Strawberry\c\lib C:\Strawberry\c\i686-w64-mingw32\lib
    libs=-lmoldname -lkernel32 -luser32 -lgdi32 -lwinspool -lcomdlg32 -ladvapi32 -lshell32 -lole32 -loleaut32 -lnetapi32 -luuid -lws2_32 -lmpr -lwinmm -lversion -lodbc32 -lodbccp32 -lcomctl32
    perllibs=-lmoldname -lkernel32 -luser32 -lgdi32 -lwinspool -lcomdlg32 -ladvapi32 -lshell32 -lole32 -loleaut32 -lnetapi32 -luuid -lws2_32 -lmpr -lwinmm -lversion -lodbc32 -lodbccp32 -lcomctl32
    libc=, so=dll, useshrplib=true, libperl=libperl514.a
    gnulibc_version=''
  Dynamic Linking:
    dlsrc=dl_win32.xs, dlext=dll, d_dlsymun=undef, ccdlflags=' '
    cccdlflags=' ', lddlflags='-mdll -s -L"C:\Strawberry\perl\lib\CORE" -L"C:\Strawberry\c\lib"'


Characteristics of this binary (from libperl): 
  Compile-time options: MULTIPLICITY PERL_DONT_CREATE_GVSV
                        PERL_IMPLICIT_CONTEXT PERL_IMPLICIT_SYS
                        PERL_MALLOC_WRAP PERL_PRESERVE_IVUV PL_OP_SLAB_ALLOC
                        USE_ITHREADS USE_LARGE_FILES USE_PERLIO
                        USE_PERL_ATOF
  Built under MSWin32
  Compiled at Mar 11 2013 20:02:09
  %ENV:
    PERL5LIB="C:\home\heaven\perl5\lib\perl5"
    PERL5_CPANPLUS_IS_RUNNING="9876"
    PERL5_CPAN_IS_RUNNING="9876"
    PERL_LOCAL_LIB_ROOT="C:\home\heaven\perl5"
    PERL_MB_OPT="--install_base "C:\\home\\heaven\\perl5""
    PERL_MM_OPT="INSTALL_BASE=C:\\home\\heaven\\perl5"
    PERL_MM_USE_DEFAULT="1"
    PERL_USE_UNSAFE_INC="1"
  @INC:
    C:\home\heaven\perl5\lib\perl5/MSWin32-x86-multi-thread
    C:\home\heaven\perl5\lib\perl5
    C:/Strawberry/perl/site/lib
    C:/Strawberry/perl/vendor/lib
    C:/Strawberry/perl/lib
    .