App-perlimports v0.000057 Perl 5 v5.28.2 MSWin32-x64-multi-thread

Status
Fail
From
LNATION
Dist
App-perlimports v0.000057
Platform
Perl 5 v5.28.2 MSWin32-x64-multi-thread
Date
2025-05-17 13:40:48
ID
a465dfd1-6c77-1014-a71b-ef5654034b04
This distribution has been tested as part of the CPAN Testers
project, supporting the Perl programming language.  See
http://wiki.cpantesters.org/ for more information or email
questions to cpan-testers-discuss@perl.org


--
Dear Olaf Alders,

This is a computer-generated report for App-perlimports-0.000057
on perl 5.28.2, created by CPAN-Reporter-1.2020.

Thank you for uploading your work to CPAN.  However, there was a problem
testing your distribution.

If you think this report is invalid, please consult the CPAN Testers Wiki
for suggestions on how to avoid getting FAIL reports for missing library
or binary dependencies, unsupported operating systems, and so on:

http://wiki.cpantesters.org/wiki/CPANAuthorNotes

Sections of this report:

    * Tester comments
    * Program output
    * Prerequisites
    * Environment and other context

------------------------------
TESTER COMMENTS
------------------------------

Additional comments from tester:

this report is from an automated smoke testing program
and was not reviewed by a human for accuracy

------------------------------
PROGRAM OUTPUT
------------------------------

Output from 'C:\STRAWB~1\c\bin\gmake.exe test':

"C:\Strawberry\perl\bin\perl.exe" "-MExtUtils::Command::MM" "-MTest::Harness" "-e" "undef *Test::Harness::Switches; test_harness(0, 'blib\lib', 'blib\arch')" t/*.t t/ExportInspector/*.t t/cpan-modules/*.t
# 
# Versions for all modules listed in MYMETA.json (including optional ones):
# 
# === Configure Requires ===
# 
#     Module                 Want     Have
#     ------------------- ------- --------
#     ExtUtils::MakeMaker     any     7.74
#     perl                v5.10.0 5.028002
# 
# === Build Requires ===
# 
#     Module              Want Have
#     ------------------- ---- ----
#     ExtUtils::MakeMaker  any 7.74
# 
# === Test Requires ===
# 
#     Module                    Want     Have
#     ---------------------- ------- --------
#     ExtUtils::MakeMaker        any     7.74
#     File::Spec                 any     3.75
#     File::pushd                any    1.016
#     Log::Dispatch::Array       any    1.005
#     PPI::Dumper                any    1.283
#     Sub::Exporter              any    0.987
#     Test::Differences          any     0.67
#     Test::Fatal                any    0.017
#     Test::More                 any 1.302212
#     Test::Needs                any 0.002006
#     Test::RequiresInternet     any     0.05
#     Test::Script              1.29     1.29
#     Test::Warnings             any    0.026
#     lib                        any     0.64
#     perl                   v5.18.0 5.028002
# 
# === Test Recommends ===
# 
#     Module         Want     Have
#     ---------- -------- --------
#     CPAN::Meta 2.120900 2.150010
# 
# === Runtime Requires ===
# 
#     Module                           Want     Have
#     ---------------------------- -------- --------
#     Capture::Tiny                     any     0.48
#     Class::Inspector                 1.36     1.36
#     Cpanel::JSON::XS                  any     4.39
#     Data::Dumper                      any    2.183
#     Data::UUID                        any    1.227
#     File::Basename                    any     2.85
#     File::XDG                        1.01     1.03
#     Getopt::Long::Descriptive         any    0.116
#     List::Util                        any     1.69
#     Log::Dispatch                    2.70     2.71
#     Memoize                           any  1.03_01
#     Module::Runtime                   any    0.016
#     Moo                               any 2.005005
#     Moo::Role                         any 2.005005
#     MooX::StrictConstructor           any    0.013
#     PPI                             1.276    1.283
#     PPI::Document                     any    1.283
#     PPIx::Utils::Classification       any    0.004
#     Path::Iterator::Rule              any    1.015
#     Path::Tiny                        any    0.148
#     Perl::Tidy                   20220613 20250311
#     Pod::Usage                        any     1.69
#     Ref::Util                         any    0.204
#     Scalar::Util                      any     1.69
#     Sereal::Decoder                   any    5.004
#     Sereal::Encoder                   any    5.004
#     Sub::HandlesVia                   any 0.050002
#     Symbol::Get                      0.10     0.12
#     TOML::Tiny                       0.16     0.20
#     Text::Diff                        any     1.45
#     Text::SimpleTable::AutoWidth      any     0.09
#     Try::Tiny                         any     0.30
#     Types::Standard                   any 2.008002
#     feature                           any     1.52
#     perl                         5.018000 5.028002
#     strict                            any     1.11
#     utf8                              any     1.21
#     warnings                          any     1.42
# 
t/00-report-prereqs.t ............ ok
t/after.t ........................ ok
t/annotations.t .................. ok
t/args-in-import.t ............... ok
t/builtin.t ...................... ok
t/carp.t ......................... ok
t/cast-in-regex.t ................ ok
t/cast.t ......................... ok
t/cli-args.t ..................... ok
t/cli.t .......................... ok
t/config-in-import.t ............. ok
t/Config.t ....................... ok
t/cpan-modules/pithub.t .......... skipped: Need Pithub
t/cpan-modules/test2-v0.t ........ ok
t/datetime.t ..................... ok
t/do-block.t ..................... ok
t/Document.t ..................... ok
t/dump-perl-exports.t ............ ok
t/dupes.t ........................ ok
t/english.t ...................... ok
t/explodes.t ..................... ok
t/export-tags.t .................. skipped: Need HTTP::Status 6.28 (have 6.18)
t/exported-variables.t ........... ok
t/ExportInspector/load.t ......... ok
t/ExportInspector/SubExporter.t .. skipped: Need MetaCPAN::Moose, MooseX::Types::Path::Class
t/find-bin.t ..................... ok
t/fully-qualified.t .............. ok
t/func-in-use.t .................. ok
t/func-in-var.t .................. ok
t/geo-ip.t ....................... skipped: Need Geo::IP
t/hash-in-regex.t ................ ok
t/hash-key-expression.t .......... ok
t/hash-key.t ..................... ok
t/hash-unquoted-key.t ............ ok
t/heredoc.t ...................... ok
t/ignored-modules.t .............. skipped: Need Geo::IP
t/import-error.t ................. ok
t/interpolation.t ................ ok
t/is-ignored.t ................... ok
t/locally-defined-sub.t .......... ok
t/lookalike-words.t .............. ok
t/memoize.t ...................... skipped: Need MooseX::Types::UUID, UUID
t/meta.t ......................... ok
t/method.t ....................... ok
t/missing-semicolon-in-import.t .. ok
t/module-with-inner-packages.t ... ok
t/moo.t .......................... ok
t/moose-types.t .................. skipped: Need MooseX::Types::Path::Class
t/moose.t ........................ ok

#   Failed test 'imported types found'
#   at t/moosex-types-moose.t line 17.
#          got: 'use MooseX::Types::Moose qw( ArrayRef );'
#     expected: 'use MooseX::Types::Moose qw( ArrayRef Str );'
# Looks like you failed 1 test of 1.
t/moosex-types-moose.t ........... 
Dubious, test returned 1 (wstat 256, 0x100)
Failed 1/1 subtests 
t/nested-quotes.t ................ ok
t/never-exports.t ................ ok
t/original-imports.t ............. ok
t/padding.t ...................... ok
t/perl-imports.t ................. ok
t/perl.t ......................... ok
t/perlimports.t .................. ok
t/pragma.t ....................... ok
t/preserve-some-padding.t ........ ok
t/preserve-spaces.t .............. ok
t/qualified-bareword.t ........... ok
t/quoted-var.t ................... ok
t/re-export-via-sub-exporter.t ... ok
t/regex-replacement.t ............ skipped: Need IP::Random 1.200230
t/require.t ...................... ok
t/respace-include.t .............. ok
t/Sandbox.t ...................... ok
t/script-with-inner-packages.t ... ok
t/signatures.t ................... skipped: Need HTTP::Status 6.28 (have 6.18)
t/skip-all.t ..................... skipped: Test is broken
t/socket.t ....................... ok
t/sort-imports.t ................. ok
t/switches-in-import.t ........... ok
t/symbol-as-method-call.t ........ skipped: Need HTML::TableExtract, Object::Tap
t/symbol-in-export.t ............. ok
t/test-builder.t ................. skipped: Need Test::HTML::Lint
t/test-most.t .................... ok
t/tie.t .......................... ok
t/typeglob.t ..................... ok
t/unnest-quotes.t ................ ok
t/use-and-require.t .............. ok
t/var-in-hash-key.t .............. ok
t/var-in-regex.t ................. ok
t/variable.t ..................... ok
t/warning.t ...................... ok
t/with-version.t ................. ok

Test Summary Report
-------------------
t/moosex-types-moose.t         (Wstat: 256 (exited 1) Tests: 1 Failed: 1)
  Failed test:  1
  Non-zero exit status: 1
Files=86, Tests=196, 101 wallclock secs ( 0.25 usr +  0.36 sys =  0.61 CPU)
Result: FAIL
Failed 1/86 test programs. 1/196 subtests failed.
gmake: *** [Makefile:987: test_dynamic] Error 255

------------------------------
PREREQUISITES
------------------------------

Prerequisite modules loaded:

requires:

    Module                       Need     Have    
    ---------------------------- -------- --------
    Capture::Tiny                0        0.48    
    Class::Inspector             1.36     1.36    
    Cpanel::JSON::XS             0        4.39    
    Data::Dumper                 0        2.183   
    Data::UUID                   0        1.227   
    feature                      0        1.52    
    File::Basename               0        2.85    
    File::XDG                    1.01     1.03    
    Getopt::Long::Descriptive    0        0.116   
    List::Util                   0        1.69    
    Log::Dispatch                2.70     2.71    
    Memoize                      0        1.03_01 
    Module::Runtime              0        0.016   
    Moo                          0        2.005005
    Moo::Role                    0        2.005005
    MooX::StrictConstructor      0        0.013   
    Path::Iterator::Rule         0        1.015   
    Path::Tiny                   0        0.148   
    perl                         5.018000 5.028002
    Perl::Tidy                   20220613 20250311
    Pod::Usage                   0        1.69    
    PPI                          1.276    1.283   
    PPI::Document                0        1.283   
    PPIx::Utils::Classification  0        0.004   
    Ref::Util                    0        0.204   
    Scalar::Util                 0        1.69    
    Sereal::Decoder              0        5.004   
    Sereal::Encoder              0        5.004   
    strict                       0        1.11    
    Sub::HandlesVia              0        0.050002
    Symbol::Get                  0.10     0.12    
    Text::Diff                   0        1.45    
    Text::SimpleTable::AutoWidth 0        0.09    
    TOML::Tiny                   0.16     0.20    
    Try::Tiny                    0        0.30    
    Types::Standard              0        2.008002
    utf8                         0        1.21    
    warnings                     0        1.42    

build_requires:

    Module                       Need     Have    
    ---------------------------- -------- --------
    ExtUtils::MakeMaker          0        7.74    
    File::pushd                  0        1.016   
    File::Spec                   0        3.75    
    lib                          0        0.64    
    Log::Dispatch::Array         0        1.005   
    PPI::Dumper                  0        1.283   
    Sub::Exporter                0        0.987   
    Test::Differences            0        0.67    
    Test::Fatal                  0        0.017   
    Test::More                   0        1.302212
    Test::Needs                  0        0.002006
    Test::RequiresInternet       0        0.05    
    Test::Script                 1.29     1.29    
    Test::Warnings               0        0.026   

configure_requires:

    Module                       Need     Have    
    ---------------------------- -------- --------
    ExtUtils::MakeMaker          0        7.74    
    perl                         v5.10.0  5.028002

opt_build_requires:

    Module                       Need     Have    
    ---------------------------- -------- --------
    CPAN::Meta                   2.120900 2.150010


------------------------------
ENVIRONMENT AND OTHER CONTEXT
------------------------------

Environment variables:

    AUTOMATED_TESTING = 1
    COMSPEC = C:\Windows\system32\cmd.exe
    NUMBER_OF_PROCESSORS = 2
    PATH = C:\Windows\system32;C:\Windows;C:\Windows\System32\Wbem;C:\Windows\System32\WindowsPowerShell\v1.0\;C:\Windows\System32\OpenSSH\;C:\Program Files\Amazon\cfn-bootstrap\;C:\Strawberry\c\bin;C:\Strawberry\perl\site\bin;C:\Strawberry\perl\bin;C:\Users\Administrator\AppData\Local\Microsoft\WindowsApps;C:\Users\Administrator\AppData\Local\Microsoft\WinGet\Links;
    PERL5LIB = 
    PERL5OPT = 
    PERL5_CPANPLUS_IS_RUNNING = 6432
    PERL5_CPAN_IS_RUNNING = 6432
    PERL5_CPAN_IS_RUNNING_IN_RECURSION = 8028,6432
    PERL_CR_SMOKER_CURRENT = App-perlimports-0.000057
    PERL_EXTUTILS_AUTOINSTALL = --defaultdeps
    PERL_MM_USE_DEFAULT = 1
    PERL_USE_UNSAFE_INC = 1
    PROCESSOR_IDENTIFIER = Intel64 Family 6 Model 85 Stepping 7, GenuineIntel
    TEMP = C:\Users\ADMINI~1\AppData\Local\Temp\2

Perl special variables (and OS-specific diagnostics, for MSWin32):

    $^X = C:\Strawberry\perl\bin\perl.exe
    $UID/$EUID = 0 / 0
    $GID = 0
    $EGID = 0
    Win32::GetOSName = Win10
    Win32::GetOSVersion = , 10, 0, 26100, 2, 0, 0, 400, 3
    Win32::FsType = NTFS
    Win32::IsAdminUser = 1

Perl module toolchain versions installed:

    Module              Have    
    ------------------- --------
    CPAN                2.26    
    CPAN::Meta          2.150010
    Cwd                 3.75    
    ExtUtils::CBuilder  0.280236
    ExtUtils::Command   7.74    
    ExtUtils::Install   2.14    
    ExtUtils::MakeMaker 7.74    
    ExtUtils::Manifest  1.75    
    ExtUtils::ParseXS   3.57    
    File::Spec          3.75    
    JSON                4.02    
    JSON::PP            4.16    
    Module::Build       0.4229  
    Module::Signature   n/a     
    Parse::CPAN::Meta   2.150010
    Test2               1.302212
    Test::Harness       3.52    
    Test::More          1.302212
    YAML                1.28    
    YAML::Syck          1.34    
    version             0.9924  


--

Summary of my perl5 (revision 5 version 28 subversion 2) configuration:
   
  Platform:
    osname=MSWin32
    osvers=10.0.17763.437
    archname=MSWin32-x64-multi-thread
    uname='Win32 strawberry-perl 5.28.2.1 #1 Wed May  1 21:18:04 2019 x64'
    config_args='undef'
    hint=recommended
    useposix=true
    d_sigaction=undef
    useithreads=define
    usemultiplicity=define
    use64bitint=define
    use64bitall=undef
    uselongdouble=undef
    usemymalloc=n
    default_inc_excludes_dot=define
    bincompat5005=undef
  Compiler:
    cc='gcc'
    ccflags =' -s -O2 -DWIN32 -DWIN64 -DCONSERVATIVE -D__USE_MINGW_ANSI_STDIO -DPERL_TEXTMODE_SCRIPTS -DPERL_IMPLICIT_CONTEXT -DPERL_IMPLICIT_SYS -DUSE_PERLIO -fwrapv -fno-strict-aliasing -mms-bitfields'
    optimize='-s -O2'
    cppflags='-DWIN32'
    ccversion=''
    gccversion='7.1.0'
    gccosandvers=''
    intsize=4
    longsize=4
    ptrsize=8
    doublesize=8
    byteorder=12345678
    doublekind=3
    d_longlong=define
    longlongsize=8
    d_longdbl=define
    longdblsize=16
    longdblkind=3
    ivtype='long long'
    ivsize=8
    nvtype='double'
    nvsize=8
    Off_t='long long'
    lseeksize=8
    alignbytes=8
    prototype=define
  Linker and Libraries:
    ld='g++'
    ldflags ='-s -L"C:\STRAWB~1\perl\lib\CORE" -L"C:\STRAWB~1\c\lib"'
    libpth=C:\STRAWB~1\c\lib C:\STRAWB~1\c\x86_64-w64-mingw32\lib C:\STRAWB~1\c\lib\gcc\x86_64-w64-mingw32\7.1.0
    libs= -lmoldname -lkernel32 -luser32 -lgdi32 -lwinspool -lcomdlg32 -ladvapi32 -lshell32 -lole32 -loleaut32 -lnetapi32 -luuid -lws2_32 -lmpr -lwinmm -lversion -lodbc32 -lodbccp32 -lcomctl32
    perllibs= -lmoldname -lkernel32 -luser32 -lgdi32 -lwinspool -lcomdlg32 -ladvapi32 -lshell32 -lole32 -loleaut32 -lnetapi32 -luuid -lws2_32 -lmpr -lwinmm -lversion -lodbc32 -lodbccp32 -lcomctl32
    libc=
    so=dll
    useshrplib=true
    libperl=libperl528.a
    gnulibc_version=''
  Dynamic Linking:
    dlsrc=dl_win32.xs
    dlext=xs.dll
    d_dlsymun=undef
    ccdlflags=' '
    cccdlflags=' '
    lddlflags='-mdll -s -L"C:\STRAWB~1\perl\lib\CORE" -L"C:\STRAWB~1\c\lib"'


Characteristics of this binary (from libperl): 
  Compile-time options:
    HAS_TIMES
    HAVE_INTERP_INTERN
    MULTIPLICITY
    PERLIO_LAYERS
    PERL_COPY_ON_WRITE
    PERL_DONT_CREATE_GVSV
    PERL_IMPLICIT_CONTEXT
    PERL_IMPLICIT_SYS
    PERL_MALLOC_WRAP
    PERL_OP_PARENT
    PERL_PRESERVE_IVUV
    USE_64_BIT_INT
    USE_ITHREADS
    USE_LARGE_FILES
    USE_LOCALE
    USE_LOCALE_COLLATE
    USE_LOCALE_CTYPE
    USE_LOCALE_NUMERIC
    USE_LOCALE_TIME
    USE_PERLIO
    USE_PERL_ATOF
  Built under MSWin32
  Compiled at May  1 2019 21:42:15
  %ENV:
    PERL5_CPANPLUS_IS_RUNNING="6432"
    PERL5_CPAN_IS_RUNNING="6432"
    PERL5_CPAN_IS_RUNNING_IN_RECURSION="8028,6432"
    PERL_CR_SMOKER_CURRENT="App-perlimports-0.000057"
    PERL_EXTUTILS_AUTOINSTALL="--defaultdeps"
    PERL_MM_USE_DEFAULT="1"
    PERL_USE_UNSAFE_INC="1"
  @INC:
    C:/Strawberry/perl/site/lib
    C:/Strawberry/perl/vendor/lib
    C:/Strawberry/perl/lib
    .