App-perlimports v0.000002 Perl 5 v5.32.0 amd64-freebsd
- Status
- Fail
- From
- David Cantrell (DCANTRELL)
- Dist
-
App-perlimports v0.000002
- Platform
- Perl 5 v5.32.0 amd64-freebsd
- Date
- 2021-04-23 15:50:33
- ID
- a39cab6e-a44b-11eb-b88d-85ff7b482270
This distribution has been tested as part of the CPAN Testers
project, supporting the Perl programming language. See
http://wiki.cpantesters.org/ for more information or email
questions to cpan-testers-discuss@perl.org
--
Dear Olaf Alders,
This is a computer-generated report for App-perlimports-0.000002
on perl 5.32.0, created by CPAN-Reporter-1.2018.
Thank you for uploading your work to CPAN. However, there was a problem
testing your distribution.
If you think this report is invalid, please consult the CPAN Testers Wiki
for suggestions on how to avoid getting FAIL reports for missing library
or binary dependencies, unsupported operating systems, and so on:
http://wiki.cpantesters.org/wiki/CPANAuthorNotes
Sections of this report:
* Tester comments
* Program output
* Prerequisites
* Environment and other context
------------------------------
TESTER COMMENTS
------------------------------
Additional comments from tester:
this report is from an automated smoke testing program
and was not reviewed by a human for accuracy
------------------------------
PROGRAM OUTPUT
------------------------------
Output from '/usr/bin/make test':
PERL_DL_NONLAZY=1 "/usr/home/david/cpantesting/perl-5.32.0/bin/perl" "-MExtUtils::Command::MM" "-MTest::Harness" "-e" "undef *Test::Harness::Switches; test_harness(0, 'blib/lib', 'blib/arch')" t/*.t t/ExportInspector/*.t t/cpan-modules/*.t
#
# Versions for all modules listed in MYMETA.json (including optional ones):
#
# === Configure Requires ===
#
# Module Want Have
# ------------------- ---- ----
# ExtUtils::MakeMaker any 7.44
#
# === Build Requires ===
#
# Module Want Have
# ------------------- ---- ----
# ExtUtils::MakeMaker any 7.44
#
# === Test Requires ===
#
# Module Want Have
# ---------------------- ---- --------
# Cpanel::JSON::XS any 4.25
# Data::Printer any 1.000004
# ExtUtils::MakeMaker any 7.44
# File::Spec any 3.78
# Geo::IP any 1.51
# Getopt::Long 2.40 2.51
# LWP::UserAgent 6.49 6.53
# Sub::Exporter any 0.987
# Test::More any 1.302183
# Test::Most any 0.37
# Test::Needs any 0.002006
# Test::RequiresInternet any 0.05
# Test::Warnings any 0.030
#
# === Test Recommends ===
#
# Module Want Have
# ---------- -------- --------
# CPAN::Meta 2.120900 2.150010
#
# === Runtime Requires ===
#
# Module Want Have
# ----------------------------- -------- --------
# Capture::Tiny any 0.48
# Class::Inspector 1.36 1.36
# Class::Unload any 0.11
# Data::Dumper any 2.174
# Data::Printer any 1.000004
# File::Basename any 2.85
# FindBin any 1.51
# Getopt::Long::Descriptive any 0.109
# List::Util any 1.56
# Log::Dispatch any 2.70
# Log::Dispatch::Array any 1.003
# Module::Runtime any 0.016
# Moo any 2.005004
# Moo::Role any 2.005004
# MooX::StrictConstructor any 0.011
# PPI 1.270 1.270
# PPIx::QuoteLike any 0.017
# PPIx::Utils::Classification any 0.003
# Path::Tiny any 0.114
# Perl::Tidy 20210111 20210402
# Pod::Usage any 1.69
# Ref::Util any 0.204
# String::InterpolatedVariables any 2.000000
# Sub::HandlesVia any 0.016
# Symbol::Get 0.10 0.10
# Text::SimpleTable::AutoWidth any 0.09
# Try::Tiny any 0.30
# Types::Standard any 1.012001
# lib any 0.65
# strict any 1.11
# utf8 any 1.22
# warnings any 1.47
#
t/00-report-prereqs.t ............ ok
t/after.t ........................ skipped: Need List::AllUtils
t/args-in-import.t ............... ok
t/carp.t ......................... ok
t/cast.t ......................... ok
t/cli.t .......................... ok
t/cpan-modules/pithub.t .......... skipped: Need Pithub
t/cpan-modules/test2-v0.t ........ ok
t/do-block.t ..................... ok
t/Document.t ..................... ok
# Failed test 'no errors'
# at t/dump-perl-exports.t line 14.
# Can't locate Moo.pm in @INC (you may need to install the Moo module) (@INC contains: lib /usr/home/david/cpantesting/perl-5.32.0/.cpan/build/App-perlimports-0.000002-0/blib/lib /usr/home/david/cpantesting/perl-5.32.0/.cpan/build/App-perlimports-0.000002-0/blib/arch /home/david/perl5/perlbrew/perls/perl-5.30.2/lib/site_perl/5.30.2/amd64-freebsd /home/david/perl5/perlbrew/perls/perl-5.30.2/lib/site_perl/5.30.2 /home/david/perl5/perlbrew/perls/perl-5.30.2/lib/5.30.2/amd64-freebsd /home/david/perl5/perlbrew/perls/perl-5.30.2/lib/5.30.2) at lib/App/perlimports/ExportInspector.pm line 3.
# BEGIN failed--compilation aborted at lib/App/perlimports/ExportInspector.pm line 3.
# Compilation failed in require at script/dump-perl-exports line 6.
# BEGIN failed--compilation aborted at script/dump-perl-exports line 6.
# Looks like you failed 1 test of 1.
# Failed test 'Moose'
# at t/dump-perl-exports.t line 15.
# Failed test 'no errors'
# at t/dump-perl-exports.t line 21.
# Can't locate Moo.pm in @INC (you may need to install the Moo module) (@INC contains: lib /usr/home/david/cpantesting/perl-5.32.0/.cpan/build/App-perlimports-0.000002-0/blib/lib /usr/home/david/cpantesting/perl-5.32.0/.cpan/build/App-perlimports-0.000002-0/blib/arch /home/david/perl5/perlbrew/perls/perl-5.30.2/lib/site_perl/5.30.2/amd64-freebsd /home/david/perl5/perlbrew/perls/perl-5.30.2/lib/site_perl/5.30.2 /home/david/perl5/perlbrew/perls/perl-5.30.2/lib/5.30.2/amd64-freebsd /home/david/perl5/perlbrew/perls/perl-5.30.2/lib/5.30.2) at lib/App/perlimports/ExportInspector.pm line 3.
# BEGIN failed--compilation aborted at lib/App/perlimports/ExportInspector.pm line 3.
# Compilation failed in require at script/dump-perl-exports line 6.
# BEGIN failed--compilation aborted at script/dump-perl-exports line 6.
# Looks like you failed 1 test of 1.
# Failed test 'Moo'
# at t/dump-perl-exports.t line 22.
# Looks like you failed 2 tests of 3.
t/dump-perl-exports.t ............
Dubious, test returned 2 (wstat 512, 0x200)
Failed 2/3 subtests
t/dupes.t ........................ ok
t/english.t ...................... ok
t/exported-variables.t ........... ok
t/ExportInspector/DDP.t .......... ok
t/ExportInspector/load.t ......... skipped: Need Import::Into
t/ExportInspector/SubExporter.t .. skipped: Need Import::Into, MetaCPAN::Moose, MooseX::Types::Moose, MooseX::Types::Path::Class
t/find-bin.t ..................... ok
t/fully-qualified.t .............. ok
t/func-in-use.t .................. ok
t/func-in-var.t .................. ok
t/geo-ip.t ....................... ok
t/hash-in-regex.t ................ ok
t/hash-key.t ..................... ok
t/heredoc.t ...................... ok
t/ignored-modules.t .............. ok
t/import-error.t ................. ok
t/inner-package.t ................ ok
t/interpolation.t ................ ok
t/is-ignored.t ................... ok
t/meta.t ......................... ok
t/method.t ....................... ok
t/moo.t .......................... skipped: Need Import::Into
t/moose-types.t .................. skipped: Need MooseX::Types::Path::Class
t/moose.t ........................ skipped: Need Import::Into
t/moosex-types-moose.t ........... skipped: Need MooseX::Types, MooseX::Types::Moose
t/never-exports.t ................ ok
t/padding.t ...................... ok
t/perl-imports.t ................. ok
t/perl.t ......................... ok
t/pragma.t ....................... ok
t/preserve-spaces.t .............. ok
t/quoted-var.t ................... ok
t/require.t ...................... ok
t/skip-all.t ..................... ok
t/socket.t ....................... ok
t/switches-in-import.t ........... ok
t/symbol-as-method-call.t ........ skipped: Need HTML::TableExtract, Object::Tap
t/symbol-in-export.t ............. ok
t/symbol-in-signature.t .......... ok
t/test-most.t .................... ok
t/typeglob.t ..................... skipped: Need File::chdir
t/use-and-require.t .............. ok
t/var-in-regex.t ................. ok
t/variable.t ..................... ok
t/with-version.t ................. ok
Test Summary Report
-------------------
t/dump-perl-exports.t (Wstat: 512 Tests: 3 Failed: 2)
Failed tests: 1-2
Non-zero exit status: 2
Files=56, Tests=93, 306 wallclock secs ( 0.83 usr 0.45 sys + 264.87 cusr 35.59 csys = 301.73 CPU)
Result: FAIL
Failed 1/56 test programs. 2/93 subtests failed.
*** Error code 255
Stop.
make: stopped in /usr/home/david/cpantesting/perl-5.32.0/.cpan/build/App-perlimports-0.000002-0
------------------------------
PREREQUISITES
------------------------------
Prerequisite modules loaded:
requires:
Module Need Have
----------------------------- -------- --------
Capture::Tiny 0 0.48
Class::Inspector 1.36 1.36
Class::Unload 0 0.11
Data::Dumper 0 2.174
Data::Printer 0 1.000004
File::Basename 0 2.85
FindBin 0 1.51
Getopt::Long::Descriptive 0 0.109
lib 0 0.65
List::Util 0 1.56
Log::Dispatch 0 2.70
Log::Dispatch::Array 0 1.003
Module::Runtime 0 0.016
Moo 0 2.005004
Moo::Role 0 2.005004
MooX::StrictConstructor 0 0.011
Path::Tiny 0 0.114
perl 5.008 5.032000
Perl::Tidy 20210111 20210402
Pod::Usage 0 1.69
PPI 1.270 1.270
PPIx::QuoteLike 0 0.017
PPIx::Utils::Classification 0 0.003
Ref::Util 0 0.204
strict 0 1.11
String::InterpolatedVariables 0 2.000000
Sub::HandlesVia 0 0.016
Symbol::Get 0.10 0.10
Text::SimpleTable::AutoWidth 0 0.09
Try::Tiny 0 0.30
Types::Standard 0 1.012001
utf8 0 1.22
warnings 0 1.47
build_requires:
Module Need Have
----------------------------- -------- --------
Cpanel::JSON::XS 0 4.25
Data::Printer 0 1.000004
ExtUtils::MakeMaker 0 7.44
File::Spec 0 3.78
Geo::IP 0 1.51
Getopt::Long 2.40 2.51
LWP::UserAgent 6.49 6.53
Sub::Exporter 0 0.987
Test::More 0 1.302183
Test::Most 0 0.37
Test::Needs 0 0.002006
Test::RequiresInternet 0 0.05
Test::Warnings 0 0.030
configure_requires:
Module Need Have
----------------------------- -------- --------
ExtUtils::MakeMaker 0 7.44
perl 5.008 5.032000
------------------------------
ENVIRONMENT AND OTHER CONTEXT
------------------------------
Environment variables:
AUTOMATED_TESTING = 1
NONINTERACTIVE_TESTING = 1
PATH = /home/david/perl5/perlbrew/bin:/home/david/perl5/perlbrew/perls/perl-5.30.2/bin:/sbin:/bin:/usr/sbin:/usr/bin:/usr/local/sbin:/usr/local/bin:/home/david/bin
PERL = 5.32.0
PERL5LIB =
PERL5OPT =
PERL5_CPANPLUS_IS_RUNNING = 12184
PERL5_CPAN_IS_RUNNING = 12184
PERLBREW_HOME = /home/david/.perlbrew
PERLBREW_MANPATH = /home/david/perl5/perlbrew/perls/perl-5.30.2/man
PERLBREW_PATH = /home/david/perl5/perlbrew/bin:/home/david/perl5/perlbrew/perls/perl-5.30.2/bin
PERLBREW_PERL = perl-5.30.2
PERLBREW_ROOT = /home/david/perl5/perlbrew
PERLBREW_SHELLRC_VERSION = 0.89
PERLBREW_VERSION = 0.89
PERLVER = 5.32.0
PERL_INLINE_DIRECTORY = /home/david/.Inline-5.32.0
PERL_MM_USE_DEFAULT = 1
PERL_USE_UNSAFE_INC = 0
SHELL = /usr/local/bin/bash
TERM = screen
Perl special variables (and OS-specific diagnostics, for MSWin32):
$^X = /usr/home/david/cpantesting/perl-5.32.0/bin/perl
$UID/$EUID = 1001 / 1001
$GID = 1001 1001 0
$EGID = 1001 1001 0
Perl module toolchain versions installed:
Module Have
------------------- --------
CPAN 2.27
CPAN::Meta 2.150010
Cwd 3.78
ExtUtils::CBuilder 0.280234
ExtUtils::Command 7.44
ExtUtils::Install 2.14
ExtUtils::MakeMaker 7.44
ExtUtils::Manifest 1.72
ExtUtils::ParseXS 3.40
File::Spec 3.78
JSON 4.03
JSON::PP 4.04
Module::Build 0.4231
Module::Signature n/a
Parse::CPAN::Meta 2.150010
Test::Harness 3.42
Test::More 1.302183
YAML 1.30
YAML::Syck n/a
version 0.9924
--
Summary of my perl5 (revision 5 version 32 subversion 0) configuration:
Platform:
osname=freebsd
osvers=12.2-release
archname=amd64-freebsd
uname='freebsd cpantesting-freebsd 12.2-release freebsd 12.2-release r366954 generic amd64 '
config_args='-de -Dprefix=/home/david/cpantesting/perl-5.32.0'
hint=recommended
useposix=true
d_sigaction=define
useithreads=undef
usemultiplicity=undef
use64bitint=define
use64bitall=define
uselongdouble=undef
usemymalloc=n
default_inc_excludes_dot=define
bincompat5005=undef
Compiler:
cc='cc'
ccflags ='-DHAS_FPSETMASK -DHAS_FLOATINGPOINT_H -fno-strict-aliasing -pipe -fstack-protector-strong -I/usr/local/include'
optimize='-O2'
cppflags='-DHAS_FPSETMASK -DHAS_FLOATINGPOINT_H -fno-strict-aliasing -pipe -fstack-protector-strong -I/usr/local/include'
ccversion=''
gccversion='FreeBSD Clang 10.0.1 (git@github.com:llvm/llvm-project.git llvmorg-10.0.1-0-gef32c611aa2)'
gccosandvers=''
intsize=4
longsize=8
ptrsize=8
doublesize=8
byteorder=12345678
doublekind=3
d_longlong=define
longlongsize=8
d_longdbl=define
longdblsize=16
longdblkind=3
ivtype='long'
ivsize=8
nvtype='double'
nvsize=8
Off_t='off_t'
lseeksize=8
alignbytes=8
prototype=define
Linker and Libraries:
ld='cc'
ldflags ='-Wl,-E -fstack-protector-strong -L/usr/local/lib'
libpth=/usr/lib /usr/local/lib /usr/lib/clang/10.0.1/lib /usr/lib
libs=-lpthread -lgdbm -ldl -lm -lcrypt -lutil -lc
perllibs=-lpthread -ldl -lm -lcrypt -lutil -lc
libc=
so=so
useshrplib=false
libperl=libperl.a
gnulibc_version=''
Dynamic Linking:
dlsrc=dl_dlopen.xs
dlext=so
d_dlsymun=undef
ccdlflags=' '
cccdlflags='-DPIC -fPIC'
lddlflags='-shared -L/usr/local/lib -fstack-protector-strong'
Characteristics of this binary (from libperl):
Compile-time options:
HAS_TIMES
PERLIO_LAYERS
PERL_COPY_ON_WRITE
PERL_DONT_CREATE_GVSV
PERL_MALLOC_WRAP
PERL_OP_PARENT
PERL_PRESERVE_IVUV
USE_64_BIT_ALL
USE_64_BIT_INT
USE_LARGE_FILES
USE_LOCALE
USE_LOCALE_COLLATE
USE_LOCALE_CTYPE
USE_LOCALE_NUMERIC
USE_LOCALE_TIME
USE_PERLIO
USE_PERL_ATOF
Built under freebsd
Compiled at Dec 11 2020 09:55:35
%ENV:
PERL="5.32.0"
PERL5LIB=""
PERL5OPT=""
PERL5_CPANPLUS_IS_RUNNING="12184"
PERL5_CPAN_IS_RUNNING="12184"
PERLBREW_HOME="/home/david/.perlbrew"
PERLBREW_MANPATH="/home/david/perl5/perlbrew/perls/perl-5.30.2/man"
PERLBREW_PATH="/home/david/perl5/perlbrew/bin:/home/david/perl5/perlbrew/perls/perl-5.30.2/bin"
PERLBREW_PERL="perl-5.30.2"
PERLBREW_ROOT="/home/david/perl5/perlbrew"
PERLBREW_SHELLRC_VERSION="0.89"
PERLBREW_VERSION="0.89"
PERLVER="5.32.0"
PERL_INLINE_DIRECTORY="/home/david/.Inline-5.32.0"
PERL_MM_USE_DEFAULT="1"
PERL_USE_UNSAFE_INC="0"
@INC:
/home/david/cpantesting/perl-5.32.0/lib/site_perl/5.32.0/amd64-freebsd
/home/david/cpantesting/perl-5.32.0/lib/site_perl/5.32.0
/home/david/cpantesting/perl-5.32.0/lib/5.32.0/amd64-freebsd
/home/david/cpantesting/perl-5.32.0/lib/5.32.0