App-Greple-subst v2.3304 Perl 5 v5.26.3 x86_64-linux-thread-multi

Status
Fail
From
Chris Williams (BINGOS)
Dist
App-Greple-subst v2.3304
Platform
Perl 5 v5.26.3 x86_64-linux-thread-multi
Date
2023-12-20 15:51:28
ID
a3253bae-9f4f-11ee-98b0-b3c3213a625c
This distribution has been tested as part of the CPAN Testers
project, supporting the Perl programming language.  See
http://wiki.cpantesters.org/ for more information or email
questions to cpan-testers-discuss@perl.org


--

Dear UTASHIRO,

This is a computer-generated error report created automatically by
CPANPLUS, version 0.9914. Testers personal comments may appear
at the end of this report.


Thank you for uploading your work to CPAN.  However, it appears that
there were some problems testing your distribution.

TEST RESULTS:

Below is the error stack from stage 'make test':

t/00_compile.t ... ok
Possible attempt to separate words with commas at t/01_run.t line 20.

#   Failed test '--dict'
#   at t/Util.pm line 31.
Wide character in print at /home/cpan/pit/thr/perl-5.26.3/lib/site_perl/5.26.3/Test2/Formatter/TAP.pm line 125.
#                   'Use of uninitialized value in string eq at /home/cpan/pit/jail/kJ5pmuClcr/lib/perl5/Getopt/EX/Loader.pm line 118.
# Use of uninitialized value in string eq at /home/cpan/pit/jail/kJ5pmuClcr/lib/perl5/Getopt/EX/Loader.pm line 118.
# Use of uninitialized value in string eq at /home/cpan/pit/jail/kJ5pmuClcr/lib/perl5/Getopt/EX/Loader.pm line 118.
# Use of uninitialized value in string eq at /home/cpan/pit/jail/kJ5pmuClcr/lib/perl5/Getopt/EX/Loader.pm line 118.
# Use of uninitialized value in string eq at /home/cpan/pit/jail/kJ5pmuClcr/lib/perl5/Getopt/EX/Loader.pm line 118.
# Use of uninitialized value in string eq at /home/cpan/pit/jail/kJ5pmuClcr/lib/perl5/Getopt/EX/Loader.pm line 118.
# Use of uninitialized value in string eq at /home/cpan/pit/jail/kJ5pmuClcr/lib/perl5/Getopt/EX/Loader.pm line 118.
# Use of uninitialized value in string eq at /home/cpan/pit/jail/kJ5pmuClcr/lib/perl5/Getopt/EX/Loader.pm line 118.
# あのイーハトーボの透き通った風、
# 夏でも底に冷たさをもつ青い空、
# 美しい森で飾られたモリーオ市、
# 郊外のぎらぎら光る草の波。
# またそのなかでいっしょになったたくさんの人達、
# 山猫博士のボーガント・デストパーゴなど、
# みんな昔風の懐かしい青い幻燈のように思われます。
# では、わたくしはいつかの小さな見出しをつけながら、
# しずかにあの年のイーハトーボの五月から十月までを書きつけましょう。
# '
#     doesn't match '(?^u:\A(.*\n){9}\z)'

#   Failed test '--select=1'
#   at t/Util.pm line 31.
Wide character in print at /home/cpan/pit/thr/perl-5.26.3/lib/site_perl/5.26.3/Test2/Formatter/TAP.pm line 125.
#                   'Use of uninitialized value in string eq at /home/cpan/pit/jail/kJ5pmuClcr/lib/perl5/Getopt/EX/Loader.pm line 118.
# Use of uninitialized value in string eq at /home/cpan/pit/jail/kJ5pmuClcr/lib/perl5/Getopt/EX/Loader.pm line 118.
# Use of uninitialized value in string eq at /home/cpan/pit/jail/kJ5pmuClcr/lib/perl5/Getopt/EX/Loader.pm line 118.
# Use of uninitialized value in string eq at /home/cpan/pit/jail/kJ5pmuClcr/lib/perl5/Getopt/EX/Loader.pm line 118.
# Use of uninitialized value in string eq at /home/cpan/pit/jail/kJ5pmuClcr/lib/perl5/Getopt/EX/Loader.pm line 118.
# Use of uninitialized value in string eq at /home/cpan/pit/jail/kJ5pmuClcr/lib/perl5/Getopt/EX/Loader.pm line 118.
# Use of uninitialized value in string eq at /home/cpan/pit/jail/kJ5pmuClcr/lib/perl5/Getopt/EX/Loader.pm line 118.
# Use of uninitialized value in string eq at /home/cpan/pit/jail/kJ5pmuClcr/lib/perl5/Getopt/EX/Loader.pm line 118.
# あのイーハトーボの透き通った風、
# しずかにあの年のイーハトーボの五月から十月までを書きつけましょう。
# '
#     doesn't match '(?^u:\A(.*\n){2}\z)'

#   Failed test '--select=1,5:8'
#   at t/Util.pm line 31.
Wide character in print at /home/cpan/pit/thr/perl-5.26.3/lib/site_perl/5.26.3/Test2/Formatter/TAP.pm line 125.
#                   'Use of uninitialized value in string eq at /home/cpan/pit/jail/kJ5pmuClcr/lib/perl5/Getopt/EX/Loader.pm line 118.
# Use of uninitialized value in string eq at /home/cpan/pit/jail/kJ5pmuClcr/lib/perl5/Getopt/EX/Loader.pm line 118.
# Use of uninitialized value in string eq at /home/cpan/pit/jail/kJ5pmuClcr/lib/perl5/Getopt/EX/Loader.pm line 118.
# Use of uninitialized value in string eq at /home/cpan/pit/jail/kJ5pmuClcr/lib/perl5/Getopt/EX/Loader.pm line 118.
# Use of uninitialized value in string eq at /home/cpan/pit/jail/kJ5pmuClcr/lib/perl5/Getopt/EX/Loader.pm line 118.
# Use of uninitialized value in string eq at /home/cpan/pit/jail/kJ5pmuClcr/lib/perl5/Getopt/EX/Loader.pm line 118.
# Use of uninitialized value in string eq at /home/cpan/pit/jail/kJ5pmuClcr/lib/perl5/Getopt/EX/Loader.pm line 118.
# Use of uninitialized value in string eq at /home/cpan/pit/jail/kJ5pmuClcr/lib/perl5/Getopt/EX/Loader.pm line 118.
# あのイーハトーボの透き通った風、
# 美しい森で飾られたモリーオ市、
# 郊外のぎらぎら光る草の波。
# またそのなかでいっしょになったたくさんの人達、
# みんな昔風の懐かしい青い幻燈のように思われます。
# しずかにあの年のイーハトーボの五月から十月までを書きつけましょう。
# '
#     doesn't match '(?^u:\A(.*\n){6}\z)'

#   Failed test '--stat'
#   at t/Util.pm line 31.
Wide character in print at /home/cpan/pit/thr/perl-5.26.3/lib/site_perl/5.26.3/Test2/Formatter/TAP.pm line 125.
#                   'Use of uninitialized value in string eq at /home/cpan/pit/jail/kJ5pmuClcr/lib/perl5/Getopt/EX/Loader.pm line 118.
# Use of uninitialized value in string eq at /home/cpan/pit/jail/kJ5pmuClcr/lib/perl5/Getopt/EX/Loader.pm line 118.
# Use of uninitialized value in string eq at /home/cpan/pit/jail/kJ5pmuClcr/lib/perl5/Getopt/EX/Loader.pm line 118.
# Use of uninitialized value in string eq at /home/cpan/pit/jail/kJ5pmuClcr/lib/perl5/Getopt/EX/Loader.pm line 118.
# Use of uninitialized value in string eq at /home/cpan/pit/jail/kJ5pmuClcr/lib/perl5/Getopt/EX/Loader.pm line 118.
# Use of uninitialized value in string eq at /home/cpan/pit/jail/kJ5pmuClcr/lib/perl5/Getopt/EX/Loader.pm line 118.
# Use of uninitialized value in string eq at /home/cpan/pit/jail/kJ5pmuClcr/lib/perl5/Getopt/EX/Loader.pm line 118.
# Use of uninitialized value in string eq at /home/cpan/pit/jail/kJ5pmuClcr/lib/perl5/Getopt/EX/Loader.pm line 118.
# Use of uninitialized value in string eq at /home/cpan/pit/jail/kJ5pmuClcr/lib/perl5/Getopt/EX/Loader.pm line 118.
# Use of uninitialized value in string eq at /home/cpan/pit/jail/kJ5pmuClcr/lib/perl5/Getopt/EX/Loader.pm line 118.
# HIT_PATTERN=10/10 NG=11, OK=0, TOTAL=11
#  イ[エー]ハトー?([ヴブボ]ォ?) => イーハトーヴォ    1: イーハトーボ(2)
#            ディ?ストゥ?パーゴ => デストゥパーゴ    2: デストパーゴ(1)
# (透き?|すき)(通|と[うお])った => すきとおった      3: 透き通った(1)
#                     (空|そら) => そら              4: 空(1)
#            (美く?|うつく)しい => うつくしい        5: 美しい(1)
#            (人|ひと)(達|たち) => ひとたち          6: 人達(1)
#                   (昔|むかし) => むかし            7: 昔(1)
#                   (光|ひか)る => ひかる            8: 光る(1)
#            (懐か?|なつか)しい => なつかしい        9: 懐かしい(1)
#                [見み][出だ]し => みだし           10: 見出し(1)
# '
#     doesn't match '(?^u:\A(.*\n){11}\z)'

#   Failed test '--with-stat'
#   at t/Util.pm line 31.
Wide character in print at /home/cpan/pit/thr/perl-5.26.3/lib/site_perl/5.26.3/Test2/Formatter/TAP.pm line 125.
#                   'Use of uninitialized value in string eq at /home/cpan/pit/jail/kJ5pmuClcr/lib/perl5/Getopt/EX/Loader.pm line 118.
# Use of uninitialized value in string eq at /home/cpan/pit/jail/kJ5pmuClcr/lib/perl5/Getopt/EX/Loader.pm line 118.
# Use of uninitialized value in string eq at /home/cpan/pit/jail/kJ5pmuClcr/lib/perl5/Getopt/EX/Loader.pm line 118.
# Use of uninitialized value in string eq at /home/cpan/pit/jail/kJ5pmuClcr/lib/perl5/Getopt/EX/Loader.pm line 118.
# Use of uninitialized value in string eq at /home/cpan/pit/jail/kJ5pmuClcr/lib/perl5/Getopt/EX/Loader.pm line 118.
# Use of uninitialized value in string eq at /home/cpan/pit/jail/kJ5pmuClcr/lib/perl5/Getopt/EX/Loader.pm line 118.
# Use of uninitialized value in string eq at /home/cpan/pit/jail/kJ5pmuClcr/lib/perl5/Getopt/EX/Loader.pm line 118.
# Use of uninitialized value in string eq at /home/cpan/pit/jail/kJ5pmuClcr/lib/perl5/Getopt/EX/Loader.pm line 118.
# あのイーハトーボの透き通った風、
# 夏でも底に冷たさをもつ青い空、
# 美しい森で飾られたモリーオ市、
# 郊外のぎらぎら光る草の波。
# またそのなかでいっしょになったたくさんの人達、
# 山猫博士のボーガント・デストパーゴなど、
# みんな昔風の懐かしい青い幻燈のように思われます。
# では、わたくしはいつかの小さな見出しをつけながら、
# しずかにあの年のイーハトーボの五月から十月までを書きつけましょう。
# HIT_PATTERN=10/10 NG=11, OK=0, TOTAL=11
#  イ[エー]ハトー?([ヴブボ]ォ?) => イーハトーヴォ    1: イーハトーボ(2)
#            ディ?ストゥ?パーゴ => デストゥパーゴ    2: デストパーゴ(1)
# (透き?|すき)(通|と[うお])った => すきとおった      3: 透き通った(1)
#                     (空|そら) => そら              4: 空(1)
#            (美く?|うつく)しい => うつくしい        5: 美しい(1)
#            (人|ひと)(達|たち) => ひとたち          6: 人達(1)
#                   (昔|むかし) => むかし            7: 昔(1)
#                   (光|ひか)る => ひかる            8: 光る(1)
#            (懐か?|なつか)しい => なつかしい        9: 懐かしい(1)
#                [見み][出だ]し => みだし           10: 見出し(1)
# '
#     doesn't match '(?^u:\A(.*\n){20}\z)'

#   Failed test 'dict=1'
#   at t/Util.pm line 31.
Wide character in print at /home/cpan/pit/thr/perl-5.26.3/lib/site_perl/5.26.3/Test2/Formatter/TAP.pm line 125.
#                   'Use of uninitialized value in string eq at /home/cpan/pit/jail/kJ5pmuClcr/lib/perl5/Getopt/EX/Loader.pm line 118.
# Use of uninitialized value in string eq at /home/cpan/pit/jail/kJ5pmuClcr/lib/perl5/Getopt/EX/Loader.pm line 118.
# Use of uninitialized value in string eq at /home/cpan/pit/jail/kJ5pmuClcr/lib/perl5/Getopt/EX/Loader.pm line 118.
# Use of uninitialized value in string eq at /home/cpan/pit/jail/kJ5pmuClcr/lib/perl5/Getopt/EX/Loader.pm line 118.
# Use of uninitialized value in string eq at /home/cpan/pit/jail/kJ5pmuClcr/lib/perl5/Getopt/EX/Loader.pm line 118.
# Use of uninitialized value in string eq at /home/cpan/pit/jail/kJ5pmuClcr/lib/perl5/Getopt/EX/Loader.pm line 118.
# Use of uninitialized value in string eq at /home/cpan/pit/jail/kJ5pmuClcr/lib/perl5/Getopt/EX/Loader.pm line 118.
# Use of uninitialized value in string eq at /home/cpan/pit/jail/kJ5pmuClcr/lib/perl5/Getopt/EX/Loader.pm line 118.
# あのイーハトーボの透き通った風、
# 夏でも底に冷たさをもつ青い空、
# 美しい森で飾られたモリーオ市、
# 郊外のぎらぎら光る草の波。
# またそのなかでいっしょになったたくさんの人達、
# 山猫博士のボーガント・デストパーゴなど、
# みんな昔風の懐かしい青い幻燈のように思われます。
# では、わたくしはいつかの小さな見出しをつけながら、
# しずかにあの年のイーハトーボの五月から十月までを書きつけましょう。
# HIT_PATTERN=10/10 NG=11, OK=0, TOTAL=11
# >>> JA.dict <<<
#  イ[エー]ハトー?([ヴブボ]ォ?) => イーハトーヴォ    1: イーハトーボ(2)
#            ディ?ストゥ?パーゴ => デストゥパーゴ    2: デストパーゴ(1)
# (透き?|すき)(通|と[うお])った => すきとおった      3: 透き通った(1)
#                     (空|そら) => そら              4: 空(1)
#            (美く?|うつく)しい => うつくしい        5: 美しい(1)
#            (人|ひと)(達|たち) => ひとたち          6: 人達(1)
#                   (昔|むかし) => むかし            7: 昔(1)
#                   (光|ひか)る => ひかる            8: 光る(1)
#            (懐か?|なつか)しい => なつかしい        9: 懐かしい(1)
#                [見み][出だ]し => みだし           10: 見出し(1)
# '
#     doesn't match '(?^u:\A(.*\n){21}\z)'

#   Failed test '--diff'
#   at t/Util.pm line 31.
Wide character in print at /home/cpan/pit/thr/perl-5.26.3/lib/site_perl/5.26.3/Test2/Formatter/TAP.pm line 125.
#                   'Use of uninitialized value in string eq at /home/cpan/pit/jail/kJ5pmuClcr/lib/perl5/Getopt/EX/Loader.pm line 118.
# Use of uninitialized value in string eq at /home/cpan/pit/jail/kJ5pmuClcr/lib/perl5/Getopt/EX/Loader.pm line 118.
# Use of uninitialized value in string eq at /home/cpan/pit/jail/kJ5pmuClcr/lib/perl5/Getopt/EX/Loader.pm line 118.
# Use of uninitialized value in string eq at /home/cpan/pit/jail/kJ5pmuClcr/lib/perl5/Getopt/EX/Loader.pm line 118.
# Use of uninitialized value in string eq at /home/cpan/pit/jail/kJ5pmuClcr/lib/perl5/Getopt/EX/Loader.pm line 118.
# Use of uninitialized value in string eq at /home/cpan/pit/jail/kJ5pmuClcr/lib/perl5/Getopt/EX/Loader.pm line 118.
# Use of uninitialized value in string eq at /home/cpan/pit/jail/kJ5pmuClcr/lib/perl5/Getopt/EX/Loader.pm line 118.
# Use of uninitialized value in string eq at /home/cpan/pit/jail/kJ5pmuClcr/lib/perl5/Getopt/EX/Loader.pm line 118.
# Use of uninitialized value in string eq at /home/cpan/pit/jail/kJ5pmuClcr/lib/perl5/Getopt/EX/Loader.pm line 118.
# Use of uninitialized value in string eq at /home/cpan/pit/jail/kJ5pmuClcr/lib/perl5/Getopt/EX/Loader.pm line 118.
# --- /dev/fd/14
# +++ -
# @@ -1,16 +1,16 @@
#  
# -あのイーハトーボの透き通った風、
# -夏でも底に冷たさをもつ青い空、
# -美しい森で飾られたモリーオ市、
# -郊外のぎらぎら光る草の波。
# +あのイーハトーヴォのすきとおった風、
# +夏でも底に冷たさをもつ青いそら、
# +うつくしい森で飾られたモリーオ市、
# +郊外のぎらぎらひかる草の波。
#  
# -またそのなかでいっしょになったたくさんの人達、
# +またそのなかでいっしょになったたくさんのひとたち、
#  ファゼーロとロザーロ、羊飼のミーロや、
#  顔の赤いこどもたち、地主のテーモ、
# -山猫博士のボーガント・デストパーゴなど、
# +山猫博士のボーガント・デストゥパーゴなど、
#  いまこの暗い巨きな石の建物のなかで考えていると、
# -みんな昔風の懐かしい青い幻燈のように思われます。
# +みんなむかし風のなつかしい青い幻燈のように思われます。
#  
# -では、わたくしはいつかの小さな見出しをつけながら、
# -しずかにあの年のイーハトーボの五月から十月までを書きつけましょう。
# +では、わたくしはいつかの小さなみだしをつけながら、
# +しずかにあの年のイーハトーヴォの五月から十月までを書きつけましょう。
#  
# '
#     doesn't match '(?^u:\A(.*\n){28}\z)'

#   Failed test '--diff (stdin)'
#   at t/Util.pm line 31.
Wide character in print at /home/cpan/pit/thr/perl-5.26.3/lib/site_perl/5.26.3/Test2/Formatter/TAP.pm line 125.
#                   'Use of uninitialized value in string eq at /home/cpan/pit/jail/kJ5pmuClcr/lib/perl5/Getopt/EX/Loader.pm line 118.
# Use of uninitialized value in string eq at /home/cpan/pit/jail/kJ5pmuClcr/lib/perl5/Getopt/EX/Loader.pm line 118.
# Use of uninitialized value in string eq at /home/cpan/pit/jail/kJ5pmuClcr/lib/perl5/Getopt/EX/Loader.pm line 118.
# Use of uninitialized value in string eq at /home/cpan/pit/jail/kJ5pmuClcr/lib/perl5/Getopt/EX/Loader.pm line 118.
# Use of uninitialized value in string eq at /home/cpan/pit/jail/kJ5pmuClcr/lib/perl5/Getopt/EX/Loader.pm line 118.
# Use of uninitialized value in string eq at /home/cpan/pit/jail/kJ5pmuClcr/lib/perl5/Getopt/EX/Loader.pm line 118.
# Use of uninitialized value in string eq at /home/cpan/pit/jail/kJ5pmuClcr/lib/perl5/Getopt/EX/Loader.pm line 118.
# Use of uninitialized value in string eq at /home/cpan/pit/jail/kJ5pmuClcr/lib/perl5/Getopt/EX/Loader.pm line 118.
# Use of uninitialized value in string eq at /home/cpan/pit/jail/kJ5pmuClcr/lib/perl5/Getopt/EX/Loader.pm line 118.
# Use of uninitialized value in string eq at /home/cpan/pit/jail/kJ5pmuClcr/lib/perl5/Getopt/EX/Loader.pm line 118.
# --- /dev/fd/15
# +++ -
# @@ -1,16 +1,16 @@
#  
# -あのイーハトーボの透き通った風、
# -夏でも底に冷たさをもつ青い空、
# -美しい森で飾られたモリーオ市、
# -郊外のぎらぎら光る草の波。
# +あのイーハトーヴォのすきとおった風、
# +夏でも底に冷たさをもつ青いそら、
# +うつくしい森で飾られたモリーオ市、
# +郊外のぎらぎらひかる草の波。
#  
# -またそのなかでいっしょになったたくさんの人達、
# +またそのなかでいっしょになったたくさんのひとたち、
#  ファゼーロとロザーロ、羊飼のミーロや、
#  顔の赤いこどもたち、地主のテーモ、
# -山猫博士のボーガント・デストパーゴなど、
# +山猫博士のボーガント・デストゥパーゴなど、
#  いまこの暗い巨きな石の建物のなかで考えていると、
# -みんな昔風の懐かしい青い幻燈のように思われます。
# +みんなむかし風のなつかしい青い幻燈のように思われます。
#  
# -では、わたくしはいつかの小さな見出しをつけながら、
# -しずかにあの年のイーハトーボの五月から十月までを書きつけましょう。
# +では、わたくしはいつかの小さなみだしをつけながら、
# +しずかにあの年のイーハトーヴォの五月から十月までを書きつけましょう。
#  
# '
#     doesn't match '(?^u:\A(.*\n){28}\z)'

#   Failed test '--dictdata'
#   at t/Util.pm line 31.
Wide character in print at /home/cpan/pit/thr/perl-5.26.3/lib/site_perl/5.26.3/Test2/Formatter/TAP.pm line 125.
#                   'Use of uninitialized value in string eq at /home/cpan/pit/jail/kJ5pmuClcr/lib/perl5/Getopt/EX/Loader.pm line 118.
# Use of uninitialized value in string eq at /home/cpan/pit/jail/kJ5pmuClcr/lib/perl5/Getopt/EX/Loader.pm line 118.
# Use of uninitialized value in string eq at /home/cpan/pit/jail/kJ5pmuClcr/lib/perl5/Getopt/EX/Loader.pm line 118.
# Use of uninitialized value in string eq at /home/cpan/pit/jail/kJ5pmuClcr/lib/perl5/Getopt/EX/Loader.pm line 118.
# Use of uninitialized value in string eq at /home/cpan/pit/jail/kJ5pmuClcr/lib/perl5/Getopt/EX/Loader.pm line 118.
# Use of uninitialized value in string eq at /home/cpan/pit/jail/kJ5pmuClcr/lib/perl5/Getopt/EX/Loader.pm line 118.
# Use of uninitialized value in string eq at /home/cpan/pit/jail/kJ5pmuClcr/lib/perl5/Getopt/EX/Loader.pm line 118.
# Use of uninitialized value in string eq at /home/cpan/pit/jail/kJ5pmuClcr/lib/perl5/Getopt/EX/Loader.pm line 118.
# あのイーハトーボの透き通った風、
# しずかにあの年のイーハトーボの五月から十月までを書きつけましょう。
# '
#     doesn't match '(?^u:\A(.*\n){2}\z)'

#   Failed test '--dictdata'
#   at t/Util.pm line 31.
Wide character in print at /home/cpan/pit/thr/perl-5.26.3/lib/site_perl/5.26.3/Test2/Formatter/TAP.pm line 125.
#                   'Use of uninitialized value in string eq at /home/cpan/pit/jail/kJ5pmuClcr/lib/perl5/Getopt/EX/Loader.pm line 118.
# Use of uninitialized value in string eq at /home/cpan/pit/jail/kJ5pmuClcr/lib/perl5/Getopt/EX/Loader.pm line 118.
# Use of uninitialized value in string eq at /home/cpan/pit/jail/kJ5pmuClcr/lib/perl5/Getopt/EX/Loader.pm line 118.
# Use of uninitialized value in string eq at /home/cpan/pit/jail/kJ5pmuClcr/lib/perl5/Getopt/EX/Loader.pm line 118.
# Use of uninitialized value in string eq at /home/cpan/pit/jail/kJ5pmuClcr/lib/perl5/Getopt/EX/Loader.pm line 118.
# Use of uninitialized value in string eq at /home/cpan/pit/jail/kJ5pmuClcr/lib/perl5/Getopt/EX/Loader.pm line 118.
# Use of uninitialized value in string eq at /home/cpan/pit/jail/kJ5pmuClcr/lib/perl5/Getopt/EX/Loader.pm line 118.
# Use of uninitialized value in string eq at /home/cpan/pit/jail/kJ5pmuClcr/lib/perl5/Getopt/EX/Loader.pm line 118.
# あのイーハトーボの透き通った風、
# 山猫博士のボーガント・デストパーゴなど、
# しずかにあの年のイーハトーボの五月から十月までを書きつけましょう。
# '
#     doesn't match '(?^u:\A(.*\n){3}\z)'

#   Failed test '--subst'
#   at t/01_run.t line 50.
Wide character in print at /home/cpan/pit/thr/perl-5.26.3/lib/site_perl/5.26.3/Test2/Formatter/TAP.pm line 125.
#          got: 'Use of uninitialized value in string eq at /home/cpan/pit/jail/kJ5pmuClcr/lib/perl5/Getopt/EX/Loader.pm line 118.
# Use of uninitialized value in string eq at /home/cpan/pit/jail/kJ5pmuClcr/lib/perl5/Getopt/EX/Loader.pm line 118.
# Use of uninitialized value in string eq at /home/cpan/pit/jail/kJ5pmuClcr/lib/perl5/Getopt/EX/Loader.pm line 118.
# Use of uninitialized value in string eq at /home/cpan/pit/jail/kJ5pmuClcr/lib/perl5/Getopt/EX/Loader.pm line 118.
# Use of uninitialized value in string eq at /home/cpan/pit/jail/kJ5pmuClcr/lib/perl5/Getopt/EX/Loader.pm line 118.
# Use of uninitialized value in string eq at /home/cpan/pit/jail/kJ5pmuClcr/lib/perl5/Getopt/EX/Loader.pm line 118.
# Use of uninitialized value in string eq at /home/cpan/pit/jail/kJ5pmuClcr/lib/perl5/Getopt/EX/Loader.pm line 118.
# Use of uninitialized value in string eq at /home/cpan/pit/jail/kJ5pmuClcr/lib/perl5/Getopt/EX/Loader.pm line 118.
# 
# あのイーハトーヴォのすきとおった風、
# 夏でも底に冷たさをもつ青いそら、
# うつくしい森で飾られたモリーオ市、
# 郊外のぎらぎらひかる草の波。
# 
# またそのなかでいっしょになったたくさんのひとたち、
# ファゼーロとロザーロ、羊飼のミーロや、
# 顔の赤いこどもたち、地主のテーモ、
# 山猫博士のボーガント・デストゥパーゴなど、
# いまこの暗い巨きな石の建物のなかで考えていると、
# みんなむかし風のなつかしい青い幻燈のように思われます。
# 
# では、わたくしはいつかの小さなみだしをつけながら、
# しずかにあの年のイーハトーヴォの五月から十月までを書きつけましょう。
# 
# '
#     expected: '
# あのイーハトーヴォのすきとおった風、
# 夏でも底に冷たさをもつ青いそら、
# うつくしい森で飾られたモリーオ市、
# 郊外のぎらぎらひかる草の波。
# 
# またそのなかでいっしょになったたくさんのひとたち、
# ファゼーロとロザーロ、羊飼のミーロや、
# 顔の赤いこどもたち、地主のテーモ、
# 山猫博士のボーガント・デストゥパーゴなど、
# いまこの暗い巨きな石の建物のなかで考えていると、
# みんなむかし風のなつかしい青い幻燈のように思われます。
# 
# では、わたくしはいつかの小さなみだしをつけながら、
# しずかにあの年のイーハトーヴォの五月から十月までを書きつけましょう。
# 
# '

#   Failed test '--subst (stdin)'
#   at t/01_run.t line 57.
Wide character in print at /home/cpan/pit/thr/perl-5.26.3/lib/site_perl/5.26.3/Test2/Formatter/TAP.pm line 125.
#          got: 'Use of uninitialized value in string eq at /home/cpan/pit/jail/kJ5pmuClcr/lib/perl5/Getopt/EX/Loader.pm line 118.
# Use of uninitialized value in string eq at /home/cpan/pit/jail/kJ5pmuClcr/lib/perl5/Getopt/EX/Loader.pm line 118.
# Use of uninitialized value in string eq at /home/cpan/pit/jail/kJ5pmuClcr/lib/perl5/Getopt/EX/Loader.pm line 118.
# Use of uninitialized value in string eq at /home/cpan/pit/jail/kJ5pmuClcr/lib/perl5/Getopt/EX/Loader.pm line 118.
# Use of uninitialized value in string eq at /home/cpan/pit/jail/kJ5pmuClcr/lib/perl5/Getopt/EX/Loader.pm line 118.
# Use of uninitialized value in string eq at /home/cpan/pit/jail/kJ5pmuClcr/lib/perl5/Getopt/EX/Loader.pm line 118.
# Use of uninitialized value in string eq at /home/cpan/pit/jail/kJ5pmuClcr/lib/perl5/Getopt/EX/Loader.pm line 118.
# Use of uninitialized value in string eq at /home/cpan/pit/jail/kJ5pmuClcr/lib/perl5/Getopt/EX/Loader.pm line 118.
# 
# あのイーハトーヴォのすきとおった風、
# 夏でも底に冷たさをもつ青いそら、
# うつくしい森で飾られたモリーオ市、
# 郊外のぎらぎらひかる草の波。
# 
# またそのなかでいっしょになったたくさんのひとたち、
# ファゼーロとロザーロ、羊飼のミーロや、
# 顔の赤いこどもたち、地主のテーモ、
# 山猫博士のボーガント・デストゥパーゴなど、
# いまこの暗い巨きな石の建物のなかで考えていると、
# みんなむかし風のなつかしい青い幻燈のように思われます。
# 
# では、わたくしはいつかの小さなみだしをつけながら、
# しずかにあの年のイーハトーヴォの五月から十月までを書きつけましょう。
# 
# '
#     expected: '
# あのイーハトーヴォのすきとおった風、
# 夏でも底に冷たさをもつ青いそら、
# うつくしい森で飾られたモリーオ市、
# 郊外のぎらぎらひかる草の波。
# 
# またそのなかでいっしょになったたくさんのひとたち、
# ファゼーロとロザーロ、羊飼のミーロや、
# 顔の赤いこどもたち、地主のテーモ、
# 山猫博士のボーガント・デストゥパーゴなど、
# いまこの暗い巨きな石の建物のなかで考えていると、
# みんなむかし風のなつかしい青い幻燈のように思われます。
# 
# では、わたくしはいつかの小さなみだしをつけながら、
# しずかにあの年のイーハトーヴォの五月から十月までを書きつけましょう。
# 
# '
# Looks like you failed 12 tests of 13.
t/01_run.t ....... 
Dubious, test returned 12 (wstat 3072, 0xc00)
Failed 12/13 subtests 

#   Failed test 'include'
#   at t/Util.pm line 31.
Wide character in print at /home/cpan/pit/thr/perl-5.26.3/lib/site_perl/5.26.3/Test2/Formatter/TAP.pm line 125.
#                   'Use of uninitialized value in string eq at /home/cpan/pit/jail/kJ5pmuClcr/lib/perl5/Getopt/EX/Loader.pm line 118.
# Use of uninitialized value in string eq at /home/cpan/pit/jail/kJ5pmuClcr/lib/perl5/Getopt/EX/Loader.pm line 118.
# Use of uninitialized value in string eq at /home/cpan/pit/jail/kJ5pmuClcr/lib/perl5/Getopt/EX/Loader.pm line 118.
# Use of uninitialized value in string eq at /home/cpan/pit/jail/kJ5pmuClcr/lib/perl5/Getopt/EX/Loader.pm line 118.
# Use of uninitialized value in string eq at /home/cpan/pit/jail/kJ5pmuClcr/lib/perl5/Getopt/EX/Loader.pm line 118.
# Use of uninitialized value in string eq at /home/cpan/pit/jail/kJ5pmuClcr/lib/perl5/Getopt/EX/Loader.pm line 118.
# Use of uninitialized value in string eq at /home/cpan/pit/jail/kJ5pmuClcr/lib/perl5/Getopt/EX/Loader.pm line 118.
# Use of uninitialized value in string eq at /home/cpan/pit/jail/kJ5pmuClcr/lib/perl5/Getopt/EX/Loader.pm line 118.
# では、わたくしはいつかの小さなみだしをつけながら、
# '
#     doesn't match '(?^u:\A(.*\n){1}\z)'

#   Failed test 'include --warn-include'
#   at t/Util.pm line 31.
Wide character in print at /home/cpan/pit/thr/perl-5.26.3/lib/site_perl/5.26.3/Test2/Formatter/TAP.pm line 125.
#                   'Use of uninitialized value in string eq at /home/cpan/pit/jail/kJ5pmuClcr/lib/perl5/Getopt/EX/Loader.pm line 118.
# Use of uninitialized value in string eq at /home/cpan/pit/jail/kJ5pmuClcr/lib/perl5/Getopt/EX/Loader.pm line 118.
# Use of uninitialized value in string eq at /home/cpan/pit/jail/kJ5pmuClcr/lib/perl5/Getopt/EX/Loader.pm line 118.
# Use of uninitialized value in string eq at /home/cpan/pit/jail/kJ5pmuClcr/lib/perl5/Getopt/EX/Loader.pm line 118.
# Use of uninitialized value in string eq at /home/cpan/pit/jail/kJ5pmuClcr/lib/perl5/Getopt/EX/Loader.pm line 118.
# Use of uninitialized value in string eq at /home/cpan/pit/jail/kJ5pmuClcr/lib/perl5/Getopt/EX/Loader.pm line 118.
# Use of uninitialized value in string eq at /home/cpan/pit/jail/kJ5pmuClcr/lib/perl5/Getopt/EX/Loader.pm line 118.
# Use of uninitialized value in string eq at /home/cpan/pit/jail/kJ5pmuClcr/lib/perl5/Getopt/EX/Loader.pm line 118.
# Include "わた" with "わたくし" by #2 /(わた|綿)/ in t/JA.txt at 214
# では、わたくしはいつかの小さなみだしをつけながら、
# '
#     doesn't match '(?^u:\A(.*\n){2}\z)'

#   Failed test 'overlap'
#   at t/Util.pm line 31.
Wide character in print at /home/cpan/pit/thr/perl-5.26.3/lib/site_perl/5.26.3/Test2/Formatter/TAP.pm line 125.
#                   'Use of uninitialized value in string eq at /home/cpan/pit/jail/kJ5pmuClcr/lib/perl5/Getopt/EX/Loader.pm line 118.
# Use of uninitialized value in string eq at /home/cpan/pit/jail/kJ5pmuClcr/lib/perl5/Getopt/EX/Loader.pm line 118.
# Use of uninitialized value in string eq at /home/cpan/pit/jail/kJ5pmuClcr/lib/perl5/Getopt/EX/Loader.pm line 118.
# Use of uninitialized value in string eq at /home/cpan/pit/jail/kJ5pmuClcr/lib/perl5/Getopt/EX/Loader.pm line 118.
# Use of uninitialized value in string eq at /home/cpan/pit/jail/kJ5pmuClcr/lib/perl5/Getopt/EX/Loader.pm line 118.
# Use of uninitialized value in string eq at /home/cpan/pit/jail/kJ5pmuClcr/lib/perl5/Getopt/EX/Loader.pm line 118.
# Use of uninitialized value in string eq at /home/cpan/pit/jail/kJ5pmuClcr/lib/perl5/Getopt/EX/Loader.pm line 118.
# Use of uninitialized value in string eq at /home/cpan/pit/jail/kJ5pmuClcr/lib/perl5/Getopt/EX/Loader.pm line 118.
# Overlap "わたくし" with "わた" by #2 /(わたくし|私)/ in t/JA.txt at 214
# では、わたくしはいつかの小さなみだしをつけながら、
# '
#     doesn't match '(?^u:\A(.*\n){2}\z)'

#   Failed test 'overlap --no-warn-overlap'
#   at t/Util.pm line 31.
Wide character in print at /home/cpan/pit/thr/perl-5.26.3/lib/site_perl/5.26.3/Test2/Formatter/TAP.pm line 125.
#                   'Use of uninitialized value in string eq at /home/cpan/pit/jail/kJ5pmuClcr/lib/perl5/Getopt/EX/Loader.pm line 118.
# Use of uninitialized value in string eq at /home/cpan/pit/jail/kJ5pmuClcr/lib/perl5/Getopt/EX/Loader.pm line 118.
# Use of uninitialized value in string eq at /home/cpan/pit/jail/kJ5pmuClcr/lib/perl5/Getopt/EX/Loader.pm line 118.
# Use of uninitialized value in string eq at /home/cpan/pit/jail/kJ5pmuClcr/lib/perl5/Getopt/EX/Loader.pm line 118.
# Use of uninitialized value in string eq at /home/cpan/pit/jail/kJ5pmuClcr/lib/perl5/Getopt/EX/Loader.pm line 118.
# Use of uninitialized value in string eq at /home/cpan/pit/jail/kJ5pmuClcr/lib/perl5/Getopt/EX/Loader.pm line 118.
# Use of uninitialized value in string eq at /home/cpan/pit/jail/kJ5pmuClcr/lib/perl5/Getopt/EX/Loader.pm line 118.
# Use of uninitialized value in string eq at /home/cpan/pit/jail/kJ5pmuClcr/lib/perl5/Getopt/EX/Loader.pm line 118.
# では、わたくしはいつかの小さなみだしをつけながら、
# '
#     doesn't match '(?^u:\A(.*\n){1}\z)'
# Looks like you failed 4 tests of 4.
t/02_conflict.t .. 
Dubious, test returned 4 (wstat 1024, 0x400)
Failed 4/4 subtests 

Test Summary Report
-------------------
t/01_run.t     (Wstat: 3072 (exited 12) Tests: 13 Failed: 12)
  Failed tests:  2-13
  Non-zero exit status: 12
t/02_conflict.t (Wstat: 1024 (exited 4) Tests: 4 Failed: 4)
  Failed tests:  1-4
  Non-zero exit status: 4
Files=3, Tests=20,  4 wallclock secs ( 0.03 usr  0.01 sys +  2.63 cusr  0.54 csys =  3.21 CPU)
Result: FAIL


PREREQUISITES:

Here is a list of prerequisites you specified and versions we
managed to load:

	  Module Name                        Have     Want
	  App::Greple                      9.0902   9.0902
	  App::Greple::update                1.01     1.01
	  File::Share                        0.27     0.27
	  Getopt::EX                        2.1.5        0
	  Getopt::EX::termcolor              1.08     1.08
	  Getopt::Long                       2.49        0
	  List::Util                      1.46_02        0
	  Mo                                 0.40        0
	  Test::More                     1.302195     0.98
	  Text::VisualPrintf                 4.03     4.03
	  Text::VisualWidth::PP              0.05     0.05

Perl module toolchain versions installed:
	Module Name                        Have
	CPANPLUS                         0.9914
	CPANPLUS::Dist::Build              0.90
	Cwd                                3.75
	ExtUtils::CBuilder             0.280236
	ExtUtils::Command                  7.70
	ExtUtils::Install                  2.22
	ExtUtils::MakeMaker                7.70
	ExtUtils::Manifest                 1.75
	ExtUtils::ParseXS                  3.44
	File::Spec                         3.75
	Module::Build                    0.4234
	Pod::Parser                        1.63
	Pod::Simple                        3.35
	Test2                          1.302195
	Test::Harness                      3.44
	Test::More                     1.302195
	version                          0.9929

******************************** NOTE ********************************
The comments above are created mechanically, possibly without manual
checking by the sender.  As there are many people performing automatic
tests on each upload to CPAN, it is likely that you will receive
identical messages about the same problem.

If you believe that the message is mistaken, please reply to the first
one with correction and/or additional informations, and do not take
it personally.  We appreciate your patience. :)
**********************************************************************

Additional comments:


This report was machine-generated by CPANPLUS::Dist::YACSmoke 1.08.
Powered by minismokebox version 0.68

CPANPLUS is prefering Build.PL

------------------------------
ENVIRONMENT AND OTHER CONTEXT
------------------------------

Environment variables:

    AUTOMATED_TESTING = 1
    LANG = C.UTF-8
    LC_COLLATE = C
    NONINTERACTIVE_TESTING = 1
    PATH = /usr/local/sbin:/usr/local/bin:/usr/sbin:/usr/bin:/sbin:/bin
    PERL5LIB = /home/cpan/pit/jail/kJ5pmuClcr/lib/perl5:/home/cpan/pit/thr/conf/perl-5.26.3/.cpanplus/5.26.3/build/b9y4M2_PYr/Text-VisualWidth-PP-0.05/blib/lib:/home/cpan/pit/thr/conf/perl-5.26.3/.cpanplus/5.26.3/build/b9y4M2_PYr/Text-VisualWidth-PP-0.05/blib/arch:/home/cpan/pit/thr/conf/perl-5.26.3/.cpanplus/5.26.3/build/Z1AN6TWgXu/Text-ANSI-Fold-2.2104/blib/lib:/home/cpan/pit/thr/conf/perl-5.26.3/.cpanplus/5.26.3/build/Z1AN6TWgXu/Text-ANSI-Fold-2.2104/blib/arch:/home/cpan/pit/thr/conf/perl-5.26.3/.cpanplus/5.26.3/build/qE4faJLKGw/Text-Conceal-1.03/blib/lib:/home/cpan/pit/thr/conf/perl-5.26.3/.cpanplus/5.26.3/build/qE4faJLKGw/Text-Conceal-1.03/blib/arch:/home/cpan/pit/thr/conf/perl-5.26.3/.cpanplus/5.26.3/build/54HAdnLwoX/Text-VisualPrintf-4.03/blib/lib:/home/cpan/pit/thr/conf/perl-5.26.3/.cpanplus/5.26.3/build/54HAdnLwoX/Text-VisualPrintf-4.03/blib/arch:/home/cpan/pit/thr/conf/perl-5.26.3/.cpanplus/5.26.3/build/fXpkN200YX/App-Greple-subst-2.3304/blib/lib:/home/cpan/pit/thr/conf/perl-5.26.3/.cpanplus/5.26.3/build/fXpkN200YX/App-Greple-subst-2.3304/blib/arch
    PERL5_CPANPLUS_IS_RUNNING = 21486
    PERL5_CPANPLUS_IS_VERSION = 0.9914
    PERL5_MINISMOKEBOX = 0.68
    PERL5_YACSMOKE_BASE = /home/cpan/pit/thr/conf/perl-5.26.3
    PERL_EXTUTILS_AUTOINSTALL = --defaultdeps
    PERL_LOCAL_LIB_ROOT = /home/cpan/pit/jail/kJ5pmuClcr
    PERL_MB_OPT = --install_base "/home/cpan/pit/jail/kJ5pmuClcr"
    PERL_MM_OPT = INSTALL_BASE=/home/cpan/pit/jail/kJ5pmuClcr
    PERL_MM_USE_DEFAULT = 1
    SHELL = /bin/bash
    TERM = screen

Perl special variables (and OS-specific diagnostics, for MSWin32):

    Perl: $^X = /home/cpan/pit/thr/perl-5.26.3/bin/perl
    UID:  $<  = 1001
    EUID: $>  = 1001
    GID:  $(  = 1001 1001
    EGID: $)  = 1001 1001


-------------------------------


--

Summary of my perl5 (revision 5 version 26 subversion 3) configuration:
   
  Platform:
    osname=linux
    osvers=5.10.16-0-lts
    archname=x86_64-linux-thread-multi
    uname='linux agaric 5.10.16-0-lts #1-alpine smp wed, 17 feb 2021 08:17:06 utc x86_64 linux '
    config_args='-des -Dprefix=/home/cpan/pit/thr/perl-5.26.3 -Dusethreads'
    hint=recommended
    useposix=true
    d_sigaction=define
    useithreads=define
    usemultiplicity=define
    use64bitint=define
    use64bitall=define
    uselongdouble=undef
    usemymalloc=n
    default_inc_excludes_dot=define
    bincompat5005=undef
  Compiler:
    cc='cc'
    ccflags ='-D_REENTRANT -D_GNU_SOURCE -D_GNU_SOURCE -fwrapv -fno-strict-aliasing -pipe -fstack-protector-strong -D_LARGEFILE_SOURCE -D_FILE_OFFSET_BITS=64'
    optimize='-O2'
    cppflags='-D_REENTRANT -D_GNU_SOURCE -D_GNU_SOURCE -fwrapv -fno-strict-aliasing -pipe -fstack-protector-strong'
    ccversion=''
    gccversion='10.2.1 20201203'
    gccosandvers=''
    intsize=4
    longsize=8
    ptrsize=8
    doublesize=8
    byteorder=12345678
    doublekind=3
    d_longlong=define
    longlongsize=8
    d_longdbl=define
    longdblsize=16
    longdblkind=3
    ivtype='long'
    ivsize=8
    nvtype='double'
    nvsize=8
    Off_t='off_t'
    lseeksize=8
    alignbytes=8
    prototype=define
  Linker and Libraries:
    ld='cc'
    ldflags =' -fstack-protector-strong -L/usr/local/lib'
    libpth=/usr/include/fortify /usr/lib /usr/local/lib /lib/../lib /usr/lib/../lib /lib
    libs=-lpthread -lgdbm -ldl -lm -lcrypt -lutil -lc -lgdbm_compat
    perllibs=-lpthread -ldl -lm -lcrypt -lutil -lc
    libc=/usr/lib/libc.a
    so=so
    useshrplib=false
    libperl=libperl.a
    gnulibc_version=''
  Dynamic Linking:
    dlsrc=dl_dlopen.xs
    dlext=so
    d_dlsymun=undef
    ccdlflags='-Wl,-E'
    cccdlflags='-fPIC'
    lddlflags='-shared -O2 -L/usr/local/lib -fstack-protector-strong'


Characteristics of this binary (from libperl): 
  Compile-time options:
    HAS_TIMES
    MULTIPLICITY
    PERLIO_LAYERS
    PERL_COPY_ON_WRITE
    PERL_DONT_CREATE_GVSV
    PERL_IMPLICIT_CONTEXT
    PERL_MALLOC_WRAP
    PERL_OP_PARENT
    PERL_PRESERVE_IVUV
    USE_64_BIT_ALL
    USE_64_BIT_INT
    USE_ITHREADS
    USE_LARGE_FILES
    USE_LOCALE
    USE_LOCALE_COLLATE
    USE_LOCALE_CTYPE
    USE_LOCALE_NUMERIC
    USE_LOCALE_TIME
    USE_PERLIO
    USE_PERL_ATOF
    USE_REENTRANT_API
  Locally applied patches:
    Devel::PatchPerl 2.08
  Built under linux
  Compiled at Mar 13 2021 01:25:23
  %ENV:
    PERL5LIB="/home/cpan/pit/jail/kJ5pmuClcr/lib/perl5:/home/cpan/pit/thr/conf/perl-5.26.3/.cpanplus/5.26.3/build/b9y4M2_PYr/Text-VisualWidth-PP-0.05/blib/lib:/home/cpan/pit/thr/conf/perl-5.26.3/.cpanplus/5.26.3/build/b9y4M2_PYr/Text-VisualWidth-PP-0.05/blib/arch:/home/cpan/pit/thr/conf/perl-5.26.3/.cpanplus/5.26.3/build/Z1AN6TWgXu/Text-ANSI-Fold-2.2104/blib/lib:/home/cpan/pit/thr/conf/perl-5.26.3/.cpanplus/5.26.3/build/Z1AN6TWgXu/Text-ANSI-Fold-2.2104/blib/arch:/home/cpan/pit/thr/conf/perl-5.26.3/.cpanplus/5.26.3/build/qE4faJLKGw/Text-Conceal-1.03/blib/lib:/home/cpan/pit/thr/conf/perl-5.26.3/.cpanplus/5.26.3/build/qE4faJLKGw/Text-Conceal-1.03/blib/arch:/home/cpan/pit/thr/conf/perl-5.26.3/.cpanplus/5.26.3/build/54HAdnLwoX/Text-VisualPrintf-4.03/blib/lib:/home/cpan/pit/thr/conf/perl-5.26.3/.cpanplus/5.26.3/build/54HAdnLwoX/Text-VisualPrintf-4.03/blib/arch:/home/cpan/pit/thr/conf/perl-5.26.3/.cpanplus/5.26.3/build/fXpkN200YX/App-Greple-subst-2.3304/blib/lib:/home/cpan/pit/thr/conf/perl-5.26.3/.cpanplus/5.26.3/build/fXpkN200YX/App-Greple-subst-2.3304/blib/arch"
    PERL5_CPANPLUS_IS_RUNNING="21486"
    PERL5_CPANPLUS_IS_VERSION="0.9914"
    PERL5_MINISMOKEBOX="0.68"
    PERL5_YACSMOKE_BASE="/home/cpan/pit/thr/conf/perl-5.26.3"
    PERL_EXTUTILS_AUTOINSTALL="--defaultdeps"
    PERL_LOCAL_LIB_ROOT="/home/cpan/pit/jail/kJ5pmuClcr"
    PERL_MB_OPT="--install_base "/home/cpan/pit/jail/kJ5pmuClcr""
    PERL_MM_OPT="INSTALL_BASE=/home/cpan/pit/jail/kJ5pmuClcr"
    PERL_MM_USE_DEFAULT="1"
  @INC:
    /home/cpan/pit/jail/kJ5pmuClcr/lib/perl5/5.26.3/x86_64-linux-thread-multi
    /home/cpan/pit/jail/kJ5pmuClcr/lib/perl5/5.26.3
    /home/cpan/pit/jail/kJ5pmuClcr/lib/perl5/x86_64-linux-thread-multi
    /home/cpan/pit/jail/kJ5pmuClcr/lib/perl5
    /home/cpan/pit/thr/conf/perl-5.26.3/.cpanplus/5.26.3/build/b9y4M2_PYr/Text-VisualWidth-PP-0.05/blib/lib
    /home/cpan/pit/thr/conf/perl-5.26.3/.cpanplus/5.26.3/build/b9y4M2_PYr/Text-VisualWidth-PP-0.05/blib/arch
    /home/cpan/pit/thr/conf/perl-5.26.3/.cpanplus/5.26.3/build/Z1AN6TWgXu/Text-ANSI-Fold-2.2104/blib/lib
    /home/cpan/pit/thr/conf/perl-5.26.3/.cpanplus/5.26.3/build/Z1AN6TWgXu/Text-ANSI-Fold-2.2104/blib/arch
    /home/cpan/pit/thr/conf/perl-5.26.3/.cpanplus/5.26.3/build/qE4faJLKGw/Text-Conceal-1.03/blib/lib
    /home/cpan/pit/thr/conf/perl-5.26.3/.cpanplus/5.26.3/build/qE4faJLKGw/Text-Conceal-1.03/blib/arch
    /home/cpan/pit/thr/conf/perl-5.26.3/.cpanplus/5.26.3/build/54HAdnLwoX/Text-VisualPrintf-4.03/blib/lib
    /home/cpan/pit/thr/conf/perl-5.26.3/.cpanplus/5.26.3/build/54HAdnLwoX/Text-VisualPrintf-4.03/blib/arch
    /home/cpan/pit/thr/conf/perl-5.26.3/.cpanplus/5.26.3/build/fXpkN200YX/App-Greple-subst-2.3304/blib/lib
    /home/cpan/pit/thr/conf/perl-5.26.3/.cpanplus/5.26.3/build/fXpkN200YX/App-Greple-subst-2.3304/blib/arch
    /home/cpan/pit/thr/perl-5.26.3/lib/site_perl/5.26.3/x86_64-linux-thread-multi
    /home/cpan/pit/thr/perl-5.26.3/lib/site_perl/5.26.3
    /home/cpan/pit/thr/perl-5.26.3/lib/5.26.3/x86_64-linux-thread-multi
    /home/cpan/pit/thr/perl-5.26.3/lib/5.26.3