Encode v3.20 Perl 5 v5.38.0 MSWin32-x64-multi-thread

Status
Fail
From
aero
Dist
Encode v3.20
Platform
Perl 5 v5.38.0 MSWin32-x64-multi-thread
Date
2023-11-11 01:11:45
ID
a1f5743d-6c62-1014-8029-5defd5adae90
This distribution has been tested as part of the CPAN Testers
project, supporting the Perl programming language.  See
http://wiki.cpantesters.org/ for more information or email
questions to cpan-testers-discuss@perl.org


--
Dear Dan Kogai,

This is a computer-generated report for Encode-3.20
on perl 5.38.0, created by CPAN-Reporter-1.2019.

Thank you for uploading your work to CPAN.  However, there was a problem
testing your distribution.

If you think this report is invalid, please consult the CPAN Testers Wiki
for suggestions on how to avoid getting FAIL reports for missing library
or binary dependencies, unsupported operating systems, and so on:

http://wiki.cpantesters.org/wiki/CPANAuthorNotes

Sections of this report:

    * Tester comments
    * Program output
    * Prerequisites
    * Environment and other context

------------------------------
TESTER COMMENTS
------------------------------

Additional comments from tester:

none provided

------------------------------
PROGRAM OUTPUT
------------------------------

Output from 'C:\strawberry-perl-5.38-64bit\c\bin\gmake.exe test':

"C:\strawberry-perl-5.38-64bit\perl\bin\perl.exe" -MExtUtils::Command::MM -e cp_nonempty -- Encode.bs blib\arch\auto\Encode\Encode.bs 644
gmake[1]: Entering directory 'C:/strawberry-perl-5.38-64bit/cpan/build/Encode-3.20-0/Byte'
"C:\strawberry-perl-5.38-64bit\perl\bin\perl.exe" -MExtUtils::Command::MM -e cp_nonempty -- Byte.bs ..\blib\arch\auto\Encode\Byte\Byte.bs 644
gmake[1]: Leaving directory 'C:/strawberry-perl-5.38-64bit/cpan/build/Encode-3.20-0/Byte'
gmake[1]: Entering directory 'C:/strawberry-perl-5.38-64bit/cpan/build/Encode-3.20-0/CN'
"C:\strawberry-perl-5.38-64bit\perl\bin\perl.exe" -MExtUtils::Command::MM -e cp_nonempty -- CN.bs ..\blib\arch\auto\Encode\CN\CN.bs 644
gmake[1]: Leaving directory 'C:/strawberry-perl-5.38-64bit/cpan/build/Encode-3.20-0/CN'
gmake[1]: Entering directory 'C:/strawberry-perl-5.38-64bit/cpan/build/Encode-3.20-0/EBCDIC'
"C:\strawberry-perl-5.38-64bit\perl\bin\perl.exe" -MExtUtils::Command::MM -e cp_nonempty -- EBCDIC.bs ..\blib\arch\auto\Encode\EBCDIC\EBCDIC.bs 644
gmake[1]: Leaving directory 'C:/strawberry-perl-5.38-64bit/cpan/build/Encode-3.20-0/EBCDIC'
gmake[1]: Entering directory 'C:/strawberry-perl-5.38-64bit/cpan/build/Encode-3.20-0/JP'
"C:\strawberry-perl-5.38-64bit\perl\bin\perl.exe" -MExtUtils::Command::MM -e cp_nonempty -- JP.bs ..\blib\arch\auto\Encode\JP\JP.bs 644
gmake[1]: Leaving directory 'C:/strawberry-perl-5.38-64bit/cpan/build/Encode-3.20-0/JP'
gmake[1]: Entering directory 'C:/strawberry-perl-5.38-64bit/cpan/build/Encode-3.20-0/KR'
"C:\strawberry-perl-5.38-64bit\perl\bin\perl.exe" -MExtUtils::Command::MM -e cp_nonempty -- KR.bs ..\blib\arch\auto\Encode\KR\KR.bs 644
gmake[1]: Leaving directory 'C:/strawberry-perl-5.38-64bit/cpan/build/Encode-3.20-0/KR'
gmake[1]: Entering directory 'C:/strawberry-perl-5.38-64bit/cpan/build/Encode-3.20-0/Symbol'
"C:\strawberry-perl-5.38-64bit\perl\bin\perl.exe" -MExtUtils::Command::MM -e cp_nonempty -- Symbol.bs ..\blib\arch\auto\Encode\Symbol\Symbol.bs 644
gmake[1]: Leaving directory 'C:/strawberry-perl-5.38-64bit/cpan/build/Encode-3.20-0/Symbol'
gmake[1]: Entering directory 'C:/strawberry-perl-5.38-64bit/cpan/build/Encode-3.20-0/TW'
"C:\strawberry-perl-5.38-64bit\perl\bin\perl.exe" -MExtUtils::Command::MM -e cp_nonempty -- TW.bs ..\blib\arch\auto\Encode\TW\TW.bs 644
gmake[1]: Leaving directory 'C:/strawberry-perl-5.38-64bit/cpan/build/Encode-3.20-0/TW'
gmake[1]: Entering directory 'C:/strawberry-perl-5.38-64bit/cpan/build/Encode-3.20-0/Unicode'
"C:\strawberry-perl-5.38-64bit\perl\bin\perl.exe" -MExtUtils::Command::MM -e cp_nonempty -- Unicode.bs ..\blib\arch\auto\Encode\Unicode\Unicode.bs 644
gmake[1]: Leaving directory 'C:/strawberry-perl-5.38-64bit/cpan/build/Encode-3.20-0/Unicode'
gmake[1]: Entering directory 'C:/strawberry-perl-5.38-64bit/cpan/build/Encode-3.20-0/Byte'
"C:\strawberry-perl-5.38-64bit\perl\bin\perl.exe" -MExtUtils::Command::MM -e cp_nonempty -- Byte.bs ..\blib\arch\auto\Encode\Byte\Byte.bs 644
No tests defined for Encode::Byte extension.
gmake[1]: Leaving directory 'C:/strawberry-perl-5.38-64bit/cpan/build/Encode-3.20-0/Byte'
gmake[1]: Entering directory 'C:/strawberry-perl-5.38-64bit/cpan/build/Encode-3.20-0/CN'
"C:\strawberry-perl-5.38-64bit\perl\bin\perl.exe" -MExtUtils::Command::MM -e cp_nonempty -- CN.bs ..\blib\arch\auto\Encode\CN\CN.bs 644
No tests defined for Encode::CN extension.
gmake[1]: Leaving directory 'C:/strawberry-perl-5.38-64bit/cpan/build/Encode-3.20-0/CN'
gmake[1]: Entering directory 'C:/strawberry-perl-5.38-64bit/cpan/build/Encode-3.20-0/EBCDIC'
"C:\strawberry-perl-5.38-64bit\perl\bin\perl.exe" -MExtUtils::Command::MM -e cp_nonempty -- EBCDIC.bs ..\blib\arch\auto\Encode\EBCDIC\EBCDIC.bs 644
No tests defined for Encode::EBCDIC extension.
gmake[1]: Leaving directory 'C:/strawberry-perl-5.38-64bit/cpan/build/Encode-3.20-0/EBCDIC'
gmake[1]: Entering directory 'C:/strawberry-perl-5.38-64bit/cpan/build/Encode-3.20-0/JP'
"C:\strawberry-perl-5.38-64bit\perl\bin\perl.exe" -MExtUtils::Command::MM -e cp_nonempty -- JP.bs ..\blib\arch\auto\Encode\JP\JP.bs 644
No tests defined for Encode::JP extension.
gmake[1]: Leaving directory 'C:/strawberry-perl-5.38-64bit/cpan/build/Encode-3.20-0/JP'
gmake[1]: Entering directory 'C:/strawberry-perl-5.38-64bit/cpan/build/Encode-3.20-0/KR'
"C:\strawberry-perl-5.38-64bit\perl\bin\perl.exe" -MExtUtils::Command::MM -e cp_nonempty -- KR.bs ..\blib\arch\auto\Encode\KR\KR.bs 644
No tests defined for Encode::KR extension.
gmake[1]: Leaving directory 'C:/strawberry-perl-5.38-64bit/cpan/build/Encode-3.20-0/KR'
gmake[1]: Entering directory 'C:/strawberry-perl-5.38-64bit/cpan/build/Encode-3.20-0/Symbol'
"C:\strawberry-perl-5.38-64bit\perl\bin\perl.exe" -MExtUtils::Command::MM -e cp_nonempty -- Symbol.bs ..\blib\arch\auto\Encode\Symbol\Symbol.bs 644
No tests defined for Encode::Symbol extension.
gmake[1]: Leaving directory 'C:/strawberry-perl-5.38-64bit/cpan/build/Encode-3.20-0/Symbol'
gmake[1]: Entering directory 'C:/strawberry-perl-5.38-64bit/cpan/build/Encode-3.20-0/TW'
"C:\strawberry-perl-5.38-64bit\perl\bin\perl.exe" -MExtUtils::Command::MM -e cp_nonempty -- TW.bs ..\blib\arch\auto\Encode\TW\TW.bs 644
No tests defined for Encode::TW extension.
gmake[1]: Leaving directory 'C:/strawberry-perl-5.38-64bit/cpan/build/Encode-3.20-0/TW'
gmake[1]: Entering directory 'C:/strawberry-perl-5.38-64bit/cpan/build/Encode-3.20-0/Unicode'
"C:\strawberry-perl-5.38-64bit\perl\bin\perl.exe" -MExtUtils::Command::MM -e cp_nonempty -- Unicode.bs ..\blib\arch\auto\Encode\Unicode\Unicode.bs 644
No tests defined for Encode::Unicode extension.
gmake[1]: Leaving directory 'C:/strawberry-perl-5.38-64bit/cpan/build/Encode-3.20-0/Unicode'
"C:\strawberry-perl-5.38-64bit\perl\bin\perl.exe" "-MExtUtils::Command::MM" "-MTest::Harness" "-e" "undef *Test::Harness::Switches; test_harness(0, 'blib\lib', 'blib\arch')" t/*.t
t/Aliases.t ................ ok
t/at-cn.t .................. ok
t/at-tw.t .................. ok
t/CJKT.t ................... ok
t/cow.t .................... ok
t/decode.t ................. ok
t/enc_data.t ............... skipped: encoding pragma not supported in Perl 5.25 or later
t/enc_eucjp.t .............. skipped: Perl <=5.25.2 or cperl required
t/enc_module.t ............. skipped: encoding pragma not supported in Perl 5.25 or later
t/enc_utf8.t ............... skipped: Perl <=5.25.2 or cperl required
t/Encode.t ................. ok
t/Encoder.t ................ ok
t/encoding-locale.t ........ ok
t/encoding.t ............... skipped: encoding pragma not supported in Perl 5.25 or later
t/fallback.t ............... ok
t/from_to.t ................ ok
t/grow.t ................... ok
t/gsm0338.t ................ ok
t/guess.t .................. ok
t/isa.t .................... ok
t/jis7-fallback.t .......... ok
t/jperl.t .................. skipped: encoding pragma not supported in Perl 5.25 or later
t/magic.t .................. ok
t/mime-header.t ............ ok
t/mime-name.t .............. ok
t/mime_header_iso2022jp.t .. ok
t/perlio.t ................. ok
t/piconv.t ................. ok
t/rt113164.t ............... ok
t/rt65541.t ................ ok
t/rt76824.t ................ ok
t/rt85489.t ................ ok
t/rt86327.t ................ ok
t/taint.t .................. ok
t/truncated_utf8.t ......... ok
t/undef.t .................. ok
t/Unicode.t ................ ok
t/Unicode_trailing_nul.t ... ok
t/use-Encode-Alias.t ....... ok
t/utf32warnings.t .......... ok
t/utf8ref.t ................ ok
t/utf8strict.t ............. ok
t/utf8warnings.t ........... ok
t/whatwg-aliases.t ......... skipped: For maintainers only
t/xml.t .................... ok

Test Summary Report
-------------------
t/whatwg-aliases.t       (Wstat: 1280 (exited 5) Tests: 0 Failed: 0)
  Non-zero exit status: 5
Files=45, Tests=7769, 16 wallclock secs ( 0.73 usr +  0.08 sys =  0.81 CPU)
Result: FAIL
Failed 1/45 test programs. 0/7769 subtests failed.
gmake: *** [makefile:1339: test_dynamic] Error 255

------------------------------
PREREQUISITES
------------------------------

Prerequisite modules loaded:

requires:

    Module              Need  Have    
    ------------------- ----- --------
    Exporter            5.57  5.77    
    parent              0.221 0.241   
    Storable            0     3.32    

build_requires:

    Module              Need  Have    
    ------------------- ----- --------
    ExtUtils::MakeMaker 0     7.70    
    Test::More          0.92  1.302196

configure_requires:

    Module              Need  Have    
    ------------------- ----- --------
    ExtUtils::MakeMaker 0     7.70    


------------------------------
ENVIRONMENT AND OTHER CONTEXT
------------------------------

Environment variables:

    COMSPEC = C:\Windows\system32\cmd.exe
    LANG = C
    NONINTERACTIVE_TESTING = 1
    NUMBER_OF_PROCESSORS = 12
    PATH = C:\strawberry-perl-5.38-64bit\perl\site\bin;C:\strawberry-perl-5.38-64bit\perl\bin;C:\strawberry-perl-5.38-64bit\c\bin;c:\Users\owner\AppData\Local\Programs\cursor\resources\app\bin;C:\Windows\system32;C:\Windows;C:\Windows\System32\Wbem;C:\Windows\System32\WindowsPowerShell\v1.0\;C:\Windows\System32\OpenSSH\;C:\Program Files\Kubernetes\Minikube;C:\HashiCorp\Vagrant\bin;C:\Program Files\Git\cmd;C:\Users\owner\AppData\Local\Microsoft\WindowsApps;;C:\Tcl\bin;c:\Users\owner\AppData\Local\Programs\cursor\resources\app\bin;c:\Users\owner\AppData\Local\Programs\cursor\resources\app\bin;C:\Program Files\Microsoft VS Code\bin;C:\Program Files\Bandizip\;C:\Program Files\Rancher Desktop\resources\resources\win32\bin\;C:\Program Files\Rancher Desktop\resources\resources\linux\bin\;C:\Users\owner\AppData\Local\Microsoft\WindowsApps;;C:\Tcl\bin
    PERL5LIB = 
    PERL5OPT = 
    PERL5_CPANPLUS_IS_RUNNING = 13860
    PERL5_CPAN_IS_RUNNING = 13860
    PERL_MM_USE_DEFAULT = 1
    PERL_USE_UNSAFE_INC = 1
    PROCESSOR_IDENTIFIER = AMD64 Family 23 Model 104 Stepping 1, AuthenticAMD
    TEMP = C:\Users\owner\AppData\Local\Temp

Perl special variables (and OS-specific diagnostics, for MSWin32):

    $^X = C:\strawberry-perl-5.38-64bit\perl\bin\perl.exe
    $UID/$EUID = 0 / 0
    $GID = 0
    $EGID = 0
    Win32::GetOSName = Win10
    Win32::GetOSVersion = , 10, 0, 19045, 2, 0, 0, 256, 1
    Win32::FsType = NTFS
    Win32::IsAdminUser = 0

Perl module toolchain versions installed:

    Module              Have    
    ------------------- --------
    CPAN                2.36    
    CPAN::Meta          2.150010
    Cwd                 3.89    
    ExtUtils::CBuilder  0.280238
    ExtUtils::Command   7.70    
    ExtUtils::Install   2.22    
    ExtUtils::MakeMaker 7.70    
    ExtUtils::Manifest  1.75    
    ExtUtils::ParseXS   3.51    
    File::Spec          3.88    
    JSON                4.10    
    JSON::PP            4.16    
    Module::Build       0.4234  
    Module::Signature   0.88    
    Parse::CPAN::Meta   2.150010
    Test2               1.302196
    Test::Harness       3.48    
    Test::More          1.302196
    YAML                1.30    
    YAML::Syck          n/a     
    version             0.9930  


--

Summary of my perl5 (revision 5 version 38 subversion 0) configuration:
   
  Platform:
    osname=MSWin32
    osvers=10.0.17763.4499
    archname=MSWin32-x64-multi-thread
    uname='Win32 strawberry-perl 5.38.0.1 # 03:13:47 Wed July 05 2023 x64'
    config_args='undef'
    hint=recommended
    useposix=true
    d_sigaction=undef
    useithreads=define
    usemultiplicity=define
    use64bitint=define
    use64bitall=undef
    uselongdouble=undef
    usemymalloc=n
    default_inc_excludes_dot=define
  Compiler:
    cc='gcc'
    ccflags =' -DWIN32 -DWIN64 -D__USE_MINGW_ANSI_STDIO -DPERL_TEXTMODE_SCRIPTS -DMULTIPLICITY -DPERL_IMPLICIT_SYS -DUSE_PERLIO -D__USE_MINGW_ANSI_STDIO -fwrapv -fno-strict-aliasing -mms-bitfields'
    optimize='-s -O2'
    cppflags='-DWIN32'
    ccversion=''
    gccversion='13.1.0'
    gccosandvers=''
    intsize=4
    longsize=4
    ptrsize=8
    doublesize=8
    byteorder=12345678
    doublekind=3
    d_longlong=define
    longlongsize=8
    d_longdbl=define
    longdblsize=16
    longdblkind=3
    ivtype='long long'
    ivsize=8
    nvtype='double'
    nvsize=8
    Off_t='long long'
    lseeksize=8
    alignbytes=8
    prototype=define
  Linker and Libraries:
    ld='g++.exe'
    ldflags ='-s -L"C:\strawberry-perl-5.38-64bit\perl\lib\CORE" -L"C:\strawberry-perl-5.38-64bit\c\lib"'
    libpth=C:\strawberry-perl-5.38-64bit\c\lib C:\strawberry-perl-5.38-64bit\c\x86_64-w64-mingw32\lib C:\strawberry-perl-5.38-64bit\c\lib\gcc\x86_64-w64-mingw32\13.1.0
    libs= -lmoldname -lkernel32 -luser32 -lgdi32 -lwinspool -lcomdlg32 -ladvapi32 -lshell32 -lole32 -loleaut32 -lnetapi32 -luuid -lws2_32 -lmpr -lwinmm -lversion -lodbc32 -lodbccp32 -lcomctl32
    perllibs= -lmoldname -lkernel32 -luser32 -lgdi32 -lwinspool -lcomdlg32 -ladvapi32 -lshell32 -lole32 -loleaut32 -lnetapi32 -luuid -lws2_32 -lmpr -lwinmm -lversion -lodbc32 -lodbccp32 -lcomctl32
    libc=
    so=dll
    useshrplib=true
    libperl=libperl538.a
    gnulibc_version=''
  Dynamic Linking:
    dlsrc=dl_win32.xs
    dlext=xs.dll
    d_dlsymun=undef
    ccdlflags=' '
    cccdlflags=' '
    lddlflags='-mdll -s -L"C:\strawberry-perl-5.38-64bit\perl\lib\CORE" -L"C:\strawberry-perl-5.38-64bit\c\lib"'


Characteristics of this binary (from libperl): 
  Compile-time options:
    HAS_LONG_DOUBLE
    HAS_TIMES
    HAVE_INTERP_INTERN
    MULTIPLICITY
    PERLIO_LAYERS
    PERL_COPY_ON_WRITE
    PERL_DONT_CREATE_GVSV
    PERL_HASH_FUNC_SIPHASH13
    PERL_HASH_USE_SBOX32
    PERL_IMPLICIT_SYS
    PERL_MALLOC_WRAP
    PERL_OP_PARENT
    PERL_PRESERVE_IVUV
    PERL_USE_SAFE_PUTENV
    USE_64_BIT_INT
    USE_ITHREADS
    USE_LARGE_FILES
    USE_LOCALE
    USE_LOCALE_COLLATE
    USE_LOCALE_CTYPE
    USE_LOCALE_NUMERIC
    USE_LOCALE_TIME
    USE_PERLIO
    USE_PERL_ATOF
  Built under MSWin32
  Compiled at Aug 25 2023 23:12:32
  %ENV:
    PERL5_CPANPLUS_IS_RUNNING="13860"
    PERL5_CPAN_IS_RUNNING="13860"
    PERL_MM_USE_DEFAULT="1"
    PERL_USE_UNSAFE_INC="1"
  @INC:
    C:/strawberry-perl-5.38-64bit/perl/site/lib/MSWin32-x64-multi-thread
    C:/strawberry-perl-5.38-64bit/perl/site/lib
    C:/strawberry-perl-5.38-64bit/perl/vendor/lib
    C:/strawberry-perl-5.38-64bit/perl/lib
    .