Statocles v0.098 Perl 5 v5.32.0 x86_64-linux

Status
Fail
From
Dist
Statocles v0.098
Platform
Perl 5 v5.32.0 x86_64-linux
Date
2024-11-29 04:30:13
ID
a0a0b9ba-ae0a-11ef-aabd-ff5d3c4017c8
This distribution has been tested as part of the CPAN Testers
project, supporting the Perl programming language.  See
http://wiki.cpantesters.org/ for more information or email
questions to cpan-testers-discuss@perl.org


--
Dear PREACTION,

This is a computer-generated report for Statocles-0.098
on perl 5.32.0, created by App::cpanminus::reporter 0.17 (1.7044).

Thank you for uploading your work to CPAN.  However, there was a problem
testing your distribution.

If you think this report is invalid, please consult the CPAN Testers Wiki
for suggestions on how to avoid getting FAIL reports for missing library
or binary dependencies, unsupported operating systems, and so on:

http://wiki.cpantesters.org/wiki/CPANAuthorNotes

Sections of this report:

    * Tester comments
    * Program output
    * Prerequisites
    * Environment and other context

------------------------------
TESTER COMMENTS
------------------------------

Additional comments from tester:

none provided

------------------------------
PROGRAM OUTPUT
------------------------------

Output from '':

Building and testing Statocles-0.098
cp share/theme/bootstrap/layout/blank.html.ep blib/lib/auto/share/dist/Statocles/theme/bootstrap/layout/blank.html.ep
cp share/create/blog/post.markdown blib/lib/auto/share/dist/Statocles/create/blog/post.markdown
cp share/theme/bootstrap/site/header_after.html.ep blib/lib/auto/share/dist/Statocles/theme/bootstrap/site/header_after.html.ep
cp share/theme/bootstrap/plugin/highlight/default.css blib/lib/auto/share/dist/Statocles/theme/bootstrap/plugin/highlight/default.css
cp share/theme/bootstrap/css/statocles-bootstrap.css blib/lib/auto/share/dist/Statocles/theme/bootstrap/css/statocles-bootstrap.css
cp share/create/script.yml blib/lib/auto/share/dist/Statocles/create/script.yml
cp share/theme/bootstrap/blog/index.html.ep blib/lib/auto/share/dist/Statocles/theme/bootstrap/blog/index.html.ep
cp share/theme/bootstrap/layout/default.html.ep blib/lib/auto/share/dist/Statocles/theme/bootstrap/layout/default.html.ep
cp share/theme/bootstrap/perldoc/source.html.ep blib/lib/auto/share/dist/Statocles/theme/bootstrap/perldoc/source.html.ep
cp share/theme/bootstrap/layout/full-width.html.ep blib/lib/auto/share/dist/Statocles/theme/bootstrap/layout/full-width.html.ep
cp share/theme/bootstrap/perldoc/pod.html.ep blib/lib/auto/share/dist/Statocles/theme/bootstrap/perldoc/pod.html.ep
cp share/create/site.yml blib/lib/auto/share/dist/Statocles/create/site.yml
cp share/create/page/index.markdown blib/lib/auto/share/dist/Statocles/create/page/index.markdown
cp share/theme/bootstrap/blog/index.rss.ep blib/lib/auto/share/dist/Statocles/theme/bootstrap/blog/index.rss.ep
cp share/theme/bootstrap/blog/post.html.ep blib/lib/auto/share/dist/Statocles/theme/bootstrap/blog/post.html.ep
cp share/theme/bootstrap/site/head_after.html.ep blib/lib/auto/share/dist/Statocles/theme/bootstrap/site/head_after.html.ep
cp share/theme/bootstrap/blog/index.atom.ep blib/lib/auto/share/dist/Statocles/theme/bootstrap/blog/index.atom.ep
cp share/theme/bootstrap/site/navbar_extra.html.ep blib/lib/auto/share/dist/Statocles/theme/bootstrap/site/navbar_extra.html.ep
cp share/theme/bootstrap/plugin/highlight/solarized-light.css blib/lib/auto/share/dist/Statocles/theme/bootstrap/plugin/highlight/solarized-light.css
cp share/theme/bootstrap/site/footer.html.ep blib/lib/auto/share/dist/Statocles/theme/bootstrap/site/footer.html.ep
cp share/theme/bootstrap/plugin/highlight/solarized-dark.css blib/lib/auto/share/dist/Statocles/theme/bootstrap/plugin/highlight/solarized-dark.css
cp lib/Statocles/Deploy/Git.pm blib/lib/Statocles/Deploy/Git.pm
cp lib/Statocles/App/Perldoc.pm blib/lib/Statocles/App/Perldoc.pm
cp lib/Statocles/Help/Policy.pod blib/lib/Statocles/Help/Policy.pod
cp lib/Statocles/Command/daemon.pm blib/lib/Statocles/Command/daemon.pm
cp lib/Statocles/Command/build.pm blib/lib/Statocles/Command/build.pm
cp lib/Statocles/App/Basic.pm blib/lib/Statocles/App/Basic.pm
cp lib/Statocles/Command/bundle.pm blib/lib/Statocles/Command/bundle.pm
cp lib/Statocles/Command/create.pm blib/lib/Statocles/Command/create.pm
cp lib/Statocles/Help/Deploy.pod blib/lib/Statocles/Help/Deploy.pod
cp lib/Statocles/Command/deploy.pm blib/lib/Statocles/Command/deploy.pm
cp lib/Statocles/Command/status.pm blib/lib/Statocles/Command/status.pm
cp lib/Statocles/Deploy/File.pm blib/lib/Statocles/Deploy/File.pm
cp lib/Statocles/Command/apps.pm blib/lib/Statocles/Command/apps.pm
cp lib/Statocles/Help/Upgrading.pod blib/lib/Statocles/Help/Upgrading.pod
cp lib/Statocles/Help/Config.pod blib/lib/Statocles/Help/Config.pod
cp lib/Statocles/Page/Document.pm blib/lib/Statocles/Page/Document.pm
cp lib/Statocles/Help/Error.pod blib/lib/Statocles/Help/Error.pod
cp lib/Statocles/Help/Develop.pod blib/lib/Statocles/Help/Develop.pod
cp lib/Statocles/Help/Setup.pod blib/lib/Statocles/Help/Setup.pod
cp lib/Statocles/Link.pm blib/lib/Statocles/Link.pm
cp lib/Statocles/App.pm blib/lib/Statocles/App.pm
cp lib/Statocles/Help/Theme.pod blib/lib/Statocles/Help/Theme.pod
cp lib/Statocles/Help/Content.pod blib/lib/Statocles/Help/Content.pod
cp lib/Statocles/App/Static.pm blib/lib/Statocles/App/Static.pm
cp lib/Statocles/Command.pm blib/lib/Statocles/Command.pm
cp lib/Statocles/Base.pm blib/lib/Statocles/Base.pm
cp lib/Statocles/App/Plain.pm blib/lib/Statocles/App/Plain.pm
cp lib/Statocles/App/Role/Store.pm blib/lib/Statocles/App/Role/Store.pm
cp lib/Statocles/Event.pm blib/lib/Statocles/Event.pm
cp lib/Statocles/App/Blog.pm blib/lib/Statocles/App/Blog.pm
cp lib/Statocles/Link/Tree.pm blib/lib/Statocles/Link/Tree.pm
cp lib/Statocles/Page.pm blib/lib/Statocles/Page.pm
cp lib/Statocles/Page/List.pm blib/lib/Statocles/Page/List.pm
cp lib/Statocles/Page/File.pm blib/lib/Statocles/Page/File.pm
cp lib/Statocles/Document.pm blib/lib/Statocles/Document.pm
cp lib/Statocles/Help.pod blib/lib/Statocles/Help.pod
cp lib/Statocles.pm blib/lib/Statocles.pm
cp lib/Statocles/Deploy.pm blib/lib/Statocles/Deploy.pm
cp lib/Statocles/File.pm blib/lib/Statocles/File.pm
cp lib/Statocles/Image.pm blib/lib/Statocles/Image.pm
cp share/theme/default/layout/full-width.html.ep blib/lib/auto/share/dist/Statocles/theme/default/layout/full-width.html.ep
cp share/theme/default/plugin/highlight/solarized-light.css blib/lib/auto/share/dist/Statocles/theme/default/plugin/highlight/solarized-light.css
cp share/theme/default/blog/index.atom.ep blib/lib/auto/share/dist/Statocles/theme/default/blog/index.atom.ep
cp share/theme/default/plugin/highlight/default.css blib/lib/auto/share/dist/Statocles/theme/default/plugin/highlight/default.css
cp share/theme/default/plugin/highlight/solarized-dark.css blib/lib/auto/share/dist/Statocles/theme/default/plugin/highlight/solarized-dark.css
cp share/theme/bootstrap/site/style.html blib/lib/auto/share/dist/Statocles/theme/bootstrap/site/style.html
cp share/theme/default/blog/index.html.ep blib/lib/auto/share/dist/Statocles/theme/default/blog/index.html.ep
cp share/theme/bootstrap/site/sitemap.xml.ep blib/lib/auto/share/dist/Statocles/theme/bootstrap/site/sitemap.xml.ep
cp share/theme/bootstrap/site/robots.txt.ep blib/lib/auto/share/dist/Statocles/theme/bootstrap/site/robots.txt.ep
cp share/theme/default/css/statocles-default.css blib/lib/auto/share/dist/Statocles/theme/default/css/statocles-default.css
cp share/theme/default/layout/blank.html.ep blib/lib/auto/share/dist/Statocles/theme/default/layout/blank.html.ep
cp share/theme/default/blog/post.html.ep blib/lib/auto/share/dist/Statocles/theme/default/blog/post.html.ep
cp share/theme/default/layout/default.html.ep blib/lib/auto/share/dist/Statocles/theme/default/layout/default.html.ep
cp share/theme/default/perldoc/pod.html.ep blib/lib/auto/share/dist/Statocles/theme/default/perldoc/pod.html.ep
cp share/theme/default/perldoc/source.html.ep blib/lib/auto/share/dist/Statocles/theme/default/perldoc/source.html.ep
cp share/theme/default/site/footer.html.ep blib/lib/auto/share/dist/Statocles/theme/default/site/footer.html.ep
cp share/theme/default/css/skeleton.css blib/lib/auto/share/dist/Statocles/theme/default/css/skeleton.css
cp share/theme/default/site/head_after.html.ep blib/lib/auto/share/dist/Statocles/theme/default/site/head_after.html.ep
cp share/theme/bootstrap/site/sidebar_before.html.ep blib/lib/auto/share/dist/Statocles/theme/bootstrap/site/sidebar_before.html.ep
cp share/theme/default/blog/index.rss.ep blib/lib/auto/share/dist/Statocles/theme/default/blog/index.rss.ep
cp share/theme/default/css/normalize.css blib/lib/auto/share/dist/Statocles/theme/default/css/normalize.css
cp lib/Statocles/Plugin/LinkCheck.pm blib/lib/Statocles/Plugin/LinkCheck.pm
cp lib/Statocles/Util.pm blib/lib/Statocles/Util.pm
cp lib/Statocles/Store/File.pm blib/lib/Statocles/Store/File.pm
cp lib/Statocles/Role/PageAttrs.pm blib/lib/Statocles/Role/PageAttrs.pm
cp lib/Statocles/Types.pm blib/lib/Statocles/Types.pm
cp lib/Statocles/Page/ListItem.pm blib/lib/Statocles/Page/ListItem.pm
cp lib/Statocles/Page/Plain.pm blib/lib/Statocles/Page/Plain.pm
cp lib/Statocles/Plugin/Highlight.pm blib/lib/Statocles/Plugin/Highlight.pm
cp lib/Statocles/Test.pm blib/lib/Statocles/Test.pm
cp lib/Statocles/Plugin/Diagram/Mermaid.pm blib/lib/Statocles/Plugin/Diagram/Mermaid.pm
cp lib/Statocles/Plugin.pm blib/lib/Statocles/Plugin.pm
cp lib/Statocles/Template.pm blib/lib/Statocles/Template.pm
cp lib/Statocles/Theme.pm blib/lib/Statocles/Theme.pm
cp lib/Statocles/Plugin/HTMLLint.pm blib/lib/Statocles/Plugin/HTMLLint.pm
cp lib/Statocles/Person.pm blib/lib/Statocles/Person.pm
cp lib/Statocles/Site.pm blib/lib/Statocles/Site.pm
cp lib/Statocles/Store.pm blib/lib/Statocles/Store.pm
cp share/theme/default/site/style.html blib/lib/auto/share/dist/Statocles/theme/default/site/style.html
cp share/theme/default/site/header_after.html.ep blib/lib/auto/share/dist/Statocles/theme/default/site/header_after.html.ep
cp share/theme/default/site/sidebar_before.html.ep blib/lib/auto/share/dist/Statocles/theme/default/site/sidebar_before.html.ep
cp share/theme/default/site/navbar_extra.html.ep blib/lib/auto/share/dist/Statocles/theme/default/site/navbar_extra.html.ep
cp share/theme/default/site/sitemap.xml.ep blib/lib/auto/share/dist/Statocles/theme/default/site/sitemap.xml.ep
cp share/theme/default/site/robots.txt.ep blib/lib/auto/share/dist/Statocles/theme/default/site/robots.txt.ep
cp share/zsh/_statocles blib/lib/auto/share/dist/Statocles/zsh/_statocles
cp bin/statocles blib/script/statocles
"/home/osboxes/perl5/perlbrew/perls/perl-5.32.0/bin/perl" -MExtUtils::MY -e 'MY->fixin(shift)' -- blib/script/statocles
Manifying 1 pod document
Manifying 34 pod documents
Manifying 23 pod documents
Skip blib/lib/auto/share/dist/Statocles/theme/bootstrap/plugin/highlight/solarized-light.css (unchanged)
Skip blib/lib/auto/share/dist/Statocles/theme/bootstrap/blog/index.html.ep (unchanged)
Skip blib/lib/auto/share/dist/Statocles/theme/bootstrap/layout/blank.html.ep (unchanged)
Skip blib/lib/auto/share/dist/Statocles/theme/bootstrap/perldoc/pod.html.ep (unchanged)
Skip blib/lib/auto/share/dist/Statocles/theme/bootstrap/blog/index.atom.ep (unchanged)
Skip blib/lib/auto/share/dist/Statocles/create/script.yml (unchanged)
Skip blib/lib/auto/share/dist/Statocles/theme/bootstrap/site/footer.html.ep (unchanged)
Skip blib/lib/auto/share/dist/Statocles/create/blog/post.markdown (unchanged)
Skip blib/lib/auto/share/dist/Statocles/theme/bootstrap/layout/full-width.html.ep (unchanged)
Skip blib/lib/auto/share/dist/Statocles/theme/bootstrap/plugin/highlight/solarized-dark.css (unchanged)
Skip blib/lib/auto/share/dist/Statocles/theme/bootstrap/plugin/highlight/default.css (unchanged)
Skip blib/lib/auto/share/dist/Statocles/create/page/index.markdown (unchanged)
Skip blib/lib/auto/share/dist/Statocles/theme/bootstrap/site/header_after.html.ep (unchanged)
Skip blib/lib/auto/share/dist/Statocles/theme/bootstrap/site/navbar_extra.html.ep (unchanged)
Skip blib/lib/auto/share/dist/Statocles/create/site.yml (unchanged)
Skip blib/lib/auto/share/dist/Statocles/theme/bootstrap/blog/post.html.ep (unchanged)
Skip blib/lib/auto/share/dist/Statocles/theme/bootstrap/perldoc/source.html.ep (unchanged)
Skip blib/lib/auto/share/dist/Statocles/theme/bootstrap/site/head_after.html.ep (unchanged)
Skip blib/lib/auto/share/dist/Statocles/theme/bootstrap/blog/index.rss.ep (unchanged)
Skip blib/lib/auto/share/dist/Statocles/theme/bootstrap/css/statocles-bootstrap.css (unchanged)
Skip blib/lib/auto/share/dist/Statocles/theme/bootstrap/layout/default.html.ep (unchanged)
Skip blib/lib/auto/share/dist/Statocles/theme/default/blog/index.html.ep (unchanged)
Skip blib/lib/auto/share/dist/Statocles/theme/default/plugin/highlight/solarized-dark.css (unchanged)
Skip blib/lib/auto/share/dist/Statocles/theme/bootstrap/site/sitemap.xml.ep (unchanged)
Skip blib/lib/auto/share/dist/Statocles/theme/default/perldoc/source.html.ep (unchanged)
Skip blib/lib/auto/share/dist/Statocles/theme/default/blog/post.html.ep (unchanged)
Skip blib/lib/auto/share/dist/Statocles/theme/default/blog/index.atom.ep (unchanged)
Skip blib/lib/auto/share/dist/Statocles/theme/default/plugin/highlight/default.css (unchanged)
Skip blib/lib/auto/share/dist/Statocles/theme/default/perldoc/pod.html.ep (unchanged)
Skip blib/lib/auto/share/dist/Statocles/theme/default/css/statocles-default.css (unchanged)
Skip blib/lib/auto/share/dist/Statocles/theme/default/layout/full-width.html.ep (unchanged)
Skip blib/lib/auto/share/dist/Statocles/theme/default/blog/index.rss.ep (unchanged)
Skip blib/lib/auto/share/dist/Statocles/theme/default/css/normalize.css (unchanged)
Skip blib/lib/auto/share/dist/Statocles/theme/bootstrap/site/sidebar_before.html.ep (unchanged)
Skip blib/lib/auto/share/dist/Statocles/theme/bootstrap/site/robots.txt.ep (unchanged)
Skip blib/lib/auto/share/dist/Statocles/theme/default/layout/default.html.ep (unchanged)
Skip blib/lib/auto/share/dist/Statocles/theme/default/css/skeleton.css (unchanged)
Skip blib/lib/auto/share/dist/Statocles/theme/default/layout/blank.html.ep (unchanged)
Skip blib/lib/auto/share/dist/Statocles/theme/bootstrap/site/style.html (unchanged)
Skip blib/lib/auto/share/dist/Statocles/theme/default/site/footer.html.ep (unchanged)
Skip blib/lib/auto/share/dist/Statocles/theme/default/plugin/highlight/solarized-light.css (unchanged)
Skip blib/lib/auto/share/dist/Statocles/theme/default/site/head_after.html.ep (unchanged)
Skip blib/lib/auto/share/dist/Statocles/theme/default/site/robots.txt.ep (unchanged)
Skip blib/lib/auto/share/dist/Statocles/zsh/_statocles (unchanged)
Skip blib/lib/auto/share/dist/Statocles/theme/default/site/sidebar_before.html.ep (unchanged)
Skip blib/lib/auto/share/dist/Statocles/theme/default/site/header_after.html.ep (unchanged)
Skip blib/lib/auto/share/dist/Statocles/theme/default/site/style.html (unchanged)
Skip blib/lib/auto/share/dist/Statocles/theme/default/site/sitemap.xml.ep (unchanged)
Skip blib/lib/auto/share/dist/Statocles/theme/default/site/navbar_extra.html.ep (unchanged)
PERL_DL_NONLAZY=1 "/home/osboxes/perl5/perlbrew/perls/perl-5.32.0/bin/perl" "-MExtUtils::Command::MM" "-MTest::Harness" "-e" "undef *Test::Harness::Switches; test_harness(0, 'blib/lib', 'blib/arch')" t/*.t t/app/*.t t/app/basic/*.t t/app/blog/*.t t/app/perldoc/*.t t/app/role/*.t t/command/*.t t/deploy/*.t t/link/*.t t/page/*.t t/plugin/*.t t/template/*.t t/theme/*.t
# 
# Versions for all modules listed in MYMETA.json (including optional ones):
# 
# === Configure Requires ===
# 
#     Module                  Want Have
#     ----------------------- ---- ----
#     ExtUtils::MakeMaker      any 7.44
#     File::ShareDir::Install 0.06 0.14
# 
# === Build Requires ===
# 
#     Module              Want Have
#     ------------------- ---- ----
#     ExtUtils::MakeMaker  any 7.44
# 
# === Test Requires ===
# 
#     Module                  Want     Have
#     ------------------- -------- --------
#     Capture::Tiny            any     0.48
#     Dir::Self                any     0.11
#     ExtUtils::MakeMaker      any     7.44
#     File::Spec               any     3.78
#     IO::Handle               any     1.42
#     IPC::Open3               any     1.21
#     Storable                 any     3.21
#     Test::Deep               any    1.130
#     Test::Differences       0.64     0.67
#     Test::Exception         0.42     0.43
#     Test::Lib                any    0.003
#     Test::More          1.001005 1.302183
# 
# === Test Recommends ===
# 
#     Module         Want     Have
#     ---------- -------- --------
#     CPAN::Meta 2.120900 2.150010
# 
# === Runtime Requires ===
# 
#     Module                 Want     Have
#     ------------------ -------- --------
#     Beam::Emitter         0.007    1.007
#     Beam::Wire            1.018    1.026
#     DateTime::Moonpig       any     1.03
#     Encode                  any     3.06
#     Encode::Locale          any     1.05
#     File::Share             any     0.25
#     Git::Repository         any    1.325
#     I18N::Langinfo          any     0.19
#     IPC::Open3              any     1.21
#     Import::Base          0.012    1.004
#     JSON::PP                any     4.04
#     List::UtilsBy          0.09     0.11
#     Mojolicious               9     9.37
#     Moo                2.000001 2.004004
#     Path::Tiny            0.084    0.114
#     Pod::Simple            3.31     3.40
#     Pod::Usage::Return      any    0.003
#     Role::Tiny         2.000008 2.001004
#     Text::Markdown          any 1.000031
#     Text::Unidecode         any     1.30
#     Type::Tiny              any 2.000001
#     Types::Path::Tiny       any    0.006
#     YAML                    any     1.30
#     strict                  any     1.11
#     warnings                any     1.47
# 
# === Runtime Recommends ===
# 
#     Module                           Want     Have
#     ------------------------------- ----- --------
#     HTML::Lint::Pluggable            0.06  missing
#     PPI                               any    1.270
#     Pod::Elemental                    any 0.103005
#     Pod::Weaver                     4.015    4.015
#     Syntax::Highlight::Engine::Kate   any  missing
# 
t/00-report-prereqs.t ......... ok
t/app/basic/command.t ......... ok
t/app/basic/constructor.t ..... ok
t/app/basic/pages.t ........... ok
t/app/blog/command.t .......... ok
t/app/blog/constructor.t ...... ok
    # Current LC_TIME locale: en_GB.UTF-8
    # Could not set locale to ru_RU. Still 
t/app/blog/pages.t ............ ok
t/app/blog/post_date.t ........ ok
t/app/blog/recent_posts.t ..... ok
t/app/blog/slugs.t ............ ok
t/app/events.t ................ ok
t/app/perldoc/constructor.t ... ok
t/app/perldoc/highlight.t ..... skipped: Syntax::Highlight::Engine::Kate needed
t/app/role/store.t ............ ok
t/app/template.t .............. ok
t/app/perldoc/pages.t ......... ok
t/app/url.t ................... ok
t/command/apps.t .............. ok
t/command/build.t ............. ok
t/command/bundle.t ............ ok
t/command/daemon.t ............ ok
    # Git version: 2.043000
t/command/create.t ............ ok
t/command/deploy.t ............ ok
t/command/error.t ............. ok
t/command/help_and_version.t .. ok
t/deploy/file.t ............... ok
t/command/mojo_app.t .......... ok
# Git version: 2.043000
t/deprecated.t ................ ok
[2024-11-29 04:29:01.27829] [2056262] [warn] No files changed
[2024-11-29 04:29:01.64728] [2056262] [warn] No files changed
t/document.t .................. ok
    # No tests run!

#   Failed test 'No tests run for subtest "deploy with submodules and ignored files"'
#   at t/deploy/git.t line 215.
git submodule exited with 128

-- CMD --
git submodule add file:///tmp/q43VGnWYlp/submodule HASH(0x5aed8cdf96e8)

-- STDOUT --


-- STDERR --
Cloning into '/tmp/q43VGnWYlp/workdir/submodule'...

fatal: transport 'file' not allowed

fatal: clone of 'file:///tmp/q43VGnWYlp/submodule' into submodule path '/tmp/q43VGnWYlp/workdir/submodule' failed

# Tests were run but no plan was declared and done_testing() was not seen.
# Looks like your test exited with 255 just after 4.
t/deploy/git.t ................ 
Dubious, test returned 255 (wstat 65280, 0xff00)
Failed 1/4 subtests 
t/image.t ..................... ok
t/link.t ...................... ok
t/link/tree.t ................. ok
t/page/basename.t ............. ok
t/page/content_sections.t ..... ok
t/page/file.t ................. ok
Invalid data attribute in document "/required.markdown". Data attributes that are not hashes are deprecated and will be removed in v2.0. Please use a hash instead. See Statocles::Help::Upgrading
Invalid data attribute in document "/links/alternate_single.markdown". Data attributes that are not hashes are deprecated and will be removed in v2.0. Please use a hash instead. See Statocles::Help::Upgrading
t/page/document.t ............. ok
t/page/images.t ............... ok
t/page/links.t ................ ok
t/page/list.t ................. ok
t/page/list_item.t ............ ok
[2024-11-29 04:29:12.94499] [2056685] [debug] Render page: /path/to/page.html
t/page/plain.t ................ ok
t/page/type.t ................. ok
t/person.t .................... ok
t/plugin.t .................... ok
t/plugin/highlight.t .......... skipped: Syntax::Highlight::Engine::Kate needed
t/00-compile.t ................ ok
t/plugin/html_lint.t .......... skipped: HTML::Lint::Pluggable v0.06 or higher needed
t/plugin/mermaid.t ............ ok
t/site.t ...................... ok
t/plugin/link_check.t ......... ok
t/template/basic.t ............ ok
t/store.t ..................... ok
    # Current locale: LC_CTYPE=en_GB.UTF-8;LC_NUMERIC=en_GB.UTF-8;LC_TIME=en_GB.UTF-8;LC_COLLATE=C;LC_MONETARY=en_GB.UTF-8;LC_MESSAGES=en_GB.UTF-8;LC_PAPER=en_GB.UTF-8;LC_NAME=en_GB.UTF-8;LC_ADDRESS=en_GB.UTF-8;LC_TELEPHONE=en_GB.UTF-8;LC_MEASUREMENT=en_GB.UTF-8;LC_IDENTIFICATION=en_GB.UTF-8
t/template/content.t .......... ok
t/template/include.t .......... ok
t/statocles.t ................. ok
t/template/markdown.t ......... ok
t/theme/helper.t .............. ok
t/theme/pages.t ............... ok
t/theme/check.t ............... ok
sh: 1: HOPEFULLY_DOES_NOT_EXIST: not found
Terminated
t/types.t ..................... ok
t/util.t ...................... ok
t/theme/template.t ............ ok

Test Summary Report
-------------------
t/deploy/git.t              (Wstat: 65280 Tests: 4 Failed: 1)
  Failed test:  4
  Non-zero exit status: 255
  Parse errors: No plan found in TAP output
Files=63, Tests=309, 50 wallclock secs ( 1.04 usr  0.32 sys + 122.30 cusr 17.79 csys = 141.45 CPU)
Result: FAIL

------------------------------
PREREQUISITES
------------------------------

Prerequisite modules loaded:

    No requirements found

------------------------------
ENVIRONMENT AND OTHER CONTEXT
------------------------------

Environment variables:

    AUTHOR_TESTING = 1
    HARNESS_OPTIONS = j3
    LANG = en_GB.UTF-8
    LANGUAGE = en_GB:en
    LC_COLLATE = POSIX
    PATH = /home/osboxes/.perlbrew/libs/perl-5.32.0@normal/bin:/home/osboxes/perl5/perlbrew/bin:/home/osboxes/perl5/perlbrew/perls/perl-5.32.0/bin:/home/osboxes/bin:/home/osboxes/.local/bin:/home/osboxes/bin:/home/osboxes/.local/bin:/usr/local/sbin:/usr/local/bin:/usr/sbin:/usr/bin:/sbin:/bin:/usr/games:/usr/local/games:/snap/bin:/snap/bin
    PERL5LIB = /home/osboxes/.perlbrew/libs/perl-5.32.0@normal/lib/perl5
    PERLBREW_BASHRC_VERSION = 0.74
    PERLBREW_HOME = /home/osboxes/.perlbrew
    PERLBREW_LIB = normal
    PERLBREW_MANPATH = /home/osboxes/.perlbrew/libs/perl-5.32.0@normal/man:/home/osboxes/perl5/perlbrew/perls/perl-5.32.0/man
    PERLBREW_PATH = /home/osboxes/.perlbrew/libs/perl-5.32.0@normal/bin:/home/osboxes/perl5/perlbrew/bin:/home/osboxes/perl5/perlbrew/perls/perl-5.32.0/bin
    PERLBREW_PERL = perl-5.32.0
    PERLBREW_ROOT = /home/osboxes/perl5/perlbrew
    PERLBREW_VERSION = 0.98
    PERL_LOCAL_LIB_ROOT = /home/osboxes/.perlbrew/libs/perl-5.32.0@normal
    PERL_MB_OPT = --install_base /home/osboxes/.perlbrew/libs/perl-5.32.0@normal
    PERL_MM_OPT = INSTALL_BASE=/home/osboxes/.perlbrew/libs/perl-5.32.0@normal
    RELEASE_TESTING = 1
    SHELL = /bin/bash
    TERM = xterm-256color

Perl special variables (and OS-specific diagnostics, for MSWin32):

    EGID = 1000 4 24 27 30 46 113 128 130 1000
    EUID = 1000
    EXECUTABLE_NAME = /home/osboxes/perl5/perlbrew/perls/perl-5.32.0/bin/perl
    GID = 1000 4 24 27 30 46 113 128 130 1000
    UID = 1000

Perl module toolchain versions installed:

    Module              Have    
    ------------------- --------
    CPAN                2.27    
    CPAN::Meta          2.150010
    Cwd                 3.78    
    ExtUtils::CBuilder  0.280234
    ExtUtils::Command   7.44    
    ExtUtils::Install   2.14    
    ExtUtils::MakeMaker 7.44    
    ExtUtils::Manifest  1.72    
    ExtUtils::ParseXS   3.40    
    File::Spec          3.78    
    JSON                n/a     
    JSON::PP            4.04    
    Module::Build       0.4231  
    Module::Signature   n/a     
    Parse::CPAN::Meta   2.150010
    Test::Harness       3.42    
    Test::More          1.302183
    YAML                1.30    
    YAML::Syck          1.34    
    version             0.9924  


--

Summary of my perl5 (revision 5 version 32 subversion 0) configuration:
   
  Platform:
    osname=linux
    osvers=5.4.0-58-generic
    archname=x86_64-linux
    uname='linux osboxes 5.4.0-58-generic #64-ubuntu smp wed dec 9 08:16:25 utc 2020 x86_64 x86_64 x86_64 gnulinux '
    config_args='-de -Dprefix=/home/osboxes/perl5/perlbrew/perls/perl-5.32.0 -Accflags=-fPIC -Aeval:scriptdir=/home/osboxes/perl5/perlbrew/perls/perl-5.32.0/bin'
    hint=recommended
    useposix=true
    d_sigaction=define
    useithreads=undef
    usemultiplicity=undef
    use64bitint=define
    use64bitall=define
    uselongdouble=undef
    usemymalloc=n
    default_inc_excludes_dot=define
    bincompat5005=undef
  Compiler:
    cc='cc'
    ccflags ='-fPIC -fwrapv -fno-strict-aliasing -pipe -fstack-protector-strong -I/usr/local/include -D_LARGEFILE_SOURCE -D_FILE_OFFSET_BITS=64'
    optimize='-O2'
    cppflags='-fPIC -fwrapv -fno-strict-aliasing -pipe -fstack-protector-strong -I/usr/local/include'
    ccversion=''
    gccversion='9.3.0'
    gccosandvers=''
    intsize=4
    longsize=8
    ptrsize=8
    doublesize=8
    byteorder=12345678
    doublekind=3
    d_longlong=define
    longlongsize=8
    d_longdbl=define
    longdblsize=16
    longdblkind=3
    ivtype='long'
    ivsize=8
    nvtype='double'
    nvsize=8
    Off_t='off_t'
    lseeksize=8
    alignbytes=8
    prototype=define
  Linker and Libraries:
    ld='cc'
    ldflags =' -fstack-protector-strong -L/usr/local/lib'
    libpth=/usr/local/lib /usr/include/x86_64-linux-gnu /usr/lib /lib/x86_64-linux-gnu /lib/../lib /usr/lib/x86_64-linux-gnu /usr/lib/../lib /lib
    libs=-lpthread -lnsl -ldb -ldl -lm -lcrypt -lutil -lc
    perllibs=-lpthread -lnsl -ldl -lm -lcrypt -lutil -lc
    libc=libc-2.31.so
    so=so
    useshrplib=false
    libperl=libperl.a
    gnulibc_version='2.31'
  Dynamic Linking:
    dlsrc=dl_dlopen.xs
    dlext=so
    d_dlsymun=undef
    ccdlflags='-Wl,-E'
    cccdlflags='-fPIC'
    lddlflags='-shared -O2 -L/usr/local/lib -fstack-protector-strong'


Characteristics of this binary (from libperl): 
  Compile-time options:
    HAS_TIMES
    PERLIO_LAYERS
    PERL_COPY_ON_WRITE
    PERL_DONT_CREATE_GVSV
    PERL_MALLOC_WRAP
    PERL_OP_PARENT
    PERL_PRESERVE_IVUV
    USE_64_BIT_ALL
    USE_64_BIT_INT
    USE_LARGE_FILES
    USE_LOCALE
    USE_LOCALE_COLLATE
    USE_LOCALE_CTYPE
    USE_LOCALE_NUMERIC
    USE_LOCALE_TIME
    USE_PERLIO
    USE_PERL_ATOF
  Built under linux
  Compiled at Dec 25 2020 17:42:05
  %ENV:
    PERL5LIB="/home/osboxes/.perlbrew/libs/perl-5.32.0@normal/lib/perl5"
    PERLBREW_BASHRC_VERSION="0.74"
    PERLBREW_HOME="/home/osboxes/.perlbrew"
    PERLBREW_LIB="normal"
    PERLBREW_MANPATH="/home/osboxes/.perlbrew/libs/perl-5.32.0@normal/man:/home/osboxes/perl5/perlbrew/perls/perl-5.32.0/man"
    PERLBREW_PATH="/home/osboxes/.perlbrew/libs/perl-5.32.0@normal/bin:/home/osboxes/perl5/perlbrew/bin:/home/osboxes/perl5/perlbrew/perls/perl-5.32.0/bin"
    PERLBREW_PERL="perl-5.32.0"
    PERLBREW_ROOT="/home/osboxes/perl5/perlbrew"
    PERLBREW_VERSION="0.98"
    PERL_LOCAL_LIB_ROOT="/home/osboxes/.perlbrew/libs/perl-5.32.0@normal"
    PERL_MB_OPT="--install_base /home/osboxes/.perlbrew/libs/perl-5.32.0@normal"
    PERL_MM_OPT="INSTALL_BASE=/home/osboxes/.perlbrew/libs/perl-5.32.0@normal"
  @INC:
    /home/osboxes/.perlbrew/libs/perl-5.32.0@normal/lib/perl5/x86_64-linux
    /home/osboxes/.perlbrew/libs/perl-5.32.0@normal/lib/perl5
    /home/osboxes/perl5/perlbrew/perls/perl-5.32.0/lib/site_perl/5.32.0/x86_64-linux
    /home/osboxes/perl5/perlbrew/perls/perl-5.32.0/lib/site_perl/5.32.0
    /home/osboxes/perl5/perlbrew/perls/perl-5.32.0/lib/5.32.0/x86_64-linux
    /home/osboxes/perl5/perlbrew/perls/perl-5.32.0/lib/5.32.0