FunctionalPerl v0.72.76 Perl 5 v5.37.3 x86_64-linux-thread-multi

Status
Fail
From
Andreas J. König (ANDK)
Dist
FunctionalPerl v0.72.76
Platform
Perl 5 v5.37.3 x86_64-linux-thread-multi
Date
2023-01-24 19:09:25
ID
9e6a7b08-9c1a-11ed-a393-902f47b96176
This distribution has been tested as part of the CPAN Testers
project, supporting the Perl programming language.  See
http://wiki.cpantesters.org/ for more information or email
questions to cpan-testers-discuss@perl.org


--
Dear Christian Jaeger,

This is a computer-generated report for FunctionalPerl-0.72.76
on perl 5.37.3, created by CPAN-Reporter-1.2018.

Thank you for uploading your work to CPAN.  However, there was a problem
testing your distribution.

If you think this report is invalid, please consult the CPAN Testers Wiki
for suggestions on how to avoid getting FAIL reports for missing library
or binary dependencies, unsupported operating systems, and so on:

http://wiki.cpantesters.org/wiki/CPANAuthorNotes

Sections of this report:

    * Tester comments
    * Program output
    * Prerequisites
    * Environment and other context

------------------------------
TESTER COMMENTS
------------------------------

Additional comments from tester:

this report is from an automated smoke testing program
and was not reviewed by a human for accuracy

------------------------------
PROGRAM OUTPUT
------------------------------

Output from '/usr/bin/make test':

PERL_DL_NONLAZY=1 "/home/sand/src/perl/repoperls/installed-perls/host/k93msid/v5.37.3/29fb/bin/perl" "-MExtUtils::Command::MM" "-MTest::Harness" "-e" "undef *Test::Harness::Switches; test_harness(0, 'blib/lib', 'blib/arch')" t/*.t
t/csv_to_xml.t ........................... ok
t/dbi.t .................................. ok
t/examples-csv-to-json.t ................. ok
times for fib: user = 0.12, system = 0, cuser = 0, csystem = 0
times for fibonacci: user = 0.09, system = 0, cuser = 0, csystem = 0
t/examples-fibs.t ........................ ok
t/examples-functional-classes.t .......... ok
not activating since running in test mode at examples//../lib/FP/Repl/Trap.pm line 47.
t/examples-hiring-without-whiteboards.t .. ok
not activating since running in test mode at examples//../lib/FP/Repl/Trap.pm line 47.
t/examples-logic.t ....................... ok
t/examples-perlweekly-111-1.t ............ ok
times: user = 0.02, system = 0, cuser = 0, csystem = 0
times: user = 0.04, system = 0, cuser = 0, csystem = 0
times: user = 0.04, system = 0, cuser = 0, csystem = 0
t/examples-perlweekly-113-1.t ............ ok
t/examples-perlweekly-113-2.t ............ ok
t/examples-primes.t ...................... ok
t/functional_XML-t-div.t ................. ok
t/functional_XML-test.t .................. ok
Use of @_ in list assignment with signatured subroutine is experimental at ../.htmlgen/FunctionalPerl/Htmlgen/PathTranslate.pm line 77.
Implicit use of @_ in goto with signatured subroutine is experimental at ../.htmlgen/FunctionalPerl/Htmlgen/PathTranslate.pm line 77.
Use of @_ in list assignment with signatured subroutine is experimental at ../.htmlgen/FunctionalPerl/Htmlgen/PathTranslate.pm line 81.
Implicit use of @_ in goto with signatured subroutine is experimental at ../.htmlgen/FunctionalPerl/Htmlgen/PathTranslate.pm line 81.
Use of @_ in list assignment with signatured subroutine is experimental at ../.htmlgen/FunctionalPerl/Htmlgen/PathTranslate.pm line 83.
Implicit use of @_ in goto with signatured subroutine is experimental at ../.htmlgen/FunctionalPerl/Htmlgen/PathTranslate.pm line 83.
t/htmlgen.t .............................. ok
not activating since running in test mode at intro//../lib/FP/Repl/AutoTrap.pm line 64.
t/intro-basics.t ......................... ok
t/perl-goto-leak.t ....................... ok
t/perl-weaken-coderef-correctness.t ...... ok
t/perl-weaken-coderef.t .................. ok
Exception: Label not found for "last T2_SUBTEST_WRAPPER" at /home/sand/src/perl/repoperls/installed-perls/host/k93msid/v5.37.3/29fb/lib/5.37.3/Test2/Hub/Subtest.pm line 67.
 at /home/sand/src/perl/repoperls/installed-perls/host/k93msid/v5.37.3/29fb/lib/5.37.3/Test2/Hub/Subtest.pm line 67.
	Test2::Hub::Subtest::terminate(Test2::Hub::Subtest=HASH(0x561bf0d1dbc8), 0, Test2::Event::Plan=HASH(0x561bf0e5a880), HASH(0x561bf0e5c7b0)) called at /home/sand/src/perl/repoperls/installed-perls/host/k93msid/v5.37.3/29fb/lib/5.37.3/Test2/Hub.pm line 386
	Test2::Hub::process(Test2::Hub::Subtest=HASH(0x561bf0d1dbc8), Test2::Event::Plan=HASH(0x561bf0e5a880)) called at /home/sand/src/perl/repoperls/installed-perls/host/k93msid/v5.37.3/29fb/lib/5.37.3/Test2/Hub.pm line 306
	Test2::Hub::send(Test2::Hub::Subtest=HASH(0x561bf0d1dbc8), Test2::Event::Plan=HASH(0x561bf0e5a880)) called at /home/sand/src/perl/repoperls/installed-perls/host/k93msid/v5.37.3/29fb/lib/5.37.3/Test2/Hub/Subtest.pm line 34
	Test2::Hub::Subtest::send(Test2::Hub::Subtest=HASH(0x561bf0d1dbc8), Test2::Event::Plan=HASH(0x561bf0e5a880)) called at /home/sand/src/perl/repoperls/installed-perls/host/k93msid/v5.37.3/29fb/lib/5.37.3/Test2/API/Context.pm line 272
	Test2::API::Context::send_event(Test2::API::Context=HASH(0x561bf0e5a3d0), "Plan", "max", 0, "directive", "SKIP", "reason", "FunctionalPerl::Dependencies::ChjBin import: these programs a"...) called at /home/sand/src/perl/repoperls/installed-perls/host/k93msid/v5.37.3/29fb/lib/5.37.3/Test2/API/Context.pm line 448
	Test2::API::Context::plan(Test2::API::Context=HASH(0x561bf0e5a3d0), 0, "SKIP", "FunctionalPerl::Dependencies::ChjBin import: these programs a"...) called at /home/sand/src/perl/repoperls/installed-perls/host/k93msid/v5.37.3/29fb/lib/5.37.3/Test/Builder.pm line 660
	Test::Builder::skip_all(Test::Builder=HASH(0x561beadf5c78), "FunctionalPerl::Dependencies::ChjBin import: these programs a"...) called at /home/sand/src/perl/repoperls/installed-perls/host/k93msid/v5.37.3/29fb/lib/site_perl/5.37.3/Test/Requires.pm line 44
	Test::Requires::__ANON__("FunctionalPerl::Dependencies::ChjBin import: these programs a"...) called at /home/sand/src/perl/repoperls/installed-perls/host/k93msid/v5.37.3/29fb/lib/site_perl/5.37.3/Test/Requires.pm line 71
	Test::Requires::test_requires("FunctionalPerl::Dependencies::ChjBin", "\"trigger-listen\"", "t_pod_snippets_112") called at /home/sand/src/perl/repoperls/installed-perls/host/k93msid/v5.37.3/29fb/lib/site_perl/5.37.3/Test/Requires.pm line 21
	Test::Requires::import("Test::Requires", HASH(0x561bf0e5f5e0)) called at meta/FunctionalPerl/Dependencies/ChjBin.pm line 19
	t_pod_snippets_112::BEGIN() called at meta/FunctionalPerl/Dependencies/ChjBin.pm line 19
	eval {...} called at meta/FunctionalPerl/Dependencies/ChjBin.pm line 19
	eval 'package main; package t_pod_snippets_112; use Test::More ;
{
no warnings;
use strict;    # things are likely to be sloppy

ok 1 => \'the tests compile\';   


#line 16 meta/FunctionalPerl/Dependencies/ChjBin.pm
use Chj::TEST use => \'FunctionalPerl::Dependencies::ChjBin\';
# or
use Test::Requires +{
    \'FunctionalPerl::Dependencies::ChjBin\' => \'"trigger-listen"\' };
# or
#  list in FunctionalPerl::Dependencies\'s %dependencies

;


ok 1 => \'we reached the end!\';

}
; 
1' called at lib/FP/Repl/WithRepl.pm line 75
	FP::Repl::WithRepl::WithRepl_eval("package t_pod_snippets_112; use Test::More ;\x{a}{\x{a}no warnings;\x{a}u"...) called at t/pod_snippets.t line 37
	main::myeval("package t_pod_snippets_112; use Test::More ;\x{a}{\x{a}no warnings;\x{a}u"...) called at t/pod_snippets.t line 158
	main::__ANON__() called at /home/sand/src/perl/repoperls/installed-perls/host/k93msid/v5.37.3/29fb/lib/5.37.3/Test/Builder.pm line 374
	eval {...} called at /home/sand/src/perl/repoperls/installed-perls/host/k93msid/v5.37.3/29fb/lib/5.37.3/Test/Builder.pm line 374
	Test::Builder::subtest(Test::Builder=HASH(0x561beadf5c78), "pod snippets in FunctionalPerl::Dependencies::ChjBin", CODE(0x561beadc3368)) called at /home/sand/src/perl/repoperls/installed-perls/host/k93msid/v5.37.3/29fb/lib/5.37.3/Test/More.pm line 809
	Test::More::subtest("pod snippets in FunctionalPerl::Dependencies::ChjBin", CODE(0x561beadc3368)) called at t/pod_snippets.t line 183
BEGIN failed--compilation aborted at meta/FunctionalPerl/Dependencies/ChjBin.pm line 19.
 at meta/FunctionalPerl/Dependencies/ChjBin.pm line 19.
	eval 'package main; package t_pod_snippets_112; use Test::More ;
{
no warnings;
use strict;    # things are likely to be sloppy

ok 1 => \'the tests compile\';   


#line 16 meta/FunctionalPerl/Dependencies/ChjBin.pm
use Chj::TEST use => \'FunctionalPerl::Dependencies::ChjBin\';
# or
use Test::Requires +{
    \'FunctionalPerl::Dependencies::ChjBin\' => \'"trigger-listen"\' };
# or
#  list in FunctionalPerl::Dependencies\'s %dependencies

;


ok 1 => \'we reached the end!\';

}
; 
1' called at lib/FP/Repl/WithRepl.pm line 75
	FP::Repl::WithRepl::WithRepl_eval("package t_pod_snippets_112; use Test::More ;\x{a}{\x{a}no warnings;\x{a}u"...) called at t/pod_snippets.t line 37
	main::myeval("package t_pod_snippets_112; use Test::More ;\x{a}{\x{a}no warnings;\x{a}u"...) called at t/pod_snippets.t line 158
	main::__ANON__() called at /home/sand/src/perl/repoperls/installed-perls/host/k93msid/v5.37.3/29fb/lib/5.37.3/Test/Builder.pm line 374
	eval {...} called at /home/sand/src/perl/repoperls/installed-perls/host/k93msid/v5.37.3/29fb/lib/5.37.3/Test/Builder.pm line 374
	Test::Builder::subtest(Test::Builder=HASH(0x561beadf5c78), "pod snippets in FunctionalPerl::Dependencies::ChjBin", CODE(0x561beadc3368)) called at /home/sand/src/perl/repoperls/installed-perls/host/k93msid/v5.37.3/29fb/lib/5.37.3/Test/More.pm line 809
	Test::More::subtest("pod snippets in FunctionalPerl::Dependencies::ChjBin", CODE(0x561beadc3368)) called at t/pod_snippets.t line 183


    #   Failed test 'pod snippets in FunctionalPerl::Dependencies::ChjBin'
    #   at t/pod_snippets.t line 177.
    # Looks like you failed 1 test of 1.
t/pod_snippets.t ......................... ok
t/predicates.t ........................... ok

#   Failed test at t/repl.t line 192.
#          got: 'main> do {my $z=123; sub { my ($x)=@_; repl }}->(99)
# main 1> $FP::Repl::Repl::argsn
# $VAR1 = [bless(['<HOME>/.fp-repl_history', undef, 500, undef, undef, 1, 1, undef, 1, ['cat'], 'l', 's', 'a', 'X'], 'FP::Repl::Repl'), undef];
# main 1> $FP::Repl::Repl::args
# $VAR1 = [99];
# main 1> ,0
# FP::Repl::Repl::run(
#   bless(['<HOME>/.fp-repl_history', undef, 500, undef, undef, 1, 1, undef, 1, ['cat'], 'l', 's', 'a', 'X'], 'FP::Repl::Repl'),
#   undef
# ) called at (eval 0) line 1
# main 1> ,e
# $x = 99;
# $z = undef;
# main 1> $x
# $VAR1 = 99;
# main 1> 
# $VAR1 = !!0;
# '
#     expected: 'main> do {my $z=123; sub { my ($x)=@_; repl }}->(99)
# main 1> $FP::Repl::Repl::argsn
# $VAR1 = [bless(['<HOME>/.fp-repl_history', undef, 500, undef, undef, 1, 1, undef, 1, ['cat'], 'l', 's', 'a', 'X'], 'FP::Repl::Repl'), undef];
# main 1> $FP::Repl::Repl::args
# $VAR1 = [99];
# main 1> ,0
# FP::Repl::Repl::run(
#   bless(['<HOME>/.fp-repl_history', undef, 500, undef, undef, 1, 1, undef, 1, ['cat'], 'l', 's', 'a', 'X'], 'FP::Repl::Repl'),
#   undef
# ) called at (eval 0) line 1
# main 1> ,e
# $x = 99;
# $z = undef;
# main 1> $x
# $VAR1 = 99;
# main 1> 
# $VAR1 = '';
# '
# Looks like you failed 1 test of 7.
t/repl.t ................................. 
Dubious, test returned 1 (wstat 256, 0x100)
Failed 1/7 subtests 
Use of @_ in list assignment with signatured subroutine is experimental at .htmlgen/FunctionalPerl/Htmlgen/PathTranslate.pm line 77.
Implicit use of @_ in goto with signatured subroutine is experimental at .htmlgen/FunctionalPerl/Htmlgen/PathTranslate.pm line 77.
Use of @_ in list assignment with signatured subroutine is experimental at .htmlgen/FunctionalPerl/Htmlgen/PathTranslate.pm line 81.
Implicit use of @_ in goto with signatured subroutine is experimental at .htmlgen/FunctionalPerl/Htmlgen/PathTranslate.pm line 81.
Use of @_ in list assignment with signatured subroutine is experimental at .htmlgen/FunctionalPerl/Htmlgen/PathTranslate.pm line 83.
Implicit use of @_ in goto with signatured subroutine is experimental at .htmlgen/FunctionalPerl/Htmlgen/PathTranslate.pm line 83.
not activating since running in test mode at lib/FP/Repl/AutoTrap.pm line 64.
not activating since running in test mode at lib/FP/Repl/Trap.pm line 47.
Reference is already weak at lib/FP/Stream.pm line 770.
t/require_and_run_tests.t ................ ok
t/skip-internal.t ........................ ok
t/skip-leak.t ............................ ok
t/skip.t ................................. ok
t/testlazy.t ............................. ok
t/testlazy10.t ........................... ok
times for T: user = 0.11, system = 0, cuser = 0, csystem = 0
times for TC: user = 0.07, system = 0, cuser = 0, csystem = 0
t/trampoline-fix.t ....................... ok

Test Summary Report
-------------------
t/repl.t                               (Wstat: 256 (exited 1) Tests: 7 Failed: 1)
  Failed test:  6
  Non-zero exit status: 1
Files=28, Tests=184, 31 wallclock secs ( 0.29 usr  0.10 sys + 20.13 cusr  3.88 csys = 24.40 CPU)
Result: FAIL
Failed 1/28 test programs. 1/184 subtests failed.
make: *** [Makefile:1546: test_dynamic] Error 255

------------------------------
PREREQUISITES
------------------------------

Prerequisite modules loaded:

requires:

    Module              Need     Have    
    ------------------- -------- --------
    autobox             0        v3.0.1  
    base                0        2.27    
    Digest              0        1.20    
    File::Path          0        2.18    
    Getopt::Long        0        2.52    
    Import::Into        0        1.002005
    Math::BigInt        0        1.999837
    NEXT                0        0.69    
    perl                5.016004 5.037003
    PerlIO::utf8_strict 0        0.009   
    Safe::Isa           0        1.000010
    Scalar::Util        0        1.63    
    Symbol              0        1.09    
    Test::More          0.96     1.302191
    utf8                0        1.24    

build_requires:

    Module              Need     Have    
    ------------------- -------- --------
    BSD::Resource       0        1.2911  
    Capture::Tiny       0        0.48    
    DBD::CSV            0        0.59    
    DBI                 0        1.643   
    ExtUtils::MakeMaker 0        7.64    
    File::chdir         0        0.1011  
    Sub::Util           0        1.63    
    Test::Pod::Snippets 0        0.07    
    Test::Requires      0        0.11    
    Text::CSV           0        2.02    
    URI                 0        5.17    

configure_requires:

    Module              Need     Have    
    ------------------- -------- --------
    ExtUtils::MakeMaker 0        7.64    

opt_requires:

    Module              Need     Have    
    ------------------- -------- --------
    B::Deparse          0        1.68    
    Clone               0        0.46    
    Encode              0        3.19    
    Eval::WithLexicals  0        1.003006
    JSON                0        4.09    
    LWP::UserAgent      0        6.67    
    Method::Signatures  0        20170211
    PadWalker           0        2.5     
    Term::ReadLine::Gnu 0        1.44    
    Text::Markdown      0        1.000031


------------------------------
ENVIRONMENT AND OTHER CONTEXT
------------------------------

Environment variables:

    AUTOMATED_TESTING = 1
    LANG = en_US.UTF-8
    LANGUAGE = en_US:en
    PATH = /home/sand/bin:/usr/local/bin:/usr/bin:/bin:/usr/games:/usr/local/perl/bin:/usr/X11/bin:/sbin:/usr/sbin
    PERL5LIB = 
    PERL5OPT = 
    PERL5_CPANPLUS_IS_RUNNING = 3843190
    PERL5_CPAN_IS_RUNNING = 3843190
    PERL_CANARY_STABILITY_NOPROMPT = 1
    PERL_MM_USE_DEFAULT = 1
    PERL_USE_UNSAFE_INC = 1
    SHELL = /usr/bin/zsh
    TERM = screen

Perl special variables (and OS-specific diagnostics, for MSWin32):

    $^X = /home/sand/src/perl/repoperls/installed-perls/host/k93msid/v5.37.3/29fb/bin/perl
    $UID/$EUID = 1005 / 1005
    $GID = 1005 1005
    $EGID = 1005 1005

Perl module toolchain versions installed:

    Module              Have    
    ------------------- --------
    CPAN                2.34    
    CPAN::Meta          2.150010
    Cwd                 3.86    
    ExtUtils::CBuilder  0.280237
    ExtUtils::Command   7.64    
    ExtUtils::Install   2.20    
    ExtUtils::MakeMaker 7.64    
    ExtUtils::Manifest  1.73    
    ExtUtils::ParseXS   3.45    
    File::Spec          3.86    
    JSON                4.09    
    JSON::PP            4.16    
    Module::Build       0.4231  
    Module::Signature   0.88    
    Parse::CPAN::Meta   2.150010
    Test::Harness       3.44    
    Test::More          1.302191
    YAML                1.30    
    YAML::Syck          1.34    
    version             0.9929  


--

Summary of my perl5 (revision 5 version 37 subversion 3) configuration:
  Commit id: 29b290ccaa79f40de7d941c9a79810119f5c6363
  Platform:
    osname=linux
    osvers=5.19.0-1-amd64
    archname=x86_64-linux-thread-multi
    uname='linux k93msid 5.19.0-1-amd64 #1 smp preempt_dynamic debian 5.19.6-1 (2022-09-01) x86_64 gnulinux '
    config_args='-Dprefix=/home/sand/src/perl/repoperls/installed-perls/host/k93msid/v5.37.3/29fb -Dmyhostname=k93msid -Dinstallusrbinperl=n -Uversiononly -Dusedevel -des -Ui_db -Dlibswanted=cl pthread socket inet nsl gdbm dbm malloc dl ld sun m crypt sec util c cposix posix ucb BSD gdbm_compat -Duseithreads -Uuselongdouble -DEBUGGING=both'
    hint=recommended
    useposix=true
    d_sigaction=define
    useithreads=define
    usemultiplicity=define
    use64bitint=define
    use64bitall=define
    uselongdouble=undef
    usemymalloc=n
    default_inc_excludes_dot=define
  Compiler:
    cc='cc'
    ccflags ='-D_REENTRANT -D_GNU_SOURCE -fwrapv -DDEBUGGING -fno-strict-aliasing -pipe -fstack-protector-strong -I/usr/local/include -D_LARGEFILE_SOURCE -D_FILE_OFFSET_BITS=64 -D_FORTIFY_SOURCE=2'
    optimize='-O2 -g'
    cppflags='-D_REENTRANT -D_GNU_SOURCE -fwrapv -DDEBUGGING -fno-strict-aliasing -pipe -fstack-protector-strong -I/usr/local/include'
    ccversion=''
    gccversion='12.2.0'
    gccosandvers=''
    intsize=4
    longsize=8
    ptrsize=8
    doublesize=8
    byteorder=12345678
    doublekind=3
    d_longlong=define
    longlongsize=8
    d_longdbl=define
    longdblsize=16
    longdblkind=3
    ivtype='long'
    ivsize=8
    nvtype='double'
    nvsize=8
    Off_t='off_t'
    lseeksize=8
    alignbytes=8
    prototype=define
  Linker and Libraries:
    ld='cc'
    ldflags =' -fstack-protector-strong -L/usr/local/lib'
    libpth=/usr/local/lib /usr/lib/x86_64-linux-gnu /usr/lib /usr/lib64
    libs=-lpthread -lnsl -ldl -lm -lcrypt -lutil -lc
    perllibs=-lpthread -lnsl -ldl -lm -lcrypt -lutil -lc
    libc=/lib/x86_64-linux-gnu/libc.so.6
    so=so
    useshrplib=false
    libperl=libperl.a
    gnulibc_version='2.34'
  Dynamic Linking:
    dlsrc=dl_dlopen.xs
    dlext=so
    d_dlsymun=undef
    ccdlflags='-Wl,-E'
    cccdlflags='-fPIC'
    lddlflags='-shared -O2 -g -L/usr/local/lib -fstack-protector-strong'


Characteristics of this binary (from libperl): 
  Compile-time options:
    DEBUGGING
    HAS_TIMES
    MULTIPLICITY
    PERLIO_LAYERS
    PERL_COPY_ON_WRITE
    PERL_DONT_CREATE_GVSV
    PERL_HASH_FUNC_SIPHASH13
    PERL_HASH_USE_SBOX32
    PERL_MALLOC_WRAP
    PERL_OP_PARENT
    PERL_PRESERVE_IVUV
    PERL_TRACK_MEMPOOL
    PERL_USE_DEVEL
    PERL_USE_SAFE_PUTENV
    USE_64_BIT_ALL
    USE_64_BIT_INT
    USE_ITHREADS
    USE_LARGE_FILES
    USE_LOCALE
    USE_LOCALE_COLLATE
    USE_LOCALE_CTYPE
    USE_LOCALE_NUMERIC
    USE_LOCALE_TIME
    USE_PERLIO
    USE_PERL_ATOF
    USE_REENTRANT_API
    USE_THREAD_SAFE_LOCALE
  Built under linux
  Compiled at Sep 10 2022 16:58:29
  %ENV:
    PERL5LIB=""
    PERL5OPT=""
    PERL5_CPANPLUS_IS_RUNNING="3843190"
    PERL5_CPAN_IS_RUNNING="3843190"
    PERL_CANARY_STABILITY_NOPROMPT="1"
    PERL_MM_USE_DEFAULT="1"
    PERL_USE_UNSAFE_INC="1"
  @INC:
    /home/sand/src/perl/repoperls/installed-perls/host/k93msid/v5.37.3/29fb/lib/site_perl/5.37.3/x86_64-linux-thread-multi
    /home/sand/src/perl/repoperls/installed-perls/host/k93msid/v5.37.3/29fb/lib/site_perl/5.37.3
    /home/sand/src/perl/repoperls/installed-perls/host/k93msid/v5.37.3/29fb/lib/5.37.3/x86_64-linux-thread-multi
    /home/sand/src/perl/repoperls/installed-perls/host/k93msid/v5.37.3/29fb/lib/5.37.3
    .