FunctionalPerl v0.72.76 Perl 5 v5.26.1 x86_64-linux

Status
Fail
From
Andreas J. König (ANDK)
Dist
FunctionalPerl v0.72.76
Platform
Perl 5 v5.26.1 x86_64-linux
Date
2023-01-24 20:28:09
ID
9e178776-9c25-11ed-bb79-e8a347b96176
This distribution has been tested as part of the CPAN Testers
project, supporting the Perl programming language.  See
http://wiki.cpantesters.org/ for more information or email
questions to cpan-testers-discuss@perl.org


--
Dear Christian Jaeger,

This is a computer-generated report for FunctionalPerl-0.72.76
on perl 5.26.1, created by CPAN-Reporter-1.2018.

Thank you for uploading your work to CPAN.  However, there was a problem
testing your distribution.

If you think this report is invalid, please consult the CPAN Testers Wiki
for suggestions on how to avoid getting FAIL reports for missing library
or binary dependencies, unsupported operating systems, and so on:

http://wiki.cpantesters.org/wiki/CPANAuthorNotes

Sections of this report:

    * Tester comments
    * Program output
    * Prerequisites
    * Environment and other context

------------------------------
TESTER COMMENTS
------------------------------

Additional comments from tester:

this report is from an automated smoke testing program
and was not reviewed by a human for accuracy

------------------------------
PROGRAM OUTPUT
------------------------------

Output from '/usr/bin/make test':

PERL_DL_NONLAZY=1 "/home/sand/src/perl/repoperls/installed-perls/host/k93msid/v5.26.1/da1c/bin/perl" "-MExtUtils::Command::MM" "-MTest::Harness" "-e" "undef *Test::Harness::Switches; test_harness(0, 'blib/lib', 'blib/arch')" t/*.t
t/csv_to_xml.t ........................... ok
t/dbi.t .................................. ok
t/examples-csv-to-json.t ................. ok
times for fib: user = 0.1, system = 0, cuser = 0, csystem = 0
times for fibonacci: user = 0.0600000000000001, system = 0, cuser = 0, csystem = 0
t/examples-fibs.t ........................ ok
t/examples-functional-classes.t .......... ok
not activating since running in test mode at examples//../lib/FP/Repl/Trap.pm line 47.
t/examples-hiring-without-whiteboards.t .. ok
not activating since running in test mode at examples//../lib/FP/Repl/Trap.pm line 47.
t/examples-logic.t ....................... ok
t/examples-perlweekly-111-1.t ............ skipped: Perl v5.32.1 required--this is only v5.26.1, stopped at (eval 73) line 1.
times: user = 0.02, system = 0, cuser = 0, csystem = 0
times: user = 0.03, system = 0, cuser = 0, csystem = 0
times: user = 0.03, system = 0, cuser = 0, csystem = 0
t/examples-perlweekly-113-1.t ............ ok
t/examples-perlweekly-113-2.t ............ ok
t/examples-primes.t ...................... ok
t/functional_XML-t-div.t ................. ok
t/functional_XML-test.t .................. ok
Unknown warnings category 'shadow' at ../.htmlgen//../meta/FunctionalPerl/Indexing.pm line 46.
 at /home/sand/src/perl/repoperls/installed-perls/host/k93msid/v5.26.1/da1c/lib/5.26.1/warnings.pm line 254.
	warnings::Croaker("Unknown warnings category 'shadow'") called at /home/sand/src/perl/repoperls/installed-perls/host/k93msid/v5.26.1/da1c/lib/5.26.1/warnings.pm line 332
	warnings::unimport("warnings", "shadow") called at ../.htmlgen//../meta/FunctionalPerl/Indexing.pm line 46
	FunctionalPerl::Indexing::BEGIN() called at ../.htmlgen//../meta/FunctionalPerl/Indexing.pm line 46
	eval {...} called at ../.htmlgen//../meta/FunctionalPerl/Indexing.pm line 46
	require FunctionalPerl/Indexing.pm called at ../.htmlgen/FunctionalPerl/Htmlgen/Linking.pm line 73
	FunctionalPerl::Htmlgen::Linking::code::BEGIN() called at ../.htmlgen//../meta/FunctionalPerl/Indexing.pm line 46
	eval {...} called at ../.htmlgen//../meta/FunctionalPerl/Indexing.pm line 46
	require FunctionalPerl/Htmlgen/Linking.pm called at ../.htmlgen/gen line 126
	main::BEGIN() called at ../.htmlgen//../meta/FunctionalPerl/Indexing.pm line 46
	eval {...} called at ../.htmlgen//../meta/FunctionalPerl/Indexing.pm line 46
BEGIN failed--compilation aborted at ../.htmlgen//../meta/FunctionalPerl/Indexing.pm line 46.
 at ../.htmlgen//../meta/FunctionalPerl/Indexing.pm line 46.
	require FunctionalPerl/Indexing.pm called at ../.htmlgen/FunctionalPerl/Htmlgen/Linking.pm line 73
	FunctionalPerl::Htmlgen::Linking::code::BEGIN() called at ../.htmlgen//../meta/FunctionalPerl/Indexing.pm line 46
	eval {...} called at ../.htmlgen//../meta/FunctionalPerl/Indexing.pm line 46
	require FunctionalPerl/Htmlgen/Linking.pm called at ../.htmlgen/gen line 126
	main::BEGIN() called at ../.htmlgen//../meta/FunctionalPerl/Indexing.pm line 46
	eval {...} called at ../.htmlgen//../meta/FunctionalPerl/Indexing.pm line 46
Compilation failed in require at ../.htmlgen/FunctionalPerl/Htmlgen/Linking.pm line 73.
 at ../.htmlgen/FunctionalPerl/Htmlgen/Linking.pm line 73.
	FunctionalPerl::Htmlgen::Linking::code::BEGIN() called at ../.htmlgen/FunctionalPerl/Htmlgen/Linking.pm line 73
	eval {...} called at ../.htmlgen/FunctionalPerl/Htmlgen/Linking.pm line 73
	require FunctionalPerl/Htmlgen/Linking.pm called at ../.htmlgen/gen line 126
	main::BEGIN() called at ../.htmlgen/FunctionalPerl/Htmlgen/Linking.pm line 73
	eval {...} called at ../.htmlgen/FunctionalPerl/Htmlgen/Linking.pm line 73
BEGIN failed--compilation aborted at ../.htmlgen/FunctionalPerl/Htmlgen/Linking.pm line 73.
 at ../.htmlgen/FunctionalPerl/Htmlgen/Linking.pm line 73.
	require FunctionalPerl/Htmlgen/Linking.pm called at ../.htmlgen/gen line 126
	main::BEGIN() called at ../.htmlgen/FunctionalPerl/Htmlgen/Linking.pm line 73
	eval {...} called at ../.htmlgen/FunctionalPerl/Htmlgen/Linking.pm line 73
Compilation failed in require at ../.htmlgen/gen line 126.
 at ../.htmlgen/gen line 126.
	main::BEGIN() called at ../.htmlgen/gen line 126
	eval {...} called at ../.htmlgen/gen line 126
BEGIN failed--compilation aborted at ../.htmlgen/gen line 126.
 at ../.htmlgen/gen line 126.
t/htmlgen.t .............................. 
Dubious, test returned 255 (wstat 65280, 0xff00)
No subtests run 
not activating since running in test mode at intro//../lib/FP/Repl/AutoTrap.pm line 64.
t/intro-basics.t ......................... ok
t/perl-goto-leak.t ....................... ok
t/perl-weaken-coderef-correctness.t ...... ok
t/perl-weaken-coderef.t .................. ok
Exception: Label not found for "last T2_SUBTEST_WRAPPER" at /home/sand/src/perl/repoperls/installed-perls/host/k93msid/v5.26.1/da1c/lib/site_perl/5.26.1/Test2/Hub/Subtest.pm line 67.
 at /home/sand/src/perl/repoperls/installed-perls/host/k93msid/v5.26.1/da1c/lib/site_perl/5.26.1/Test2/Hub/Subtest.pm line 67.
	Test2::Hub::Subtest::terminate(Test2::Hub::Subtest=HASH(0x55a32faac3f8), 0, Test2::Event::Plan=HASH(0x55a32fadd628), HASH(0x55a32fadd790)) called at /home/sand/src/perl/repoperls/installed-perls/host/k93msid/v5.26.1/da1c/lib/site_perl/5.26.1/Test2/Hub.pm line 386
	Test2::Hub::process(Test2::Hub::Subtest=HASH(0x55a32faac3f8), Test2::Event::Plan=HASH(0x55a32fadd628)) called at /home/sand/src/perl/repoperls/installed-perls/host/k93msid/v5.26.1/da1c/lib/site_perl/5.26.1/Test2/Hub.pm line 306
	Test2::Hub::send(Test2::Hub::Subtest=HASH(0x55a32faac3f8), Test2::Event::Plan=HASH(0x55a32fadd628)) called at /home/sand/src/perl/repoperls/installed-perls/host/k93msid/v5.26.1/da1c/lib/site_perl/5.26.1/Test2/Hub/Subtest.pm line 34
	Test2::Hub::Subtest::send(Test2::Hub::Subtest=HASH(0x55a32faac3f8), Test2::Event::Plan=HASH(0x55a32fadd628)) called at /home/sand/src/perl/repoperls/installed-perls/host/k93msid/v5.26.1/da1c/lib/site_perl/5.26.1/Test2/API/Context.pm line 272
	Test2::API::Context::send_event(Test2::API::Context=HASH(0x55a32fab39c8), "Plan", "max", 0, "directive", "SKIP", "reason", "FunctionalPerl::Dependencies::ChjBin import: these programs a"...) called at /home/sand/src/perl/repoperls/installed-perls/host/k93msid/v5.26.1/da1c/lib/site_perl/5.26.1/Test2/API/Context.pm line 448
	Test2::API::Context::plan(Test2::API::Context=HASH(0x55a32fab39c8), 0, "SKIP", "FunctionalPerl::Dependencies::ChjBin import: these programs a"...) called at /home/sand/src/perl/repoperls/installed-perls/host/k93msid/v5.26.1/da1c/lib/site_perl/5.26.1/Test/Builder.pm line 660
	Test::Builder::skip_all(Test::Builder=HASH(0x55a32a949f20), "FunctionalPerl::Dependencies::ChjBin import: these programs a"...) called at /home/sand/src/perl/repoperls/installed-perls/host/k93msid/v5.26.1/da1c/lib/site_perl/5.26.1/Test/Requires.pm line 44
	Test::Requires::__ANON__("FunctionalPerl::Dependencies::ChjBin import: these programs a"...) called at /home/sand/src/perl/repoperls/installed-perls/host/k93msid/v5.26.1/da1c/lib/site_perl/5.26.1/Test/Requires.pm line 71
	Test::Requires::test_requires("FunctionalPerl::Dependencies::ChjBin", "\"trigger-listen\"", "t_pod_snippets_112") called at /home/sand/src/perl/repoperls/installed-perls/host/k93msid/v5.26.1/da1c/lib/site_perl/5.26.1/Test/Requires.pm line 21
	Test::Requires::import("Test::Requires", HASH(0x55a32faac638)) called at meta/FunctionalPerl/Dependencies/ChjBin.pm line 19
	t_pod_snippets_112::BEGIN() called at meta/FunctionalPerl/Dependencies/ChjBin.pm line 19
	eval {...} called at meta/FunctionalPerl/Dependencies/ChjBin.pm line 19
	eval 'package main; package t_pod_snippets_112; use Test::More ;
{
no warnings;
use strict;    # things are likely to be sloppy

ok 1 => \'the tests compile\';   


#line 16 meta/FunctionalPerl/Dependencies/ChjBin.pm
use Chj::TEST use => \'FunctionalPerl::Dependencies::ChjBin\';
# or
use Test::Requires +{
    \'FunctionalPerl::Dependencies::ChjBin\' => \'"trigger-listen"\' };
# or
#  list in FunctionalPerl::Dependencies\'s %dependencies

;


ok 1 => \'we reached the end!\';

}
; 
1' called at lib/FP/Repl/WithRepl.pm line 75
	FP::Repl::WithRepl::WithRepl_eval("package t_pod_snippets_112; use Test::More ;\x{a}{\x{a}no warnings;\x{a}u"...) called at t/pod_snippets.t line 37
	main::myeval("package t_pod_snippets_112; use Test::More ;\x{a}{\x{a}no warnings;\x{a}u"...) called at t/pod_snippets.t line 158
	main::__ANON__() called at /home/sand/src/perl/repoperls/installed-perls/host/k93msid/v5.26.1/da1c/lib/site_perl/5.26.1/Test/Builder.pm line 374
	eval {...} called at /home/sand/src/perl/repoperls/installed-perls/host/k93msid/v5.26.1/da1c/lib/site_perl/5.26.1/Test/Builder.pm line 374
	Test::Builder::subtest(Test::Builder=HASH(0x55a32a949f20), "pod snippets in FunctionalPerl::Dependencies::ChjBin", CODE(0x55a32a2669b0)) called at /home/sand/src/perl/repoperls/installed-perls/host/k93msid/v5.26.1/da1c/lib/site_perl/5.26.1/Test/More.pm line 809
	Test::More::subtest("pod snippets in FunctionalPerl::Dependencies::ChjBin", CODE(0x55a32a2669b0)) called at t/pod_snippets.t line 183
BEGIN failed--compilation aborted at meta/FunctionalPerl/Dependencies/ChjBin.pm line 19.
 at meta/FunctionalPerl/Dependencies/ChjBin.pm line 19.
	eval 'package main; package t_pod_snippets_112; use Test::More ;
{
no warnings;
use strict;    # things are likely to be sloppy

ok 1 => \'the tests compile\';   


#line 16 meta/FunctionalPerl/Dependencies/ChjBin.pm
use Chj::TEST use => \'FunctionalPerl::Dependencies::ChjBin\';
# or
use Test::Requires +{
    \'FunctionalPerl::Dependencies::ChjBin\' => \'"trigger-listen"\' };
# or
#  list in FunctionalPerl::Dependencies\'s %dependencies

;


ok 1 => \'we reached the end!\';

}
; 
1' called at lib/FP/Repl/WithRepl.pm line 75
	FP::Repl::WithRepl::WithRepl_eval("package t_pod_snippets_112; use Test::More ;\x{a}{\x{a}no warnings;\x{a}u"...) called at t/pod_snippets.t line 37
	main::myeval("package t_pod_snippets_112; use Test::More ;\x{a}{\x{a}no warnings;\x{a}u"...) called at t/pod_snippets.t line 158
	main::__ANON__() called at /home/sand/src/perl/repoperls/installed-perls/host/k93msid/v5.26.1/da1c/lib/site_perl/5.26.1/Test/Builder.pm line 374
	eval {...} called at /home/sand/src/perl/repoperls/installed-perls/host/k93msid/v5.26.1/da1c/lib/site_perl/5.26.1/Test/Builder.pm line 374
	Test::Builder::subtest(Test::Builder=HASH(0x55a32a949f20), "pod snippets in FunctionalPerl::Dependencies::ChjBin", CODE(0x55a32a2669b0)) called at /home/sand/src/perl/repoperls/installed-perls/host/k93msid/v5.26.1/da1c/lib/site_perl/5.26.1/Test/More.pm line 809
	Test::More::subtest("pod snippets in FunctionalPerl::Dependencies::ChjBin", CODE(0x55a32a2669b0)) called at t/pod_snippets.t line 183


    #   Failed test 'pod snippets in FunctionalPerl::Dependencies::ChjBin'
    #   at t/pod_snippets.t line 177.
    # Looks like you failed 1 test of 1.
t/pod_snippets.t ......................... ok
t/predicates.t ........................... ok
t/repl.t ................................. ok

    #   Failed test 'require FunctionalPerl::Htmlgen::Linking;'
    #   at t/require_and_run_tests.t line 52.
    #     Tried to require 'FunctionalPerl::Htmlgen::Linking'.
    #     Error:  Unknown warnings category 'shadow' at meta/FunctionalPerl/Indexing.pm line 46.
    # BEGIN failed--compilation aborted at meta/FunctionalPerl/Indexing.pm line 46.
    # Compilation failed in require at .htmlgen/FunctionalPerl/Htmlgen/Linking.pm line 73.
    # BEGIN failed--compilation aborted at .htmlgen/FunctionalPerl/Htmlgen/Linking.pm line 73.
    # Compilation failed in require at (eval 85) line 2.
not activating since running in test mode at lib/FP/Repl/AutoTrap.pm line 64.
not activating since running in test mode at lib/FP/Repl/Trap.pm line 47.
    # Looks like you failed 1 test of 166.

#   Failed test 'require'
#   at t/require_and_run_tests.t line 55.
Reference is already weak at lib/FP/Stream.pm line 770.
# Looks like you failed 1 test of 2.
t/require_and_run_tests.t ................ 
Dubious, test returned 1 (wstat 256, 0x100)
Failed 1/2 subtests 
t/skip-internal.t ........................ ok
t/skip-leak.t ............................ ok
t/skip.t ................................. ok
t/testlazy.t ............................. ok
t/testlazy10.t ........................... ok
times for T: user = 0.07, system = 0, cuser = 0, csystem = 0
times for TC: user = 0.05, system = 0, cuser = 0, csystem = 0
t/trampoline-fix.t ....................... ok

Test Summary Report
-------------------
t/htmlgen.t                            (Wstat: 65280 (exited 255) Tests: 0 Failed: 0)
  Non-zero exit status: 255
  Parse errors: No plan found in TAP output
t/require_and_run_tests.t              (Wstat: 256 (exited 1) Tests: 2 Failed: 1)
  Failed test:  1
  Non-zero exit status: 1
Files=28, Tests=182, 22 wallclock secs ( 0.22 usr  0.12 sys + 13.84 cusr  3.39 csys = 17.57 CPU)
Result: FAIL
Failed 2/28 test programs. 1/182 subtests failed.
make: *** [Makefile:1546: test_dynamic] Error 255

------------------------------
PREREQUISITES
------------------------------

Prerequisite modules loaded:

requires:

    Module              Need     Have    
    ------------------- -------- --------
    autobox             0        v3.0.1  
    base                0        2.26    
    Digest              0        1.17_01 
    File::Path          0        2.18    
    Getopt::Long        0        2.54    
    Import::Into        0        1.002005
    Math::BigInt        0        1.999837
    NEXT                0        0.67    
    perl                5.016004 5.026001
    PerlIO::utf8_strict 0        0.009   
    Safe::Isa           0        1.000010
    Scalar::Util        0        1.63    
    Symbol              0        1.08    
    Test::More          0.96     1.302191
    utf8                0        1.19    

build_requires:

    Module              Need     Have    
    ------------------- -------- --------
    BSD::Resource       0        1.2911  
    Capture::Tiny       0        0.48    
    DBD::CSV            0        0.60    
    DBI                 0        1.643   
    ExtUtils::MakeMaker 0        7.64    
    File::chdir         0        0.1010  
    Sub::Util           0        1.63    
    Test::Pod::Snippets 0        0.07    
    Test::Requires      0        0.11    
    Text::CSV           0        2.01    
    URI                 0        5.14    

configure_requires:

    Module              Need     Have    
    ------------------- -------- --------
    ExtUtils::MakeMaker 0        7.64    

opt_requires:

    Module              Need     Have    
    ------------------- -------- --------
    B::Deparse          0        1.40    
    Clone               0        0.46    
    Encode              0        3.19    
    Eval::WithLexicals  0        1.003006
    JSON                0        4.09    
    LWP::UserAgent      0        6.67    
    Method::Signatures  0        20170211
    PadWalker           0        2.5     
    Term::ReadLine::Gnu 0        1.45    
    Text::Markdown      0        1.000031


------------------------------
ENVIRONMENT AND OTHER CONTEXT
------------------------------

Environment variables:

    AUTOMATED_TESTING = 1
    LANG = en_US.UTF-8
    LANGUAGE = en_US:en
    PATH = /home/sand/bin:/usr/local/bin:/usr/bin:/bin:/usr/games:/usr/local/perl/bin:/usr/X11/bin:/sbin:/usr/sbin
    PERL = /home/sand/src/perl/repoperls/installed-perls/host/k93msid/v5.26.1/da1c/bin/perl
    PERL5LIB = 
    PERL5OPT = 
    PERL5_CPANPLUS_IS_RUNNING = 3871522
    PERL5_CPAN_IS_RUNNING = 3871522
    PERL_CANARY_STABILITY_NOPROMPT = 1
    PERL_MM_USE_DEFAULT = 1
    PERL_USE_UNSAFE_INC = 1
    SHELL = /usr/bin/zsh
    TERM = screen

Perl special variables (and OS-specific diagnostics, for MSWin32):

    $^X = /home/sand/src/perl/repoperls/installed-perls/host/k93msid/v5.26.1/da1c/bin/perl
    $UID/$EUID = 1005 / 1005
    $GID = 1005 1005
    $EGID = 1005 1005

Perl module toolchain versions installed:

    Module              Have    
    ------------------- --------
    CPAN                2.34    
    CPAN::Meta          2.150010
    Cwd                 3.75    
    ExtUtils::CBuilder  0.280236
    ExtUtils::Command   7.64    
    ExtUtils::Install   2.22    
    ExtUtils::MakeMaker 7.64    
    ExtUtils::Manifest  1.70    
    ExtUtils::ParseXS   3.44    
    File::Spec          3.75    
    JSON                4.09    
    JSON::PP            4.16    
    Module::Build       0.4231  
    Module::Signature   0.88    
    Parse::CPAN::Meta   2.150010
    Test::Harness       3.44    
    Test::More          1.302191
    YAML                1.30    
    YAML::Syck          1.34    
    version             0.9929  


--

Summary of my perl5 (revision 5 version 26 subversion 1) configuration:
  Derived from: 714a461a2ab3017f19ea0f7bbb4934b2309d3aa8
  Platform:
    osname=linux
    osvers=5.16.0-6-amd64
    archname=x86_64-linux
    uname='linux k93msid 5.16.0-6-amd64 #1 smp preempt debian 5.16.18-1 (2022-03-29) x86_64 gnulinux '
    config_args='-Dprefix=/home/sand/src/perl/repoperls/installed-perls/host/k93msid/v5.26.1/da1c -Dmyhostname=k93msid -Dinstallusrbinperl=n -Uversiononly -Dusedevel -des -Ui_db -Dlibswanted=cl pthread socket inet nsl gdbm dbm malloc dl ld sun m crypt sec util c cposix posix ucb BSD gdbm_compat -Uuseithreads -Uuselongdouble -DEBUGGING=-g'
    hint=recommended
    useposix=true
    d_sigaction=define
    useithreads=undef
    usemultiplicity=undef
    use64bitint=define
    use64bitall=define
    uselongdouble=undef
    usemymalloc=n
    default_inc_excludes_dot=define
    bincompat5005=undef
  Compiler:
    cc='cc'
    ccflags ='-fwrapv -fno-strict-aliasing -pipe -fstack-protector-strong -I/usr/local/include -D_LARGEFILE_SOURCE -D_FILE_OFFSET_BITS=64 -D_FORTIFY_SOURCE=2'
    optimize='-O2 -g'
    cppflags='-fwrapv -fno-strict-aliasing -pipe -fstack-protector-strong -I/usr/local/include'
    ccversion=''
    gccversion='11.2.0'
    gccosandvers=''
    intsize=4
    longsize=8
    ptrsize=8
    doublesize=8
    byteorder=12345678
    doublekind=3
    d_longlong=define
    longlongsize=8
    d_longdbl=define
    longdblsize=16
    longdblkind=3
    ivtype='long'
    ivsize=8
    nvtype='double'
    nvsize=8
    Off_t='off_t'
    lseeksize=8
    alignbytes=8
    prototype=define
  Linker and Libraries:
    ld='cc'
    ldflags =' -fstack-protector-strong -L/usr/local/lib'
    libpth=/usr/local/lib /usr/include/x86_64-linux-gnu /usr/lib /lib/x86_64-linux-gnu /lib/../lib /usr/lib/x86_64-linux-gnu /usr/lib/../lib /lib
    libs=-lpthread -lnsl -ldl -lm -lcrypt -lutil -lc
    perllibs=-lpthread -lnsl -ldl -lm -lcrypt -lutil -lc
    libc=libc-2.33.so
    so=so
    useshrplib=false
    libperl=libperl.a
    gnulibc_version='2.33'
  Dynamic Linking:
    dlsrc=dl_dlopen.xs
    dlext=so
    d_dlsymun=undef
    ccdlflags='-Wl,-E'
    cccdlflags='-fPIC'
    lddlflags='-shared -O2 -g -L/usr/local/lib -fstack-protector-strong'


Characteristics of this binary (from libperl): 
  Compile-time options:
    HAS_TIMES
    PERLIO_LAYERS
    PERL_COPY_ON_WRITE
    PERL_DONT_CREATE_GVSV
    PERL_MALLOC_WRAP
    PERL_OP_PARENT
    PERL_PRESERVE_IVUV
    PERL_USE_DEVEL
    USE_64_BIT_ALL
    USE_64_BIT_INT
    USE_LARGE_FILES
    USE_LOCALE
    USE_LOCALE_COLLATE
    USE_LOCALE_CTYPE
    USE_LOCALE_NUMERIC
    USE_LOCALE_TIME
    USE_PERLIO
    USE_PERL_ATOF
  Locally applied patches:
    uncommitted-changes
  Built under linux
  Compiled at Apr 11 2022 18:30:29
  %ENV:
    PERL="/home/sand/src/perl/repoperls/installed-perls/host/k93msid/v5.26.1/da1c/bin/perl"
    PERL5LIB=""
    PERL5OPT=""
    PERL5_CPANPLUS_IS_RUNNING="3871522"
    PERL5_CPAN_IS_RUNNING="3871522"
    PERL_CANARY_STABILITY_NOPROMPT="1"
    PERL_MM_USE_DEFAULT="1"
    PERL_USE_UNSAFE_INC="1"
  @INC:
    /home/sand/src/perl/repoperls/installed-perls/host/k93msid/v5.26.1/da1c/lib/site_perl/5.26.1/x86_64-linux
    /home/sand/src/perl/repoperls/installed-perls/host/k93msid/v5.26.1/da1c/lib/site_perl/5.26.1
    /home/sand/src/perl/repoperls/installed-perls/host/k93msid/v5.26.1/da1c/lib/5.26.1/x86_64-linux
    /home/sand/src/perl/repoperls/installed-perls/host/k93msid/v5.26.1/da1c/lib/5.26.1
    .