CryptX v0.053_002 Perl 5 v5.26.0 armv6l-linux
- Status
- Fail
- From
- gregor herrmann
- Dist
-
CryptX v0.053_002
- Platform
- Perl 5 v5.26.0 armv6l-linux
- Date
- 2017-09-20 07:16:24
- ID
- 9c26a984-9dd3-11e7-b4ab-1d6793f5d9ab
This distribution has been tested as part of the CPAN Testers
project, supporting the Perl programming language. See
http://wiki.cpantesters.org/ for more information or email
questions to cpan-testers-discuss@perl.org
--
Dear Karel Miko,
This is a computer-generated report for CryptX-0.053_002
on perl 5.26.0, created by CPAN-Reporter-1.2018.
Thank you for uploading your work to CPAN. However, there was a problem
testing your distribution.
If you think this report is invalid, please consult the CPAN Testers Wiki
for suggestions on how to avoid getting FAIL reports for missing library
or binary dependencies, unsupported operating systems, and so on:
http://wiki.cpantesters.org/wiki/CPANAuthorNotes
Sections of this report:
* Tester comments
* Program output
* Prerequisites
* Environment and other context
------------------------------
TESTER COMMENTS
------------------------------
Additional comments from tester:
none provided
------------------------------
PROGRAM OUTPUT
------------------------------
Output from '/usr/bin/make test':
"/srv/smoker/perl5/perlbrew/perls/perl-5.26.0/bin/perl" -MExtUtils::Command::MM -e 'cp_nonempty' -- CryptX.bs blib/arch/auto/CryptX/CryptX.bs 644
PERL_DL_NONLAZY=1 "/srv/smoker/perl5/perlbrew/perls/perl-5.26.0/bin/perl" "-MExtUtils::Command::MM" "-MTest::Harness" "-e" "undef *Test::Harness::Switches; test_harness(0, 'blib/lib', 'blib/arch')" t/*.t
# Testing CryptX 0.053_002, Perl 5.026000 linux /srv/smoker/perl5/perlbrew/perls/perl-5.26.0/bin/perl
# osname = linux
# myarchname = armv6l-linux
# myuname = linux smoker 3.18.0-trunk-rpi #1 preempt raspbian 3.18.5-1~exp1+rpi19+stretch (2015-10-14) armv6l gnulinux
# intsize = 4
# longsize = 4
# longlongsize = 8
# ptrsize = 4
# byteorder = 1234
#
# LibTomCrypt 1.18.0-rc2 (www.libtom.net)
# LibTomCrypt is public domain software.
#
#
# Endianness: little (32-bit words)
# Clean stack: disabled
# Ciphers built-in:
# Blowfish
# RC2
# RC5
# RC6
# Safer+
# Safer
# Rijndael
# XTEA
# Twofish (tables)
# DES
# CAST5
# Noekeon
# Skipjack
# Khazad
# Anubis (tweaked)
# KSEED
# KASUMI
# MULTI2
# Camellia
# Stream ciphers built-in:
# ChaCha
# RC4
# SOBER128
#
# Hashes built-in:
# SHA3
# SHA-512
# SHA-384
# SHA-512/256
# SHA-256
# SHA-512/224
# SHA-224
# TIGER
# SHA1
# MD5
# MD4
# MD2
# RIPEMD128
# RIPEMD160
# RIPEMD256
# RIPEMD320
# WHIRLPOOL
# BLAKE2S
# BLAKE2B
# CHC_HASH
#
# Block Chaining Modes:
# CFB
# OFB
# ECB
# CBC
# CTR
# LRW (tables)
# F8
# XTS
#
# MACs:
# HMAC
# OMAC
# PMAC
# PELICAN
# XCBC
# F9
# POLY1305
# BLAKE2S MAC
# BLAKE2B MAC
#
# ENC + AUTH modes:
# EAX
# OCB
# OCB3
# CCM
# GCM (tables)
# CHACHA20POLY1305
#
# PRNG:
# Yarrow (LTC_YARROW_AES=2)
# SPRNG
# RC4
# ChaCha20
# Fortuna (LTC_FORTUNA_POOLS=32, LTC_FORTUNA_WD=10)
# SOBER128
#
# PK Algs:
# RSA (with blinding and CRT hardening)
# DH
# ECC (with blinding)
# DSA
#
# MPI (Math):
# LTC_MPI
# LTM_DESC
# LTC_MILLER_RABIN_REPS=35
#
# Compiler:
# GCC compiler 7.2.0.
#
# Various others: ARGTYPE=0 ADLER32 BASE64 BASE64-URL-SAFE CRC32 DER LTC_DER_MAX_PUBKEY_SIZE=4096 PKCS#1 PKCS#5 HKDF LTC_DEVRANDOM LTC_TRY_URANDOM_FIRST LTC_RNG_GET_BYTES LTC_RNG_MAKE_PRNG LTC_HASH_HELPERS LTC_FILE_READ_BUFSIZE=8192 LTC_NO_TEST LTC_ECC_SHAMIR
#
# MP_PROVIDER = LibTomMath
# MP_DIGIT_BIT = 28
#
t/001_compile.t ..................... ok
t/002_all_pm.t ...................... ok
t/003_all_pm_pod.t .................. ok
t/auth_enc_ccm.t .................... ok
t/auth_enc_ccm_test_vector_ltc.t .... ok
t/auth_enc_chacha20poly1305.t ....... ok
t/auth_enc_eax.t .................... ok
t/auth_enc_eax_test_vector_ltc.t .... ok
t/auth_enc_gcm.t .................... ok
t/auth_enc_gcm_test_vector_ltc.t .... ok
t/auth_enc_ocb.t .................... ok
t/auth_enc_ocb_test_vectors_ietf.t .. ok
t/checksum.t ........................ ok
t/cipher_aes.t ...................... ok
t/cipher_aes_test_vectors_bc.t ...... ok
t/cipher_anubis.t ................... ok
t/cipher_blowfish.t ................. ok
t/cipher_camellia.t ................. ok
t/cipher_cast5.t .................... ok
t/cipher_des.t ...................... ok
t/cipher_des_ede.t .................. ok
t/cipher_kasumi.t ................... ok
t/cipher_khazad.t ................... ok
t/cipher_multi2.t ................... ok
t/cipher_multi2_rounds.t ............ ok
t/cipher_noekeon.t .................. ok
t/cipher_rc2.t ...................... ok
t/cipher_rc5.t ...................... ok
t/cipher_rc6.t ...................... ok
t/cipher_safer_k128.t ............... ok
t/cipher_safer_k64.t ................ ok
t/cipher_safer_sk128.t .............. ok
t/cipher_safer_sk64.t ............... ok
t/cipher_saferp.t ................... ok
t/cipher_seed.t ..................... ok
t/cipher_seed_test_vectors_bc.t ..... ok
t/cipher_skipjack.t ................. ok
t/cipher_stream.t ................... ok
t/cipher_test_vectors_ltc.t ......... ok
t/cipher_test_vectors_openssl.t ..... ok
t/cipher_twofish.t .................. ok
t/cipher_twofish_test_vectors_bc.t .. ok
t/cipher_xtea.t ..................... ok
t/cipher_xtea_test_vectors_bc.t ..... ok
t/crypt-misc.t ...................... ok
t/digest_blake2b_160.t .............. ok
t/digest_blake2b_256.t .............. ok
t/digest_blake2b_384.t .............. ok
t/digest_blake2b_512.t .............. ok
t/digest_blake2s_128.t .............. ok
t/digest_blake2s_160.t .............. ok
t/digest_blake2s_224.t .............. ok
t/digest_blake2s_256.t .............. ok
t/digest_chaes.t .................... ok
t/digest_md2.t ...................... ok
t/digest_md4.t ...................... ok
t/digest_md5.t ...................... ok
t/digest_ripemd128.t ................ ok
t/digest_ripemd160.t ................ ok
t/digest_ripemd256.t ................ ok
t/digest_ripemd320.t ................ ok
t/digest_sha1.t ..................... ok
t/digest_sha224.t ................... ok
t/digest_sha256.t ................... ok
t/digest_sha384.t ................... ok
t/digest_sha3_224.t ................. ok
t/digest_sha3_256.t ................. ok
t/digest_sha3_384.t ................. ok
t/digest_sha3_512.t ................. ok
t/digest_sha512.t ................... ok
t/digest_sha512_224.t ............... ok
t/digest_sha512_256.t ............... ok
t/digest_shake.t .................... ok
t/digest_test_vectors_ltc.t ......... ok
t/digest_tiger192.t ................. ok
t/digest_whirlpool.t ................ ok
t/jwk.t ............................. ok
t/key_derivation.t .................. ok
t/mac_blake2b.t ..................... ok
t/mac_blake2s.t ..................... ok
t/mac_f9.t .......................... ok
t/mac_hmac.t ........................ ok
t/mac_hmac_test_vectors_ltc.t ....... ok
t/mac_omac.t ........................ ok
t/mac_omac_test_vectors_ltc.t ....... ok
t/mac_pelican.t ..................... ok
t/mac_pmac.t ........................ ok
t/mac_pmac_test_vectors_ltc.t ....... ok
t/mac_poly1305.t .................... ok
t/mac_xcbc.t ........................ ok
# Math::BigInt VERSION=1.999811
t/mbi_ltm_01load.t .................. ok
t/mbi_ltm_bigfltpm.t ................ ok
t/mbi_ltm_bigintg.t ................. ok
t/mbi_ltm_bigintpm.t ................ ok
t/mbi_ltm_biglog.t .................. ok
t/mbi_ltm_bigroot.t ................. ok
t/mbi_ltm_bugs.t .................... ok
t/mbi_ltm_mbi-from-big-scalar.t ..... skipped: missing 64bit int support
t/mbi_ltm_storable.t ................ ok
t/mode_cbc.t ........................ ok
t/mode_cfb.t ........................ ok
t/mode_ctr.t ........................ ok
t/mode_ecb.t ........................ ok
t/mode_ofb.t ........................ ok
t/pk_dh.t ........................... ok
t/pk_dsa.t .......................... ok
t/pk_dsa_test_vectors_openssl.t ..... ok
t/pk_ecc.t .......................... ok
t/pk_ecc_test_vectors_openssl.t ..... ok
t/pk_enc_pem.t ...................... ok
t/pk_rsa.t .......................... ok
t/pk_rsa_test_vectors_openssl.t ..... ok
t/pkcs8.t ........................... ok
t/prng.t ............................ ok
t/prng_chacha20.t ................... ok
t/prng_fortuna.t .................... ok
t/prng_rc4.t ........................ ok
t/prng_sober128.t ................... ok
t/prng_yarrow.t ..................... ok
t/sshkey.t .......................... ok
# SPECIAL: tcId 55
# sig-len:65 sig-hex:303d021c1e41b479ad576905b960fe14eadb91b0ccf34843dab916173bb8c9cd021d00ade65988d237d30f9ef41dd424a4e1c8f16967cf3365813fe87862360000
# msg-len:5 msg-hex:48656c6c6f
# hash-len:28 hash-hex:4149da18aa8bfc2b1e382c6c26556d01a92c261b6436dad5e3be3fcc
# hash:SHA224 valid_m:1 valid_h:1
# Failed test 'type=DSAVer/SHA224 tcId=55 comment='appending unused 0's' expected-result=invalid'
# at t/wycheproof.t line 130.
# Looks like you failed 1 test of 762.
t/wycheproof.t ......................
Dubious, test returned 1 (wstat 256, 0x100)
Failed 1/762 subtests
Test Summary Report
-------------------
t/wycheproof.t (Wstat: 256 Tests: 762 Failed: 1)
Failed test: 553
Non-zero exit status: 1
Files=121, Tests=25864, 866 wallclock secs (66.91 usr 4.00 sys + 676.78 cusr 15.53 csys = 763.22 CPU)
Result: FAIL
Failed 1/121 test programs. 1/25864 subtests failed.
Makefile:1679: recipe for target 'test_dynamic' failed
make: *** [test_dynamic] Error 1
------------------------------
PREREQUISITES
------------------------------
Prerequisite modules loaded:
requires:
Module Need Have
------------------- ----- --------
perl 5.006 5.026000
build_requires:
Module Need Have
------------------- ----- --------
ExtUtils::MakeMaker 0 7.30
configure_requires:
Module Need Have
------------------- ----- --------
ExtUtils::MakeMaker 0 7.30
------------------------------
ENVIRONMENT AND OTHER CONTEXT
------------------------------
Environment variables:
LC_CTYPE = de_AT.utf8
NONINTERACTIVE_TESTING = 1
PATH = /srv/smoker/bin:/usr/lib/ccache:/srv/smoker/perl5/perlbrew/bin:/srv/smoker/perl5/perlbrew/perls/perl-5.26.0/bin:/usr/local/bin:/usr/bin:/bin:/usr/local/games:/usr/games
PERL5LIB =
PERL5OPT =
PERL5_CPANPLUS_IS_RUNNING = 6263
PERL5_CPAN_IS_RUNNING = 6263
PERLBREW_BASHRC_VERSION = 0.80
PERLBREW_HOME = /srv/smoker/.perlbrew
PERLBREW_MANPATH = /srv/smoker/perl5/perlbrew/perls/perl-5.26.0/man
PERLBREW_PATH = /srv/smoker/perl5/perlbrew/bin:/srv/smoker/perl5/perlbrew/perls/perl-5.26.0/bin
PERLBREW_PERL = perl-5.26.0
PERLBREW_ROOT = /srv/smoker/perl5/perlbrew
PERLBREW_VERSION = 0.80
PERL_MM_USE_DEFAULT = 1
PERL_USE_UNSAFE_INC = 1
SHELL = /bin/bash
TERM = screen-256color
Perl special variables (and OS-specific diagnostics, for MSWin32):
$^X = /srv/smoker/perl5/perlbrew/perls/perl-5.26.0/bin/perl
$UID/$EUID = 1111 / 1111
$GID = 65534 65534
$EGID = 65534 65534
Perl module toolchain versions installed:
Module Have
------------------- --------
CPAN 2.18
CPAN::Meta 2.150010
Cwd 3.67
ExtUtils::CBuilder 0.280226
ExtUtils::Command 7.30
ExtUtils::Install 2.14
ExtUtils::MakeMaker 7.30
ExtUtils::Manifest 1.70
ExtUtils::ParseXS 3.35
File::Spec 3.67
JSON 2.94
JSON::PP 2.94
Module::Build 0.4224
Module::Signature n/a
Parse::CPAN::Meta 2.150010
Test::Harness 3.39
Test::More 1.302096
YAML 1.23
YAML::Syck n/a
version 0.9918
--
Summary of my perl5 (revision 5 version 26 subversion 0) configuration:
Platform:
osname=linux
osvers=3.18.0-trunk-rpi
archname=armv6l-linux
uname='linux smoker 3.18.0-trunk-rpi #1 preempt raspbian 3.18.5-1~exp1+rpi19+stretch (2015-10-14) armv6l gnulinux '
config_args='-de -Dprefix=/srv/smoker/perl5/perlbrew/perls/perl-5.26.0 -Aeval:scriptdir=/srv/smoker/perl5/perlbrew/perls/perl-5.26.0/bin'
hint=recommended
useposix=true
d_sigaction=define
useithreads=undef
usemultiplicity=undef
use64bitint=undef
use64bitall=undef
uselongdouble=undef
usemymalloc=n
default_inc_excludes_dot=define
bincompat5005=undef
Compiler:
cc='cc'
ccflags ='-fwrapv -fno-strict-aliasing -pipe -fstack-protector-strong -I/usr/local/include -D_LARGEFILE_SOURCE -D_FILE_OFFSET_BITS=64'
optimize='-O2'
cppflags='-fwrapv -fno-strict-aliasing -pipe -fstack-protector-strong -I/usr/local/include'
ccversion=''
gccversion='6.3.0 20170415'
gccosandvers=''
intsize=4
longsize=4
ptrsize=4
doublesize=8
byteorder=1234
doublekind=3
d_longlong=define
longlongsize=8
d_longdbl=define
longdblsize=8
longdblkind=0
ivtype='long'
ivsize=4
nvtype='double'
nvsize=8
Off_t='off_t'
lseeksize=8
alignbytes=8
prototype=define
Linker and Libraries:
ld='cc'
ldflags =' -fstack-protector-strong -L/usr/local/lib'
libpth=/usr/local/lib /usr/lib/gcc/arm-linux-gnueabihf/6/include-fixed /usr/include/arm-linux-gnueabihf /usr/lib /lib/arm-linux-gnueabihf /lib /usr/lib/arm-linux-gnueabihf
libs=-lpthread -lnsl -ldl -lm -lcrypt -lutil -lc
perllibs=-lpthread -lnsl -ldl -lm -lcrypt -lutil -lc
libc=libc-2.24.so
so=so
useshrplib=false
libperl=libperl.a
gnulibc_version='2.24'
Dynamic Linking:
dlsrc=dl_dlopen.xs
dlext=so
d_dlsymun=undef
ccdlflags='-Wl,-E'
cccdlflags='-fPIC'
lddlflags='-shared -O2 -L/usr/local/lib -fstack-protector-strong'
Characteristics of this binary (from libperl):
Compile-time options:
HAS_TIMES
PERLIO_LAYERS
PERL_COPY_ON_WRITE
PERL_DONT_CREATE_GVSV
PERL_HASH_FUNC_ONE_AT_A_TIME_HARD
PERL_MALLOC_WRAP
PERL_OP_PARENT
PERL_PRESERVE_IVUV
USE_LARGE_FILES
USE_LOCALE
USE_LOCALE_COLLATE
USE_LOCALE_CTYPE
USE_LOCALE_NUMERIC
USE_LOCALE_TIME
USE_PERLIO
USE_PERL_ATOF
Locally applied patches:
Devel::PatchPerl 1.38
Built under linux
Compiled at May 31 2017 00:22:52
%ENV:
PERL5LIB=""
PERL5OPT=""
PERL5_CPANPLUS_IS_RUNNING="6263"
PERL5_CPAN_IS_RUNNING="6263"
PERLBREW_BASHRC_VERSION="0.80"
PERLBREW_HOME="/srv/smoker/.perlbrew"
PERLBREW_MANPATH="/srv/smoker/perl5/perlbrew/perls/perl-5.26.0/man"
PERLBREW_PATH="/srv/smoker/perl5/perlbrew/bin:/srv/smoker/perl5/perlbrew/perls/perl-5.26.0/bin"
PERLBREW_PERL="perl-5.26.0"
PERLBREW_ROOT="/srv/smoker/perl5/perlbrew"
PERLBREW_VERSION="0.80"
PERL_MM_USE_DEFAULT="1"
PERL_USE_UNSAFE_INC="1"
@INC:
/srv/smoker/perl5/perlbrew/perls/perl-5.26.0/lib/site_perl/5.26.0/armv6l-linux
/srv/smoker/perl5/perlbrew/perls/perl-5.26.0/lib/site_perl/5.26.0
/srv/smoker/perl5/perlbrew/perls/perl-5.26.0/lib/5.26.0/armv6l-linux
/srv/smoker/perl5/perlbrew/perls/perl-5.26.0/lib/5.26.0
.