FFI-Platypus v1.10 Perl 5 v5.30.1 MSWin32-x86-multi-thread-64int

Status
Fail
From
aero
Dist
FFI-Platypus v1.10
Platform
Perl 5 v5.30.1 MSWin32-x86-multi-thread-64int
Date
2020-02-08 10:36:01
ID
9a0d7a05-6fae-1014-8029-7ff1a200e1b1
This distribution has been tested as part of the CPAN Testers
project, supporting the Perl programming language.  See
http://wiki.cpantesters.org/ for more information or email
questions to cpan-testers-discuss@perl.org


--
Dear Graham Ollis,

This is a computer-generated report for FFI-Platypus-1.10
on perl 5.30.1, created by CPAN-Reporter-1.2018.

Thank you for uploading your work to CPAN.  However, there was a problem
testing your distribution.

If you think this report is invalid, please consult the CPAN Testers Wiki
for suggestions on how to avoid getting FAIL reports for missing library
or binary dependencies, unsupported operating systems, and so on:

http://wiki.cpantesters.org/wiki/CPANAuthorNotes

Sections of this report:

    * Tester comments
    * Program output
    * Prerequisites
    * Environment and other context

------------------------------
TESTER COMMENTS
------------------------------

Additional comments from tester:

none provided

------------------------------
PROGRAM OUTPUT
------------------------------

Output from 'C:\strawberry-perl-5.30-32bit\c\bin\gmake.exe test':

"C:\strawberry-perl-5.30-32bit\perl\bin\perl.exe" -MExtUtils::Command::MM -e cp_nonempty -- lib/FFI/Platypus.bs blib\arch\auto\FFI\Platypus\Platypus.bs 644
CC t/ffi/align.c
CC t/ffi/align_array.c
CC t/ffi/align_fixed.c
CC t/ffi/align_string.c
CC t/ffi/basic.c
CC t/ffi/closure.c
CC t/ffi/color.c
CC t/ffi/complex_double.c
CC t/ffi/complex_float.c
CC t/ffi/double.c
CC t/ffi/float.c
CC t/ffi/gh117.c
CC t/ffi/gh174.c
CC t/ffi/longdouble.c
CC t/ffi/memcmp4.c
CC t/ffi/meta.c
CC t/ffi/pointer.c
CC t/ffi/record.c
CC t/ffi/sint16.c
CC t/ffi/sint32.c
CC t/ffi/sint64.c
CC t/ffi/sint8.c
CC t/ffi/string.c
CC t/ffi/string_array.c
CC t/ffi/uint16.c
CC t/ffi/uint32.c
CC t/ffi/uint64.c
CC t/ffi/uint8.c
CC t/ffi/variadic.c
LD t/ffi/test.dll
"C:\strawberry-perl-5.30-32bit\perl\bin\perl.exe" "-MExtUtils::Command::MM" "-MTest::Harness" "-e" "undef *Test::Harness::Switches; test_harness(0, 'blib\lib', 'blib\arch')" t/*.t
# 
# 
# 
# HARNESS_ACTIVE=1
# HARNESS_VERSION=3.42
# PERL5LIB=C:\strawberry-perl-5.30-32bit\cpan\build\FFI-Platypus-1.10-0\blib\lib;C:\strawberry-perl-5.30-32bit\cpan\build\FFI-Platypus-1.10-0\blib\arch
# PERL5_CPANPLUS_IS_RUNNING=14344
# PERL5_CPAN_IS_RUNNING=14344
# PERL_MM_USE_DEFAULT=1
# PERL_USE_UNSAFE_INC=1
# 
# 
# 
# PERL5LIB path
# C:\strawberry-perl-5.30-32bit\cpan\build\FFI-Platypus-1.10-0\blib\lib
# C:\strawberry-perl-5.30-32bit\cpan\build\FFI-Platypus-1.10-0\blib\arch
# 
# 
# 
# perl                5.030001
# Alien::Base         2.04
# Capture::Tiny       0.48
# Devel::Hide         -
# ExtUtils::CBuilder  0.280234
# ExtUtils::MakeMaker 7.44
# ExtUtils::ParseXS   3.40
# FFI::CheckLib       0.26
# IPC::Cmd            1.04
# JSON::PP            4.04
# List::Util          1.53
# Math::LongDouble    -
# PkgConfig           0.23026
# Test::More          1.302171
# constant            1.33
# forks               -
# 
# 
# 
# mode : already-installed
# Alien::FFI->VERSION      = 0.24
# Alien::FFI->install_type = system
# Alien::FFI->cflags       =  
# Alien::FFI->libs         = -LC:/strawberry-perl-5.30-32bit/c/lib/pkgconfig/../../lib/../lib -lffi 
# Alien::FFI->version      = 3.3-rc0
# 
# 
# 
# ffi.platypus.memory.strdup_impl =ffi
# ffi.platypus.memory.strndup_impl=ffi
# 
# 
# 
# Types:
#   double   : double, float complex
#   float    : float
#   longdouble : double complex, long double, long double complex
#   sint16   : int16_t, short, signed short
#   sint32   : int, int32_t, intptr_t, long, off_t, ptrdiff_t, senum, signed int, signed long, ssize_t, time_t
#   sint64   : int64_t, long long, signed long long
#   sint8    : char, int8_t, signed char
#   uint16   : ino_t, mode_t, uint16_t, unsigned short, ushort, wchar_t, wint_t
#   uint32   : dev_t, enum, size_t, uint, uint32_t, uintptr_t, ulong, unsigned int, unsigned long
#   uint64   : uint64_t, unsigned long long
#   uint8    : bool, uchar, uint8_t, unsigned char
# 
# 
# 
# ABIs:
#   default_abi          5
#   fastcall             4
#   ms_cdecl             5
#   pascal               6
#   register             7
#   stdcall              2
#   sysv                 1
#   thiscall             3
# 
# 
# 
# Probes:
#   alloca               1
#   bigendian            0
#   abi                  1
#   complex              1
#   recordvalue          1
#   longdouble           1
#   variadic             1
#   bigendian64          0
# 
# 
# 
# [PLATFORM]
# osname            : MSWin32
# cc                : gcc
# cxx               : g++
# for               : gfortran
# ld                : g++.exe
# ccflags           : -s -O2 -DWIN32 -D__USE_MINGW_ANSI_STDIO -DPERL_TEXTMODE_SCRIPTS -DPERL_IMPLICIT_CONTEXT -DPERL_IMPLICIT_SYS -DUSE_PERLIO -fwrapv -fno-strict-aliasing -mms-bitfields -s -O2 -IC:\strawberry-perl-5.30-32bit\cpan\build\FFI-Platypus-1.10-0\blib\lib\auto\share\dist\FFI-Platypus\include
# ldflags           : -mdll -s -LC:strawberry-perl-5.30-32bitperllibCORE -LC:strawberry-perl-5.30-32bitclib -Wl,--enable-auto-import -Wl,--export-all-symbols -Wl,--enable-auto-image-base
# object suffix     : .o
# library prefix    : 
# library suffix    : .dll
# cc mm works       : -MM
# 
# 
# 
t/00_diag.t .............................. ok
t/01_use.t ............................... ok
t/ffi_build.t ............................ ok
t/ffi_build_file_base.t .................. ok
t/ffi_build_file_c.t ..................... ok
t/ffi_build_file_cxx.t ................... ok
t/ffi_build_file_library.t ............... ok
t/ffi_build_file_object.t ................ ok
t/ffi_build_mm.t ......................... ok
t/ffi_build_platform.t ................... ok
t/ffi_platypus.t ......................... 
Dubious, test returned 29 (wstat 7424, 0x1d00)
All 10 subtests passed 
t/ffi_platypus_api.t ..................... ok
t/ffi_platypus_buffer.t .................. ok
cannot unlink file for C:\strawberry-perl-5.30-32bit\cpan\build\FFI-Platypus-1.10-0\.tmp\CBRrWLm3x2\lib\auto\share\dist\Foo-Bar1\bar1.dll: Permission denied at C:/strawberry-perl-5.30-32bit/perl/lib/File/Temp.pm line 2628.
cannot remove directory for C:\strawberry-perl-5.30-32bit\cpan\build\FFI-Platypus-1.10-0\.tmp\CBRrWLm3x2\lib\auto\share\dist\Foo-Bar1: Directory not empty at C:/strawberry-perl-5.30-32bit/perl/lib/File/Temp.pm line 2628.
cannot remove directory for C:\strawberry-perl-5.30-32bit\cpan\build\FFI-Platypus-1.10-0\.tmp\CBRrWLm3x2\lib\auto\share\dist: Directory not empty at C:/strawberry-perl-5.30-32bit/perl/lib/File/Temp.pm line 2628.
cannot remove directory for C:\strawberry-perl-5.30-32bit\cpan\build\FFI-Platypus-1.10-0\.tmp\CBRrWLm3x2\lib\auto\share: Directory not empty at C:/strawberry-perl-5.30-32bit/perl/lib/File/Temp.pm line 2628.
cannot remove directory for C:\strawberry-perl-5.30-32bit\cpan\build\FFI-Platypus-1.10-0\.tmp\CBRrWLm3x2\lib\auto: Directory not empty at C:/strawberry-perl-5.30-32bit/perl/lib/File/Temp.pm line 2628.
cannot remove directory for C:\strawberry-perl-5.30-32bit\cpan\build\FFI-Platypus-1.10-0\.tmp\CBRrWLm3x2\lib: Directory not empty at C:/strawberry-perl-5.30-32bit/perl/lib/File/Temp.pm line 2628.
cannot remove directory for C:/strawberry-perl-5.30-32bit/cpan/build/FFI-Platypus-1.10-0/.tmp/CBRrWLm3x2: Directory not empty at C:/strawberry-perl-5.30-32bit/perl/lib/File/Temp.pm line 2628.
cannot unlink file for C:\strawberry-perl-5.30-32bit\cpan\build\FFI-Platypus-1.10-0\.tmp\681cX5DVJ6\lib\auto\share\dist\Foo-Bar2\bar2.dll: Permission denied at C:/strawberry-perl-5.30-32bit/perl/lib/File/Temp.pm line 2628.
cannot remove directory for C:\strawberry-perl-5.30-32bit\cpan\build\FFI-Platypus-1.10-0\.tmp\681cX5DVJ6\lib\auto\share\dist\Foo-Bar2: Directory not empty at C:/strawberry-perl-5.30-32bit/perl/lib/File/Temp.pm line 2628.
cannot remove directory for C:\strawberry-perl-5.30-32bit\cpan\build\FFI-Platypus-1.10-0\.tmp\681cX5DVJ6\lib\auto\share\dist: Directory not empty at C:/strawberry-perl-5.30-32bit/perl/lib/File/Temp.pm line 2628.
cannot remove directory for C:\strawberry-perl-5.30-32bit\cpan\build\FFI-Platypus-1.10-0\.tmp\681cX5DVJ6\lib\auto\share: Directory not empty at C:/strawberry-perl-5.30-32bit/perl/lib/File/Temp.pm line 2628.
cannot remove directory for C:\strawberry-perl-5.30-32bit\cpan\build\FFI-Platypus-1.10-0\.tmp\681cX5DVJ6\lib\auto: Directory not empty at C:/strawberry-perl-5.30-32bit/perl/lib/File/Temp.pm line 2628.
cannot remove directory for C:\strawberry-perl-5.30-32bit\cpan\build\FFI-Platypus-1.10-0\.tmp\681cX5DVJ6\lib: Directory not empty at C:/strawberry-perl-5.30-32bit/perl/lib/File/Temp.pm line 2628.
cannot remove directory for C:/strawberry-perl-5.30-32bit/cpan/build/FFI-Platypus-1.10-0/.tmp/681cX5DVJ6: Directory not empty at C:/strawberry-perl-5.30-32bit/perl/lib/File/Temp.pm line 2628.
cannot unlink file for C:\strawberry-perl-5.30-32bit\cpan\build\FFI-Platypus-1.10-0\.tmp\_ceI6X2Ci5\lib\auto\share\dist\Foo-Bar3\bar3.dll: Permission denied at C:/strawberry-perl-5.30-32bit/perl/lib/File/Temp.pm line 2628.
cannot remove directory for C:\strawberry-perl-5.30-32bit\cpan\build\FFI-Platypus-1.10-0\.tmp\_ceI6X2Ci5\lib\auto\share\dist\Foo-Bar3: Directory not empty at C:/strawberry-perl-5.30-32bit/perl/lib/File/Temp.pm line 2628.
cannot remove directory for C:\strawberry-perl-5.30-32bit\cpan\build\FFI-Platypus-1.10-0\.tmp\_ceI6X2Ci5\lib\auto\share\dist: Directory not empty at C:/strawberry-perl-5.30-32bit/perl/lib/File/Temp.pm line 2628.
cannot remove directory for C:\strawberry-perl-5.30-32bit\cpan\build\FFI-Platypus-1.10-0\.tmp\_ceI6X2Ci5\lib\auto\share: Directory not empty at C:/strawberry-perl-5.30-32bit/perl/lib/File/Temp.pm line 2628.
cannot remove directory for C:\strawberry-perl-5.30-32bit\cpan\build\FFI-Platypus-1.10-0\.tmp\_ceI6X2Ci5\lib\auto: Directory not empty at C:/strawberry-perl-5.30-32bit/perl/lib/File/Temp.pm line 2628.
cannot remove directory for C:\strawberry-perl-5.30-32bit\cpan\build\FFI-Platypus-1.10-0\.tmp\_ceI6X2Ci5\lib: Directory not empty at C:/strawberry-perl-5.30-32bit/perl/lib/File/Temp.pm line 2628.
cannot remove directory for C:/strawberry-perl-5.30-32bit/cpan/build/FFI-Platypus-1.10-0/.tmp/_ceI6X2Ci5: Directory not empty at C:/strawberry-perl-5.30-32bit/perl/lib/File/Temp.pm line 2628.
cannot unlink file for C:\strawberry-perl-5.30-32bit\cpan\build\FFI-Platypus-1.10-0\.tmp\21dG7ah0qY\ffi\_build\foo.dll: Permission denied at C:/strawberry-perl-5.30-32bit/perl/lib/File/Temp.pm line 2628.
cannot remove directory for C:\strawberry-perl-5.30-32bit\cpan\build\FFI-Platypus-1.10-0\.tmp\21dG7ah0qY\ffi\_build: Directory not empty at C:/strawberry-perl-5.30-32bit/perl/lib/File/Temp.pm line 2628.
cannot remove directory for C:\strawberry-perl-5.30-32bit\cpan\build\FFI-Platypus-1.10-0\.tmp\21dG7ah0qY\ffi: Directory not empty at C:/strawberry-perl-5.30-32bit/perl/lib/File/Temp.pm line 2628.
cannot remove directory for C:/strawberry-perl-5.30-32bit/cpan/build/FFI-Platypus-1.10-0/.tmp/21dG7ah0qY: Directory not empty at C:/strawberry-perl-5.30-32bit/perl/lib/File/Temp.pm line 2628.
t/ffi_platypus_bundle.t .................. 
Dubious, test returned 29 (wstat 7424, 0x1d00)
All 4 subtests passed 
t/ffi_platypus_closure.t ................. 
Dubious, test returned 29 (wstat 7424, 0x1d00)
All 4 subtests passed 
t/ffi_platypus_constant.t ................ 
Dubious, test returned 29 (wstat 7424, 0x1d00)
No subtests run 
t/ffi_platypus_declare.t ................. 
Dubious, test returned 29 (wstat 7424, 0x1d00)
All 7 subtests passed 
t/ffi_platypus_dl.t ...................... ok
t/ffi_platypus_function.t ................ ok
t/ffi_platypus_function_wrapper.t ........ ok
t/ffi_platypus_internal.t ................ ok
t/ffi_platypus_lang.t .................... ok
t/ffi_platypus_lang_asm.t ................ ok
t/ffi_platypus_lang_c.t .................. ok
t/ffi_platypus_lang_win32.t .............. ok
t/ffi_platypus_legacy.t .................. ok
t/ffi_platypus_memory.t .................. ok
t/ffi_platypus_record.t .................. ok
t/ffi_platypus_record_meta.t ............. ok
t/ffi_platypus_record_tiearray.t ......... ok
t/ffi_platypus_shareconfig.t ............. ok
t/ffi_platypus_type.t .................... ok
t/ffi_platypus_type_pointersizebuffer.t .. ok
t/ffi_platypus_type_stringarray.t ........ ok
t/ffi_platypus_type_stringpointer.t ...... ok
t/ffi_platypus_typeparser.t .............. ok
t/ffi_platypus_typeparser_version0.t ..... ok
t/ffi_platypus_typeparser_version1.t ..... ok
t/ffi_probe.t ............................ ok
t/ffi_probe_runner.t ..................... ok
t/ffi_probe_runner_builder.t ............. ok
t/ffi_probe_runner_result.t .............. ok
t/ffi_temp.t ............................. ok
t/forks.t ................................ skipped: Test requires forks
t/gh117.t ................................ ok
t/gh129.t ................................ ok
t/memory.t ............................... skipped: tested only in CI
t/threads.t .............................. ok
t/type_complex_double.t .................. ok
t/type_complex_float.t ................... ok
t/type_custom.t .......................... ok
t/type_double.t .......................... 
Dubious, test returned 29 (wstat 7424, 0x1d00)
No subtests run 
t/type_float.t ........................... 
Dubious, test returned 29 (wstat 7424, 0x1d00)
No subtests run 
t/type_longdouble.t ...................... ok
t/type_longdouble__array.t ............... ok
t/type_longdouble__hide.t ................ skipped: test requires Devel::Hide 0.0010
t/type_longdouble__ptr.t ................. ok
t/type_opaque.t .......................... 
Dubious, test returned 29 (wstat 7424, 0x1d00)
No subtests run 
t/type_record.t .......................... 
Dubious, test returned 29 (wstat 7424, 0x1d00)
All 2 subtests passed 
t/type_record_value.t .................... ok
t/type_sint16.t .......................... 
Dubious, test returned 29 (wstat 7424, 0x1d00)
No subtests run 
t/type_sint32.t .......................... 
Dubious, test returned 29 (wstat 7424, 0x1d00)
No subtests run 
t/type_sint64.t .......................... 
Dubious, test returned 29 (wstat 7424, 0x1d00)
No subtests run 
t/type_sint8.t ........................... 
Dubious, test returned 29 (wstat 7424, 0x1d00)
No subtests run 
t/type_string.t .......................... 
Dubious, test returned 29 (wstat 7424, 0x1d00)
No subtests run 
t/type_uint16.t .......................... 
Dubious, test returned 29 (wstat 7424, 0x1d00)
No subtests run 
t/type_uint32.t .......................... 
Dubious, test returned 29 (wstat 7424, 0x1d00)
No subtests run 
t/type_uint64.t .......................... 
Dubious, test returned 29 (wstat 7424, 0x1d00)
No subtests run 
t/type_uint8.t ........................... 
Dubious, test returned 29 (wstat 7424, 0x1d00)
No subtests run 

Test Summary Report
-------------------
t/ffi_platypus.t                       (Wstat: 7424 Tests: 10 Failed: 0)
  Non-zero exit status: 29
  Parse errors: No plan found in TAP output
t/ffi_platypus_bundle.t                (Wstat: 7424 Tests: 4 Failed: 0)
  Non-zero exit status: 29
  Parse errors: No plan found in TAP output
t/ffi_platypus_closure.t               (Wstat: 7424 Tests: 4 Failed: 0)
  Non-zero exit status: 29
  Parse errors: No plan found in TAP output
t/ffi_platypus_constant.t              (Wstat: 7424 Tests: 0 Failed: 0)
  Non-zero exit status: 29
  Parse errors: No plan found in TAP output
t/ffi_platypus_declare.t               (Wstat: 7424 Tests: 7 Failed: 0)
  Non-zero exit status: 29
  Parse errors: No plan found in TAP output
t/type_double.t                        (Wstat: 7424 Tests: 0 Failed: 0)
  Non-zero exit status: 29
  Parse errors: No plan found in TAP output
t/type_float.t                         (Wstat: 7424 Tests: 0 Failed: 0)
  Non-zero exit status: 29
  Parse errors: No plan found in TAP output
t/type_opaque.t                        (Wstat: 7424 Tests: 0 Failed: 0)
  Non-zero exit status: 29
  Parse errors: No plan found in TAP output
t/type_record.t                        (Wstat: 7424 Tests: 2 Failed: 0)
  Non-zero exit status: 29
  Parse errors: No plan found in TAP output
t/type_sint16.t                        (Wstat: 7424 Tests: 0 Failed: 0)
  Non-zero exit status: 29
  Parse errors: No plan found in TAP output
t/type_sint32.t                        (Wstat: 7424 Tests: 0 Failed: 0)
  Non-zero exit status: 29
  Parse errors: No plan found in TAP output
t/type_sint64.t                        (Wstat: 7424 Tests: 0 Failed: 0)
  Non-zero exit status: 29
  Parse errors: No plan found in TAP output
t/type_sint8.t                         (Wstat: 7424 Tests: 0 Failed: 0)
  Non-zero exit status: 29
  Parse errors: No plan found in TAP output
t/type_string.t                        (Wstat: 7424 Tests: 0 Failed: 0)
  Non-zero exit status: 29
  Parse errors: No plan found in TAP output
t/type_uint16.t                        (Wstat: 7424 Tests: 0 Failed: 0)
  Non-zero exit status: 29
  Parse errors: No plan found in TAP output
t/type_uint32.t                        (Wstat: 7424 Tests: 0 Failed: 0)
  Non-zero exit status: 29
  Parse errors: No plan found in TAP output
t/type_uint64.t                        (Wstat: 7424 Tests: 0 Failed: 0)
  Non-zero exit status: 29
  Parse errors: No plan found in TAP output
t/type_uint8.t                         (Wstat: 7424 Tests: 0 Failed: 0)
  Non-zero exit status: 29
  Parse errors: No plan found in TAP output
Files=69, Tests=292, 184 wallclock secs ( 0.84 usr +  0.50 sys =  1.34 CPU)
Result: FAIL
Failed 18/69 test programs. 0/292 subtests failed.
gmake: *** [Makefile:1137: test_dynamic] Error 29

------------------------------
PREREQUISITES
------------------------------

Prerequisite modules loaded:

requires:

    Module              Need     Have    
    ------------------- -------- --------
    Capture::Tiny       0        0.48    
    constant            1.32     1.33    
    ExtUtils::MakeMaker 7.12     7.44    
    FFI::CheckLib       0.05     0.26    
    IPC::Cmd            0        1.04    
    JSON::PP            0        4.04    
    List::Util          1.45     1.53    
    perl                5.008001 5.030001

build_requires:

    Module              Need     Have    
    ------------------- -------- --------
    Capture::Tiny       0        0.48    
    ExtUtils::CBuilder  0        0.280234
    Test::More          0.98     1.302171

configure_requires:

    Module              Need     Have    
    ------------------- -------- --------
    Capture::Tiny       0        0.48    
    ExtUtils::MakeMaker 7.12     7.44    
    ExtUtils::ParseXS   3.30     3.40    
    IPC::Cmd            0        1.04    
    perl                5.006    5.030001


------------------------------
ENVIRONMENT AND OTHER CONTEXT
------------------------------

Environment variables:

    COMSPEC = C:\WINDOWS\system32\cmd.exe
    NONINTERACTIVE_TESTING = 1
    NUMBER_OF_PROCESSORS = 4
    PATH = C:\strawberry-perl-5.30-32bit\perl\site\bin;C:\strawberry-perl-5.30-32bit\perl\bin;C:\strawberry-perl-5.30-32bit\c\bin;C:\Program Files (x86)\Common Files\Oracle\Java\javapath;C:\ProgramData\Oracle\Java\javapath;C:\Program Files (x86)\Wizvera\Delfino;C:\WINDOWS\SYSTEM32;C:\WINDOWS;C:\WINDOWS\SYSTEM32\WBEM;C:\WINDOWS\SYSTEM32\WINDOWSPOWERSHELL\V1.0\;C:\PROGRAM FILES (X86)\LENOVO\ACCESS CONNECTIONS\;C:\PROGRAM FILES\THINKPAD\BLUETOOTH SOFTWARE\;C:\PROGRAM FILES\THINKPAD\BLUETOOTH SOFTWARE\SYSWOW64;C:\Program Files (x86)\Intel\OpenCL SDK\2.0\bin\x86;C:\Program Files (x86)\Intel\OpenCL SDK\2.0\bin\x64;C:\WINDOWS\system32;C:\WINDOWS;C:\WINDOWS\System32\Wbem;C:\WINDOWS\System32\WindowsPowerShell\v1.0\;C:\WINDOWS\System32\OpenSSH\;C:\Program Files\Microsoft VS Code\bin;C:\Program Files (x86)\Microsoft VS Code\bin;C:\Users\kang\AppData\Local\Microsoft\WindowsApps;
    PERL5LIB = 
    PERL5OPT = 
    PERL5_CPANPLUS_IS_RUNNING = 14344
    PERL5_CPAN_IS_RUNNING = 14344
    PERL_MM_USE_DEFAULT = 1
    PERL_USE_UNSAFE_INC = 1
    PROCESSOR_IDENTIFIER = Intel64 Family 6 Model 42 Stepping 7, GenuineIntel
    TEMP = C:\Users\kang\AppData\Local\Temp
    TERM = dumb

Perl special variables (and OS-specific diagnostics, for MSWin32):

    $^X = C:\strawberry-perl-5.30-32bit\perl\bin\perl.exe
    $UID/$EUID = 0 / 0
    $GID = 0
    $EGID = 0
    Win32::GetOSName = Win10
    Win32::GetOSVersion = , 10, 0, 18363, 2, 0, 0, 256, 1
    Win32::FsType = NTFS
    Win32::IsAdminUser = 0

Perl module toolchain versions installed:

    Module              Have    
    ------------------- --------
    CPAN                2.27    
    CPAN::Meta          2.150010
    Cwd                 3.78    
    ExtUtils::CBuilder  0.280234
    ExtUtils::Command   7.44    
    ExtUtils::Install   2.14    
    ExtUtils::MakeMaker 7.44    
    ExtUtils::Manifest  1.72    
    ExtUtils::ParseXS   3.40    
    File::Spec          3.78    
    JSON                4.02    
    JSON::PP            4.04    
    Module::Build       0.4231  
    Module::Signature   n/a     
    Parse::CPAN::Meta   2.150010
    Test::Harness       3.42    
    Test::More          1.302171
    YAML                1.29    
    YAML::Syck          n/a     
    version             0.9924  


--

Summary of my perl5 (revision 5 version 30 subversion 1) configuration:
   
  Platform:
    osname=MSWin32
    osvers=10.0.18363.476
    archname=MSWin32-x86-multi-thread-64int
    uname='Win32 strawberry-perl 5.30.1.1 #1 Thu Nov 21 23:36:33 2019 i386'
    config_args='undef'
    hint=recommended
    useposix=true
    d_sigaction=undef
    useithreads=define
    usemultiplicity=define
    use64bitint=define
    use64bitall=undef
    uselongdouble=undef
    usemymalloc=n
    default_inc_excludes_dot=define
    bincompat5005=undef
  Compiler:
    cc='gcc'
    ccflags =' -s -O2 -DWIN32 -D__USE_MINGW_ANSI_STDIO -DPERL_TEXTMODE_SCRIPTS -DPERL_IMPLICIT_CONTEXT -DPERL_IMPLICIT_SYS -DUSE_PERLIO -fwrapv -fno-strict-aliasing -mms-bitfields'
    optimize='-s -O2'
    cppflags='-DWIN32'
    ccversion=''
    gccversion='8.3.0'
    gccosandvers=''
    intsize=4
    longsize=4
    ptrsize=4
    doublesize=8
    byteorder=12345678
    doublekind=3
    d_longlong=define
    longlongsize=8
    d_longdbl=define
    longdblsize=12
    longdblkind=3
    ivtype='long long'
    ivsize=8
    nvtype='double'
    nvsize=8
    Off_t='long long'
    lseeksize=8
    alignbytes=8
    prototype=define
  Linker and Libraries:
    ld='g++.exe'
    ldflags ='-s -L"C:\strawberry-perl-5.30-32bit\perl\lib\CORE" -L"C:\strawberry-perl-5.30-32bit\c\lib"'
    libpth=C:\strawberry-perl-5.30-32bit\c\lib C:\strawberry-perl-5.30-32bit\c\i686-w64-mingw32\lib C:\strawberry-perl-5.30-32bit\c\lib\gcc\i686-w64-mingw32\8.3.0
    libs= -lmoldname -lkernel32 -luser32 -lgdi32 -lwinspool -lcomdlg32 -ladvapi32 -lshell32 -lole32 -loleaut32 -lnetapi32 -luuid -lws2_32 -lmpr -lwinmm -lversion -lodbc32 -lodbccp32 -lcomctl32
    perllibs= -lmoldname -lkernel32 -luser32 -lgdi32 -lwinspool -lcomdlg32 -ladvapi32 -lshell32 -lole32 -loleaut32 -lnetapi32 -luuid -lws2_32 -lmpr -lwinmm -lversion -lodbc32 -lodbccp32 -lcomctl32
    libc=
    so=dll
    useshrplib=true
    libperl=libperl530.a
    gnulibc_version=''
  Dynamic Linking:
    dlsrc=dl_win32.xs
    dlext=xs.dll
    d_dlsymun=undef
    ccdlflags=' '
    cccdlflags=' '
    lddlflags='-mdll -s -L"C:\strawberry-perl-5.30-32bit\perl\lib\CORE" -L"C:\strawberry-perl-5.30-32bit\c\lib"'


Characteristics of this binary (from libperl): 
  Compile-time options:
    HAS_TIMES
    HAVE_INTERP_INTERN
    MULTIPLICITY
    PERLIO_LAYERS
    PERL_COPY_ON_WRITE
    PERL_DONT_CREATE_GVSV
    PERL_IMPLICIT_CONTEXT
    PERL_IMPLICIT_SYS
    PERL_MALLOC_WRAP
    PERL_OP_PARENT
    PERL_PRESERVE_IVUV
    USE_64_BIT_INT
    USE_ITHREADS
    USE_LARGE_FILES
    USE_LOCALE
    USE_LOCALE_COLLATE
    USE_LOCALE_CTYPE
    USE_LOCALE_NUMERIC
    USE_LOCALE_TIME
    USE_PERLIO
    USE_PERL_ATOF
  Built under MSWin32
  Compiled at Nov 21 2019 23:42:15
  %ENV:
    PERL5_CPANPLUS_IS_RUNNING="14344"
    PERL5_CPAN_IS_RUNNING="14344"
    PERL_MM_USE_DEFAULT="1"
    PERL_USE_UNSAFE_INC="1"
  @INC:
    C:/strawberry-perl-5.30-32bit/perl/site/lib/MSWin32-x86-multi-thread-64int
    C:/strawberry-perl-5.30-32bit/perl/site/lib
    C:/strawberry-perl-5.30-32bit/perl/vendor/lib
    C:/strawberry-perl-5.30-32bit/perl/lib
    .