Geo-LibProj-FFI v0.05 Perl 5 v5.14.0 i86pc-solaris-thread-multi-64

Status
Fail
From
Chris Williams (BINGOS)
Dist
Geo-LibProj-FFI v0.05
Platform
Perl 5 v5.14.0 i86pc-solaris-thread-multi-64
Date
2023-12-02 20:58:50
ID
984523aa-9155-11ee-98b0-b3c3213a625c
This distribution has been tested as part of the CPAN Testers
project, supporting the Perl programming language.  See
http://wiki.cpantesters.org/ for more information or email
questions to cpan-testers-discuss@perl.org


--

Dear AJNN,

This is a computer-generated error report created automatically by
CPANPLUS, version 0.9914. Testers personal comments may appear
at the end of this report.


Thank you for uploading your work to CPAN.  However, it appears that
there were some problems testing your distribution.

TEST RESULTS:

Below is the error stack from stage 'make test':

PERL_DL_NONLAZY=1 "/home/cpan/pit/thr/perl-5.14.0/bin/perl" "-MExtUtils::Command::MM" "-MTest::Harness" "-e" "undef *Test::Harness::Switches; test_harness(0, 'blib/lib', 'blib/arch')" t/*.t
# 
# Versions for all modules listed in MYMETA.json (including optional ones):
# 
# === Configure Requires ===
# 
#     Module              Want Have
#     ------------------- ---- ----
#     ExtUtils::MakeMaker  any 7.70
# 
# === Build Requires ===
# 
#     Module              Want Have
#     ------------------- ---- ----
#     ExtUtils::MakeMaker  any 7.70
# 
# === Test Requires ===
# 
#     Module               Want     Have
#     ------------------- ----- --------
#     ExtUtils::MakeMaker   any     7.70
#     File::Spec            any     3.75
#     Test::Exception       any     0.43
#     Test::More            any 1.302195
#     Test::Warnings      0.010    0.032
# 
# === Test Recommends ===
# 
#     Module         Want     Have
#     ---------- -------- --------
#     CPAN::Meta 2.120900 2.150010
# 
# === Runtime Requires ===
# 
#     Module                 Want     Have
#     ------------------ -------- --------
#     Alien::proj            1.07     1.26
#     Convert::Binary::C     0.04     0.84
#     Exporter::Easy          any     0.18
#     FFI::C                 0.08     0.15
#     FFI::Platypus          1.50     2.08
#     perl               5.014000 5.014000
# 
t/00-report-prereqs.t .. ok
# Alien::proj 1.26 with share PROJ 9.3.1
t/00-version.t ......... ok
String found where operator expected at lib/Geo/LibProj/FFI.pm line 317, near "warnings::warnif_at_level 'deprecated'"
	(Do you need to predeclare warnings::warnif_at_level?)
String found where operator expected at lib/Geo/LibProj/FFI.pm line 324, near "warnings::warnif_at_level 'deprecated'"
	(Do you need to predeclare warnings::warnif_at_level?)
syntax error at lib/Geo/LibProj/FFI.pm line 317, near "warnings::warnif_at_level 'deprecated'"
syntax error at lib/Geo/LibProj/FFI.pm line 324, near "warnings::warnif_at_level 'deprecated'"
BEGIN not safe after errors--compilation aborted at lib/Geo/LibProj/FFI.pm line 384.
Compilation failed in require at t/constants.t line 15.
BEGIN failed--compilation aborted at t/constants.t line 15.
t/constants.t .......... 
Dubious, test returned 255 (wstat 65280, 0xff00)
No subtests run 
String found where operator expected at lib/Geo/LibProj/FFI.pm line 317, near "warnings::warnif_at_level 'deprecated'"
	(Do you need to predeclare warnings::warnif_at_level?)
String found where operator expected at lib/Geo/LibProj/FFI.pm line 324, near "warnings::warnif_at_level 'deprecated'"
	(Do you need to predeclare warnings::warnif_at_level?)
syntax error at lib/Geo/LibProj/FFI.pm line 317, near "warnings::warnif_at_level 'deprecated'"
syntax error at lib/Geo/LibProj/FFI.pm line 324, near "warnings::warnif_at_level 'deprecated'"
BEGIN not safe after errors--compilation aborted at lib/Geo/LibProj/FFI.pm line 384.
Compilation failed in require at t/context.t line 16.
BEGIN failed--compilation aborted at t/context.t line 16.
t/context.t ............ 
Dubious, test returned 255 (wstat 65280, 0xff00)
No subtests run 
String found where operator expected at lib/Geo/LibProj/FFI.pm line 317, near "warnings::warnif_at_level 'deprecated'"
	(Do you need to predeclare warnings::warnif_at_level?)
String found where operator expected at lib/Geo/LibProj/FFI.pm line 324, near "warnings::warnif_at_level 'deprecated'"
	(Do you need to predeclare warnings::warnif_at_level?)
syntax error at lib/Geo/LibProj/FFI.pm line 317, near "warnings::warnif_at_level 'deprecated'"
syntax error at lib/Geo/LibProj/FFI.pm line 324, near "warnings::warnif_at_level 'deprecated'"
BEGIN not safe after errors--compilation aborted at lib/Geo/LibProj/FFI.pm line 384.
Compilation failed in require at t/distance.t line 16.
BEGIN failed--compilation aborted at t/distance.t line 16.
t/distance.t ........... 
Dubious, test returned 255 (wstat 65280, 0xff00)
No subtests run 
String found where operator expected at lib/Geo/LibProj/FFI.pm line 317, near "warnings::warnif_at_level 'deprecated'"
	(Do you need to predeclare warnings::warnif_at_level?)
String found where operator expected at lib/Geo/LibProj/FFI.pm line 324, near "warnings::warnif_at_level 'deprecated'"
	(Do you need to predeclare warnings::warnif_at_level?)
syntax error at lib/Geo/LibProj/FFI.pm line 317, near "warnings::warnif_at_level 'deprecated'"
syntax error at lib/Geo/LibProj/FFI.pm line 324, near "warnings::warnif_at_level 'deprecated'"
BEGIN not safe after errors--compilation aborted at lib/Geo/LibProj/FFI.pm line 384.
Compilation failed in require at t/error.t line 17.
BEGIN failed--compilation aborted at t/error.t line 17.
t/error.t .............. 
Dubious, test returned 255 (wstat 65280, 0xff00)
No subtests run 
String found where operator expected at lib/Geo/LibProj/FFI.pm line 317, near "warnings::warnif_at_level 'deprecated'"
	(Do you need to predeclare warnings::warnif_at_level?)
String found where operator expected at lib/Geo/LibProj/FFI.pm line 324, near "warnings::warnif_at_level 'deprecated'"
	(Do you need to predeclare warnings::warnif_at_level?)
syntax error at lib/Geo/LibProj/FFI.pm line 317, near "warnings::warnif_at_level 'deprecated'"
syntax error at lib/Geo/LibProj/FFI.pm line 324, near "warnings::warnif_at_level 'deprecated'"
BEGIN not safe after errors--compilation aborted at lib/Geo/LibProj/FFI.pm line 384.
Compilation failed in require at t/info.t line 16.
BEGIN failed--compilation aborted at t/info.t line 16.
t/info.t ............... 
Dubious, test returned 255 (wstat 65280, 0xff00)
No subtests run 
String found where operator expected at lib/Geo/LibProj/FFI.pm line 317, near "warnings::warnif_at_level 'deprecated'"
	(Do you need to predeclare warnings::warnif_at_level?)
String found where operator expected at lib/Geo/LibProj/FFI.pm line 324, near "warnings::warnif_at_level 'deprecated'"
	(Do you need to predeclare warnings::warnif_at_level?)
syntax error at lib/Geo/LibProj/FFI.pm line 317, near "warnings::warnif_at_level 'deprecated'"
syntax error at lib/Geo/LibProj/FFI.pm line 324, near "warnings::warnif_at_level 'deprecated'"
BEGIN not safe after errors--compilation aborted at lib/Geo/LibProj/FFI.pm line 384.
Compilation failed in require at t/lists.t line 16.
BEGIN failed--compilation aborted at t/lists.t line 16.
t/lists.t .............. 
Dubious, test returned 255 (wstat 65280, 0xff00)
No subtests run 
String found where operator expected at lib/Geo/LibProj/FFI.pm line 317, near "warnings::warnif_at_level 'deprecated'"
	(Do you need to predeclare warnings::warnif_at_level?)
String found where operator expected at lib/Geo/LibProj/FFI.pm line 324, near "warnings::warnif_at_level 'deprecated'"
	(Do you need to predeclare warnings::warnif_at_level?)
syntax error at lib/Geo/LibProj/FFI.pm line 317, near "warnings::warnif_at_level 'deprecated'"
syntax error at lib/Geo/LibProj/FFI.pm line 324, near "warnings::warnif_at_level 'deprecated'"
BEGIN not safe after errors--compilation aborted at lib/Geo/LibProj/FFI.pm line 384.
Compilation failed in require at t/misc.t line 16.
BEGIN failed--compilation aborted at t/misc.t line 16.
t/misc.t ............... 
Dubious, test returned 255 (wstat 65280, 0xff00)
No subtests run 
String found where operator expected at lib/Geo/LibProj/FFI.pm line 317, near "warnings::warnif_at_level 'deprecated'"
	(Do you need to predeclare warnings::warnif_at_level?)
String found where operator expected at lib/Geo/LibProj/FFI.pm line 324, near "warnings::warnif_at_level 'deprecated'"
	(Do you need to predeclare warnings::warnif_at_level?)
syntax error at lib/Geo/LibProj/FFI.pm line 317, near "warnings::warnif_at_level 'deprecated'"
syntax error at lib/Geo/LibProj/FFI.pm line 324, near "warnings::warnif_at_level 'deprecated'"
BEGIN not safe after errors--compilation aborted at lib/Geo/LibProj/FFI.pm line 384.
Compilation failed in require at t/private.t line 16.
BEGIN failed--compilation aborted at t/private.t line 16.
t/private.t ............ 
Dubious, test returned 255 (wstat 65280, 0xff00)
No subtests run 
String found where operator expected at lib/Geo/LibProj/FFI.pm line 317, near "warnings::warnif_at_level 'deprecated'"
	(Do you need to predeclare warnings::warnif_at_level?)
String found where operator expected at lib/Geo/LibProj/FFI.pm line 324, near "warnings::warnif_at_level 'deprecated'"
	(Do you need to predeclare warnings::warnif_at_level?)
syntax error at lib/Geo/LibProj/FFI.pm line 317, near "warnings::warnif_at_level 'deprecated'"
syntax error at lib/Geo/LibProj/FFI.pm line 324, near "warnings::warnif_at_level 'deprecated'"
BEGIN not safe after errors--compilation aborted at lib/Geo/LibProj/FFI.pm line 384.
Compilation failed in require at t/setup.t line 16.
BEGIN failed--compilation aborted at t/setup.t line 16.
t/setup.t .............. 
Dubious, test returned 255 (wstat 65280, 0xff00)
No subtests run 
String found where operator expected at lib/Geo/LibProj/FFI.pm line 317, near "warnings::warnif_at_level 'deprecated'"
	(Do you need to predeclare warnings::warnif_at_level?)
String found where operator expected at lib/Geo/LibProj/FFI.pm line 324, near "warnings::warnif_at_level 'deprecated'"
	(Do you need to predeclare warnings::warnif_at_level?)
syntax error at lib/Geo/LibProj/FFI.pm line 317, near "warnings::warnif_at_level 'deprecated'"
syntax error at lib/Geo/LibProj/FFI.pm line 324, near "warnings::warnif_at_level 'deprecated'"
BEGIN not safe after errors--compilation aborted at lib/Geo/LibProj/FFI.pm line 384.
Compilation failed in require at t/transform.t line 16.
BEGIN failed--compilation aborted at t/transform.t line 16.
t/transform.t .......... 
Dubious, test returned 255 (wstat 65280, 0xff00)
No subtests run 
String found where operator expected at lib/Geo/LibProj/FFI.pm line 317, near "warnings::warnif_at_level 'deprecated'"
	(Do you need to predeclare warnings::warnif_at_level?)
String found where operator expected at lib/Geo/LibProj/FFI.pm line 324, near "warnings::warnif_at_level 'deprecated'"
	(Do you need to predeclare warnings::warnif_at_level?)
syntax error at lib/Geo/LibProj/FFI.pm line 317, near "warnings::warnif_at_level 'deprecated'"
syntax error at lib/Geo/LibProj/FFI.pm line 324, near "warnings::warnif_at_level 'deprecated'"
BEGIN not safe after errors--compilation aborted at lib/Geo/LibProj/FFI.pm line 384.
Compilation failed in require at t/types.t line 16.
BEGIN failed--compilation aborted at t/types.t line 16.
t/types.t .............. 
Dubious, test returned 255 (wstat 65280, 0xff00)
No subtests run 
String found where operator expected at lib/Geo/LibProj/FFI.pm line 317, near "warnings::warnif_at_level 'deprecated'"
	(Do you need to predeclare warnings::warnif_at_level?)
String found where operator expected at lib/Geo/LibProj/FFI.pm line 324, near "warnings::warnif_at_level 'deprecated'"
	(Do you need to predeclare warnings::warnif_at_level?)
syntax error at lib/Geo/LibProj/FFI.pm line 317, near "warnings::warnif_at_level 'deprecated'"
syntax error at lib/Geo/LibProj/FFI.pm line 324, near "warnings::warnif_at_level 'deprecated'"
BEGIN not safe after errors--compilation aborted at lib/Geo/LibProj/FFI.pm line 384.
Compilation failed in require at t/zz-cleanup.t line 16.
BEGIN failed--compilation aborted at t/zz-cleanup.t line 16.
t/zz-cleanup.t ......... 
Dubious, test returned 255 (wstat 65280, 0xff00)
No subtests run 

Test Summary Report
-------------------
t/constants.t        (Wstat: 65280 (exited 255) Tests: 0 Failed: 0)
  Non-zero exit status: 255
  Parse errors: No plan found in TAP output
t/context.t          (Wstat: 65280 (exited 255) Tests: 0 Failed: 0)
  Non-zero exit status: 255
  Parse errors: No plan found in TAP output
t/distance.t         (Wstat: 65280 (exited 255) Tests: 0 Failed: 0)
  Non-zero exit status: 255
  Parse errors: No plan found in TAP output
t/error.t            (Wstat: 65280 (exited 255) Tests: 0 Failed: 0)
  Non-zero exit status: 255
  Parse errors: No plan found in TAP output
t/info.t             (Wstat: 65280 (exited 255) Tests: 0 Failed: 0)
  Non-zero exit status: 255
  Parse errors: No plan found in TAP output
t/lists.t            (Wstat: 65280 (exited 255) Tests: 0 Failed: 0)
  Non-zero exit status: 255
  Parse errors: No plan found in TAP output
t/misc.t             (Wstat: 65280 (exited 255) Tests: 0 Failed: 0)
  Non-zero exit status: 255
  Parse errors: No plan found in TAP output
t/private.t          (Wstat: 65280 (exited 255) Tests: 0 Failed: 0)
  Non-zero exit status: 255
  Parse errors: No plan found in TAP output
t/setup.t            (Wstat: 65280 (exited 255) Tests: 0 Failed: 0)
  Non-zero exit status: 255
  Parse errors: No plan found in TAP output
t/transform.t        (Wstat: 65280 (exited 255) Tests: 0 Failed: 0)
  Non-zero exit status: 255
  Parse errors: No plan found in TAP output
t/types.t            (Wstat: 65280 (exited 255) Tests: 0 Failed: 0)
  Non-zero exit status: 255
  Parse errors: No plan found in TAP output
t/zz-cleanup.t       (Wstat: 65280 (exited 255) Tests: 0 Failed: 0)
  Non-zero exit status: 255
  Parse errors: No plan found in TAP output
Files=14, Tests=2,  4 wallclock secs ( 0.09 usr  0.06 sys +  3.23 cusr  0.67 csys =  4.04 CPU)
Result: FAIL
Failed 12/14 test programs. 0/2 subtests failed.
*** Error code 255
make: Fatal error: Command failed for target `test_dynamic'


PREREQUISITES:

Here is a list of prerequisites you specified and versions we
managed to load:

	  Module Name                        Have     Want
	  Alien::proj                        1.26     1.07
	  Convert::Binary::C                 0.84     0.04
	  Exporter::Easy                     0.18        0
	  ExtUtils::MakeMaker                7.70        0
	  FFI::C                             0.15     0.08
	  FFI::Platypus                      2.08     1.50
	  File::Spec                         3.75        0
	  Test::Exception                    0.43        0
	  Test::More                     1.302195        0
	  Test::Warnings                    0.032    0.010

Perl module toolchain versions installed:
	Module Name                        Have
	CPANPLUS                         0.9914
	CPANPLUS::Dist::Build              0.90
	Cwd                                3.75
	ExtUtils::CBuilder             0.280236
	ExtUtils::Command                  7.70
	ExtUtils::Install                  2.22
	ExtUtils::MakeMaker                7.70
	ExtUtils::Manifest                 1.75
	ExtUtils::ParseXS                  3.44
	File::Spec                         3.75
	Module::Build                    0.4234
	Pod::Parser                        1.37
	Pod::Simple                        3.16
	Test2                          1.302195
	Test::Harness                      3.44
	Test::More                     1.302195
	version                          0.9929

******************************** NOTE ********************************
The comments above are created mechanically, possibly without manual
checking by the sender.  As there are many people performing automatic
tests on each upload to CPAN, it is likely that you will receive
identical messages about the same problem.

If you believe that the message is mistaken, please reply to the first
one with correction and/or additional informations, and do not take
it personally.  We appreciate your patience. :)
**********************************************************************

Additional comments:


This report was machine-generated by CPANPLUS::Dist::YACSmoke 1.08.
Powered by minismokebox version 0.68

CPANPLUS is prefering Build.PL

------------------------------
ENVIRONMENT AND OTHER CONTEXT
------------------------------

Environment variables:

    AUTOMATED_TESTING = 1
    LANG = en_GB.UTF-8
    NONINTERACTIVE_TESTING = 1
    PATH = /usr/bin:/usr/sbin:/sbin:/opt/ooce/bin:/usr/gnu/bin
    PERL5LIB = /home/cpan/pit/jail/VqmRzGrmB8/lib/perl5:/home/cpan/pit/thr/conf/perl-5.14.0/.cpanplus/5.14.0/build/MD6KrO8DUD/Geo-LibProj-FFI-0.05/blib/lib:/home/cpan/pit/thr/conf/perl-5.14.0/.cpanplus/5.14.0/build/MD6KrO8DUD/Geo-LibProj-FFI-0.05/blib/arch
    PERL5_CPANPLUS_IS_RUNNING = 28100
    PERL5_CPANPLUS_IS_VERSION = 0.9914
    PERL5_MINISMOKEBOX = 0.68
    PERL5_YACSMOKE_BASE = /home/cpan/pit/thr/conf/perl-5.14.0
    PERL_EXTUTILS_AUTOINSTALL = --defaultdeps
    PERL_LOCAL_LIB_ROOT = /home/cpan/pit/jail/VqmRzGrmB8
    PERL_MB_OPT = --install_base "/home/cpan/pit/jail/VqmRzGrmB8"
    PERL_MM_OPT = INSTALL_BASE=/home/cpan/pit/jail/VqmRzGrmB8
    PERL_MM_USE_DEFAULT = 1
    SHELL = /bin/bash
    TERM = screen.xterm-256color

Perl special variables (and OS-specific diagnostics, for MSWin32):

    Perl: $^X = /home/cpan/pit/thr/perl-5.14.0/bin/perl
    UID:  $<  = 101
    EUID: $>  = 101
    GID:  $(  = 101 101
    EGID: $)  = 101 101


-------------------------------


--

Summary of my perl5 (revision 5 version 14 subversion 0) configuration:
   
  Platform:
    osname=solaris, osvers=2.11, archname=i86pc-solaris-thread-multi-64
    uname='sunos ouzel 5.11 omnios-r151034-0d278a0cc5 i86pc i386 i86pc '
    config_args='-des -Dprefix=/home/cpan/pit/thr/perl-5.14.0 -Dusethreads -Duse64bitall -Dcc=gcc'
    hint=recommended, useposix=true, d_sigaction=define
    useithreads=define, usemultiplicity=define
    useperlio=define, d_sfio=undef, uselargefiles=define, usesocks=undef
    use64bitint=define, use64bitall=define, uselongdouble=undef
    usemymalloc=n, bincompat5005=undef
  Compiler:
    cc='gcc', ccflags ='-D_REENTRANT -m64 -fwrapv -fno-strict-aliasing -pipe -fstack-protector -D_LARGEFILE_SOURCE -D_FILE_OFFSET_BITS=64 -DPERL_USE_SAFE_PUTENV',
    optimize='-O',
    cppflags='-D_REENTRANT -m64 -fwrapv -fno-strict-aliasing -pipe -fstack-protector'
    ccversion='', gccversion='9.3.0', gccosandvers=''
    intsize=4, longsize=8, ptrsize=8, doublesize=8, byteorder=12345678
    d_longlong=define, longlongsize=8, d_longdbl=define, longdblsize=16
    ivtype='long', ivsize=8, nvtype='double', nvsize=8, Off_t='off_t', lseeksize=8
    alignbytes=8, prototype=define
  Linker and Libraries:
    ld='gcc', ldflags =' -m64 -fstack-protector -L/usr/gnu/lib '
    libpth=/usr/gnu/lib /usr/lib /usr/ccs/lib
    libs=-lsocket -lnsl -ldl -lm -lpthread -lc
    perllibs=-lsocket -lnsl -ldl -lm -lpthread -lc
    libc=/lib/libc.so, so=so, useshrplib=true, libperl=libperl.so
    gnulibc_version=''
  Dynamic Linking:
    dlsrc=dl_dlopen.xs, dlext=so, d_dlsymun=undef, ccdlflags='  -R /home/cpan/pit/thr/perl-5.14.0/lib/5.14.0/i86pc-solaris-thread-multi-64/CORE'
    cccdlflags='-fPIC', lddlflags=' -shared -m64 -L/usr/gnu/lib -fstack-protector'


Characteristics of this binary (from libperl): 
  Compile-time options: MULTIPLICITY PERL_DONT_CREATE_GVSV
                        PERL_IMPLICIT_CONTEXT PERL_MALLOC_WRAP
                        PERL_PRESERVE_IVUV PERL_USE_SAFE_PUTENV
                        USE_64_BIT_ALL USE_64_BIT_INT USE_ITHREADS
                        USE_LARGE_FILES USE_PERLIO USE_PERL_ATOF
                        USE_REENTRANT_API
  Locally applied patches:
	Devel::PatchPerl 2.00
  Built under solaris
  Compiled at Aug 19 2020 23:26:21
  %ENV:
    PERL5LIB="/home/cpan/pit/jail/VqmRzGrmB8/lib/perl5:/home/cpan/pit/thr/conf/perl-5.14.0/.cpanplus/5.14.0/build/MD6KrO8DUD/Geo-LibProj-FFI-0.05/blib/lib:/home/cpan/pit/thr/conf/perl-5.14.0/.cpanplus/5.14.0/build/MD6KrO8DUD/Geo-LibProj-FFI-0.05/blib/arch"
    PERL5_CPANPLUS_IS_RUNNING="28100"
    PERL5_CPANPLUS_IS_VERSION="0.9914"
    PERL5_MINISMOKEBOX="0.68"
    PERL5_YACSMOKE_BASE="/home/cpan/pit/thr/conf/perl-5.14.0"
    PERL_EXTUTILS_AUTOINSTALL="--defaultdeps"
    PERL_LOCAL_LIB_ROOT="/home/cpan/pit/jail/VqmRzGrmB8"
    PERL_MB_OPT="--install_base "/home/cpan/pit/jail/VqmRzGrmB8""
    PERL_MM_OPT="INSTALL_BASE=/home/cpan/pit/jail/VqmRzGrmB8"
    PERL_MM_USE_DEFAULT="1"
  @INC:
    /home/cpan/pit/jail/VqmRzGrmB8/lib/perl5/5.14.0/i86pc-solaris-thread-multi-64
    /home/cpan/pit/jail/VqmRzGrmB8/lib/perl5/5.14.0
    /home/cpan/pit/jail/VqmRzGrmB8/lib/perl5/i86pc-solaris-thread-multi-64
    /home/cpan/pit/jail/VqmRzGrmB8/lib/perl5
    /home/cpan/pit/thr/conf/perl-5.14.0/.cpanplus/5.14.0/build/MD6KrO8DUD/Geo-LibProj-FFI-0.05/blib/lib
    /home/cpan/pit/thr/conf/perl-5.14.0/.cpanplus/5.14.0/build/MD6KrO8DUD/Geo-LibProj-FFI-0.05/blib/arch
    /home/cpan/pit/thr/perl-5.14.0/lib/site_perl/5.14.0/i86pc-solaris-thread-multi-64
    /home/cpan/pit/thr/perl-5.14.0/lib/site_perl/5.14.0
    /home/cpan/pit/thr/perl-5.14.0/lib/5.14.0/i86pc-solaris-thread-multi-64
    /home/cpan/pit/thr/perl-5.14.0/lib/5.14.0
    .