Statocles v0.093 Perl 5 v5.20.1 MSWin32-x86-multi-thread-64int

Status
Fail
From
Alexandr Ciornii (CHORNY)
Dist
Statocles v0.093
Platform
Perl 5 v5.20.1 MSWin32-x86-multi-thread-64int
Date
2018-04-01 16:58:23
ID
97848b76-6bfb-1014-80c8-23dcaa1986e4
This distribution has been tested as part of the CPAN Testers
project, supporting the Perl programming language.  See
http://wiki.cpantesters.org/ for more information or email
questions to cpan-testers-discuss@perl.org


--
Dear Doug Bell,

This is a computer-generated report for Statocles-0.093
on perl 5.20.1, created by CPAN-Reporter-1.2014.

Thank you for uploading your work to CPAN.  However, there was a problem
testing your distribution.

If you think this report is invalid, please consult the CPAN Testers Wiki
for suggestions on how to avoid getting FAIL reports for missing library
or binary dependencies, unsupported operating systems, and so on:

http://wiki.cpantesters.org/wiki/CPANAuthorNotes

Sections of this report:

    * Tester comments
    * Program output
    * Prerequisites
    * Environment and other context

------------------------------
TESTER COMMENTS
------------------------------

Additional comments from tester:

this report is from an automated smoke testing program
and was not reviewed by a human for accuracy

------------------------------
PROGRAM OUTPUT
------------------------------

Output from 'C:\STRAWB~1\c\bin\dmake.exe test':

Skip blib\lib\auto\share\dist\Statocles\theme\default\perldoc\pod.html.ep (unchanged)
Skip blib\lib\auto\share\dist\Statocles\theme\default\site\robots.txt.ep (unchanged)
Skip blib\lib\auto\share\dist\Statocles\theme\bootstrap\site\head_after.html.ep (unchanged)
Skip blib\lib\auto\share\dist\Statocles\theme\bootstrap\blog\index.rss.ep (unchanged)
Skip blib\lib\auto\share\dist\Statocles\theme\default\css\skeleton.css (unchanged)
Skip blib\lib\auto\share\dist\Statocles\theme\bootstrap\perldoc\source.html.ep (unchanged)
Skip blib\lib\auto\share\dist\Statocles\theme\bootstrap\plugin\highlight\solarized-light.css (unchanged)
Skip blib\lib\auto\share\dist\Statocles\theme\default\site\head_after.html.ep (unchanged)
Skip blib\lib\auto\share\dist\Statocles\theme\bootstrap\layout\blank.html.ep (unchanged)
Skip blib\lib\auto\share\dist\Statocles\create\script.yml (unchanged)
Skip blib\lib\auto\share\dist\Statocles\theme\bootstrap\blog\index.atom.ep (unchanged)
Skip blib\lib\auto\share\dist\Statocles\theme\default\site\navbar_extra.html.ep (unchanged)
Skip blib\lib\auto\share\dist\Statocles\theme\bootstrap\plugin\highlight\default.css (unchanged)
Skip blib\lib\auto\share\dist\Statocles\theme\bootstrap\site\style.html (unchanged)
Skip blib\lib\auto\share\dist\Statocles\theme\default\site\sidebar_before.html.ep (unchanged)
Skip blib\lib\auto\share\dist\Statocles\theme\bootstrap\perldoc\pod.html.ep (unchanged)
Skip blib\lib\auto\share\dist\Statocles\theme\bootstrap\site\navbar_extra.html.ep (unchanged)
Skip blib\lib\auto\share\dist\Statocles\theme\default\site\style.html (unchanged)
Skip blib\lib\auto\share\dist\Statocles\create\page\index.markdown (unchanged)
Skip blib\lib\auto\share\dist\Statocles\theme\default\perldoc\source.html.ep (unchanged)
Skip blib\lib\auto\share\dist\Statocles\theme\bootstrap\layout\default.html.ep (unchanged)
Skip blib\lib\auto\share\dist\Statocles\theme\bootstrap\plugin\highlight\solarized-dark.css (unchanged)
Skip blib\lib\auto\share\dist\Statocles\theme\default\blog\index.rss.ep (unchanged)
Skip blib\lib\auto\share\dist\Statocles\theme\default\layout\full-width.html.ep (unchanged)
Skip blib\lib\auto\share\dist\Statocles\theme\bootstrap\css\statocles-bootstrap.css (unchanged)
Skip blib\lib\auto\share\dist\Statocles\theme\bootstrap\blog\post.html.ep (unchanged)
Skip blib\lib\auto\share\dist\Statocles\theme\default\site\header_after.html.ep (unchanged)
Skip blib\lib\auto\share\dist\Statocles\zsh\_statocles (unchanged)
Skip blib\lib\auto\share\dist\Statocles\theme\bootstrap\site\header_after.html.ep (unchanged)
Skip blib\lib\auto\share\dist\Statocles\theme\default\plugin\highlight\default.css (unchanged)
Skip blib\lib\auto\share\dist\Statocles\theme\default\css\normalize.css (unchanged)
Skip blib\lib\auto\share\dist\Statocles\theme\bootstrap\site\robots.txt.ep (unchanged)
Skip blib\lib\auto\share\dist\Statocles\theme\default\layout\blank.html.ep (unchanged)
Skip blib\lib\auto\share\dist\Statocles\theme\default\blog\index.atom.ep (unchanged)
Skip blib\lib\auto\share\dist\Statocles\theme\default\layout\default.html.ep (unchanged)
Skip blib\lib\auto\share\dist\Statocles\create\site.yml (unchanged)
Skip blib\lib\auto\share\dist\Statocles\create\blog\post.markdown (unchanged)
Skip blib\lib\auto\share\dist\Statocles\theme\default\blog\post.html.ep (unchanged)
Skip blib\lib\auto\share\dist\Statocles\theme\default\site\footer.html.ep (unchanged)
Skip blib\lib\auto\share\dist\Statocles\theme\default\css\statocles-default.css (unchanged)
Skip blib\lib\auto\share\dist\Statocles\theme\default\plugin\highlight\solarized-light.css (unchanged)
Skip blib\lib\auto\share\dist\Statocles\theme\default\site\sitemap.xml.ep (unchanged)
Skip blib\lib\auto\share\dist\Statocles\theme\bootstrap\site\sitemap.xml.ep (unchanged)
Skip blib\lib\auto\share\dist\Statocles\theme\default\plugin\highlight\solarized-dark.css (unchanged)
Skip blib\lib\auto\share\dist\Statocles\theme\bootstrap\layout\full-width.html.ep (unchanged)
Skip blib\lib\auto\share\dist\Statocles\theme\bootstrap\site\sidebar_before.html.ep (unchanged)
Skip blib\lib\auto\share\dist\Statocles\theme\bootstrap\blog\index.html.ep (unchanged)
Skip blib\lib\auto\share\dist\Statocles\theme\default\blog\index.html.ep (unchanged)
Skip blib\lib\auto\share\dist\Statocles\theme\bootstrap\site\footer.html.ep (unchanged)
"C:\Strawberry201\perl\bin\perl.exe" "-MExtUtils::Command::MM" "-MTest::Harness" "-e" "undef *Test::Harness::Switches; test_harness(0, 'blib\lib', 'blib\arch')" t/*.t t/app/*.t t/app/basic/*.t t/app/blog/*.t t/app/perldoc/*.t t/app/role/*.t t/command/*.t t/deploy/*.t t/link/*.t t/page/*.t t/plugin/*.t t/template/*.t t/theme/*.t
t/00-compile.t ................ ok
# 
# Versions for all modules listed in MYMETA.json (including optional ones):
# 
# === Configure Requires ===
# 
#     Module                  Want Have
#     ----------------------- ---- ----
#     ExtUtils::MakeMaker      any 7.04
#     File::ShareDir::Install 0.06 0.09
# 
# === Build Requires ===
# 
#     Module              Want Have
#     ------------------- ---- ----
#     ExtUtils::MakeMaker  any 7.04
# 
# === Test Requires ===
# 
#     Module                  Want     Have
#     ------------------- -------- --------
#     Capture::Tiny            any     0.25
#     Dir::Self                any     0.11
#     ExtUtils::MakeMaker      any     7.04
#     File::Spec               any     3.48
#     IO::Handle               any     1.35
#     IPC::Open3               any     1.16
#     Storable                 any     2.51
#     Test::Deep               any    0.113
#     Test::Differences       0.64     0.64
#     Test::Exception         0.42     0.43
#     Test::Lib                any    0.002
#     Test::More          1.001005 1.001006
# 
# === Test Recommends ===
# 
#     Module         Want     Have
#     ---------- -------- --------
#     CPAN::Meta 2.120900 2.142060
# 
# === Runtime Requires ===
# 
#     Module                 Want     Have
#     ------------------ -------- --------
#     Beam::Emitter         0.007    1.007
#     Beam::Wire            1.018    1.021
#     DateTime::Moonpig       any     1.03
#     Encode                  any     2.62
#     File::Share             any     0.25
#     Git::Repository         any    1.313
#     Import::Base          0.012    1.004
#     JSON::PP                any  2.27203
#     List::UtilsBy          0.09     0.09
#     Mojolicious            6.54     7.71
#     Moo                2.000001 2.003004
#     Path::Tiny            0.084    0.104
#     Pod::Simple            3.31     3.35
#     Pod::Usage::Return      any    0.003
#     Text::Markdown          any 1.000031
#     Text::Unidecode         any     1.23
#     Type::Tiny              any 1.000005
#     Types::Path::Tiny       any    0.005
#     YAML                    any     1.15
#     strict                  any     1.08
#     warnings                any     1.23
# 
# === Runtime Recommends ===
# 
#     Module                           Want     Have
#     ------------------------------- ----- --------
#     HTML::Lint::Pluggable            0.06  missing
#     PPI                               any    1.220
#     Pod::Elemental                    any 0.103004
#     Pod::Weaver                     4.015    4.011
#     Syntax::Highlight::Engine::Kate   any     0.09
# 
t/00-report-prereqs.t ......... ok
t/app/basic/command.t ......... ok
t/app/basic/constructor.t ..... ok
t/app/basic/pages.t ........... ok
                
                #   Failed test at t/app/blog/command.t line 396.
                # Compared $data->{"content"}
                #    got : 'Draft body content
                # '
                # expect : 'Draft body content
                # '
                # Looks like you failed 1 test of 2.
            
            #   Failed test 'check the generated document'
            #   at t/app/blog/command.t line 406.
            # Looks like you failed 1 test of 2.
        
        #   Failed test 'title change creates different folder'
        #   at t/app/blog/command.t line 407.
        # Looks like you failed 1 test of 6.
    
    #   Failed test 'create new post'
    #   at t/app/blog/command.t line 409.
    # Looks like you failed 1 test of 1.

#   Failed test 'post'
#   at t/app/blog/command.t line 410.
# Looks like you failed 1 test of 3.
t/app/blog/command.t .......... 
Dubious, test returned 1 (wstat 256, 0x100)
Failed 1/3 subtests 
t/app/blog/constructor.t ...... ok
    # Current LC_TIME locale: Russian_Russia.1251
    # Could not set locale to ru_RU. Still 
t/app/blog/pages.t ............ ok
t/app/blog/post_date.t ........ ok
t/app/blog/recent_posts.t ..... ok
t/app/blog/slugs.t ............ ok
t/app/events.t ................ ok
t/app/perldoc/constructor.t ... ok
# C:/STRAWB~1/cpan/build/Statocles-0.093-dE3IpM/t/share
t/app/perldoc/highlight.t ..... ok
t/app/perldoc/pages.t ......... ok
t/app/role/store.t ............ ok
t/app/template.t .............. ok
t/app/url.t ................... ok
t/command/apps.t .............. ok
t/command/build.t ............. ok
t/command/bundle.t ............ ok
    # Git version: 1.009005
t/command/create.t ............ ok
t/command/daemon.t ............ ok
t/command/deploy.t ............ ok
t/command/error.t ............. ok
t/command/help_and_version.t .. ok
Error utime () on 'C:/STRAWB~1/cpan/build/Statocles-0.093-dE3IpM/.statocles/build/theme/css/normalize.css': Permission denied at C:\STRAWB~1\cpan\build\Statocles-0.093-dE3IpM\blib\lib/Statocles/Store.pm line 160.
    # Child (nonroot site) exited without calling finalize()

#   Failed test 'nonroot site'
#   at C:/Strawberry201/perl/lib/Test/Builder.pm line 279.
# Tests were run but no plan was declared and done_testing() was not seen.
# Looks like your test exited with 13 just after 2.
t/command/mojo_app.t .......... 
Dubious, test returned 13 (wstat 3328, 0xd00)
Failed 1/2 subtests 
t/deploy/file.t ............... ok
# Git version: 1.009005
[Sun Apr  1 19:53:07 2018] [warn] No files changed
[Sun Apr  1 19:53:17 2018] [warn] No files changed
cannot remove directory for C:\DOCUME~1\c\LOCALS~1\Temp\WSJo_EDNiu\remotedir: Permission denied at C:/Strawberry201/perl/lib/File/Temp.pm line 1616.
cannot remove directory for C:\DOCUME~1\c\LOCALS~1\Temp\WSJo_EDNiu: Directory not empty at C:/Strawberry201/perl/lib/File/Temp.pm line 1616.
cannot remove directory for C:\DOCUME~1\c\LOCALS~1\Temp\jGF8IV6sRn\remote_work: Permission denied at C:/Strawberry201/perl/lib/File/Temp.pm line 1616.
cannot remove directory for C:\DOCUME~1\c\LOCALS~1\Temp\jGF8IV6sRn: Directory not empty at C:/Strawberry201/perl/lib/File/Temp.pm line 1616.
cannot remove directory for C:\DOCUME~1\c\LOCALS~1\Temp\TyEO61Yn1k\remote_work: Permission denied at C:/Strawberry201/perl/lib/File/Temp.pm line 1616.
cannot remove directory for C:\DOCUME~1\c\LOCALS~1\Temp\TyEO61Yn1k: Directory not empty at C:/Strawberry201/perl/lib/File/Temp.pm line 1616.
[Sun Apr  1 19:55:35 2018] [warn] Git remote "origin" does not exist. Not pushing.
cannot remove directory for C:\DOCUME~1\c\LOCALS~1\Temp\kAUMgO6CE9\workdir: Permission denied at C:/Strawberry201/perl/lib/File/Temp.pm line 1616.
cannot remove directory for C:\DOCUME~1\c\LOCALS~1\Temp\kAUMgO6CE9: Directory not empty at C:/Strawberry201/perl/lib/File/Temp.pm line 1616.
[Sun Apr  1 19:55:53 2018] [warn] Git remote "nondefault" does not exist. Not pushing.
cannot remove directory for C:\DOCUME~1\c\LOCALS~1\Temp\ybifk95uj5: Permission denied at C:/Strawberry201/perl/lib/File/Temp.pm line 1616.
t/deploy/git.t ................ ok
t/deprecated.t ................ ok
t/document.t .................. ok
t/image.t ..................... ok
t/link.t ...................... ok
t/link/tree.t ................. ok
t/page/basename.t ............. ok
t/page/content_sections.t ..... ok
Invalid data attribute in document "/required.markdown". Data attributes that are not hashes are deprecated and will be removed in v2.0. Please use a hash instead. See Statocles::Help::Upgrading
Invalid data attribute in document "/links/alternate_single.markdown". Data attributes that are not hashes are deprecated and will be removed in v2.0. Please use a hash instead. See Statocles::Help::Upgrading
t/page/document.t ............. ok
t/page/file.t ................. ok
t/page/images.t ............... ok
t/page/links.t ................ ok
t/page/list.t ................. ok
t/page/list_item.t ............ ok
[Sun Apr  1 19:57:13 2018] [debug] Render page: /path/to/page.html
t/page/plain.t ................ ok
t/page/type.t ................. ok
t/person.t .................... ok
t/plugin.t .................... ok
t/plugin/highlight.t .......... ok
t/plugin/html_lint.t .......... skipped: HTML::Lint::Pluggable v0.06 or higher needed
t/plugin/link_check.t ......... ok
t/plugin/mermaid.t ............ ok
t/site.t ...................... ok
[Sun Apr  1 19:57:42 2018] [warn] Store path "C:/STRAWB~1/cpan/build/Statocles-0.093-dE3IpM/t/share/DOES_NOT_EXIST" does not exist
t/store.t ..................... ok
t/template/basic.t ............ ok
t/template/content.t .......... ok
t/template/include.t .......... ok
t/template/markdown.t ......... ok
t/theme/check.t ............... ok
t/theme/helper.t .............. ok
t/theme/pages.t ............... ok
t/theme/template.t ............ ok
t/types.t ..................... ok
        
        #   Failed test 'run_editor returns edited content'
        #   at t/util.t line 71.
        #          got: '---
        # title: Required Document
        # ---
        # No optional things in here, at all!
        # '
        #     expected: '---
        # title: Required Document
        # ---
        # No optional things in here, at all!
        # '
        # Looks like you failed 1 test of 2.
    
    #   Failed test 'editor found'
    #   at t/util.t line 72.
"HOPEFULLY_DOES_NOT_EXIST" ­¥ ï¥âáï ¢­ãâ७­¥© ¨«¨ ¢­¥è­¥©
ª®¬ ­¤®©, ¨á¯®«­ï¥¬®© ¯à®£à ¬¬®© ¨«¨ ¯ ª¥â­ë¬ ä ©«®¬.
    # Looks like you failed 1 test of 4.

#   Failed test 'run_editor'
#   at t/util.t line 99.
# Looks like you failed 1 test of 6.
t/util.t ...................... 
Dubious, test returned 1 (wstat 256, 0x100)
Failed 1/6 subtests 

Test Summary Report
-------------------
t/app/blog/command.t        (Wstat: 256 Tests: 3 Failed: 1)
  Failed test:  3
  Non-zero exit status: 1
t/command/mojo_app.t        (Wstat: 3328 Tests: 2 Failed: 1)
  Failed test:  2
  Non-zero exit status: 13
  Parse errors: No plan found in TAP output
t/util.t                    (Wstat: 256 Tests: 6 Failed: 1)
  Failed test:  3
  Non-zero exit status: 1
Files=62, Tests=314, 536 wallclock secs ( 0.59 usr +  0.20 sys =  0.79 CPU)
Result: FAIL
Failed 3/62 test programs. 3/314 subtests failed.
dmake.exe:  Error code 129, while making 'test_dynamic'

------------------------------
PREREQUISITES
------------------------------

Prerequisite modules loaded:

requires:

    Module                  Need     Have    
    ----------------------- -------- --------
    Beam::Emitter           0.007    1.007   
    Beam::Wire              1.018    1.021   
    DateTime::Moonpig       0        1.03    
    Encode                  0        2.62    
    File::Share             0        0.25    
    Git::Repository         0        1.313   
    Import::Base            0.012    1.004   
    JSON::PP                0        2.27203 
    List::UtilsBy           0.09     0.09    
    Mojolicious             6.54     7.71    
    Moo                     2.000001 2.003004
    Path::Tiny              0.084    0.104   
    perl                    5.010    5.020001
    Pod::Simple             3.31     3.35    
    Pod::Usage::Return      0        0.003   
    strict                  0        1.08    
    Text::Markdown          0        1.000031
    Text::Unidecode         0        1.23    
    Type::Tiny              0        1.000005
    Types::Path::Tiny       0        0.005   
    warnings                0        1.23    
    YAML                    0        1.15    

build_requires:

    Module                  Need     Have    
    ----------------------- -------- --------
    Capture::Tiny           0        0.25    
    Dir::Self               0        0.11    
    ExtUtils::MakeMaker     0        7.04    
    File::Spec              0        3.48    
    IO::Handle              0        1.35    
    IPC::Open3              0        1.16    
    Storable                0        2.51    
    Test::Deep              0        0.113   
    Test::Differences       0.64     0.64    
    Test::Exception         0.42     0.43    
    Test::Lib               0        0.002   
    Test::More              1.001005 1.001006

configure_requires:

    Module                  Need     Have    
    ----------------------- -------- --------
    ExtUtils::MakeMaker     0        7.04    
    File::ShareDir::Install 0.06     0.09    


------------------------------
ENVIRONMENT AND OTHER CONTEXT
------------------------------

Environment variables:

    AUTOMATED_TESTING = 1
    COMSPEC = C:\WINDOWS\system32\cmd.exe
    NUMBER_OF_PROCESSORS = 1
    PATH = C:\WINDOWS\system32;C:\WINDOWS;C:\WINDOWS\System32\Wbem;C:\Strawberry201\c\bin;C:\Strawberry201\perl\site\bin;C:\Strawberry201\perl\bin;C:\Git\cmd
    PERL5LIB = C:\STRAWB~1\cpan\build\DateTime-Moonpig-1.03-j0s9sY/blib/arch;C:\STRAWB~1\cpan\build\DateTime-Moonpig-1.03-j0s9sY/blib/lib;C:\STRAWB~1\cpan\build\Pod-Simple-3.35-85HdTt/blib/arch;C:\STRAWB~1\cpan\build\Pod-Simple-3.35-85HdTt/blib/lib;C:\STRAWB~1\cpan\build\Beam-Wire-1.021-YhM4Dd/blib/arch;C:\STRAWB~1\cpan\build\Beam-Wire-1.021-YhM4Dd/blib/lib;C:\STRAWB~1\cpan\build\Beam-Service-0.001-7sFfxs/blib/arch;C:\STRAWB~1\cpan\build\Beam-Service-0.001-7sFfxs/blib/lib;C:\STRAWB~1\cpan\build\Moo-2.003004-v_wQr0/blib/arch;C:\STRAWB~1\cpan\build\Moo-2.003004-v_wQr0/blib/lib;C:\STRAWB~1\cpan\build\Role-Tiny-2.000006-t2vohc/blib/arch;C:\STRAWB~1\cpan\build\Role-Tiny-2.000006-t2vohc/blib/lib;C:\STRAWB~1\cpan\build\Sub-Quote-2.005000-Lfg8Am/blib/arch;C:\STRAWB~1\cpan\build\Sub-Quote-2.005000-Lfg8Am/blib/lib;C:\STRAWB~1\cpan\build\Test-Differences-0.64-s0NLmq/blib/arch;C:\STRAWB~1\cpan\build\Test-Differences-0.64-s0NLmq/blib/lib;C:\STRAWB~1\cpan\build\Beam-Emitter-1.007-4qNmyK/blib/arch;C:\STRAWB~1\cpan\build\Beam-Emitter-1.007-4qNmyK/blib/lib;C:\STRAWB~1\cpan\build\Path-Tiny-0.104-R9OIUR/blib/arch;C:\STRAWB~1\cpan\build\Path-Tiny-0.104-R9OIUR/blib/lib;C:\STRAWB~1\cpan\build\Import-Base-1.004-zUvy22/blib/arch;C:\STRAWB~1\cpan\build\Import-Base-1.004-zUvy22/blib/lib;C:\STRAWB~1\cpan\build\Import-Into-1.002005-yhm6bK/blib/arch;C:\STRAWB~1\cpan\build\Import-Into-1.002005-yhm6bK/blib/lib;C:\STRAWB~1\cpan\build\Test-Lib-0.002-eX8nkb/blib/arch;C:\STRAWB~1\cpan\build\Test-Lib-0.002-eX8nkb/blib/lib;C:\STRAWB~1\cpan\build\Mojolicious-7.71-xxXmjN/blib/arch;C:\STRAWB~1\cpan\build\Mojolicious-7.71-xxXmjN/blib/lib;C:\STRAWB~1\cpan\build\Test-Exception-0.43-eWVyLD/blib/arch;C:\STRAWB~1\cpan\build\Test-Exception-0.43-eWVyLD/blib/lib;C:\STRAWB~1\cpan\build\File-Share-0.25-Wk3ZF0/blib/arch;C:\STRAWB~1\cpan\build\File-Share-0.25-Wk3ZF0/blib/lib;C:\STRAWB~1\cpan\build\Types-Path-Tiny-0.005-E4Vveq/blib/arch;C:\STRAWB~1\cpan\build\Types-Path-Tiny-0.005-E4Vveq/blib/lib;C:\STRAWB~1\cpan\build\Pod-Usage-Return-0.003-uq4sGj/blib/arch;C:\STRAWB~1\cpan\build\Pod-Usage-Return-0.003-uq4sGj/blib/lib
    PERL5OPT = 
    PERL5_CPANPLUS_IS_RUNNING = 596
    PERL5_CPAN_IS_RUNNING = 596
    PERL5_CPAN_IS_RUNNING_IN_RECURSION = 1704,596
    PERL_CR_SMOKER_CURRENT = Statocles-0.093
    PERL_CR_SMOKER_RUNONCE = 1
    PERL_EXTUTILS_AUTOINSTALL = --defaultdeps
    PERL_MM_USE_DEFAULT = 1
    PROCESSOR_IDENTIFIER = x86 Family 18 Model 1 Stepping 0, AuthenticAMD
    TEMP = C:\DOCUME~1\c\LOCALS~1\Temp

Perl special variables (and OS-specific diagnostics, for MSWin32):

    $^X = C:\Strawberry201\perl\bin\perl.exe
    $UID/$EUID = 0 / 0
    $GID = 0
    $EGID = 0
    Win32::GetOSName = WinXP/.Net
    Win32::GetOSVersion = Service Pack 3, 5, 1, 2600, 2, 3, 0, 256, 1
    Win32::FsType = NTFS
    Win32::IsAdminUser = 1

Perl module toolchain versions installed:

    Module              Have    
    ------------------- --------
    CPAN                2.05    
    CPAN::Meta          2.142060
    Cwd                 3.48    
    ExtUtils::CBuilder  0.280219
    ExtUtils::Command   1.18    
    ExtUtils::Install   1.68    
    ExtUtils::MakeMaker 7.04    
    ExtUtils::Manifest  1.66    
    ExtUtils::ParseXS   3.24    
    File::Spec          3.48    
    JSON                2.90    
    JSON::PP            2.27203 
    Module::Build       0.4211  
    Module::Signature   0.78    
    Parse::CPAN::Meta   1.4414  
    Test::Harness       3.33    
    Test::More          1.001006
    YAML                1.15    
    YAML::Syck          1.29    
    version             0.9909  


--

Summary of my perl5 (revision 5 version 20 subversion 1) configuration:
   
  Platform:
    osname=MSWin32, osvers=6.3, archname=MSWin32-x86-multi-thread-64int
    uname='Win32 strawberry-perl 5.20.1.1 #1 Mon Sep 15 18:25:23 2014 i386'
    config_args='undef'
    hint=recommended, useposix=true, d_sigaction=undef
    useithreads=define, usemultiplicity=define
    use64bitint=define, use64bitall=undef, uselongdouble=undef
    usemymalloc=n, bincompat5005=undef
  Compiler:
    cc='gcc', ccflags =' -s -O2 -DWIN32  -DPERL_TEXTMODE_SCRIPTS -DPERL_IMPLICIT_CONTEXT -DPERL_IMPLICIT_SYS -DUSE_PERLIO -fwrapv -fno-strict-aliasing -mms-bitfields',
    optimize='-s -O2',
    cppflags='-DWIN32'
    ccversion='', gccversion='4.8.3', gccosandvers=''
    intsize=4, longsize=4, ptrsize=4, doublesize=8, byteorder=12345678
    d_longlong=define, longlongsize=8, d_longdbl=define, longdblsize=12
    ivtype='long long', ivsize=8, nvtype='double', nvsize=8, Off_t='long long', lseeksize=8
    alignbytes=8, prototype=define
  Linker and Libraries:
    ld='g++', ldflags ='-s -L"C:\STRAWB~1\perl\lib\CORE" -L"C:\STRAWB~1\c\lib"'
    libpth=C:\STRAWB~1\c\lib C:\STRAWB~1\c\i686-w64-mingw32\lib C:\STRAWB~1\c\lib\gcc\i686-w64-mingw32\4.8.3
    libs=-lmoldname -lkernel32 -luser32 -lgdi32 -lwinspool -lcomdlg32 -ladvapi32 -lshell32 -lole32 -loleaut32 -lnetapi32 -luuid -lws2_32 -lmpr -lwinmm -lversion -lodbc32 -lodbccp32 -lcomctl32
    perllibs=-lmoldname -lkernel32 -luser32 -lgdi32 -lwinspool -lcomdlg32 -ladvapi32 -lshell32 -lole32 -loleaut32 -lnetapi32 -luuid -lws2_32 -lmpr -lwinmm -lversion -lodbc32 -lodbccp32 -lcomctl32
    libc=, so=dll, useshrplib=true, libperl=libperl520.a
    gnulibc_version=''
  Dynamic Linking:
    dlsrc=dl_win32.xs, dlext=xs.dll, d_dlsymun=undef, ccdlflags=' '
    cccdlflags=' ', lddlflags='-mdll -s -L"C:\STRAWB~1\perl\lib\CORE" -L"C:\STRAWB~1\c\lib"'


Characteristics of this binary (from libperl): 
  Compile-time options: HAS_TIMES HAVE_INTERP_INTERN MULTIPLICITY
                        PERLIO_LAYERS PERL_DONT_CREATE_GVSV
                        PERL_HASH_FUNC_ONE_AT_A_TIME_HARD
                        PERL_IMPLICIT_CONTEXT PERL_IMPLICIT_SYS
                        PERL_MALLOC_WRAP PERL_NEW_COPY_ON_WRITE
                        PERL_PRESERVE_IVUV USE_64_BIT_INT USE_ITHREADS
                        USE_LARGE_FILES USE_LOCALE USE_LOCALE_COLLATE
                        USE_LOCALE_CTYPE USE_LOCALE_NUMERIC USE_PERLIO
                        USE_PERL_ATOF
  Built under MSWin32
  Compiled at Sep 15 2014 18:29:20
  %ENV:
    PERL5LIB="C:\STRAWB~1\cpan\build\DateTime-Moonpig-1.03-j0s9sY/blib/arch;C:\STRAWB~1\cpan\build\DateTime-Moonpig-1.03-j0s9sY/blib/lib;C:\STRAWB~1\cpan\build\Pod-Simple-3.35-85HdTt/blib/arch;C:\STRAWB~1\cpan\build\Pod-Simple-3.35-85HdTt/blib/lib;C:\STRAWB~1\cpan\build\Beam-Wire-1.021-YhM4Dd/blib/arch;C:\STRAWB~1\cpan\build\Beam-Wire-1.021-YhM4Dd/blib/lib;C:\STRAWB~1\cpan\build\Beam-Service-0.001-7sFfxs/blib/arch;C:\STRAWB~1\cpan\build\Beam-Service-0.001-7sFfxs/blib/lib;C:\STRAWB~1\cpan\build\Moo-2.003004-v_wQr0/blib/arch;C:\STRAWB~1\cpan\build\Moo-2.003004-v_wQr0/blib/lib;C:\STRAWB~1\cpan\build\Role-Tiny-2.000006-t2vohc/blib/arch;C:\STRAWB~1\cpan\build\Role-Tiny-2.000006-t2vohc/blib/lib;C:\STRAWB~1\cpan\build\Sub-Quote-2.005000-Lfg8Am/blib/arch;C:\STRAWB~1\cpan\build\Sub-Quote-2.005000-Lfg8Am/blib/lib;C:\STRAWB~1\cpan\build\Test-Differences-0.64-s0NLmq/blib/arch;C:\STRAWB~1\cpan\build\Test-Differences-0.64-s0NLmq/blib/lib;C:\STRAWB~1\cpan\build\Beam-Emitter-1.007-4qNmyK/blib/arch;C:\STRAWB~1\cpan\build\Beam-Emitter-1.007-4qNmyK/blib/lib;C:\STRAWB~1\cpan\build\Path-Tiny-0.104-R9OIUR/blib/arch;C:\STRAWB~1\cpan\build\Path-Tiny-0.104-R9OIUR/blib/lib;C:\STRAWB~1\cpan\build\Import-Base-1.004-zUvy22/blib/arch;C:\STRAWB~1\cpan\build\Import-Base-1.004-zUvy22/blib/lib;C:\STRAWB~1\cpan\build\Import-Into-1.002005-yhm6bK/blib/arch;C:\STRAWB~1\cpan\build\Import-Into-1.002005-yhm6bK/blib/lib;C:\STRAWB~1\cpan\build\Test-Lib-0.002-eX8nkb/blib/arch;C:\STRAWB~1\cpan\build\Test-Lib-0.002-eX8nkb/blib/lib;C:\STRAWB~1\cpan\build\Mojolicious-7.71-xxXmjN/blib/arch;C:\STRAWB~1\cpan\build\Mojolicious-7.71-xxXmjN/blib/lib;C:\STRAWB~1\cpan\build\Test-Exception-0.43-eWVyLD/blib/arch;C:\STRAWB~1\cpan\build\Test-Exception-0.43-eWVyLD/blib/lib;C:\STRAWB~1\cpan\build\File-Share-0.25-Wk3ZF0/blib/arch;C:\STRAWB~1\cpan\build\File-Share-0.25-Wk3ZF0/blib/lib;C:\STRAWB~1\cpan\build\Types-Path-Tiny-0.005-E4Vveq/blib/arch;C:\STRAWB~1\cpan\build\Types-Path-Tiny-0.005-E4Vveq/blib/lib;C:\STRAWB~1\cpan\build\Pod-Usage-Return-0.003-uq4sGj/blib/arch;C:\STRAWB~1\cpan\build\Pod-Usage-Return-0.003-uq4sGj/blib/lib"
    PERL5_CPANPLUS_IS_RUNNING="596"
    PERL5_CPAN_IS_RUNNING="596"
    PERL5_CPAN_IS_RUNNING_IN_RECURSION="1704,596"
    PERL_CR_SMOKER_CURRENT="Statocles-0.093"
    PERL_CR_SMOKER_RUNONCE="1"
    PERL_EXTUTILS_AUTOINSTALL="--defaultdeps"
    PERL_MM_USE_DEFAULT="1"
  @INC:
    C:\STRAWB~1\cpan\build\DateTime-Moonpig-1.03-j0s9sY/blib/arch
    C:\STRAWB~1\cpan\build\DateTime-Moonpig-1.03-j0s9sY/blib/lib
    C:\STRAWB~1\cpan\build\Pod-Simple-3.35-85HdTt/blib/arch
    C:\STRAWB~1\cpan\build\Pod-Simple-3.35-85HdTt/blib/lib
    C:\STRAWB~1\cpan\build\Beam-Wire-1.021-YhM4Dd/blib/arch
    C:\STRAWB~1\cpan\build\Beam-Wire-1.021-YhM4Dd/blib/lib
    C:\STRAWB~1\cpan\build\Beam-Service-0.001-7sFfxs/blib/arch
    C:\STRAWB~1\cpan\build\Beam-Service-0.001-7sFfxs/blib/lib
    C:\STRAWB~1\cpan\build\Moo-2.003004-v_wQr0/blib/arch
    C:\STRAWB~1\cpan\build\Moo-2.003004-v_wQr0/blib/lib
    C:\STRAWB~1\cpan\build\Role-Tiny-2.000006-t2vohc/blib/arch
    C:\STRAWB~1\cpan\build\Role-Tiny-2.000006-t2vohc/blib/lib
    C:\STRAWB~1\cpan\build\Sub-Quote-2.005000-Lfg8Am/blib/arch
    C:\STRAWB~1\cpan\build\Sub-Quote-2.005000-Lfg8Am/blib/lib
    C:\STRAWB~1\cpan\build\Test-Differences-0.64-s0NLmq/blib/arch
    C:\STRAWB~1\cpan\build\Test-Differences-0.64-s0NLmq/blib/lib
    C:\STRAWB~1\cpan\build\Beam-Emitter-1.007-4qNmyK/blib/arch
    C:\STRAWB~1\cpan\build\Beam-Emitter-1.007-4qNmyK/blib/lib
    C:\STRAWB~1\cpan\build\Path-Tiny-0.104-R9OIUR/blib/arch
    C:\STRAWB~1\cpan\build\Path-Tiny-0.104-R9OIUR/blib/lib
    C:\STRAWB~1\cpan\build\Import-Base-1.004-zUvy22/blib/arch
    C:\STRAWB~1\cpan\build\Import-Base-1.004-zUvy22/blib/lib
    C:\STRAWB~1\cpan\build\Import-Into-1.002005-yhm6bK/blib/arch
    C:\STRAWB~1\cpan\build\Import-Into-1.002005-yhm6bK/blib/lib
    C:\STRAWB~1\cpan\build\Test-Lib-0.002-eX8nkb/blib/arch
    C:\STRAWB~1\cpan\build\Test-Lib-0.002-eX8nkb/blib/lib
    C:\STRAWB~1\cpan\build\Mojolicious-7.71-xxXmjN/blib/arch
    C:\STRAWB~1\cpan\build\Mojolicious-7.71-xxXmjN/blib/lib
    C:\STRAWB~1\cpan\build\Test-Exception-0.43-eWVyLD/blib/arch
    C:\STRAWB~1\cpan\build\Test-Exception-0.43-eWVyLD/blib/lib
    C:\STRAWB~1\cpan\build\File-Share-0.25-Wk3ZF0/blib/arch
    C:\STRAWB~1\cpan\build\File-Share-0.25-Wk3ZF0/blib/lib
    C:\STRAWB~1\cpan\build\Types-Path-Tiny-0.005-E4Vveq/blib/arch
    C:\STRAWB~1\cpan\build\Types-Path-Tiny-0.005-E4Vveq/blib/lib
    C:\STRAWB~1\cpan\build\Pod-Usage-Return-0.003-uq4sGj/blib/arch
    C:\STRAWB~1\cpan\build\Pod-Usage-Return-0.003-uq4sGj/blib/lib
    C:/Strawberry201/perl/site/lib
    C:/Strawberry201/perl/vendor/lib
    C:/Strawberry201/perl/lib
    .