FunctionalPerl v0.72.70-TRIAL Perl 5 v5.32.0 amd64-freebsd
- Status
- Fail
- From
- Slaven Rezić
- Dist
-
FunctionalPerl v0.72.70-TRIAL
- Platform
- Perl 5 v5.32.0 amd64-freebsd
- Date
- 2021-06-01 19:21:38
- ID
- 9649d5cc-c30e-11eb-8aa4-247d1f24ea8f
This distribution has been tested as part of the CPAN Testers
project, supporting the Perl programming language. See
http://wiki.cpantesters.org/ for more information or email
questions to cpan-testers-discuss@perl.org
--
Dear Christian Jaeger,
This is a computer-generated report for FunctionalPerl-0.72.70-TRIAL
on perl 5.32.0, created by CPAN-Reporter-1.2018.
Thank you for uploading your work to CPAN. However, there was a problem
testing your distribution.
If you think this report is invalid, please consult the CPAN Testers Wiki
for suggestions on how to avoid getting FAIL reports for missing library
or binary dependencies, unsupported operating systems, and so on:
http://wiki.cpantesters.org/wiki/CPANAuthorNotes
Sections of this report:
* Tester comments
* Program output
* Prerequisites
* Environment and other context
------------------------------
TESTER COMMENTS
------------------------------
Additional comments from tester:
none provided
------------------------------
PROGRAM OUTPUT
------------------------------
Output from '/usr/bin/make test':
PERL_DL_NONLAZY=1 "/usr/perl5.32.0p/bin/perl5.32.0" "-MExtUtils::Command::MM" "-MTest::Harness" "-e" "undef *Test::Harness::Switches; test_harness(0, 'blib/lib', 'blib/arch')" t/*.t
t/csv_to_xml.t ........................... ok
t/dbi.t .................................. ok
t/examples-csv-to-json.t ................. ok
times for fib: user = 0.078125, system = 0.0078125, cuser = 0, csystem = 0
times for fibonacci: user = 0.0625, system = 0, cuser = 0, csystem = 0
t/examples-fibs.t ........................ ok
t/examples-functional-classes.t .......... ok
t/examples-hiring-without-whiteboards.t .. skipped: dependency Term::ReadLine::Gnu not present at lib/FP/Repl/Dependencies.pm line 44.
t/examples-logic.t ....................... skipped: could not use FP::Repl::Dependencies
t/examples-perlweekly-111-1.t ............ skipped: Perl v5.32.1 required--this is only v5.32.0, stopped at (eval 74) line 1.
times: user = 0.0078125, system = 0.015625, cuser = 0, csystem = 0
times: user = 0.0390625, system = 0, cuser = 0, csystem = 0
times: user = 0.03125, system = 0.0078125, cuser = 0, csystem = 0
t/examples-perlweekly-113-1.t ............ ok
t/examples-perlweekly-113-2.t ............ ok
t/examples-primes.t ...................... ok
t/functional_XML-t-div.t ................. ok
t/functional_XML-test.t .................. ok
t/htmlgen.t .............................. ok
t/intro-basics.t ......................... skipped: could not use FP::Repl::Dependencies
t/perl-goto-leak.t ....................... ok
t/perl-weaken-coderef-correctness.t ...... ok
t/perl-weaken-coderef.t .................. ok
Exception: Label not found for "last T2_SUBTEST_WRAPPER" at /usr/perl5.32.0p/lib/site_perl/5.32.0/Test2/Hub/Subtest.pm line 67.
at /usr/perl5.32.0p/lib/site_perl/5.32.0/Test2/Hub/Subtest.pm line 67.
Test2::Hub::Subtest::terminate(Test2::Hub::Subtest=HASH(0x80619d690), 0, Test2::Event::Plan=HASH(0x80632c4e0), HASH(0x80632c6d8)) called at /usr/perl5.32.0p/lib/site_perl/5.32.0/Test2/Hub.pm line 386
Test2::Hub::process(Test2::Hub::Subtest=HASH(0x80619d690), Test2::Event::Plan=HASH(0x80632c4e0)) called at /usr/perl5.32.0p/lib/site_perl/5.32.0/Test2/Hub.pm line 306
Test2::Hub::send(Test2::Hub::Subtest=HASH(0x80619d690), Test2::Event::Plan=HASH(0x80632c4e0)) called at /usr/perl5.32.0p/lib/site_perl/5.32.0/Test2/Hub/Subtest.pm line 34
Test2::Hub::Subtest::send(Test2::Hub::Subtest=HASH(0x80619d690), Test2::Event::Plan=HASH(0x80632c4e0)) called at /usr/perl5.32.0p/lib/site_perl/5.32.0/Test2/API/Context.pm line 272
Test2::API::Context::send_event(Test2::API::Context=HASH(0x80632c570), "Plan", "max", 0, "directive", "SKIP", "reason", "FunctionalPerl::Dependencies::ChjBin import: these programs a"...) called at /usr/perl5.32.0p/lib/site_perl/5.32.0/Test2/API/Context.pm line 448
Test2::API::Context::plan(Test2::API::Context=HASH(0x80632c570), 0, "SKIP", "FunctionalPerl::Dependencies::ChjBin import: these programs a"...) called at /usr/perl5.32.0p/lib/site_perl/5.32.0/Test/Builder.pm line 658
Test::Builder::skip_all(Test::Builder=HASH(0x801934d08), "FunctionalPerl::Dependencies::ChjBin import: these programs a"...) called at /usr/perl5.32.0p/lib/site_perl/5.32.0/Test/Requires.pm line 44
Test::Requires::__ANON__("FunctionalPerl::Dependencies::ChjBin import: these programs a"...) called at /usr/perl5.32.0p/lib/site_perl/5.32.0/Test/Requires.pm line 71
Test::Requires::test_requires("FunctionalPerl::Dependencies::ChjBin", "\"trigger-listen\"", "t_pod_snippets_107") called at /usr/perl5.32.0p/lib/site_perl/5.32.0/Test/Requires.pm line 21
Test::Requires::import("Test::Requires", HASH(0x80627e978)) called at meta/FunctionalPerl/Dependencies/ChjBin.pm line 19
t_pod_snippets_107::BEGIN() called at meta/FunctionalPerl/Dependencies/ChjBin.pm line 19
eval {...} called at meta/FunctionalPerl/Dependencies/ChjBin.pm line 19
eval 'package main; package t_pod_snippets_107; use Test::More ;
{
no warnings;
use strict; # things are likely to be sloppy
ok 1 => \'the tests compile\';
#line 16 meta/FunctionalPerl/Dependencies/ChjBin.pm
use Chj::TEST use => \'FunctionalPerl::Dependencies::ChjBin\';
# or
use Test::Requires +{
\'FunctionalPerl::Dependencies::ChjBin\' => \'"trigger-listen"\' };
# or
# list in FunctionalPerl::Dependencies\'s %dependencies
;
ok 1 => \'we reached the end!\';
}
;
1' called at lib/FP/Repl/WithRepl.pm line 75
FP::Repl::WithRepl::WithRepl_eval("package t_pod_snippets_107; use Test::More ;\x{a}{\x{a}no warnings;\x{a}u"...) called at t/pod_snippets.t line 37
main::myeval("package t_pod_snippets_107; use Test::More ;\x{a}{\x{a}no warnings;\x{a}u"...) called at t/pod_snippets.t line 158
main::__ANON__() called at /usr/perl5.32.0p/lib/site_perl/5.32.0/Test/Builder.pm line 374
eval {...} called at /usr/perl5.32.0p/lib/site_perl/5.32.0/Test/Builder.pm line 374
Test::Builder::subtest(Test::Builder=HASH(0x801934d08), "pod snippets in FunctionalPerl::Dependencies::ChjBin", CODE(0x802fba9f0)) called at /usr/perl5.32.0p/lib/site_perl/5.32.0/Test/More.pm line 809
Test::More::subtest("pod snippets in FunctionalPerl::Dependencies::ChjBin", CODE(0x802fba9f0)) called at t/pod_snippets.t line 183
BEGIN failed--compilation aborted at meta/FunctionalPerl/Dependencies/ChjBin.pm line 19.
at meta/FunctionalPerl/Dependencies/ChjBin.pm line 19.
eval 'package main; package t_pod_snippets_107; use Test::More ;
{
no warnings;
use strict; # things are likely to be sloppy
ok 1 => \'the tests compile\';
#line 16 meta/FunctionalPerl/Dependencies/ChjBin.pm
use Chj::TEST use => \'FunctionalPerl::Dependencies::ChjBin\';
# or
use Test::Requires +{
\'FunctionalPerl::Dependencies::ChjBin\' => \'"trigger-listen"\' };
# or
# list in FunctionalPerl::Dependencies\'s %dependencies
;
ok 1 => \'we reached the end!\';
}
;
1' called at lib/FP/Repl/WithRepl.pm line 75
FP::Repl::WithRepl::WithRepl_eval("package t_pod_snippets_107; use Test::More ;\x{a}{\x{a}no warnings;\x{a}u"...) called at t/pod_snippets.t line 37
main::myeval("package t_pod_snippets_107; use Test::More ;\x{a}{\x{a}no warnings;\x{a}u"...) called at t/pod_snippets.t line 158
main::__ANON__() called at /usr/perl5.32.0p/lib/site_perl/5.32.0/Test/Builder.pm line 374
eval {...} called at /usr/perl5.32.0p/lib/site_perl/5.32.0/Test/Builder.pm line 374
Test::Builder::subtest(Test::Builder=HASH(0x801934d08), "pod snippets in FunctionalPerl::Dependencies::ChjBin", CODE(0x802fba9f0)) called at /usr/perl5.32.0p/lib/site_perl/5.32.0/Test/More.pm line 809
Test::More::subtest("pod snippets in FunctionalPerl::Dependencies::ChjBin", CODE(0x802fba9f0)) called at t/pod_snippets.t line 183
# Failed test 'pod snippets in FunctionalPerl::Dependencies::ChjBin'
# at t/pod_snippets.t line 177.
# Looks like you failed 1 test of 1.
t/pod_snippets.t ......................... ok
t/predicates.t ........................... ok
t/repl.t ................................. skipped: dependency Term::ReadLine::Gnu not present at lib/FP/Repl/Dependencies.pm line 44.
not activating since running in test mode at lib/FP/Repl/AutoTrap.pm line 64.
Reference is already weak at lib/FP/Stream.pm line 769.
# Failed test 'at meta/FunctionalPerl/Indexing.pm line 211'
# at lib/Chj/TEST.pm line 347.
# Exception: Chj::IO::CommandCommon::xlaunch: could not execute 'meta/perlfiles': No such file or directory at meta/FunctionalPerl/Indexing.pm line 186.
# at lib/Chj/IO/CommandCommon.pm line 90, <GEN17> line 1.
# Chj::IO::CommandCommon::_launch("xlaunch", CODE(0x805ada9f0), CODE(0x805ac67b0), Chj::IO::Command=GLOB(0x805b0d390), ARRAY(0x802a75ea0)) called at lib/Chj/IO/CommandCommon.pm line 138
# Chj::IO::CommandCommon::xlaunch(Chj::IO::Command=GLOB(0x805b0d390), Chj::IO::Pipe=GLOB(0x805b0d3d8), 1, "meta/perlfiles") called at lib/Chj/IO/Command.pm line 88
# Chj::IO::Command::new_in("Chj::IO::Command", "meta/perlfiles") called at meta/FunctionalPerl/Indexing.pm line 186
# FunctionalPerl::Indexing::perlfiles() called at meta/FunctionalPerl/Indexing.pm line 201
# FunctionalPerl::Indexing::identifierInfos_by_name(".", CODE(0x802b94840)) called at meta/FunctionalPerl/Indexing.pm line 208
# FunctionalPerl::Indexing::__ANON__() called at lib/FP/Lazy.pm line 423
# FP::Lazy::force(FP::Lazy::Promise=ARRAY(0x802bafd20)) called at meta/FunctionalPerl/Indexing.pm line 210
# FunctionalPerl::Indexing::__ANON__ called at lib/Chj/TEST.pm line 278
# Chj::TEST::__ANON__ called at lib/Chj/TEST.pm line 287
# eval {...} called at lib/Chj/TEST.pm line 289
# Chj::TEST::__ANON__(HASH(0x805b0cbd0)) called at lib/Chj/TEST.pm line 293
# Chj::TEST::eval_test(ARRAY(0x802bb1708), Chj::TEST::Result=HASH(0x801de9fc0)) called at lib/Chj/TEST.pm line 383
# Chj::TEST::__ANON__ called at lib/Chj/TEST.pm line 393
# Chj::TEST::__ANON__(HASH(0x805adfee8)) called at lib/Chj/TEST.pm line 396
# Chj::TEST::__ANON__() called at /usr/perl5.32.0p/lib/site_perl/5.32.0/Test/Builder.pm line 374
# eval {...} called at /usr/perl5.32.0p/lib/site_perl/5.32.0/Test/Builder.pm line 374
# Test::Builder::subtest(Test::Builder=HASH(0x800bd2450), "Package FunctionalPerl::Indexing", CODE(0x805ac73f0)) called at /usr/perl5.32.0p/lib/site_perl/5.32.0/Test/More.pm line 809
# Test::More::subtest("Package FunctionalPerl::Indexing", CODE(0x805ac73f0)) called at lib/Chj/TEST.pm line 419
# Chj::TEST::__ANON__(HASH(0x805adf768)) called at lib/Chj/TEST.pm line 421
# Chj::TEST::run_tests_for_package("FunctionalPerl::Indexing", Chj::TEST::Result=HASH(0x801de9fc0), undef) called at lib/Chj/TEST.pm line 481
# Chj::TEST::__ANON__ called at lib/Chj/TEST.pm line 493
# Chj::TEST::__ANON__(HASH(0x8041ab1c8)) called at lib/Chj/TEST.pm line 496
# Chj::TEST::run_tests_("packages", ARRAY(0x802e71858)) called at lib/Chj/TEST.pm line 503
# Chj::TEST::run_tests() called at t/require_and_run_tests.t line 60
# main::__ANON__() called at /usr/perl5.32.0p/lib/site_perl/5.32.0/Test/Builder.pm line 374
# eval {...} called at /usr/perl5.32.0p/lib/site_perl/5.32.0/Test/Builder.pm line 374
# Test::Builder::subtest(Test::Builder=HASH(0x800bd2450), "run_tests", CODE(0x801de8fa8)) called at /usr/perl5.32.0p/lib/site_perl/5.32.0/Test/More.pm line 809
# Test::More::subtest("run_tests", CODE(0x801de8fa8)) called at t/require_and_run_tests.t line 61
# Failed test 'at meta/FunctionalPerl/Indexing.pm line 216'
# at lib/Chj/TEST.pm line 347.
# Exception: Chj::IO::CommandCommon::xlaunch: could not execute 'meta/perlfiles': No such file or directory at meta/FunctionalPerl/Indexing.pm line 186.
# at lib/Chj/IO/CommandCommon.pm line 90, <GEN21> line 1.
# Chj::IO::CommandCommon::_launch("xlaunch", CODE(0x805b0aae0), CODE(0x805835ed0), Chj::IO::Command=GLOB(0x805b0a888), ARRAY(0x805adcdc8)) called at lib/Chj/IO/CommandCommon.pm line 138
# Chj::IO::CommandCommon::xlaunch(Chj::IO::Command=GLOB(0x805b0a888), Chj::IO::Pipe=GLOB(0x805adb960), 1, "meta/perlfiles") called at lib/Chj/IO/Command.pm line 88
# Chj::IO::Command::new_in("Chj::IO::Command", "meta/perlfiles") called at meta/FunctionalPerl/Indexing.pm line 186
# FunctionalPerl::Indexing::perlfiles() called at meta/FunctionalPerl/Indexing.pm line 201
# FunctionalPerl::Indexing::identifierInfos_by_name(".", CODE(0x802b94840)) called at meta/FunctionalPerl/Indexing.pm line 208
# FunctionalPerl::Indexing::__ANON__() called at lib/FP/Lazy.pm line 423
# FP::Lazy::force(FP::Lazy::Promise=ARRAY(0x802bafd20)) called at meta/FunctionalPerl/Indexing.pm line 214
# FunctionalPerl::Indexing::__ANON__ called at lib/Chj/TEST.pm line 278
# Chj::TEST::__ANON__ called at lib/Chj/TEST.pm line 287
# eval {...} called at lib/Chj/TEST.pm line 289
# Chj::TEST::__ANON__(HASH(0x805b0d450)) called at lib/Chj/TEST.pm line 293
# Chj::TEST::eval_test(ARRAY(0x802bb1ae0), Chj::TEST::Result=HASH(0x801de9fc0)) called at lib/Chj/TEST.pm line 383
# Chj::TEST::__ANON__ called at lib/Chj/TEST.pm line 393
# Chj::TEST::__ANON__(HASH(0x805adfee8)) called at lib/Chj/TEST.pm line 396
# Chj::TEST::__ANON__() called at /usr/perl5.32.0p/lib/site_perl/5.32.0/Test/Builder.pm line 374
# eval {...} called at /usr/perl5.32.0p/lib/site_perl/5.32.0/Test/Builder.pm line 374
# Test::Builder::subtest(Chj::TEST::Test::Builder=HASH(0x800bd2450), "Package FunctionalPerl::Indexing", CODE(0x805ac73f0)) called at /usr/perl5.32.0p/lib/site_perl/5.32.0/Test/More.pm line 809
# Test::More::subtest("Package FunctionalPerl::Indexing", CODE(0x805ac73f0)) called at lib/Chj/TEST.pm line 419
# Chj::TEST::__ANON__(HASH(0x805adf768)) called at lib/Chj/TEST.pm line 421
# Chj::TEST::run_tests_for_package("FunctionalPerl::Indexing", Chj::TEST::Result=HASH(0x801de9fc0), undef) called at lib/Chj/TEST.pm line 481
# Chj::TEST::__ANON__ called at lib/Chj/TEST.pm line 493
# Chj::TEST::__ANON__(HASH(0x8041ab1c8)) called at lib/Chj/TEST.pm line 496
# Chj::TEST::run_tests_("packages", ARRAY(0x802e71858)) called at lib/Chj/TEST.pm line 503
# Chj::TEST::run_tests() called at t/require_and_run_tests.t line 60
# main::__ANON__() called at /usr/perl5.32.0p/lib/site_perl/5.32.0/Test/Builder.pm line 374
# eval {...} called at /usr/perl5.32.0p/lib/site_perl/5.32.0/Test/Builder.pm line 374
# Test::Builder::subtest(Chj::TEST::Test::Builder=HASH(0x800bd2450), "run_tests", CODE(0x801de8fa8)) called at /usr/perl5.32.0p/lib/site_perl/5.32.0/Test/More.pm line 809
# Test::More::subtest("run_tests", CODE(0x801de8fa8)) called at t/require_and_run_tests.t line 61
# Failed test 'at meta/FunctionalPerl/Indexing.pm line 223'
# at lib/Chj/TEST.pm line 347.
# Exception: Chj::IO::CommandCommon::xlaunch: could not execute 'meta/perlfiles': No such file or directory at meta/FunctionalPerl/Indexing.pm line 186.
# at lib/Chj/IO/CommandCommon.pm line 90, <GEN25> line 1.
# Chj::IO::CommandCommon::_launch("xlaunch", CODE(0x805b0cb88), CODE(0x805b0db70), Chj::IO::Command=GLOB(0x805b0d9c0), ARRAY(0x805b0d3c0)) called at lib/Chj/IO/CommandCommon.pm line 138
# Chj::IO::CommandCommon::xlaunch(Chj::IO::Command=GLOB(0x805b0d9c0), Chj::IO::Pipe=GLOB(0x805ace840), 1, "meta/perlfiles") called at lib/Chj/IO/Command.pm line 88
# Chj::IO::Command::new_in("Chj::IO::Command", "meta/perlfiles") called at meta/FunctionalPerl/Indexing.pm line 186
# FunctionalPerl::Indexing::perlfiles() called at meta/FunctionalPerl/Indexing.pm line 201
# FunctionalPerl::Indexing::identifierInfos_by_name(".", CODE(0x802b94840)) called at meta/FunctionalPerl/Indexing.pm line 208
# FunctionalPerl::Indexing::__ANON__() called at lib/FP/Lazy.pm line 423
# FP::Lazy::force(FP::Lazy::Promise=ARRAY(0x802bafd20)) called at meta/FunctionalPerl/Indexing.pm line 222
# FunctionalPerl::Indexing::__ANON__ called at lib/Chj/TEST.pm line 278
# Chj::TEST::__ANON__ called at lib/Chj/TEST.pm line 287
# eval {...} called at lib/Chj/TEST.pm line 289
# Chj::TEST::__ANON__(HASH(0x805b0d450)) called at lib/Chj/TEST.pm line 293
# Chj::TEST::eval_test(ARRAY(0x802bb1c48), Chj::TEST::Result=HASH(0x801de9fc0)) called at lib/Chj/TEST.pm line 383
# Chj::TEST::__ANON__ called at lib/Chj/TEST.pm line 393
# Chj::TEST::__ANON__(HASH(0x805adfee8)) called at lib/Chj/TEST.pm line 396
# Chj::TEST::__ANON__() called at /usr/perl5.32.0p/lib/site_perl/5.32.0/Test/Builder.pm line 374
# eval {...} called at /usr/perl5.32.0p/lib/site_perl/5.32.0/Test/Builder.pm line 374
# Test::Builder::subtest(Chj::TEST::Test::Builder=HASH(0x800bd2450), "Package FunctionalPerl::Indexing", CODE(0x805ac73f0)) called at /usr/perl5.32.0p/lib/site_perl/5.32.0/Test/More.pm line 809
# Test::More::subtest("Package FunctionalPerl::Indexing", CODE(0x805ac73f0)) called at lib/Chj/TEST.pm line 419
# Chj::TEST::__ANON__(HASH(0x805adf768)) called at lib/Chj/TEST.pm line 421
# Chj::TEST::run_tests_for_package("FunctionalPerl::Indexing", Chj::TEST::Result=HASH(0x801de9fc0), undef) called at lib/Chj/TEST.pm line 481
# Chj::TEST::__ANON__ called at lib/Chj/TEST.pm line 493
# Chj::TEST::__ANON__(HASH(0x8041ab1c8)) called at lib/Chj/TEST.pm line 496
# Chj::TEST::run_tests_("packages", ARRAY(0x802e71858)) called at lib/Chj/TEST.pm line 503
# Chj::TEST::run_tests() called at t/require_and_run_tests.t line 60
# main::__ANON__() called at /usr/perl5.32.0p/lib/site_perl/5.32.0/Test/Builder.pm line 374
# eval {...} called at /usr/perl5.32.0p/lib/site_perl/5.32.0/Test/Builder.pm line 374
# Test::Builder::subtest(Chj::TEST::Test::Builder=HASH(0x800bd2450), "run_tests", CODE(0x801de8fa8)) called at /usr/perl5.32.0p/lib/site_perl/5.32.0/Test/More.pm line 809
# Test::More::subtest("run_tests", CODE(0x801de8fa8)) called at t/require_and_run_tests.t line 61
# Failed test 'at meta/FunctionalPerl/Indexing.pm line 225'
# at lib/Chj/TEST.pm line 347.
# Exception: Chj::IO::CommandCommon::xlaunch: could not execute 'meta/perlfiles': No such file or directory at meta/FunctionalPerl/Indexing.pm line 186.
# at lib/Chj/IO/CommandCommon.pm line 90, <GEN29> line 1.
# Chj::IO::CommandCommon::_launch("xlaunch", CODE(0x805ada9f0), CODE(0x805b0dc48), Chj::IO::Command=GLOB(0x805ace840), ARRAY(0x805adec00)) called at lib/Chj/IO/CommandCommon.pm line 138
# Chj::IO::CommandCommon::xlaunch(Chj::IO::Command=GLOB(0x805ace840), Chj::IO::Pipe=GLOB(0x805b0aae0), 1, "meta/perlfiles") called at lib/Chj/IO/Command.pm line 88
# Chj::IO::Command::new_in("Chj::IO::Command", "meta/perlfiles") called at meta/FunctionalPerl/Indexing.pm line 186
# FunctionalPerl::Indexing::perlfiles() called at meta/FunctionalPerl/Indexing.pm line 201
# FunctionalPerl::Indexing::identifierInfos_by_name(".", CODE(0x802b94840)) called at meta/FunctionalPerl/Indexing.pm line 208
# FunctionalPerl::Indexing::__ANON__() called at lib/FP/Lazy.pm line 423
# FP::Lazy::force(FP::Lazy::Promise=ARRAY(0x802bafd20)) called at meta/FunctionalPerl/Indexing.pm line 224
# FunctionalPerl::Indexing::__ANON__ called at lib/Chj/TEST.pm line 278
# Chj::TEST::__ANON__ called at lib/Chj/TEST.pm line 287
# eval {...} called at lib/Chj/TEST.pm line 289
# Chj::TEST::__ANON__(HASH(0x805b0aac8)) called at lib/Chj/TEST.pm line 293
# Chj::TEST::eval_test(ARRAY(0x802bb1eb8), Chj::TEST::Result=HASH(0x801de9fc0)) called at lib/Chj/TEST.pm line 383
# Chj::TEST::__ANON__ called at lib/Chj/TEST.pm line 393
# Chj::TEST::__ANON__(HASH(0x805adfee8)) called at lib/Chj/TEST.pm line 396
# Chj::TEST::__ANON__() called at /usr/perl5.32.0p/lib/site_perl/5.32.0/Test/Builder.pm line 374
# eval {...} called at /usr/perl5.32.0p/lib/site_perl/5.32.0/Test/Builder.pm line 374
# Test::Builder::subtest(Chj::TEST::Test::Builder=HASH(0x800bd2450), "Package FunctionalPerl::Indexing", CODE(0x805ac73f0)) called at /usr/perl5.32.0p/lib/site_perl/5.32.0/Test/More.pm line 809
# Test::More::subtest("Package FunctionalPerl::Indexing", CODE(0x805ac73f0)) called at lib/Chj/TEST.pm line 419
# Chj::TEST::__ANON__(HASH(0x805adf768)) called at lib/Chj/TEST.pm line 421
# Chj::TEST::run_tests_for_package("FunctionalPerl::Indexing", Chj::TEST::Result=HASH(0x801de9fc0), undef) called at lib/Chj/TEST.pm line 481
# Chj::TEST::__ANON__ called at lib/Chj/TEST.pm line 493
# Chj::TEST::__ANON__(HASH(0x8041ab1c8)) called at lib/Chj/TEST.pm line 496
# Chj::TEST::run_tests_("packages", ARRAY(0x802e71858)) called at lib/Chj/TEST.pm line 503
# Chj::TEST::run_tests() called at t/require_and_run_tests.t line 60
# main::__ANON__() called at /usr/perl5.32.0p/lib/site_perl/5.32.0/Test/Builder.pm line 374
# eval {...} called at /usr/perl5.32.0p/lib/site_perl/5.32.0/Test/Builder.pm line 374
# Test::Builder::subtest(Chj::TEST::Test::Builder=HASH(0x800bd2450), "run_tests", CODE(0x801de8fa8)) called at /usr/perl5.32.0p/lib/site_perl/5.32.0/Test/More.pm line 809
# Test::More::subtest("run_tests", CODE(0x801de8fa8)) called at t/require_and_run_tests.t line 61
# Failed test 'at meta/FunctionalPerl/Indexing.pm line 243'
# at lib/Chj/TEST.pm line 347.
# Exception: Chj::IO::CommandCommon::xlaunch: could not execute 'meta/perlfiles': No such file or directory at meta/FunctionalPerl/Indexing.pm line 186.
# at lib/Chj/IO/CommandCommon.pm line 90, <GEN33> line 1.
# Chj::IO::CommandCommon::_launch("xlaunch", CODE(0x805b0d5e8), CODE(0x805adeac8), Chj::IO::Command=GLOB(0x805ada9f0), ARRAY(0x805b11f60)) called at lib/Chj/IO/CommandCommon.pm line 138
# Chj::IO::CommandCommon::xlaunch(Chj::IO::Command=GLOB(0x805ada9f0), Chj::IO::Pipe=GLOB(0x805ace840), 1, "meta/perlfiles") called at lib/Chj/IO/Command.pm line 88
# Chj::IO::Command::new_in("Chj::IO::Command", "meta/perlfiles") called at meta/FunctionalPerl/Indexing.pm line 186
# FunctionalPerl::Indexing::perlfiles() called at meta/FunctionalPerl/Indexing.pm line 201
# FunctionalPerl::Indexing::identifierInfos_by_name(".", CODE(0x802b94840)) called at meta/FunctionalPerl/Indexing.pm line 208
# FunctionalPerl::Indexing::__ANON__() called at lib/FP/Lazy.pm line 423
# FP::Lazy::force(FP::Lazy::Promise=ARRAY(0x802bafd20)) called at meta/FunctionalPerl/Indexing.pm line 242
# FunctionalPerl::Indexing::__ANON__ called at lib/Chj/TEST.pm line 278
# Chj::TEST::__ANON__ called at lib/Chj/TEST.pm line 287
# eval {...} called at lib/Chj/TEST.pm line 289
# Chj::TEST::__ANON__(HASH(0x805b0a9d8)) called at lib/Chj/TEST.pm line 293
# Chj::TEST::eval_test(ARRAY(0x802bb2588), Chj::TEST::Result=HASH(0x801de9fc0)) called at lib/Chj/TEST.pm line 383
# Chj::TEST::__ANON__ called at lib/Chj/TEST.pm line 393
# Chj::TEST::__ANON__(HASH(0x805adfee8)) called at lib/Chj/TEST.pm line 396
# Chj::TEST::__ANON__() called at /usr/perl5.32.0p/lib/site_perl/5.32.0/Test/Builder.pm line 374
# eval {...} called at /usr/perl5.32.0p/lib/site_perl/5.32.0/Test/Builder.pm line 374
# Test::Builder::subtest(Chj::TEST::Test::Builder=HASH(0x800bd2450), "Package FunctionalPerl::Indexing", CODE(0x805ac73f0)) called at /usr/perl5.32.0p/lib/site_perl/5.32.0/Test/More.pm line 809
# Test::More::subtest("Package FunctionalPerl::Indexing", CODE(0x805ac73f0)) called at lib/Chj/TEST.pm line 419
# Chj::TEST::__ANON__(HASH(0x805adf768)) called at lib/Chj/TEST.pm line 421
# Chj::TEST::run_tests_for_package("FunctionalPerl::Indexing", Chj::TEST::Result=HASH(0x801de9fc0), undef) called at lib/Chj/TEST.pm line 481
# Chj::TEST::__ANON__ called at lib/Chj/TEST.pm line 493
# Chj::TEST::__ANON__(HASH(0x8041ab1c8)) called at lib/Chj/TEST.pm line 496
# Chj::TEST::run_tests_("packages", ARRAY(0x802e71858)) called at lib/Chj/TEST.pm line 503
# Chj::TEST::run_tests() called at t/require_and_run_tests.t line 60
# main::__ANON__() called at /usr/perl5.32.0p/lib/site_perl/5.32.0/Test/Builder.pm line 374
# eval {...} called at /usr/perl5.32.0p/lib/site_perl/5.32.0/Test/Builder.pm line 374
# Test::Builder::subtest(Chj::TEST::Test::Builder=HASH(0x800bd2450), "run_tests", CODE(0x801de8fa8)) called at /usr/perl5.32.0p/lib/site_perl/5.32.0/Test/More.pm line 809
# Test::More::subtest("run_tests", CODE(0x801de8fa8)) called at t/require_and_run_tests.t line 61
# Looks like you failed 5 tests of 11.
# Failed test 'Package FunctionalPerl::Indexing'
# at lib/Chj/TEST.pm line 419.
# Looks like you failed 1 test of 40.
# Failed test 'run_tests'
# at t/require_and_run_tests.t line 61.
# Looks like you failed 1 test of 2.
t/require_and_run_tests.t ................
Dubious, test returned 1 (wstat 256, 0x100)
Failed 1/2 subtests
t/skip-internal.t ........................ ok
t/skip-leak.t ............................ ok
t/skip.t ................................. ok
t/testlazy.t ............................. ok
t/testlazy10.t ........................... ok
times for T: user = 0.0703125, system = 0, cuser = 0, csystem = 0
times for TC: user = 0.0546875, system = 0, cuser = 0, csystem = 0
t/trampoline-fix.t ....................... ok
Test Summary Report
-------------------
t/require_and_run_tests.t (Wstat: 256 Tests: 2 Failed: 1)
Failed test: 2
Non-zero exit status: 1
Files=28, Tests=169, 21 wallclock secs ( 0.36 usr 0.20 sys + 16.06 cusr 5.52 csys = 22.13 CPU)
Result: FAIL
Failed 1/28 test programs. 1/169 subtests failed.
*** Error code 255
Stop.
make: stopped in /usr/home/cpansand/.cpan/build/2021060104/FunctionalPerl-0.72.70-2
------------------------------
PREREQUISITES
------------------------------
Prerequisite modules loaded:
requires:
Module Need Have
------------------- -------- --------
autobox 0 v3.0.1
base 0 2.27
Digest 0 1.17_01
File::Path 0 2.18
Getopt::Long 0 2.52
Import::Into 0 1.002005
Math::BigInt 0 1.999818
NEXT 0 0.68
overload 0 1.31
perl 5.016004 5.032000
PerlIO::utf8_strict 0 0.007
Safe::Isa 0 1.000010
Scalar::Util 0 1.56
Symbol 0 1.08
Test::More 0.96 1.302183
utf8 0 1.22
warnings 0 1.47
build_requires:
Module Need Have
------------------- -------- --------
BSD::Resource 0 1.2911
Capture::Tiny 0 0.48
DBD::CSV 0 0.58
DBI 0 1.643
ExtUtils::MakeMaker 0 7.62
Sub::Util 0 1.56
Test::Pod::Snippets 0 0.07
Test::Requires 0 0.11
Text::CSV 0 2.00
URI 0 5.09
configure_requires:
Module Need Have
------------------- -------- --------
ExtUtils::MakeMaker 0 7.62
------------------------------
ENVIRONMENT AND OTHER CONTEXT
------------------------------
Environment variables:
PATH = /usr/local/bin:/usr/bin:/bin:/usr/local/sbin:/usr/sbin:/sbin:/home/cpansand/bin/sh:/home/cpansand/bin:/usr/games:/home/cpansand/devel:/usr/home/eserte/src/srezic-misc/scripts
PERL5LIB =
PERL5OPT =
PERL5_CPANPLUS_IS_RUNNING = 57169
PERL5_CPAN_IS_RUNNING = 57169
PERL5_CPAN_IS_RUNNING_IN_RECURSION = 52199,57169
PERL_BATCH = yes
PERL_CANARY_STABILITY_NOPROMPT = 1
PERL_CPAN_REPORTER_CONFIG = /var/tmp/cpansmoker-1023/2021060103/cpanreporter_000_config.ini
PERL_EXTUTILS_AUTOINSTALL = --defaultdeps
PERL_USE_UNSAFE_INC = 1
SHELL = /bin/sh
TMPDIR = /var/tmp/cpansmoker-1023/2021060103
Perl special variables (and OS-specific diagnostics, for MSWin32):
$^X = /usr/perl5.32.0p/bin/perl5.32.0
$UID/$EUID = 1023 / 1023
$GID = 1023 1023
$EGID = 1023 1023
Perl module toolchain versions installed:
Module Have
------------------- --------
CPAN 2.28
CPAN::Meta 2.150010
Cwd 3.78
ExtUtils::CBuilder 0.280235
ExtUtils::Command 7.62
ExtUtils::Install 2.20
ExtUtils::MakeMaker 7.62
ExtUtils::Manifest 1.72
ExtUtils::ParseXS 3.40
File::Spec 3.78
JSON 4.03
JSON::PP 4.06
Module::Build 0.4231
Module::Signature 0.87
Parse::CPAN::Meta 2.150010
Test::Harness 3.42
Test::More 1.302183
YAML 1.30
YAML::Syck 1.34
version 0.9924
--
Summary of my perl5 (revision 5 version 32 subversion 0) configuration:
Platform:
osname=freebsd
osvers=12.1-stable
archname=amd64-freebsd
uname='freebsd cloud1.bbbike.org 12.1-stable freebsd 12.1-stable b7dfc76ba0b(stable12) generic amd64 '
config_args='-ds -e -Dprefix=/usr/perl5.32.0p -Dcf_email=srezic@cpan.org -Doptimize=-O2 -pipe'
hint=recommended
useposix=true
d_sigaction=define
useithreads=undef
usemultiplicity=undef
use64bitint=define
use64bitall=define
uselongdouble=undef
usemymalloc=n
default_inc_excludes_dot=define
bincompat5005=undef
Compiler:
cc='cc'
ccflags ='-DHAS_FPSETMASK -DHAS_FLOATINGPOINT_H -fno-strict-aliasing -pipe -fstack-protector-strong -I/usr/local/include'
optimize='-O2 -pipe'
cppflags='-DHAS_FPSETMASK -DHAS_FLOATINGPOINT_H -fno-strict-aliasing -pipe -fstack-protector-strong -I/usr/local/include'
ccversion=''
gccversion='FreeBSD Clang 10.0.0 (git@github.com:llvm/llvm-project.git llvmorg-10.0.0-0-gd32170dbd5b)'
gccosandvers=''
intsize=4
longsize=8
ptrsize=8
doublesize=8
byteorder=12345678
doublekind=3
d_longlong=define
longlongsize=8
d_longdbl=define
longdblsize=16
longdblkind=3
ivtype='long'
ivsize=8
nvtype='double'
nvsize=8
Off_t='off_t'
lseeksize=8
alignbytes=8
prototype=define
Linker and Libraries:
ld='cc'
ldflags ='-pthread -Wl,-E -fstack-protector-strong -L/usr/local/lib'
libpth=/usr/lib /usr/local/lib /usr/lib/clang/10.0.0/lib /usr/lib
libs=-lpthread -lgdbm -ldl -lm -lcrypt -lutil -lc
perllibs=-lpthread -ldl -lm -lcrypt -lutil -lc
libc=
so=so
useshrplib=false
libperl=libperl.a
gnulibc_version=''
Dynamic Linking:
dlsrc=dl_dlopen.xs
dlext=so
d_dlsymun=undef
ccdlflags=' '
cccdlflags='-DPIC -fPIC'
lddlflags='-shared -L/usr/local/lib -fstack-protector-strong'
Characteristics of this binary (from libperl):
Compile-time options:
HAS_TIMES
PERLIO_LAYERS
PERL_COPY_ON_WRITE
PERL_DONT_CREATE_GVSV
PERL_MALLOC_WRAP
PERL_OP_PARENT
PERL_PRESERVE_IVUV
USE_64_BIT_ALL
USE_64_BIT_INT
USE_LARGE_FILES
USE_LOCALE
USE_LOCALE_COLLATE
USE_LOCALE_CTYPE
USE_LOCALE_NUMERIC
USE_LOCALE_TIME
USE_PERLIO
USE_PERL_ATOF
Built under freebsd
Compiled at Jun 21 2020 07:16:14
%ENV:
PERL5LIB=""
PERL5OPT=""
PERL5_CPANPLUS_IS_RUNNING="57169"
PERL5_CPAN_IS_RUNNING="57169"
PERL5_CPAN_IS_RUNNING_IN_RECURSION="52199,57169"
PERL_BATCH="yes"
PERL_CANARY_STABILITY_NOPROMPT="1"
PERL_CPAN_REPORTER_CONFIG="/var/tmp/cpansmoker-1023/2021060103/cpanreporter_000_config.ini"
PERL_EXTUTILS_AUTOINSTALL="--defaultdeps"
PERL_USE_UNSAFE_INC="1"
@INC:
/usr/perl5.32.0p/lib/site_perl/5.32.0/amd64-freebsd
/usr/perl5.32.0p/lib/site_perl/5.32.0
/usr/perl5.32.0p/lib/5.32.0/amd64-freebsd
/usr/perl5.32.0p/lib/5.32.0
.