App-sdif v4.34 Perl 5 v5.20.2 amd64-freebsd

Status
Fail
From
David Cantrell (DCANTRELL)
Dist
App-sdif v4.34
Platform
Perl 5 v5.20.2 amd64-freebsd
Date
2024-09-26 00:38:02
ID
96210d5c-7b9f-11ef-a33f-5abb7e81c9be
This distribution has been tested as part of the CPAN Testers
project, supporting the Perl programming language.  See
http://wiki.cpantesters.org/ for more information or email
questions to cpan-testers-discuss@perl.org


--
Dear Kaz Utashiro,

This is a computer-generated report for App-sdif-4.34
on perl 5.20.2, created by CPAN-Reporter-1.2018.

Thank you for uploading your work to CPAN.  However, there was a problem
testing your distribution.

If you think this report is invalid, please consult the CPAN Testers Wiki
for suggestions on how to avoid getting FAIL reports for missing library
or binary dependencies, unsupported operating systems, and so on:

http://wiki.cpantesters.org/wiki/CPANAuthorNotes

Sections of this report:

    * Tester comments
    * Program output
    * Prerequisites
    * Environment and other context

------------------------------
TESTER COMMENTS
------------------------------

Additional comments from tester:

this report is from an automated smoke testing program
and was not reviewed by a human for accuracy

------------------------------
PROGRAM OUTPUT
------------------------------

Output from './Build test':

t/00_compile.t .. ok
Can't locate Text/VisualWidth/PP.pm in @INC (you may need to install the Text::VisualWidth::PP module) (@INC contains: /usr/home/david/cpantesting/perl-5.20.2/.cpan/build/App-sdif-4.34-4XFXUR/blib/arch /usr/home/david/cpantesting/perl-5.20.2/.cpan/build/App-sdif-4.34-4XFXUR/blib/lib /usr/home/david/cpantesting/perl-5.20.2/.cpan/build/App-sdif-4.34-4XFXUR/lib /home/david/perl5/perlbrew/perls/perl-5.30.2/lib/site_perl/5.30.2/amd64-freebsd /home/david/perl5/perlbrew/perls/perl-5.30.2/lib/site_perl/5.30.2 /home/david/perl5/perlbrew/perls/perl-5.30.2/lib/5.30.2/amd64-freebsd /home/david/perl5/perlbrew/perls/perl-5.30.2/lib/5.30.2) at /usr/home/david/cpantesting/perl-5.20.2/.cpan/build/App-sdif-4.34-4XFXUR/script/cdif line 22.
BEGIN failed--compilation aborted at /usr/home/david/cpantesting/perl-5.20.2/.cpan/build/App-sdif-4.34-4XFXUR/script/cdif line 22.
diff: /dev/fd/5: No such file or directory
Unexpected status of subprocess (2)

#   Failed test at t/01_run.t line 18.
#          got: '512'
#     expected: '0'
Can't locate Text/VisualWidth/PP.pm in @INC (you may need to install the Text::VisualWidth::PP module) (@INC contains: /usr/home/david/cpantesting/perl-5.20.2/.cpan/build/App-sdif-4.34-4XFXUR/blib/arch /usr/home/david/cpantesting/perl-5.20.2/.cpan/build/App-sdif-4.34-4XFXUR/blib/lib /usr/home/david/cpantesting/perl-5.20.2/.cpan/build/App-sdif-4.34-4XFXUR/lib /home/david/perl5/perlbrew/perls/perl-5.30.2/lib/site_perl/5.30.2/amd64-freebsd /home/david/perl5/perlbrew/perls/perl-5.30.2/lib/site_perl/5.30.2 /home/david/perl5/perlbrew/perls/perl-5.30.2/lib/5.30.2/amd64-freebsd /home/david/perl5/perlbrew/perls/perl-5.30.2/lib/5.30.2) at /usr/home/david/cpantesting/perl-5.20.2/.cpan/build/App-sdif-4.34-4XFXUR/script/cdif line 22.
BEGIN failed--compilation aborted at /usr/home/david/cpantesting/perl-5.20.2/.cpan/build/App-sdif-4.34-4XFXUR/script/cdif line 22.
diff: /dev/fd/5: No such file or directory
Unexpected status of subprocess (2)

#   Failed test at t/01_run.t line 18.
#          got: '512'
#     expected: '0'
Can't locate Text/VisualWidth/PP.pm in @INC (you may need to install the Text::VisualWidth::PP module) (@INC contains: /usr/home/david/cpantesting/perl-5.20.2/.cpan/build/App-sdif-4.34-4XFXUR/blib/arch /usr/home/david/cpantesting/perl-5.20.2/.cpan/build/App-sdif-4.34-4XFXUR/blib/lib /usr/home/david/cpantesting/perl-5.20.2/.cpan/build/App-sdif-4.34-4XFXUR/lib /home/david/perl5/perlbrew/perls/perl-5.30.2/lib/site_perl/5.30.2/amd64-freebsd /home/david/perl5/perlbrew/perls/perl-5.30.2/lib/site_perl/5.30.2 /home/david/perl5/perlbrew/perls/perl-5.30.2/lib/5.30.2/amd64-freebsd /home/david/perl5/perlbrew/perls/perl-5.30.2/lib/5.30.2) at /usr/home/david/cpantesting/perl-5.20.2/.cpan/build/App-sdif-4.34-4XFXUR/script/cdif line 22.
BEGIN failed--compilation aborted at /usr/home/david/cpantesting/perl-5.20.2/.cpan/build/App-sdif-4.34-4XFXUR/script/cdif line 22.
diff: /dev/fd/5: No such file or directory
Unexpected status of subprocess (2)

#   Failed test at t/01_run.t line 18.
#          got: '512'
#     expected: '0'
Can't locate Text/VisualWidth/PP.pm in @INC (you may need to install the Text::VisualWidth::PP module) (@INC contains: /usr/home/david/cpantesting/perl-5.20.2/.cpan/build/App-sdif-4.34-4XFXUR/blib/arch /usr/home/david/cpantesting/perl-5.20.2/.cpan/build/App-sdif-4.34-4XFXUR/blib/lib /usr/home/david/cpantesting/perl-5.20.2/.cpan/build/App-sdif-4.34-4XFXUR/lib /home/david/perl5/perlbrew/perls/perl-5.30.2/lib/site_perl/5.30.2/amd64-freebsd /home/david/perl5/perlbrew/perls/perl-5.30.2/lib/site_perl/5.30.2 /home/david/perl5/perlbrew/perls/perl-5.30.2/lib/5.30.2/amd64-freebsd /home/david/perl5/perlbrew/perls/perl-5.30.2/lib/5.30.2) at /usr/home/david/cpantesting/perl-5.20.2/.cpan/build/App-sdif-4.34-4XFXUR/script/cdif line 22.
BEGIN failed--compilation aborted at /usr/home/david/cpantesting/perl-5.20.2/.cpan/build/App-sdif-4.34-4XFXUR/script/cdif line 22.
diff: /dev/fd/5: No such file or directory
Unexpected status of subprocess (2)

#   Failed test at t/01_run.t line 18.
#          got: '512'
#     expected: '0'
# Looks like you failed 4 tests of 9.
t/01_run.t ...... 
Dubious, test returned 4 (wstat 1024, 0x400)
Failed 4/9 subtests 
Can't exec "mecab": No such file or directory at t/10_mecab.t line 29.
t/10_mecab.t .... skipped: No `mecab' command available.

Test Summary Report
-------------------
t/01_run.t    (Wstat: 1024 (exited 4) Tests: 9 Failed: 4)
  Failed tests:  2, 4, 6, 8
  Non-zero exit status: 4
Files=3, Tests=19, 16 wallclock secs ( 0.08 usr  0.02 sys +  3.43 cusr  0.58 csys =  4.10 CPU)
Result: FAIL

------------------------------
PREREQUISITES
------------------------------

Prerequisite modules loaded:

requires:

    Module                          Need    Have    
    ------------------------------- ------- --------
    Getopt::EX                      v1.25.0 2.1.6   
    Getopt::EX::Hashed              1.0503  1.0601  
    Getopt::EX::termcolor           1.07    1.08    
    List::Util                      1.45    1.63    
    perl                            v5.14.0 5.020002
    Term::ANSIColor::Concise        2.07    2.07    
    Term::ReadKey                   0       2.38    
    Text::ANSI::Fold                2.1101  2.23    
    Text::VisualWidth::PP           0.05    0.05    
    Unicode::EastAsianWidth::Detect 0       0.03    

build_requires:

    Module                          Need    Have    
    ------------------------------- ------- --------
    Test::More                      0.98    1.302198

configure_requires:

    Module                          Need    Have    
    ------------------------------- ------- --------
    Module::Build::Tiny             0.035   0.047   


------------------------------
ENVIRONMENT AND OTHER CONTEXT
------------------------------

Environment variables:

    AUTOMATED_TESTING = 1
    LANG = en_GB.UTF-8
    NONINTERACTIVE_TESTING = 1
    PATH = /home/david/perl5/perlbrew/bin:/home/david/perl5/perlbrew/perls/perl-5.30.2/bin:/home/david/.cargo/bin:/sbin:/bin:/usr/sbin:/usr/bin:/usr/local/sbin:/usr/local/bin:/home/david/bin
    PERL = 5.20.2
    PERL5LIB = 
    PERL5OPT = 
    PERL5_CPANPLUS_IS_RUNNING = 64366
    PERL5_CPAN_IS_RUNNING = 64366
    PERLBREW_HOME = /home/david/.perlbrew
    PERLBREW_MANPATH = /home/david/perl5/perlbrew/perls/perl-5.30.2/man
    PERLBREW_PATH = /home/david/perl5/perlbrew/bin:/home/david/perl5/perlbrew/perls/perl-5.30.2/bin
    PERLBREW_PERL = perl-5.30.2
    PERLBREW_ROOT = /home/david/perl5/perlbrew
    PERLBREW_SHELLRC_VERSION = 0.89
    PERLBREW_VERSION = 0.89
    PERLVER = 5.20.2
    PERL_INLINE_DIRECTORY = /home/david/.Inline-5.20.2
    PERL_MM_USE_DEFAULT = 1
    PERL_USE_UNSAFE_INC = 0
    SHELL = /usr/local/bin/bash
    TERM = screen

Perl special variables (and OS-specific diagnostics, for MSWin32):

    $^X = /usr/home/david/cpantesting/perl-5.20.2/bin/perl
    $UID/$EUID = 1001 / 1001
    $GID = 1001 1001 0
    $EGID = 1001 1001 0

Perl module toolchain versions installed:

    Module              Have    
    ------------------- --------
    CPAN                2.05    
    CPAN::Meta          2.150010
    Cwd                 3.75    
    ExtUtils::CBuilder  0.280236
    ExtUtils::Command   7.70    
    ExtUtils::Install   2.22    
    ExtUtils::MakeMaker 7.70    
    ExtUtils::Manifest  1.75    
    ExtUtils::ParseXS   3.51    
    File::Spec          3.75    
    JSON                4.10    
    JSON::PP            4.16    
    Module::Build       0.4234  
    Module::Signature   n/a     
    Parse::CPAN::Meta   2.150010
    Test::Harness       3.48    
    Test::More          1.302198
    YAML                1.30    
    YAML::Syck          n/a     
    version             0.9930  


--

Summary of my perl5 (revision 5 version 20 subversion 2) configuration:
   
  Platform:
    osname=freebsd, osvers=13.0-release-p7, archname=amd64-freebsd
    uname='freebsd cpantesting-freebsd-utm.local 13.0-release-p7 freebsd 13.0-release-p7 #0: mon jan 31 18:24:03 utc 2022 root@amd64-builder.daemonology.net:usrobjusrsrcamd64.amd64sysgeneric amd64 '
    config_args='-de -Dprefix=/home/david/cpantesting/perl-5.20.2'
    hint=recommended, useposix=true, d_sigaction=define
    useithreads=undef, usemultiplicity=undef
    use64bitint=define, use64bitall=define, uselongdouble=undef
    usemymalloc=n, bincompat5005=undef
  Compiler:
    cc='cc', ccflags ='-DHAS_FPSETMASK -DHAS_FLOATINGPOINT_H -fno-strict-aliasing -pipe -fstack-protector -I/usr/local/include',
    optimize='-O2',
    cppflags='-DHAS_FPSETMASK -DHAS_FLOATINGPOINT_H -fno-strict-aliasing -pipe -fstack-protector -I/usr/local/include'
    ccversion='', gccversion='FreeBSD Clang 11.0.1 (git@github.com:llvm/llvm-project.git llvmorg-11.0.1-0-g43ff75f2c3fe)', gccosandvers=''
    intsize=4, longsize=8, ptrsize=8, doublesize=8, byteorder=12345678
    d_longlong=define, longlongsize=8, d_longdbl=define, longdblsize=16
    ivtype='long', ivsize=8, nvtype='double', nvsize=8, Off_t='off_t', lseeksize=8
    alignbytes=8, prototype=define
  Linker and Libraries:
    ld='cc', ldflags ='-Wl,-E  -fstack-protector -L/usr/local/lib'
    libpth=/usr/lib /usr/local/lib /usr/lib/clang/11.0.1/lib /usr/lib
    libs=-lgdbm -ldl -lm -lcrypt -lutil -lc
    perllibs=-ldl -lm -lcrypt -lutil -lc
    libc=, so=so, useshrplib=false, libperl=libperl.a
    gnulibc_version=''
  Dynamic Linking:
    dlsrc=dl_dlopen.xs, dlext=so, d_dlsymun=undef, ccdlflags=' '
    cccdlflags='-DPIC -fPIC', lddlflags='-shared  -L/usr/local/lib -fstack-protector'


Characteristics of this binary (from libperl): 
  Compile-time options: HAS_TIMES PERLIO_LAYERS PERL_DONT_CREATE_GVSV
                        PERL_HASH_FUNC_ONE_AT_A_TIME_HARD PERL_MALLOC_WRAP
                        PERL_NEW_COPY_ON_WRITE PERL_PRESERVE_IVUV
                        USE_64_BIT_ALL USE_64_BIT_INT USE_LARGE_FILES
                        USE_LOCALE USE_LOCALE_COLLATE USE_LOCALE_CTYPE
                        USE_LOCALE_NUMERIC USE_PERLIO USE_PERL_ATOF
  Locally applied patches:
	Devel::PatchPerl 2.08
  Built under freebsd
  Compiled at Feb  3 2022 13:12:54
  %ENV:
    PERL="5.20.2"
    PERL5LIB=""
    PERL5OPT=""
    PERL5_CPANPLUS_IS_RUNNING="64366"
    PERL5_CPAN_IS_RUNNING="64366"
    PERLBREW_HOME="/home/david/.perlbrew"
    PERLBREW_MANPATH="/home/david/perl5/perlbrew/perls/perl-5.30.2/man"
    PERLBREW_PATH="/home/david/perl5/perlbrew/bin:/home/david/perl5/perlbrew/perls/perl-5.30.2/bin"
    PERLBREW_PERL="perl-5.30.2"
    PERLBREW_ROOT="/home/david/perl5/perlbrew"
    PERLBREW_SHELLRC_VERSION="0.89"
    PERLBREW_VERSION="0.89"
    PERLVER="5.20.2"
    PERL_INLINE_DIRECTORY="/home/david/.Inline-5.20.2"
    PERL_MM_USE_DEFAULT="1"
    PERL_USE_UNSAFE_INC="0"
  @INC:
    /home/david/cpantesting/perl-5.20.2/lib/site_perl/5.20.2/amd64-freebsd
    /home/david/cpantesting/perl-5.20.2/lib/site_perl/5.20.2
    /home/david/cpantesting/perl-5.20.2/lib/5.20.2/amd64-freebsd
    /home/david/cpantesting/perl-5.20.2/lib/5.20.2
    .